Aug 24 03:59:04.763739 dv-osbrick-854281-1-iscsi devstack@keystone.service[81692]: ERROR keystone.server.flask.application [None req-139f735c-19bc-4ec2-a157-35079072cc97 None admin] Could not find role: member.: keystone.exception.RoleNotFound: Could not find role: member.
Aug 24 03:59:04.763739 dv-osbrick-854281-1-iscsi devstack@keystone.service[81692]: ERROR keystone.server.flask.application
Traceback (most recent call last):
Aug 24 03:59:04.763739 dv-osbrick-854281-1-iscsi devstack@keystone.service[81692]: ERROR keystone.server.flask.application
File "/usr/local/lib/python3.8/dist-packages/flask/app.py", line 1820, in full_dispatch_request
Aug 24 03:59:04.763739 dv-osbrick-854281-1-iscsi devstack@keystone.service[81692]: ERROR keystone.server.flask.application rv = self.dispatch_request()
Aug 24 03:59:04.763739 dv-osbrick-854281-1-iscsi devstack@keystone.service[81692]: ERROR keystone.server.flask.application
File "/usr/local/lib/python3.8/dist-packages/flask/app.py", line 1796, in dispatch_request
Aug 24 03:59:04.763739 dv-osbrick-854281-1-iscsi devstack@keystone.service[81692]: ERROR keystone.server.flask.application return self.ensure_sync(self.view_functions[rule.endpoint])(**view_args)
Aug 24 03:59:04.763739 dv-osbrick-854281-1-iscsi devstack@keystone.service[81692]: ERROR keystone.server.flask.application
File "/usr/local/lib/python3.8/dist-packages/flask_restful/__init__.py", line 467, in wrapper
Aug 24 03:59:04.763739 dv-osbrick-854281-1-iscsi devstack@keystone.service[81692]: ERROR keystone.server.flask.application resp = resource(*args, **kwargs)
Aug 24 03:59:04.763739 dv-osbrick-854281-1-iscsi devstack@keystone.service[81692]: ERROR keystone.server.flask.application
File "/usr/local/lib/python3.8/dist-packages/flask/views.py", line 107, in view
Aug 24 03:59:04.763739 dv-osbrick-854281-1-iscsi devstack@keystone.service[81692]: ERROR keystone.server.flask.application return current_app.ensure_sync(self.dispatch_request)(**kwargs)
Aug 24 03:59:04.763739 dv-osbrick-854281-1-iscsi devstack@keystone.service[81692]: ERROR keystone.server.flask.application
File "/usr/local/lib/python3.8/dist-packages/flask_restful/__init__.py", line 582, in dispatch_request
Aug 24 03:59:04.763739 dv-osbrick-854281-1-iscsi devstack@keystone.service[81692]: ERROR keystone.server.flask.application resp = meth(*args, **kwargs)
Aug 24 03:59:04.763739 dv-osbrick-854281-1-iscsi devstack@keystone.service[81692]: ERROR keystone.server.flask.application
File "/opt/stack/keystone/keystone/api/roles.py", line 50, in get
Aug 24 03:59:04.763739 dv-osbrick-854281-1-iscsi devstack@keystone.service[81692]: ERROR keystone.server.flask.application return self._get_role(role_id)
Aug 24 03:59:04.763739 dv-osbrick-854281-1-iscsi devstack@keystone.service[81692]: ERROR keystone.server.flask.application
File "/opt/stack/keystone/keystone/api/roles.py", line 70, in _get_role
Aug 24 03:59:04.763739 dv-osbrick-854281-1-iscsi devstack@keystone.service[81692]: ERROR keystone.server.flask.application ENFORCER.enforce_call(action='identity:get_role')
Aug 24 03:59:04.765431 dv-osbrick-854281-1-iscsi devstack@keystone.service[81692]: ERROR keystone.server.flask.application
File "/opt/stack/keystone/keystone/common/rbac_enforcer/enforcer.py", line 402, in enforce_call
Aug 24 03:59:04.765431 dv-osbrick-854281-1-iscsi devstack@keystone.service[81692]: ERROR keystone.server.flask.application policy_dict.update(cls._extract_member_target_data(
Aug 24 03:59:04.765431 dv-osbrick-854281-1-iscsi devstack@keystone.service[81692]: ERROR keystone.server.flask.application
File "/opt/stack/keystone/keystone/common/rbac_enforcer/enforcer.py", line 234, in _extract_member_target_data
Aug 24 03:59:04.765431 dv-osbrick-854281-1-iscsi devstack@keystone.service[81692]: ERROR keystone.server.flask.application member_name: func(flask.request.view_args[key])
Aug 24 03:59:04.765431 dv-osbrick-854281-1-iscsi devstack@keystone.service[81692]: ERROR keystone.server.flask.application
File "/opt/stack/keystone/keystone/common/manager.py", line 115, in wrapped
Aug 24 03:59:04.765431 dv-osbrick-854281-1-iscsi devstack@keystone.service[81692]: ERROR keystone.server.flask.application __ret_val = __f(*args, **kwargs)
Aug 24 03:59:04.765431 dv-osbrick-854281-1-iscsi devstack@keystone.service[81692]: ERROR keystone.server.flask.application
File "/usr/local/lib/python3.8/dist-packages/decorator.py", line 232, in fun
Aug 24 03:59:04.765431 dv-osbrick-854281-1-iscsi devstack@keystone.service[81692]: ERROR keystone.server.flask.application return caller(func, *(extras + args), **kw)
Aug 24 03:59:04.765431 dv-osbrick-854281-1-iscsi devstack@keystone.service[81692]: ERROR keystone.server.flask.application
File "/usr/local/lib/python3.8/dist-packages/dogpile/cache/region.py", line 1577, in get_or_create_for_user_func
Aug 24 03:59:04.765431 dv-osbrick-854281-1-iscsi devstack@keystone.service[81692]: ERROR keystone.server.flask.application return self.get_or_create(
Aug 24 03:59:04.765431 dv-osbrick-854281-1-iscsi devstack@keystone.service[81692]: ERROR keystone.server.flask.application
File "/usr/local/lib/python3.8/dist-packages/dogpile/cache/region.py", line 1042, in get_or_create
Aug 24 03:59:04.765431 dv-osbrick-854281-1-iscsi devstack@keystone.service[81692]: ERROR keystone.server.flask.application with Lock(
Aug 24 03:59:04.765431 dv-osbrick-854281-1-iscsi devstack@keystone.service[81692]: ERROR keystone.server.flask.application
File "/usr/local/lib/python3.8/dist-packages/dogpile/lock.py", line 185, in __enter__
Aug 24 03:59:04.765431 dv-osbrick-854281-1-iscsi devstack@keystone.service[81692]: ERROR keystone.server.flask.application return self._enter()
Aug 24 03:59:04.765431 dv-osbrick-854281-1-iscsi devstack@keystone.service[81692]: ERROR keystone.server.flask.application
File "/usr/local/lib/python3.8/dist-packages/dogpile/lock.py", line 94, in _enter
Aug 24 03:59:04.765431 dv-osbrick-854281-1-iscsi devstack@keystone.service[81692]: ERROR keystone.server.flask.application generated = self._enter_create(value, createdtime)
Aug 24 03:59:04.766988 dv-osbrick-854281-1-iscsi devstack@keystone.service[81692]: ERROR keystone.server.flask.application
File "/usr/local/lib/python3.8/dist-packages/dogpile/lock.py", line 178, in _enter_create
Aug 24 03:59:04.766988 dv-osbrick-854281-1-iscsi devstack@keystone.service[81692]: ERROR keystone.server.flask.application return self.creator()
Aug 24 03:59:04.766988 dv-osbrick-854281-1-iscsi devstack@keystone.service[81692]: ERROR keystone.server.flask.application
File "/usr/local/lib/python3.8/dist-packages/dogpile/cache/region.py", line 995, in gen_value
Aug 24 03:59:04.766988 dv-osbrick-854281-1-iscsi devstack@keystone.service[81692]: ERROR keystone.server.flask.application created_value = creator(
Aug 24 03:59:04.766988 dv-osbrick-854281-1-iscsi devstack@keystone.service[81692]: ERROR keystone.server.flask.application
File "/opt/stack/keystone/keystone/assignment/core.py", line 1276, in get_role
Aug 24 03:59:04.766988 dv-osbrick-854281-1-iscsi devstack@keystone.service[81692]: ERROR keystone.server.flask.application return self.driver.get_role(role_id)
Aug 24 03:59:04.766988 dv-osbrick-854281-1-iscsi devstack@keystone.service[81692]: ERROR keystone.server.flask.application
File "/opt/stack/keystone/keystone/assignment/role_backends/sql.py", line 70, in get_role
Aug 24 03:59:04.766988 dv-osbrick-854281-1-iscsi devstack@keystone.service[81692]: ERROR keystone.server.flask.application return self._get_role(session, role_id).to_dict()
Aug 24 03:59:04.766988 dv-osbrick-854281-1-iscsi devstack@keystone.service[81692]: ERROR keystone.server.flask.application
File "/opt/stack/keystone/keystone/assignment/role_backends/sql.py", line 65, in _get_role
Aug 24 03:59:04.766988 dv-osbrick-854281-1-iscsi devstack@keystone.service[81692]: ERROR keystone.server.flask.application raise exception.RoleNotFound(role_id=role_id)
Aug 24 03:59:04.766988 dv-osbrick-854281-1-iscsi devstack@keystone.service[81692]: ERROR keystone.server.flask.application keystone.exception.RoleNotFound: Could not find role: member.
Aug 24 03:59:04.766988 dv-osbrick-854281-1-iscsi devstack@keystone.service[81692]: ERROR keystone.server.flask.application
Aug 24 03:59:04.766988 dv-osbrick-854281-1-iscsi devstack@keystone.service[81692]: [pid: 81692|app: 0|req: 108/212] 10.222.0.73 () {56 vars in 1099 bytes} [Wed Aug 24 03:59:04 2022] GET /identity/v3/roles/member => generated 84 bytes in 232 msecs (HTTP/1.1 404) 5 headers in 183 bytes (1 switches on core 0)
Aug 24 03:59:04.769865 dv-osbrick-854281-1-iscsi devstack@keystone.service[81692]: DEBUG keystone.server.flask.request_processing.middleware.auth_context [None req-139f735c-19bc-4ec2-a157-35079072cc97 None admin] Authenticating user token {{(pid=81692) process_request /usr/local/lib/python3.8/dist-packages/keystonemiddleware/auth_token/__init__.py:407}}
Aug 24 03:59:04.827849 dv-osbrick-854281-1-iscsi devstack@keystone.service[81691]: DEBUG keystone.auth.core [None req-4d681935-25d0-4c7e-bbdc-7703670ae259 None None] MFA Rules not processed for user `e0f43045d7c24548acb4cc47c2a7b7a2`. Rule list: `[]` (Enabled: `True`). {{(pid=81691) check_auth_methods_against_rules /opt/stack/keystone/keystone/auth/core.py:438}}
Aug 24 03:59:04.827849 dv-osbrick-854281-1-iscsi devstack@keystone.service[81691]: DEBUG keystone.common.fernet_utils [None req-4d681935-25d0-4c7e-bbdc-7703670ae259 None None] Loaded 2 Fernet keys from /etc/keystone/fernet-keys/, but `[fernet_tokens] max_active_keys = 3`; perhaps there have not been enough key rotations to reach `max_active_keys` yet? {{(pid=81691) load_keys /opt/stack/keystone/keystone/common/fernet_utils.py:286}}
Aug 24 03:59:04.922507 dv-osbrick-854281-1-iscsi devstack@keystone.service[81692]: DEBUG keystone.server.flask.request_processing.middleware.auth_context [None req-139f735c-19bc-4ec2-a157-35079072cc97 None admin] Validating token access rules against request {{(pid=81692) validate_allowed_request /usr/local/lib/python3.8/dist-packages/keystonemiddleware/auth_token/__init__.py:545}}
Aug 24 03:59:04.951776 dv-osbrick-854281-1-iscsi devstack@keystone.service[81692]: DEBUG dbcounter [-] [81692] Writing DB stats keystone:SELECT=100 {{(pid=81692) stat_writer /usr/local/lib/python3.8/dist-packages/dbcounter.py:114}}
Aug 24 03:59:04.992461 dv-osbrick-854281-1-iscsi devstack@keystone.service[81692]: DEBUG keystone.server.flask.request_processing.middleware.auth_context [None req-a843659c-fabd-4ec0-af3a-7874297cdc63 None admin] RBAC: auth_context: {'token': , 'domain_id': None, 'trust_id': None, 'trustor_id': None, 'trustee_id': None, 'domain_name': None, 'group_ids': [], 'user_id': 'e0f43045d7c24548acb4cc47c2a7b7a2', 'user_domain_id': 'default', 'system_scope': 'all', 'project_id': None, 'project_domain_id': None, 'roles': ['admin', 'member', 'reader'], 'is_admin_project': True, 'service_user_id': None, 'service_user_domain_id': None, 'service_project_id': None, 'service_project_domain_id': None, 'service_roles': []} {{(pid=81692) fill_context /opt/stack/keystone/keystone/server/flask/request_processing/middleware/auth_context.py:478}}
Aug 24 03:59:04.993486 dv-osbrick-854281-1-iscsi devstack@keystone.service[81692]: DEBUG keystone.server.flask.request_processing.req_logging [None req-a843659c-fabd-4ec0-af3a-7874297cdc63 None admin] REQUEST_METHOD: `GET` {{(pid=81692) log_request_info /opt/stack/keystone/keystone/server/flask/request_processing/req_logging.py:27}}
Aug 24 03:59:04.993989 dv-osbrick-854281-1-iscsi devstack@keystone.service[81692]: DEBUG keystone.server.flask.request_processing.req_logging [None req-a843659c-fabd-4ec0-af3a-7874297cdc63 None admin] SCRIPT_NAME: `/identity` {{(pid=81692) log_request_info /opt/stack/keystone/keystone/server/flask/request_processing/req_logging.py:28}}
Aug 24 03:59:04.994471 dv-osbrick-854281-1-iscsi devstack@keystone.service[81692]: DEBUG keystone.server.flask.request_processing.req_logging [None req-a843659c-fabd-4ec0-af3a-7874297cdc63 None admin] PATH_INFO: `/v3/roles` {{(pid=81692) log_request_info /opt/stack/keystone/keystone/server/flask/request_processing/req_logging.py:29}}
Aug 24 03:59:04.996136 dv-osbrick-854281-1-iscsi devstack@keystone.service[81692]: DEBUG keystone.common.rbac_enforcer.enforcer [None req-a843659c-fabd-4ec0-af3a-7874297cdc63 None admin] RBAC: Adding query filter params (name=member) {{(pid=81692) _extract_filter_values /opt/stack/keystone/keystone/common/rbac_enforcer/enforcer.py:167}}
Aug 24 03:59:04.996601 dv-osbrick-854281-1-iscsi devstack@keystone.service[81692]: DEBUG keystone.common.rbac_enforcer.enforcer [None req-a843659c-fabd-4ec0-af3a-7874297cdc63 None admin] RBAC: Authorizing `identity:list_roles()` {{(pid=81692) enforce_call /opt/stack/keystone/keystone/common/rbac_enforcer/enforcer.py:449}}
Aug 24 03:59:04.999556 dv-osbrick-854281-1-iscsi devstack@keystone.service[81692]: DEBUG keystone.common.rbac_enforcer.enforcer [None req-a843659c-fabd-4ec0-af3a-7874297cdc63 None admin] RBAC: Authorization granted {{(pid=81692) enforce_call /opt/stack/keystone/keystone/common/rbac_enforcer/enforcer.py:457}}
Aug 24 03:59:05.027736 dv-osbrick-854281-1-iscsi devstack@keystone.service[81691]: [pid: 81691|app: 0|req: 105/213] 10.222.0.73 () {58 vars in 1024 bytes} [Wed Aug 24 03:59:04 2022] POST /identity/v3/auth/tokens => generated 799 bytes in 273 msecs (HTTP/1.1 201) 6 headers in 363 bytes (1 switches on core 0)
Aug 24 03:59:05.028274 dv-osbrick-854281-1-iscsi devstack@keystone.service[81692]: [pid: 81692|app: 0|req: 109/214] 10.222.0.73 () {56 vars in 1101 bytes} [Wed Aug 24 03:59:04 2022] GET /identity/v3/roles?name=member => generated 341 bytes in 259 msecs (HTTP/1.1 200) 5 headers in 177 bytes (2 switches on core 0)
Aug 24 03:59:05.039230 dv-osbrick-854281-1-iscsi devstack@keystone.service[81691]: DEBUG keystone.server.flask.request_processing.middleware.auth_context [None req-4d681935-25d0-4c7e-bbdc-7703670ae259 None None] Authenticating user token {{(pid=81691) process_request /usr/local/lib/python3.8/dist-packages/keystonemiddleware/auth_token/__init__.py:407}}
Aug 24 03:59:05.142777 dv-osbrick-854281-1-iscsi devstack@keystone.service[81691]: DEBUG dbcounter [-] [81691] Writing DB stats keystone:SELECT=100 {{(pid=81691) stat_writer /usr/local/lib/python3.8/dist-packages/dbcounter.py:114}}
Aug 24 03:59:05.296951 dv-osbrick-854281-1-iscsi devstack@keystone.service[81691]: DEBUG keystone.server.flask.request_processing.middleware.auth_context [None req-4d681935-25d0-4c7e-bbdc-7703670ae259 None None] Validating token access rules against request {{(pid=81691) validate_allowed_request /usr/local/lib/python3.8/dist-packages/keystonemiddleware/auth_token/__init__.py:545}}
Aug 24 03:59:05.363111 dv-osbrick-854281-1-iscsi devstack@keystone.service[81691]: DEBUG keystone.server.flask.request_processing.middleware.auth_context [None req-55e22bc0-9501-424f-bd4f-3f217c38a55c None admin] RBAC: auth_context: {'token': , 'domain_id': None, 'trust_id': None, 'trustor_id': None, 'trustee_id': None, 'domain_name': None, 'group_ids': [], 'user_id': 'e0f43045d7c24548acb4cc47c2a7b7a2', 'user_domain_id': 'default', 'system_scope': 'all', 'project_id': None, 'project_domain_id': None, 'roles': ['admin', 'member', 'reader'], 'is_admin_project': True, 'service_user_id': None, 'service_user_domain_id': None, 'service_project_id': None, 'service_project_domain_id': None, 'service_roles': []} {{(pid=81691) fill_context /opt/stack/keystone/keystone/server/flask/request_processing/middleware/auth_context.py:478}}
Aug 24 03:59:05.364220 dv-osbrick-854281-1-iscsi devstack@keystone.service[81691]: DEBUG keystone.server.flask.request_processing.req_logging [None req-55e22bc0-9501-424f-bd4f-3f217c38a55c None admin] REQUEST_METHOD: `GET` {{(pid=81691) log_request_info /opt/stack/keystone/keystone/server/flask/request_processing/req_logging.py:27}}
Aug 24 03:59:05.364711 dv-osbrick-854281-1-iscsi devstack@keystone.service[81691]: DEBUG keystone.server.flask.request_processing.req_logging [None req-55e22bc0-9501-424f-bd4f-3f217c38a55c None admin] SCRIPT_NAME: `/identity` {{(pid=81691) log_request_info /opt/stack/keystone/keystone/server/flask/request_processing/req_logging.py:28}}
Aug 24 03:59:05.365203 dv-osbrick-854281-1-iscsi devstack@keystone.service[81691]: DEBUG keystone.server.flask.request_processing.req_logging [None req-55e22bc0-9501-424f-bd4f-3f217c38a55c None admin] PATH_INFO: `/v3/users/251f097f991e4a039e9f0d7fc21d46af` {{(pid=81691) log_request_info /opt/stack/keystone/keystone/server/flask/request_processing/req_logging.py:29}}
Aug 24 03:59:05.391970 dv-osbrick-854281-1-iscsi devstack@keystone.service[81691]: DEBUG keystone.common.rbac_enforcer.enforcer [None req-55e22bc0-9501-424f-bd4f-3f217c38a55c None admin] RBAC: Authorizing `identity:get_user(user_id=251f097f991e4a039e9f0d7fc21d46af)` {{(pid=81691) enforce_call /opt/stack/keystone/keystone/common/rbac_enforcer/enforcer.py:449}}
Aug 24 03:59:05.399424 dv-osbrick-854281-1-iscsi devstack@keystone.service[81691]: DEBUG keystone.common.rbac_enforcer.enforcer [None req-55e22bc0-9501-424f-bd4f-3f217c38a55c None admin] RBAC: Authorization granted {{(pid=81691) enforce_call /opt/stack/keystone/keystone/common/rbac_enforcer/enforcer.py:457}}
Aug 24 03:59:05.402880 dv-osbrick-854281-1-iscsi devstack@keystone.service[81691]: [pid: 81691|app: 0|req: 106/215] 10.222.0.73 () {56 vars in 1177 bytes} [Wed Aug 24 03:59:05 2022] GET /identity/v3/users/251f097f991e4a039e9f0d7fc21d46af => generated 297 bytes in 365 msecs (HTTP/1.1 200) 5 headers in 177 bytes (2 switches on core 0)
Aug 24 03:59:05.412932 dv-osbrick-854281-1-iscsi devstack@keystone.service[81692]: DEBUG keystone.server.flask.request_processing.middleware.auth_context [None req-a843659c-fabd-4ec0-af3a-7874297cdc63 None admin] Authenticating user token {{(pid=81692) process_request /usr/local/lib/python3.8/dist-packages/keystonemiddleware/auth_token/__init__.py:407}}
Aug 24 03:59:05.527435 dv-osbrick-854281-1-iscsi devstack@keystone.service[81691]: DEBUG keystone.server.flask.request_processing.middleware.auth_context [None req-55e22bc0-9501-424f-bd4f-3f217c38a55c None admin] Authenticating user token {{(pid=81691) process_request /usr/local/lib/python3.8/dist-packages/keystonemiddleware/auth_token/__init__.py:407}}
Aug 24 03:59:05.619876 dv-osbrick-854281-1-iscsi devstack@keystone.service[81692]: DEBUG keystone.server.flask.request_processing.middleware.auth_context [None req-a843659c-fabd-4ec0-af3a-7874297cdc63 None admin] Validating token access rules against request {{(pid=81692) validate_allowed_request /usr/local/lib/python3.8/dist-packages/keystonemiddleware/auth_token/__init__.py:545}}
Aug 24 03:59:05.668455 dv-osbrick-854281-1-iscsi devstack@keystone.service[81692]: DEBUG keystone.server.flask.request_processing.middleware.auth_context [None req-8717ccee-fe74-4f79-9213-6b86791b18ac None admin] RBAC: auth_context: {'token': , 'domain_id': None, 'trust_id': None, 'trustor_id': None, 'trustee_id': None, 'domain_name': None, 'group_ids': [], 'user_id': 'e0f43045d7c24548acb4cc47c2a7b7a2', 'user_domain_id': 'default', 'system_scope': 'all', 'project_id': None, 'project_domain_id': None, 'roles': ['admin', 'member', 'reader'], 'is_admin_project': True, 'service_user_id': None, 'service_user_domain_id': None, 'service_project_id': None, 'service_project_domain_id': None, 'service_roles': []} {{(pid=81692) fill_context /opt/stack/keystone/keystone/server/flask/request_processing/middleware/auth_context.py:478}}
Aug 24 03:59:05.668997 dv-osbrick-854281-1-iscsi devstack@keystone.service[81692]: DEBUG keystone.server.flask.request_processing.req_logging [None req-8717ccee-fe74-4f79-9213-6b86791b18ac None admin] REQUEST_METHOD: `GET` {{(pid=81692) log_request_info /opt/stack/keystone/keystone/server/flask/request_processing/req_logging.py:27}}
Aug 24 03:59:05.669374 dv-osbrick-854281-1-iscsi devstack@keystone.service[81692]: DEBUG keystone.server.flask.request_processing.req_logging [None req-8717ccee-fe74-4f79-9213-6b86791b18ac None admin] SCRIPT_NAME: `/identity` {{(pid=81692) log_request_info /opt/stack/keystone/keystone/server/flask/request_processing/req_logging.py:28}}
Aug 24 03:59:05.669653 dv-osbrick-854281-1-iscsi devstack@keystone.service[81692]: DEBUG keystone.server.flask.request_processing.req_logging [None req-8717ccee-fe74-4f79-9213-6b86791b18ac None admin] PATH_INFO: `/v3/auth/tokens` {{(pid=81692) log_request_info /opt/stack/keystone/keystone/server/flask/request_processing/req_logging.py:29}}
Aug 24 03:59:05.706047 dv-osbrick-854281-1-iscsi devstack@keystone.service[81691]: DEBUG dbcounter [-] [81691] Writing DB stats keystone:SELECT=100 {{(pid=81691) stat_writer /usr/local/lib/python3.8/dist-packages/dbcounter.py:114}}
Aug 24 03:59:05.726238 dv-osbrick-854281-1-iscsi devstack@keystone.service[81692]: DEBUG dbcounter [-] [81692] Writing DB stats keystone:SELECT=100 {{(pid=81692) stat_writer /usr/local/lib/python3.8/dist-packages/dbcounter.py:114}}
Aug 24 03:59:05.733110 dv-osbrick-854281-1-iscsi devstack@keystone.service[81691]: DEBUG keystone.server.flask.request_processing.middleware.auth_context [None req-55e22bc0-9501-424f-bd4f-3f217c38a55c None admin] Validating token access rules against request {{(pid=81691) validate_allowed_request /usr/local/lib/python3.8/dist-packages/keystonemiddleware/auth_token/__init__.py:545}}
Aug 24 03:59:05.754666 dv-osbrick-854281-1-iscsi devstack@keystone.service[81692]: DEBUG keystone.common.rbac_enforcer.enforcer [None req-8717ccee-fe74-4f79-9213-6b86791b18ac None admin] RBAC: Authorizing `identity:validate_token()` {{(pid=81692) enforce_call /opt/stack/keystone/keystone/common/rbac_enforcer/enforcer.py:449}}
Aug 24 03:59:05.756415 dv-osbrick-854281-1-iscsi devstack@keystone.service[81692]: DEBUG keystone.common.rbac_enforcer.enforcer [None req-8717ccee-fe74-4f79-9213-6b86791b18ac None admin] RBAC: Authorization granted {{(pid=81692) enforce_call /opt/stack/keystone/keystone/common/rbac_enforcer/enforcer.py:457}}
Aug 24 03:59:05.802831 dv-osbrick-854281-1-iscsi devstack@keystone.service[81691]: DEBUG keystone.server.flask.request_processing.middleware.auth_context [None req-ea63825d-0cfa-48f5-ba94-3afa9bbba1db None admin] RBAC: auth_context: {'token': , 'domain_id': None, 'trust_id': None, 'trustor_id': None, 'trustee_id': None, 'domain_name': None, 'group_ids': [], 'user_id': 'e0f43045d7c24548acb4cc47c2a7b7a2', 'user_domain_id': 'default', 'system_scope': 'all', 'project_id': None, 'project_domain_id': None, 'roles': ['admin', 'member', 'reader'], 'is_admin_project': True, 'service_user_id': None, 'service_user_domain_id': None, 'service_project_id': None, 'service_project_domain_id': None, 'service_roles': []} {{(pid=81691) fill_context /opt/stack/keystone/keystone/server/flask/request_processing/middleware/auth_context.py:478}}
Aug 24 03:59:05.804118 dv-osbrick-854281-1-iscsi devstack@keystone.service[81691]: DEBUG keystone.server.flask.request_processing.req_logging [None req-ea63825d-0cfa-48f5-ba94-3afa9bbba1db None admin] REQUEST_METHOD: `GET` {{(pid=81691) log_request_info /opt/stack/keystone/keystone/server/flask/request_processing/req_logging.py:27}}
Aug 24 03:59:05.804599 dv-osbrick-854281-1-iscsi devstack@keystone.service[81691]: DEBUG keystone.server.flask.request_processing.req_logging [None req-ea63825d-0cfa-48f5-ba94-3afa9bbba1db None admin] SCRIPT_NAME: `/identity` {{(pid=81691) log_request_info /opt/stack/keystone/keystone/server/flask/request_processing/req_logging.py:28}}
Aug 24 03:59:05.805066 dv-osbrick-854281-1-iscsi devstack@keystone.service[81691]: DEBUG keystone.server.flask.request_processing.req_logging [None req-ea63825d-0cfa-48f5-ba94-3afa9bbba1db None admin] PATH_INFO: `/v3/domains/default` {{(pid=81691) log_request_info /opt/stack/keystone/keystone/server/flask/request_processing/req_logging.py:29}}
Aug 24 03:59:05.807190 dv-osbrick-854281-1-iscsi devstack@keystone.service[81691]: DEBUG keystone.common.rbac_enforcer.enforcer [None req-ea63825d-0cfa-48f5-ba94-3afa9bbba1db None admin] RBAC: Authorizing `identity:get_domain(domain_id=default)` {{(pid=81691) enforce_call /opt/stack/keystone/keystone/common/rbac_enforcer/enforcer.py:449}}
Aug 24 03:59:05.809947 dv-osbrick-854281-1-iscsi devstack@keystone.service[81691]: DEBUG keystone.common.rbac_enforcer.enforcer [None req-ea63825d-0cfa-48f5-ba94-3afa9bbba1db None admin] RBAC: Authorization granted {{(pid=81691) enforce_call /opt/stack/keystone/keystone/common/rbac_enforcer/enforcer.py:457}}
Aug 24 03:59:05.812649 dv-osbrick-854281-1-iscsi devstack@keystone.service[81691]: [pid: 81691|app: 0|req: 107/216] 10.222.0.73 () {56 vars in 1108 bytes} [Wed Aug 24 03:59:05 2022] GET /identity/v3/domains/default => generated 199 bytes in 286 msecs (HTTP/1.1 200) 5 headers in 177 bytes (1 switches on core 0)
Aug 24 03:59:05.818331 dv-osbrick-854281-1-iscsi devstack@keystone.service[81691]: DEBUG keystone.server.flask.request_processing.req_logging [None req-84916a2f-b6bb-409a-9e17-013f1be0a2ae None None] REQUEST_METHOD: `GET` {{(pid=81691) log_request_info /opt/stack/keystone/keystone/server/flask/request_processing/req_logging.py:27}}
Aug 24 03:59:05.819192 dv-osbrick-854281-1-iscsi devstack@keystone.service[81691]: DEBUG keystone.server.flask.request_processing.req_logging [None req-84916a2f-b6bb-409a-9e17-013f1be0a2ae None None] SCRIPT_NAME: `/identity` {{(pid=81691) log_request_info /opt/stack/keystone/keystone/server/flask/request_processing/req_logging.py:28}}
Aug 24 03:59:05.819954 dv-osbrick-854281-1-iscsi devstack@keystone.service[81691]: DEBUG keystone.server.flask.request_processing.req_logging [None req-84916a2f-b6bb-409a-9e17-013f1be0a2ae None None] PATH_INFO: `/` {{(pid=81691) log_request_info /opt/stack/keystone/keystone/server/flask/request_processing/req_logging.py:29}}
Aug 24 03:59:05.821989 dv-osbrick-854281-1-iscsi devstack@keystone.service[81691]: [pid: 81691|app: 0|req: 108/217] 10.222.0.73 () {54 vars in 927 bytes} [Wed Aug 24 03:59:05 2022] GET /identity => generated 270 bytes in 6 msecs (HTTP/1.1 300) 6 headers in 234 bytes (1 switches on core 0)
Aug 24 03:59:05.822769 dv-osbrick-854281-1-iscsi devstack@keystone.service[81691]: DEBUG keystone.server.flask.request_processing.middleware.auth_context [None req-84916a2f-b6bb-409a-9e17-013f1be0a2ae None None] Authenticating user token {{(pid=81691) process_request /usr/local/lib/python3.8/dist-packages/keystonemiddleware/auth_token/__init__.py:407}}
Aug 24 03:59:05.892870 dv-osbrick-854281-1-iscsi devstack@keystone.service[81692]: [pid: 81692|app: 0|req: 110/218] 10.222.0.73 () {58 vars in 1282 bytes} [Wed Aug 24 03:59:05 2022] GET /identity/v3/auth/tokens => generated 799 bytes in 481 msecs (HTTP/1.1 200) 6 headers in 358 bytes (1 switches on core 0)
Aug 24 03:59:05.894826 dv-osbrick-854281-1-iscsi devstack@keystone.service[81692]: DEBUG keystone.server.flask.request_processing.req_logging [None req-8604e669-6e21-4547-b399-e5a1f6bd36a7 None None] REQUEST_METHOD: `POST` {{(pid=81692) log_request_info /opt/stack/keystone/keystone/server/flask/request_processing/req_logging.py:27}}
Aug 24 03:59:05.895283 dv-osbrick-854281-1-iscsi devstack@keystone.service[81692]: DEBUG keystone.server.flask.request_processing.req_logging [None req-8604e669-6e21-4547-b399-e5a1f6bd36a7 None None] SCRIPT_NAME: `/identity` {{(pid=81692) log_request_info /opt/stack/keystone/keystone/server/flask/request_processing/req_logging.py:28}}
Aug 24 03:59:05.895680 dv-osbrick-854281-1-iscsi devstack@keystone.service[81692]: DEBUG keystone.server.flask.request_processing.req_logging [None req-8604e669-6e21-4547-b399-e5a1f6bd36a7 None None] PATH_INFO: `/v3/auth/tokens` {{(pid=81692) log_request_info /opt/stack/keystone/keystone/server/flask/request_processing/req_logging.py:29}}
Aug 24 03:59:05.918229 dv-osbrick-854281-1-iscsi devstack@keystone.service[81692]: DEBUG keystone.auth.core [None req-8604e669-6e21-4547-b399-e5a1f6bd36a7 None None] MFA Rules not processed for user `e0f43045d7c24548acb4cc47c2a7b7a2`. Rule list: `[]` (Enabled: `True`). {{(pid=81692) check_auth_methods_against_rules /opt/stack/keystone/keystone/auth/core.py:438}}
Aug 24 03:59:05.919931 dv-osbrick-854281-1-iscsi devstack@keystone.service[81692]: DEBUG keystone.common.fernet_utils [None req-8604e669-6e21-4547-b399-e5a1f6bd36a7 None None] Loaded 2 Fernet keys from /etc/keystone/fernet-keys/, but `[fernet_tokens] max_active_keys = 3`; perhaps there have not been enough key rotations to reach `max_active_keys` yet? {{(pid=81692) load_keys /opt/stack/keystone/keystone/common/fernet_utils.py:286}}
Aug 24 03:59:05.968964 dv-osbrick-854281-1-iscsi devstack@keystone.service[81691]: DEBUG keystone.server.flask.request_processing.middleware.auth_context [None req-84916a2f-b6bb-409a-9e17-013f1be0a2ae None None] Validating token access rules against request {{(pid=81691) validate_allowed_request /usr/local/lib/python3.8/dist-packages/keystonemiddleware/auth_token/__init__.py:545}}
Aug 24 03:59:06.013027 dv-osbrick-854281-1-iscsi devstack@keystone.service[81691]: DEBUG keystone.server.flask.request_processing.middleware.auth_context [None req-4a509867-33af-4ddb-8e03-5617b9199d60 None admin] RBAC: auth_context: {'token': , 'domain_id': None, 'trust_id': None, 'trustor_id': None, 'trustee_id': None, 'domain_name': None, 'group_ids': [], 'user_id': 'e0f43045d7c24548acb4cc47c2a7b7a2', 'user_domain_id': 'default', 'system_scope': 'all', 'project_id': None, 'project_domain_id': None, 'roles': ['admin', 'member', 'reader'], 'is_admin_project': True, 'service_user_id': None, 'service_user_domain_id': None, 'service_project_id': None, 'service_project_domain_id': None, 'service_roles': []} {{(pid=81691) fill_context /opt/stack/keystone/keystone/server/flask/request_processing/middleware/auth_context.py:478}}
Aug 24 03:59:06.013325 dv-osbrick-854281-1-iscsi devstack@keystone.service[81692]: [pid: 81692|app: 0|req: 111/219] 10.222.0.73 () {58 vars in 1024 bytes} [Wed Aug 24 03:59:05 2022] POST /identity/v3/auth/tokens => generated 799 bytes in 120 msecs (HTTP/1.1 201) 6 headers in 363 bytes (1 switches on core 0)
Aug 24 03:59:06.014001 dv-osbrick-854281-1-iscsi devstack@keystone.service[81691]: DEBUG keystone.server.flask.request_processing.req_logging [None req-4a509867-33af-4ddb-8e03-5617b9199d60 None admin] REQUEST_METHOD: `POST` {{(pid=81691) log_request_info /opt/stack/keystone/keystone/server/flask/request_processing/req_logging.py:27}}
Aug 24 03:59:06.014001 dv-osbrick-854281-1-iscsi devstack@keystone.service[81691]: DEBUG keystone.server.flask.request_processing.req_logging [None req-4a509867-33af-4ddb-8e03-5617b9199d60 None admin] SCRIPT_NAME: `/identity` {{(pid=81691) log_request_info /opt/stack/keystone/keystone/server/flask/request_processing/req_logging.py:28}}
Aug 24 03:59:06.014270 dv-osbrick-854281-1-iscsi devstack@keystone.service[81691]: DEBUG keystone.server.flask.request_processing.req_logging [None req-4a509867-33af-4ddb-8e03-5617b9199d60 None admin] PATH_INFO: `/v3/users` {{(pid=81691) log_request_info /opt/stack/keystone/keystone/server/flask/request_processing/req_logging.py:29}}
Aug 24 03:59:06.014960 dv-osbrick-854281-1-iscsi devstack@keystone.service[81691]: DEBUG keystone.common.rbac_enforcer.enforcer [None req-4a509867-33af-4ddb-8e03-5617b9199d60 None admin] RBAC: Authorizing `identity:create_user()` {{(pid=81691) enforce_call /opt/stack/keystone/keystone/common/rbac_enforcer/enforcer.py:449}}
Aug 24 03:59:06.016583 dv-osbrick-854281-1-iscsi devstack@keystone.service[81691]: DEBUG keystone.common.rbac_enforcer.enforcer [None req-4a509867-33af-4ddb-8e03-5617b9199d60 None admin] RBAC: Authorization granted {{(pid=81691) enforce_call /opt/stack/keystone/keystone/common/rbac_enforcer/enforcer.py:457}}
Aug 24 03:59:06.024563 dv-osbrick-854281-1-iscsi devstack@keystone.service[81692]: DEBUG keystone.server.flask.request_processing.middleware.auth_context [None req-8604e669-6e21-4547-b399-e5a1f6bd36a7 None None] Authenticating user token {{(pid=81692) process_request /usr/local/lib/python3.8/dist-packages/keystonemiddleware/auth_token/__init__.py:407}}
Aug 24 03:59:06.046480 dv-osbrick-854281-1-iscsi devstack@keystone.service[81692]: DEBUG dbcounter [-] [81692] Writing DB stats keystone:SELECT=100 {{(pid=81692) stat_writer /usr/local/lib/python3.8/dist-packages/dbcounter.py:114}}
Aug 24 03:59:06.089551 dv-osbrick-854281-1-iscsi devstack@keystone.service[81691]: [pid: 81691|app: 0|req: 109/220] 10.222.0.73 () {60 vars in 1132 bytes} [Wed Aug 24 03:59:05 2022] POST /identity/v3/users => generated 297 bytes in 267 msecs (HTTP/1.1 201) 5 headers in 182 bytes (1 switches on core 0)
Aug 24 03:59:06.216583 dv-osbrick-854281-1-iscsi devstack@keystone.service[81692]: DEBUG keystone.server.flask.request_processing.middleware.auth_context [None req-8604e669-6e21-4547-b399-e5a1f6bd36a7 None None] Validating token access rules against request {{(pid=81692) validate_allowed_request /usr/local/lib/python3.8/dist-packages/keystonemiddleware/auth_token/__init__.py:545}}
Aug 24 03:59:06.266983 dv-osbrick-854281-1-iscsi devstack@keystone.service[81692]: DEBUG keystone.server.flask.request_processing.middleware.auth_context [None req-db49a411-c5c7-4657-a51f-dfac0dbe1e9e None admin] RBAC: auth_context: {'token': , 'domain_id': None, 'trust_id': None, 'trustor_id': None, 'trustee_id': None, 'domain_name': None, 'group_ids': [], 'user_id': 'e0f43045d7c24548acb4cc47c2a7b7a2', 'user_domain_id': 'default', 'system_scope': 'all', 'project_id': None, 'project_domain_id': None, 'roles': ['admin', 'member', 'reader'], 'is_admin_project': True, 'service_user_id': None, 'service_user_domain_id': None, 'service_project_id': None, 'service_project_domain_id': None, 'service_roles': []} {{(pid=81692) fill_context /opt/stack/keystone/keystone/server/flask/request_processing/middleware/auth_context.py:478}}
Aug 24 03:59:06.267651 dv-osbrick-854281-1-iscsi devstack@keystone.service[81692]: DEBUG keystone.server.flask.request_processing.req_logging [None req-db49a411-c5c7-4657-a51f-dfac0dbe1e9e None admin] REQUEST_METHOD: `GET` {{(pid=81692) log_request_info /opt/stack/keystone/keystone/server/flask/request_processing/req_logging.py:27}}
Aug 24 03:59:06.268034 dv-osbrick-854281-1-iscsi devstack@keystone.service[81692]: DEBUG keystone.server.flask.request_processing.req_logging [None req-db49a411-c5c7-4657-a51f-dfac0dbe1e9e None admin] SCRIPT_NAME: `/identity` {{(pid=81692) log_request_info /opt/stack/keystone/keystone/server/flask/request_processing/req_logging.py:28}}
Aug 24 03:59:06.268306 dv-osbrick-854281-1-iscsi devstack@keystone.service[81692]: DEBUG keystone.server.flask.request_processing.req_logging [None req-db49a411-c5c7-4657-a51f-dfac0dbe1e9e None admin] PATH_INFO: `/v3/projects/4ec57586f7ea425cb89f4e9461a8b09c` {{(pid=81692) log_request_info /opt/stack/keystone/keystone/server/flask/request_processing/req_logging.py:29}}
Aug 24 03:59:06.269648 dv-osbrick-854281-1-iscsi devstack@keystone.service[81692]: DEBUG keystone.common.rbac_enforcer.enforcer [None req-db49a411-c5c7-4657-a51f-dfac0dbe1e9e None admin] RBAC: Authorizing `identity:get_project(project_id=4ec57586f7ea425cb89f4e9461a8b09c)` {{(pid=81692) enforce_call /opt/stack/keystone/keystone/common/rbac_enforcer/enforcer.py:449}}
Aug 24 03:59:06.272139 dv-osbrick-854281-1-iscsi devstack@keystone.service[81692]: DEBUG keystone.common.rbac_enforcer.enforcer [None req-db49a411-c5c7-4657-a51f-dfac0dbe1e9e None admin] RBAC: Authorization granted {{(pid=81692) enforce_call /opt/stack/keystone/keystone/common/rbac_enforcer/enforcer.py:457}}
Aug 24 03:59:06.275034 dv-osbrick-854281-1-iscsi devstack@keystone.service[81692]: [pid: 81692|app: 0|req: 112/221] 10.222.0.73 () {56 vars in 1186 bytes} [Wed Aug 24 03:59:06 2022] GET /identity/v3/projects/4ec57586f7ea425cb89f4e9461a8b09c => generated 302 bytes in 261 msecs (HTTP/1.1 200) 5 headers in 177 bytes (1 switches on core 0)
Aug 24 03:59:06.283324 dv-osbrick-854281-1-iscsi devstack@keystone.service[81691]: DEBUG keystone.server.flask.request_processing.middleware.auth_context [None req-4a509867-33af-4ddb-8e03-5617b9199d60 None admin] Authenticating user token {{(pid=81691) process_request /usr/local/lib/python3.8/dist-packages/keystonemiddleware/auth_token/__init__.py:407}}
Aug 24 03:59:06.310321 dv-osbrick-854281-1-iscsi devstack@keystone.service[81691]: DEBUG dbcounter [-] [81691] Writing DB stats keystone:SELECT=97,keystone:INSERT=3 {{(pid=81691) stat_writer /usr/local/lib/python3.8/dist-packages/dbcounter.py:114}}
Aug 24 03:59:06.454007 dv-osbrick-854281-1-iscsi devstack@keystone.service[81691]: DEBUG keystone.server.flask.request_processing.middleware.auth_context [None req-4a509867-33af-4ddb-8e03-5617b9199d60 None admin] Validating token access rules against request {{(pid=81691) validate_allowed_request /usr/local/lib/python3.8/dist-packages/keystonemiddleware/auth_token/__init__.py:545}}
Aug 24 03:59:06.468875 dv-osbrick-854281-1-iscsi devstack@keystone.service[81692]: DEBUG keystone.server.flask.request_processing.middleware.auth_context [None req-db49a411-c5c7-4657-a51f-dfac0dbe1e9e None admin] Authenticating user token {{(pid=81692) process_request /usr/local/lib/python3.8/dist-packages/keystonemiddleware/auth_token/__init__.py:407}}
Aug 24 03:59:06.536733 dv-osbrick-854281-1-iscsi devstack@keystone.service[81691]: DEBUG keystone.server.flask.request_processing.middleware.auth_context [None req-171af875-737a-449d-a202-9a8037309ed8 None admin] RBAC: auth_context: {'token': , 'domain_id': None, 'trust_id': None, 'trustor_id': None, 'trustee_id': None, 'domain_name': None, 'group_ids': [], 'user_id': 'e0f43045d7c24548acb4cc47c2a7b7a2', 'user_domain_id': 'default', 'system_scope': 'all', 'project_id': None, 'project_domain_id': None, 'roles': ['admin', 'member', 'reader'], 'is_admin_project': True, 'service_user_id': None, 'service_user_domain_id': None, 'service_project_id': None, 'service_project_domain_id': None, 'service_roles': []} {{(pid=81691) fill_context /opt/stack/keystone/keystone/server/flask/request_processing/middleware/auth_context.py:478}}
Aug 24 03:59:06.536733 dv-osbrick-854281-1-iscsi devstack@keystone.service[81691]: DEBUG keystone.server.flask.request_processing.req_logging [None req-171af875-737a-449d-a202-9a8037309ed8 None admin] REQUEST_METHOD: `GET` {{(pid=81691) log_request_info /opt/stack/keystone/keystone/server/flask/request_processing/req_logging.py:27}}
Aug 24 03:59:06.536733 dv-osbrick-854281-1-iscsi devstack@keystone.service[81691]: DEBUG keystone.server.flask.request_processing.req_logging [None req-171af875-737a-449d-a202-9a8037309ed8 None admin] SCRIPT_NAME: `/identity` {{(pid=81691) log_request_info /opt/stack/keystone/keystone/server/flask/request_processing/req_logging.py:28}}
Aug 24 03:59:06.536733 dv-osbrick-854281-1-iscsi devstack@keystone.service[81691]: DEBUG keystone.server.flask.request_processing.req_logging [None req-171af875-737a-449d-a202-9a8037309ed8 None admin] PATH_INFO: `/v3/role_assignments` {{(pid=81691) log_request_info /opt/stack/keystone/keystone/server/flask/request_processing/req_logging.py:29}}
Aug 24 03:59:06.537174 dv-osbrick-854281-1-iscsi devstack@keystone.service[81691]: DEBUG keystone.common.rbac_enforcer.enforcer [None req-171af875-737a-449d-a202-9a8037309ed8 None admin] RBAC: Adding query filter params (role.id=5b6b0691eb274314a58d469ce587e399, scope.project.id=4ec57586f7ea425cb89f4e9461a8b09c, user.id=251f097f991e4a039e9f0d7fc21d46af) {{(pid=81691) _extract_filter_values /opt/stack/keystone/keystone/common/rbac_enforcer/enforcer.py:167}}
Aug 24 03:59:06.537174 dv-osbrick-854281-1-iscsi devstack@keystone.service[81691]: DEBUG keystone.common.rbac_enforcer.enforcer [None req-171af875-737a-449d-a202-9a8037309ed8 None admin] RBAC: Authorizing `identity:list_role_assignments()` {{(pid=81691) enforce_call /opt/stack/keystone/keystone/common/rbac_enforcer/enforcer.py:449}}
Aug 24 03:59:06.539611 dv-osbrick-854281-1-iscsi devstack@keystone.service[81691]: DEBUG keystone.common.rbac_enforcer.enforcer [None req-171af875-737a-449d-a202-9a8037309ed8 None admin] RBAC: Authorization granted {{(pid=81691) enforce_call /opt/stack/keystone/keystone/common/rbac_enforcer/enforcer.py:457}}
Aug 24 03:59:06.547254 dv-osbrick-854281-1-iscsi devstack@keystone.service[81691]: [pid: 81691|app: 0|req: 110/222] 10.222.0.73 () {56 vars in 1374 bytes} [Wed Aug 24 03:59:06 2022] GET /identity/v3/role_assignments?user.id=251f097f991e4a039e9f0d7fc21d46af&scope.project.id=4ec57586f7ea425cb89f4e9461a8b09c&role.id=5b6b0691eb274314a58d469ce587e399 => generated 259 bytes in 265 msecs (HTTP/1.1 200) 5 headers in 177 bytes (2 switches on core 0)
Aug 24 03:59:06.643671 dv-osbrick-854281-1-iscsi devstack@keystone.service[81692]: DEBUG dbcounter [-] [81692] Writing DB stats keystone:SELECT=100 {{(pid=81692) stat_writer /usr/local/lib/python3.8/dist-packages/dbcounter.py:114}}
Aug 24 03:59:06.701991 dv-osbrick-854281-1-iscsi devstack@keystone.service[81692]: DEBUG keystone.server.flask.request_processing.middleware.auth_context [None req-db49a411-c5c7-4657-a51f-dfac0dbe1e9e None admin] Validating token access rules against request {{(pid=81692) validate_allowed_request /usr/local/lib/python3.8/dist-packages/keystonemiddleware/auth_token/__init__.py:545}}
Aug 24 03:59:06.794326 dv-osbrick-854281-1-iscsi devstack@keystone.service[81692]: DEBUG keystone.server.flask.request_processing.middleware.auth_context [None req-e4885df5-8a08-4ae0-867d-e6b0e85b77a5 None admin] RBAC: auth_context: {'token': , 'domain_id': None, 'trust_id': None, 'trustor_id': None, 'trustee_id': None, 'domain_name': None, 'group_ids': [], 'user_id': 'e0f43045d7c24548acb4cc47c2a7b7a2', 'user_domain_id': 'default', 'system_scope': 'all', 'project_id': None, 'project_domain_id': None, 'roles': ['admin', 'member', 'reader'], 'is_admin_project': True, 'service_user_id': None, 'service_user_domain_id': None, 'service_project_id': None, 'service_project_domain_id': None, 'service_roles': []} {{(pid=81692) fill_context /opt/stack/keystone/keystone/server/flask/request_processing/middleware/auth_context.py:478}}
Aug 24 03:59:06.795365 dv-osbrick-854281-1-iscsi devstack@keystone.service[81692]: DEBUG keystone.server.flask.request_processing.req_logging [None req-e4885df5-8a08-4ae0-867d-e6b0e85b77a5 None admin] REQUEST_METHOD: `GET` {{(pid=81692) log_request_info /opt/stack/keystone/keystone/server/flask/request_processing/req_logging.py:27}}
Aug 24 03:59:06.795881 dv-osbrick-854281-1-iscsi devstack@keystone.service[81692]: DEBUG keystone.server.flask.request_processing.req_logging [None req-e4885df5-8a08-4ae0-867d-e6b0e85b77a5 None admin] SCRIPT_NAME: `/identity` {{(pid=81692) log_request_info /opt/stack/keystone/keystone/server/flask/request_processing/req_logging.py:28}}
Aug 24 03:59:06.796335 dv-osbrick-854281-1-iscsi devstack@keystone.service[81692]: DEBUG keystone.server.flask.request_processing.req_logging [None req-e4885df5-8a08-4ae0-867d-e6b0e85b77a5 None admin] PATH_INFO: `/v3/roles/admin` {{(pid=81692) log_request_info /opt/stack/keystone/keystone/server/flask/request_processing/req_logging.py:29}}
Aug 24 03:59:06.798387 dv-osbrick-854281-1-iscsi devstack@keystone.service[81691]: DEBUG keystone.server.flask.request_processing.req_logging [None req-c8c9b7e6-7638-486b-a228-dc2b42718433 None None] REQUEST_METHOD: `GET` {{(pid=81691) log_request_info /opt/stack/keystone/keystone/server/flask/request_processing/req_logging.py:27}}
Aug 24 03:59:06.798849 dv-osbrick-854281-1-iscsi devstack@keystone.service[81691]: DEBUG keystone.server.flask.request_processing.req_logging [None req-c8c9b7e6-7638-486b-a228-dc2b42718433 None None] SCRIPT_NAME: `/identity` {{(pid=81691) log_request_info /opt/stack/keystone/keystone/server/flask/request_processing/req_logging.py:28}}
Aug 24 03:59:06.799305 dv-osbrick-854281-1-iscsi devstack@keystone.service[81691]: DEBUG keystone.server.flask.request_processing.req_logging [None req-c8c9b7e6-7638-486b-a228-dc2b42718433 None None] PATH_INFO: `/` {{(pid=81691) log_request_info /opt/stack/keystone/keystone/server/flask/request_processing/req_logging.py:29}}
Aug 24 03:59:06.804915 dv-osbrick-854281-1-iscsi devstack@keystone.service[81691]: [pid: 81691|app: 0|req: 111/223] 10.222.0.73 () {54 vars in 927 bytes} [Wed Aug 24 03:59:06 2022] GET /identity => generated 270 bytes in 7 msecs (HTTP/1.1 300) 6 headers in 234 bytes (1 switches on core 0)
Aug 24 03:59:06.814497 dv-osbrick-854281-1-iscsi devstack@keystone.service[81691]: DEBUG keystone.server.flask.request_processing.req_logging [None req-6552cf91-46a9-4d19-9a74-9f5e4f2d3047 None None] REQUEST_METHOD: `POST` {{(pid=81691) log_request_info /opt/stack/keystone/keystone/server/flask/request_processing/req_logging.py:27}}
Aug 24 03:59:06.815638 dv-osbrick-854281-1-iscsi devstack@keystone.service[81691]: DEBUG keystone.server.flask.request_processing.req_logging [None req-6552cf91-46a9-4d19-9a74-9f5e4f2d3047 None None] SCRIPT_NAME: `/identity` {{(pid=81691) log_request_info /opt/stack/keystone/keystone/server/flask/request_processing/req_logging.py:28}}
Aug 24 03:59:06.818488 dv-osbrick-854281-1-iscsi devstack@keystone.service[81691]: DEBUG keystone.server.flask.request_processing.req_logging [None req-6552cf91-46a9-4d19-9a74-9f5e4f2d3047 None None] PATH_INFO: `/v3/auth/tokens` {{(pid=81691) log_request_info /opt/stack/keystone/keystone/server/flask/request_processing/req_logging.py:29}}
Aug 24 03:59:06.818870 dv-osbrick-854281-1-iscsi devstack@keystone.service[81692]: DEBUG keystone.common.rbac_enforcer.enforcer [None req-e4885df5-8a08-4ae0-867d-e6b0e85b77a5 None admin] Extracting inferred target data resulted in "NOT FOUND (404)". {{(pid=81692) enforce_call /opt/stack/keystone/keystone/common/rbac_enforcer/enforcer.py:409}}
Aug 24 03:59:06.828875 dv-osbrick-854281-1-iscsi devstack@keystone.service[81692]: ERROR keystone.server.flask.application [None req-e4885df5-8a08-4ae0-867d-e6b0e85b77a5 None admin] Could not find role: admin.: keystone.exception.RoleNotFound: Could not find role: admin.
Aug 24 03:59:06.828875 dv-osbrick-854281-1-iscsi devstack@keystone.service[81692]: ERROR keystone.server.flask.application
Traceback (most recent call last):
Aug 24 03:59:06.828875 dv-osbrick-854281-1-iscsi devstack@keystone.service[81692]: ERROR keystone.server.flask.application
File "/usr/local/lib/python3.8/dist-packages/flask/app.py", line 1820, in full_dispatch_request
Aug 24 03:59:06.828875 dv-osbrick-854281-1-iscsi devstack@keystone.service[81692]: ERROR keystone.server.flask.application rv = self.dispatch_request()
Aug 24 03:59:06.828875 dv-osbrick-854281-1-iscsi devstack@keystone.service[81692]: ERROR keystone.server.flask.application
File "/usr/local/lib/python3.8/dist-packages/flask/app.py", line 1796, in dispatch_request
Aug 24 03:59:06.828875 dv-osbrick-854281-1-iscsi devstack@keystone.service[81692]: ERROR keystone.server.flask.application return self.ensure_sync(self.view_functions[rule.endpoint])(**view_args)
Aug 24 03:59:06.828875 dv-osbrick-854281-1-iscsi devstack@keystone.service[81692]: ERROR keystone.server.flask.application
File "/usr/local/lib/python3.8/dist-packages/flask_restful/__init__.py", line 467, in wrapper
Aug 24 03:59:06.828875 dv-osbrick-854281-1-iscsi devstack@keystone.service[81692]: ERROR keystone.server.flask.application resp = resource(*args, **kwargs)
Aug 24 03:59:06.828875 dv-osbrick-854281-1-iscsi devstack@keystone.service[81692]: ERROR keystone.server.flask.application
File "/usr/local/lib/python3.8/dist-packages/flask/views.py", line 107, in view
Aug 24 03:59:06.828875 dv-osbrick-854281-1-iscsi devstack@keystone.service[81692]: ERROR keystone.server.flask.application return current_app.ensure_sync(self.dispatch_request)(**kwargs)
Aug 24 03:59:06.828875 dv-osbrick-854281-1-iscsi devstack@keystone.service[81692]: ERROR keystone.server.flask.application
File "/usr/local/lib/python3.8/dist-packages/flask_restful/__init__.py", line 582, in dispatch_request
Aug 24 03:59:06.828875 dv-osbrick-854281-1-iscsi devstack@keystone.service[81692]: ERROR keystone.server.flask.application resp = meth(*args, **kwargs)
Aug 24 03:59:06.828875 dv-osbrick-854281-1-iscsi devstack@keystone.service[81692]: ERROR keystone.server.flask.application
File "/opt/stack/keystone/keystone/api/roles.py", line 50, in get
Aug 24 03:59:06.828875 dv-osbrick-854281-1-iscsi devstack@keystone.service[81692]: ERROR keystone.server.flask.application return self._get_role(role_id)
Aug 24 03:59:06.828875 dv-osbrick-854281-1-iscsi devstack@keystone.service[81692]: ERROR keystone.server.flask.application
File "/opt/stack/keystone/keystone/api/roles.py", line 70, in _get_role
Aug 24 03:59:06.828875 dv-osbrick-854281-1-iscsi devstack@keystone.service[81692]: ERROR keystone.server.flask.application ENFORCER.enforce_call(action='identity:get_role')
Aug 24 03:59:06.829828 dv-osbrick-854281-1-iscsi devstack@keystone.service[81692]: ERROR keystone.server.flask.application
File "/opt/stack/keystone/keystone/common/rbac_enforcer/enforcer.py", line 402, in enforce_call
Aug 24 03:59:06.829828 dv-osbrick-854281-1-iscsi devstack@keystone.service[81692]: ERROR keystone.server.flask.application policy_dict.update(cls._extract_member_target_data(
Aug 24 03:59:06.829828 dv-osbrick-854281-1-iscsi devstack@keystone.service[81692]: ERROR keystone.server.flask.application
File "/opt/stack/keystone/keystone/common/rbac_enforcer/enforcer.py", line 234, in _extract_member_target_data
Aug 24 03:59:06.829828 dv-osbrick-854281-1-iscsi devstack@keystone.service[81692]: ERROR keystone.server.flask.application member_name: func(flask.request.view_args[key])
Aug 24 03:59:06.829828 dv-osbrick-854281-1-iscsi devstack@keystone.service[81692]: ERROR keystone.server.flask.application
File "/opt/stack/keystone/keystone/common/manager.py", line 115, in wrapped
