Aug 19 17:26:09.531591 dv-osbrick-853778-2-smb neutron-server[106323]: DEBUG neutron_lib.callbacks.manager [None req-9c221996-f5b9-4882-b374-ab6fbb3050b4 admin admin] Publish callbacks ['neutron.plugins.ml2.plugin.Ml2Plugin._handle_segment_change-8097831'] for segment (5829d1e8-b565-4d68-aaa4-3b7f296d88ac), precommit_create {{(pid=106323) _notify_loop /usr/local/lib/python3.8/dist-packages/neutron_lib/callbacks/manager.py:176}}
Aug 19 17:26:09.532775 dv-osbrick-853778-2-smb neutron-server[106323]: INFO neutron.db.segments_db [None req-9c221996-f5b9-4882-b374-ab6fbb3050b4 admin admin] Added segment 5829d1e8-b565-4d68-aaa4-3b7f296d88ac of type vlan for network ae887390-8c99-4442-84fc-07378974318e
Aug 19 17:26:09.578596 dv-osbrick-853778-2-smb neutron-server[106322]: DEBUG neutron_lib.callbacks.manager [None req-b43c703e-8cab-4ca6-909e-c1001807ee58 admin admin] Publish callbacks ['neutron.plugins.ml2.ovo_rpc._ObjectChangeHandler.handle_event-688489', 'neutron.api.rpc.agentnotifiers.dhcp_rpc_agent_api.DhcpAgentNotifyAPI._native_event_send_dhcp_notification-652182'] for subnet (2d65a8bb-9587-4adc-a43f-0f7041c40791), after_create {{(pid=106322) _notify_loop /usr/local/lib/python3.8/dist-packages/neutron_lib/callbacks/manager.py:176}}
Aug 19 17:26:09.601105 dv-osbrick-853778-2-smb neutron-server[106325]: DEBUG neutron.api.rpc.handlers.l3_rpc [None req-71c2d3e7-a436-43aa-972d-d7234782951c None None] Sync routers for ids ['2e0fb84b-ba9f-46d0-bbda-9110aeb4694b'] in dv-osbrick-853778-2-smb {{(pid=106325) sync_routers /opt/stack/neutron/neutron/api/rpc/handlers/l3_rpc.py:125}}
Aug 19 17:26:09.608137 dv-osbrick-853778-2-smb neutron-server[106323]: DEBUG neutron_lib.callbacks.manager [None req-9c221996-f5b9-4882-b374-ab6fbb3050b4 admin admin] Publish callbacks ['neutron.services.auto_allocate.db._ensure_external_network_default_value_callback-8732494144835'] for network (ae887390-8c99-4442-84fc-07378974318e), precommit_create {{(pid=106323) _notify_loop /usr/local/lib/python3.8/dist-packages/neutron_lib/callbacks/manager.py:176}}
Aug 19 17:26:09.620728 dv-osbrick-853778-2-smb neutron-server[106322]: DEBUG dbcounter [-] [106322] Writing DB stats neutron:SELECT=79,neutron:INSERT=17,neutron:UPDATE=3,neutron:DELETE=1 {{(pid=106322) stat_writer /usr/local/lib/python3.8/dist-packages/dbcounter.py:114}}
Aug 19 17:26:09.626332 dv-osbrick-853778-2-smb neutron-server[106325]: DEBUG neutron.db.l3_dvrscheduler_db [None req-71c2d3e7-a436-43aa-972d-d7234782951c None None] Routers {'2e0fb84b-ba9f-46d0-bbda-9110aeb4694b'} bound to L3 agent in host dv-osbrick-853778-2-smb {{(pid=106325) _get_router_ids_for_agent /opt/stack/neutron/neutron/db/l3_dvrscheduler_db.py:422}}
Aug 19 17:26:09.627385 dv-osbrick-853778-2-smb neutron-server[106325]: DEBUG neutron.db.l3_hamode_db [None req-71c2d3e7-a436-43aa-972d-d7234782951c None None] neutron.services.l3_router.l3_router_plugin.L3RouterPlugin method get_ha_sync_data_for_host called with arguments (, 'dv-osbrick-853778-2-smb', Agent(admin_state_up=True,agent_type='L3 agent',availability_zone='nova',binary='neutron-l3-agent',configurations={"agent_mode": "legacy", "ex_gw_ports": 3, "extensions": [], "floating_ips": 0, "handle_internal_only_routers": true, "interface_driver": "openvswitch", "interfaces": 2, "log_agent_heartbeats": false, "routers": 3},created_at=2022-08-19T17:18:09Z,description=,heartbeat_timestamp=2022-08-19T17:26:09Z,host='dv-osbrick-853778-2-smb',id=2d45af94-1500-42ae-84dd-a5e251fccf83,load=0,resource_versions=,resources_synced=,started_at=2022-08-19T17:18:09Z,topic='l3_agent')) {'router_ids': ['2e0fb84b-ba9f-46d0-bbda-9110aeb4694b'], 'active': True} {{(pid=106325) wrapper /usr/local/lib/python3.8/dist-packages/oslo_log/helpers.py:65}}
Aug 19 17:26:09.642053 dv-osbrick-853778-2-smb neutron-server[106323]: DEBUG neutron_lib.callbacks.manager [None req-9c221996-f5b9-4882-b374-ab6fbb3050b4 admin admin] Publish callbacks ['neutron.plugins.ml2.ovo_rpc._ObjectChangeHandler.handle_event-731754', 'neutron.api.rpc.agentnotifiers.dhcp_rpc_agent_api.DhcpAgentNotifyAPI._native_event_send_dhcp_notification-652182'] for network (ae887390-8c99-4442-84fc-07378974318e), after_create {{(pid=106323) _notify_loop /usr/local/lib/python3.8/dist-packages/neutron_lib/callbacks/manager.py:176}}
Aug 19 17:26:09.643468 dv-osbrick-853778-2-smb neutron-server[106323]: DEBUG neutron.pecan_wsgi.hooks.policy_enforcement [None req-9c221996-f5b9-4882-b374-ab6fbb3050b4 admin admin] Attributes excluded by policy engine: ['standard_attr_id', 'vlan_transparent'] {{(pid=106323) _exclude_attributes_by_policy /opt/stack/neutron/neutron/pecan_wsgi/hooks/policy_enforcement.py:259}}
Aug 19 17:26:09.644051 dv-osbrick-853778-2-smb neutron-server[106323]: DEBUG neutron_lib.callbacks.manager [None req-9c221996-f5b9-4882-b374-ab6fbb3050b4 admin admin] Publish callbacks ['neutron.api.rpc.agentnotifiers.dhcp_rpc_agent_api.DhcpAgentNotifyAPI._send_dhcp_notification-651884'] for network (None), before_response {{(pid=106323) _notify_loop /usr/local/lib/python3.8/dist-packages/neutron_lib/callbacks/manager.py:176}}
Aug 19 17:26:09.657199 dv-osbrick-853778-2-smb neutron-server[106322]: DEBUG neutron.api.rpc.handlers.resources_rpc [None req-b43c703e-8cab-4ca6-909e-c1001807ee58 admin admin] Pushing event updated for resources: {'Subnet': ['ID=2d65a8bb-9587-4adc-a43f-0f7041c40791,revision_number=0']} {{(pid=106322) push /opt/stack/neutron/neutron/api/rpc/handlers/resources_rpc.py:237}}
Aug 19 17:26:09.668486 dv-osbrick-853778-2-smb neutron-server[106322]: DEBUG neutron.plugins.ml2.drivers.mech_agent [None req-b43c703e-8cab-4ca6-909e-c1001807ee58 admin admin] Checking segment: {'id': 'a265560a-82d5-4eeb-a7dd-3977f6e78293', 'network_type': 'vlan', 'physical_network': 'physnet1', 'segmentation_id': 427, 'network_id': '2b935339-d5c2-4112-aade-807cd0e2a0c2'} for mappings: {'physnet1': 'br-data'} with network types: ['local', 'flat', 'vlan'] {{(pid=106322) check_segment_for_agent /opt/stack/neutron/neutron/plugins/ml2/drivers/mech_agent.py:373}}
Aug 19 17:26:09.668486 dv-osbrick-853778-2-smb neutron-server[106322]: DEBUG neutron.scheduler.dhcp_agent_scheduler [None req-b43c703e-8cab-4ca6-909e-c1001807ee58 admin admin] Network hostable DHCP agents. Network: 2b935339-d5c2-4112-aade-807cd0e2a0c2, hostable agents: ['a540d832-e541-48c9-afec-0a59954029ea'], hosted agents: [] {{(pid=106322) _get_network_hostable_dhcp_agents /opt/stack/neutron/neutron/scheduler/dhcp_agent_scheduler.py:329}}
Aug 19 17:26:09.697705 dv-osbrick-853778-2-smb neutron-server[106322]: DEBUG neutron.scheduler.dhcp_agent_scheduler [None req-b43c703e-8cab-4ca6-909e-c1001807ee58 admin admin] Network 2b935339-d5c2-4112-aade-807cd0e2a0c2 is scheduled to be hosted by DHCP agent a540d832-e541-48c9-afec-0a59954029ea with binding_index 1 {{(pid=106322) bind /opt/stack/neutron/neutron/scheduler/dhcp_agent_scheduler.py:227}}
Aug 19 17:26:09.716182 dv-osbrick-853778-2-smb neutron-server[106322]: DEBUG neutron.scheduler.base_scheduler [None req-b43c703e-8cab-4ca6-909e-c1001807ee58 admin admin] Resources bound (agent type, host, resource id): (DHCP agent, dv-osbrick-853778-2-smb, 2b935339-d5c2-4112-aade-807cd0e2a0c2) {{(pid=106322) schedule /opt/stack/neutron/neutron/scheduler/base_scheduler.py:57}}
Aug 19 17:26:09.728463 dv-osbrick-853778-2-smb neutron-server[106322]: DEBUG neutron.pecan_wsgi.hooks.policy_enforcement [None req-b43c703e-8cab-4ca6-909e-c1001807ee58 admin admin] Attributes excluded by policy engine: ['standard_attr_id', 'shared', 'network'] {{(pid=106322) _exclude_attributes_by_policy /opt/stack/neutron/neutron/pecan_wsgi/hooks/policy_enforcement.py:259}}
Aug 19 17:26:09.730566 dv-osbrick-853778-2-smb neutron-server[106322]: DEBUG neutron_lib.callbacks.manager [None req-b43c703e-8cab-4ca6-909e-c1001807ee58 admin admin] Publish callbacks ['neutron.api.rpc.agentnotifiers.dhcp_rpc_agent_api.DhcpAgentNotifyAPI._send_dhcp_notification-651884'] for subnet (None), before_response {{(pid=106322) _notify_loop /usr/local/lib/python3.8/dist-packages/neutron_lib/callbacks/manager.py:176}}
Aug 19 17:26:09.731800 dv-osbrick-853778-2-smb neutron-server[106324]: DEBUG neutron.api.rpc.handlers.dhcp_rpc [None req-129d4535-0bf2-4add-9744-eabfb9c64bc0 None None] Network 2b935339-d5c2-4112-aade-807cd0e2a0c2 requested from dv-osbrick-853778-2-smb {{(pid=106324) get_network_info /opt/stack/neutron/neutron/api/rpc/handlers/dhcp_rpc.py:191}}
Aug 19 17:26:09.763921 dv-osbrick-853778-2-smb neutron-server[106322]: INFO neutron.wsgi [None req-b43c703e-8cab-4ca6-909e-c1001807ee58 admin admin] 10.222.0.30 "POST /networking/v2.0/subnets HTTP/1.1" status: 201 len: 851 time: 0.5375147
Aug 19 17:26:09.766451 dv-osbrick-853778-2-smb neutron-server[106322]: DEBUG neutron.wsgi [-] (106322) accepted ('10.222.0.30', 52170) {{(pid=106322) server /usr/local/lib/python3.8/dist-packages/eventlet/wsgi.py:1004}}
Aug 19 17:26:09.772406 dv-osbrick-853778-2-smb neutron-server[106322]: DEBUG neutron.api.v2.base [None req-bdc4d336-494b-469f-87a6-e31ae082d2bf admin admin] Request body: {'router': {'name': 'tempest-TestMinimumBasicScenario-1352807297-router', 'tenant_id': '013adf926f6844419e846b8996de9064', 'external_gateway_info': {'network_id': 'bd4bccdf-cc42-4658-9aa0-77f264848fc4'}}} {{(pid=106322) prepare_request_body /opt/stack/neutron/neutron/api/v2/base.py:730}}
Aug 19 17:26:09.836020 dv-osbrick-853778-2-smb neutron-server[106324]: DEBUG neutron_lib.callbacks.manager [None req-89f2d00b-9321-4b36-943a-808768e3563f None None] Publish callbacks ['neutron.services.segments.db._update_segment_host_mapping_for_agent-8732494642553', 'neutron.plugins.ml2.plugin.Ml2Plugin._retry_binding_revived_agents-8089127'] for agent (a9a1d6af-a13e-46f3-bd84-88a32853d26c), after_update {{(pid=106324) _notify_loop /usr/local/lib/python3.8/dist-packages/neutron_lib/callbacks/manager.py:176}}
Aug 19 17:26:09.838320 dv-osbrick-853778-2-smb neutron-server[106323]: INFO neutron.wsgi [None req-9c221996-f5b9-4882-b374-ab6fbb3050b4 admin admin] 10.222.0.30 "POST /networking/v2.0/networks HTTP/1.1" status: 201 len: 885 time: 0.5967019
Aug 19 17:26:09.843643 dv-osbrick-853778-2-smb neutron-server[106322]: DEBUG neutron_lib.callbacks.manager [None req-bdc4d336-494b-469f-87a6-e31ae082d2bf admin admin] Publish callbacks ['neutron.services.l3_router.l3_router_plugin.L3_HA_NAT_db_mixin._before_router_create_handler-733010', 'neutron.services.l3_router.service_providers.driver_controller.DriverController._check_router_request-62583'] for router (9d3451d4-b22e-4e48-9be0-7ed8f9a76606), before_create {{(pid=106322) _notify_loop /usr/local/lib/python3.8/dist-packages/neutron_lib/callbacks/manager.py:176}}
Aug 19 17:26:09.845517 dv-osbrick-853778-2-smb neutron-server[106322]: DEBUG neutron_lib.callbacks.manager [None req-bdc4d336-494b-469f-87a6-e31ae082d2bf admin admin] Publish callbacks ['neutron.services.l3_router.l3_router_plugin.L3_HA_NAT_db_mixin._precommit_router_create-732440', 'neutron.services.l3_router.l3_router_plugin.DVRResourceOperationHandler._set_distributed_flag-627210', 'neutron.services.l3_router.l3_router_plugin.RouterAvailabilityZoneMixin._process_az_request-591573', 'neutron.services.l3_router.service_providers.driver_controller.DriverController._set_router_provider-62588'] for router (9d3451d4-b22e-4e48-9be0-7ed8f9a76606), precommit_create {{(pid=106322) _notify_loop /usr/local/lib/python3.8/dist-packages/neutron_lib/callbacks/manager.py:176}}
Aug 19 17:26:09.849503 dv-osbrick-853778-2-smb neutron-server[106323]: DEBUG neutron.wsgi [-] (106323) accepted ('10.222.0.30', 52172) {{(pid=106323) server /usr/local/lib/python3.8/dist-packages/eventlet/wsgi.py:1004}}
Aug 19 17:26:09.868702 dv-osbrick-853778-2-smb neutron-server[106323]: DEBUG neutron.api.v2.base [None req-613ad3ab-a0de-4d1c-a5bf-e611ab1f85ee admin admin] Request body: {'subnet': {'network_id': 'ae887390-8c99-4442-84fc-07378974318e', 'cidr': '172.20.0.0/28', 'name': 'tempest-TestVolumeBootPattern-1345707777-subnet', 'tenant_id': 'ed021c9d471e4548bd70ddc1c9879360', 'ip_version': 4}} {{(pid=106323) prepare_request_body /opt/stack/neutron/neutron/api/v2/base.py:730}}
Aug 19 17:26:09.886973 dv-osbrick-853778-2-smb neutron-server[106325]: DEBUG neutron.db.l3_dvr_db [None req-71c2d3e7-a436-43aa-972d-d7234782951c None None] Set router 2e0fb84b-ba9f-46d0-bbda-9110aeb4694b gateway port host: dv-osbrick-853778-2-smb {{(pid=106325) _build_routers_list /opt/stack/neutron/neutron/db/l3_dvr_db.py:907}}
Aug 19 17:26:09.889259 dv-osbrick-853778-2-smb neutron-server[106323]: DEBUG neutron.api.rpc.handlers.resources_rpc [None req-9c221996-f5b9-4882-b374-ab6fbb3050b4 admin admin] Pushing event updated for resources: {'Network': ['ID=ae887390-8c99-4442-84fc-07378974318e,revision_number=1']} {{(pid=106323) push /opt/stack/neutron/neutron/api/rpc/handlers/resources_rpc.py:237}}
Aug 19 17:26:09.909196 dv-osbrick-853778-2-smb neutron-server[106324]: DEBUG neutron.plugins.ml2.rpc [None req-839dee47-e6cd-413e-9152-8d4f528787c3 None None] Network ae887390-8c99-4442-84fc-07378974318e details requested by agent ovs-agent-dv-osbrick-853778-2-smb with host dv-osbrick-853778-2-smb {{(pid=106324) get_network_details /opt/stack/neutron/neutron/plugins/ml2/rpc.py:248}}
Aug 19 17:26:09.927082 dv-osbrick-853778-2-smb neutron-server[106323]: DEBUG neutron.pecan_wsgi.hooks.quota_enforcement [None req-613ad3ab-a0de-4d1c-a5bf-e611ab1f85ee admin admin] Made reservation on behalf of ed021c9d471e4548bd70ddc1c9879360 for: {'subnet': 1} {{(pid=106323) before /opt/stack/neutron/neutron/pecan_wsgi/hooks/quota_enforcement.py:53}}
Aug 19 17:26:09.930949 dv-osbrick-853778-2-smb neutron-server[106323]: DEBUG neutron_lib.callbacks.manager [None req-613ad3ab-a0de-4d1c-a5bf-e611ab1f85ee admin admin] Publish callbacks [] for subnet (None), before_create {{(pid=106323) _notify_loop /usr/local/lib/python3.8/dist-packages/neutron_lib/callbacks/manager.py:176}}
Aug 19 17:26:09.949101 dv-osbrick-853778-2-smb neutron-server[106322]: DEBUG neutron_lib.callbacks.manager [None req-bdc4d336-494b-469f-87a6-e31ae082d2bf admin admin] Publish callbacks [] for router_controller (9d3451d4-b22e-4e48-9be0-7ed8f9a76606), precommit_add_association {{(pid=106322) _notify_loop /usr/local/lib/python3.8/dist-packages/neutron_lib/callbacks/manager.py:176}}
Aug 19 17:26:10.017616 dv-osbrick-853778-2-smb neutron-server[106324]: DEBUG neutron.api.rpc.handlers.dhcp_rpc [None req-cf31587e-1564-41a7-a4cd-61426cfda841 None None] Create dhcp port {'port': {'name': '', 'admin_state_up': True, 'device_id': 'dhcp15b25dd9-7613-5eae-a51b-77ecc326b5b4-2b935339-d5c2-4112-aade-807cd0e2a0c2', 'network_id': '2b935339-d5c2-4112-aade-807cd0e2a0c2', 'project_id': '013adf926f6844419e846b8996de9064', 'fixed_ips': [{'subnet_id': '2d65a8bb-9587-4adc-a43f-0f7041c40791'}]}} from dv-osbrick-853778-2-smb. {{(pid=106324) create_dhcp_port /opt/stack/neutron/neutron/api/rpc/handlers/dhcp_rpc.py:268}}
Aug 19 17:26:10.019792 dv-osbrick-853778-2-smb neutron-server[106324]: DEBUG neutron_lib.callbacks.manager [None req-cf31587e-1564-41a7-a4cd-61426cfda841 None None] Publish callbacks ['neutron.plugins.ml2.plugin.SecurityGroupDbMixin._ensure_default_security_group_handler-7946954'] for port (None), before_create {{(pid=106324) _notify_loop /usr/local/lib/python3.8/dist-packages/neutron_lib/callbacks/manager.py:176}}
Aug 19 17:26:10.029257 dv-osbrick-853778-2-smb neutron-server[106323]: DEBUG dbcounter [-] [106323] Writing DB stats neutron:SELECT=84,neutron:INSERT=14,neutron:UPDATE=1,neutron:DELETE=1 {{(pid=106323) stat_writer /usr/local/lib/python3.8/dist-packages/dbcounter.py:114}}
Aug 19 17:26:10.141494 dv-osbrick-853778-2-smb neutron-server[106322]: DEBUG neutron_lib.callbacks.manager [None req-bdc4d336-494b-469f-87a6-e31ae082d2bf admin admin] Publish callbacks [] for router_gateway (9d3451d4-b22e-4e48-9be0-7ed8f9a76606), precommit_update {{(pid=106322) _notify_loop /usr/local/lib/python3.8/dist-packages/neutron_lib/callbacks/manager.py:176}}
Aug 19 17:26:10.180698 dv-osbrick-853778-2-smb neutron-server[106325]: DEBUG neutron.db.l3_hamode_db [None req-71c2d3e7-a436-43aa-972d-d7234782951c None None] neutron.services.l3_router.l3_router_plugin.L3RouterPlugin method _process_sync_ha_data called with arguments (, [{'id': '2e0fb84b-ba9f-46d0-bbda-9110aeb4694b', 'name': 'tempest-TestMinimumBasicScenario-956477441-router', 'tenant_id': 'e27bffb6073345a99bab8d7e25b18cdf', 'admin_state_up': True, 'status': 'ACTIVE', 'external_gateway_info': {'network_id': 'bd4bccdf-cc42-4658-9aa0-77f264848fc4', 'external_fixed_ips': [{'subnet_id': 'b7237a3b-912c-4f6d-b52a-49bf0726bf15', 'ip_address': '172.30.2.198'}], 'enable_snat': True}, 'gw_port_id': '0a62b488-7802-4e8d-9ead-5121e919fc2f', 'description': '', 'availability_zones': ['nova'], 'distributed': False, 'ha': False, 'ha_vr_id': 0, 'availability_zone_hints': [], 'routes': [], 'flavor_id': None, 'tags': [], 'created_at': '2022-08-19T17:26:03Z', 'updated_at': '2022-08-19T17:26:06Z', 'revision_number': 4, 'project_id': 'e27bffb6073345a99bab8d7e25b18cdf', 'gw_port': {'id': '0a62b488-7802-4e8d-9ead-5121e919fc2f', 'name': '', 'network_id': 'bd4bccdf-cc42-4658-9aa0-77f264848fc4', 'tenant_id': '', 'mac_address': 'fa:16:3e:10:18:e3', 'admin_state_up': True, 'status': 'ACTIVE', 'device_id': '2e0fb84b-ba9f-46d0-bbda-9110aeb4694b', 'device_owner': 'network:router_gateway', 'standard_attr_id': 51, 'fixed_ips': [{'subnet_id': 'b7237a3b-912c-4f6d-b52a-49bf0726bf15', 'ip_address': '172.30.2.198', 'prefixlen': 24}], 'allowed_address_pairs': [], 'extra_dhcp_opts': [], 'security_groups': [], 'description': '', 'binding:vnic_type': 'normal', 'binding:profile': {}, 'binding:host_id': 'dv-osbrick-853778-2-smb', 'binding:vif_type': 'ovs', 'binding:vif_details': {'connectivity': 'l2', 'port_filter': True, 'ovs_hybrid_plug': False, 'datapath_type': 'system', 'bridge_name': 'br-int', 'bound_drivers': {'0': 'openvswitch'}}, 'port_security_enabled': False, 'tags': [], 'created_at': '2022-08-19T17:26:03Z', 'updated_at': '2022-08-19T17:26:09Z', 'revision_number': 4, 'project_id': '', 'subnets': [{'id': 'b7237a3b-912c-4f6d-b52a-49bf0726bf15', 'cidr': '172.30.2.0/24', 'gateway_ip': '172.30.2.1', 'dns_nameservers': [], 'ipv6_ra_mode': None, 'subnetpool_id': None}], 'extra_subnets': [], 'address_scopes': {4: None, 6: None}, 'mtu': 1500}, 'enable_snat': True, 'gw_port_host': 'dv-osbrick-853778-2-smb', '_interfaces': [{'id': '5d60d122-e52e-4385-93e4-96d8874d557d', 'name': '', 'network_id': '773a72fe-986f-412d-a562-b78057bdf42e', 'tenant_id': 'e27bffb6073345a99bab8d7e25b18cdf', 'mac_address': 'fa:16:3e:82:3d:e5', 'admin_state_up': True, 'status': 'DOWN', 'device_id': '2e0fb84b-ba9f-46d0-bbda-9110aeb4694b', 'device_owner': 'network:router_interface', 'standard_attr_id': 53, 'fixed_ips': [{'subnet_id': 'f46fe268-409b-45a7-a5c5-e962e85e1ed4', 'ip_address': '172.20.0.1', 'prefixlen': 28}], 'allowed_address_pairs': [], 'extra_dhcp_opts': [], 'security_groups': [], 'description': '', 'binding:vnic_type': 'normal', 'binding:profile': {}, 'binding:host_id': '', 'binding:vif_type': 'unbound', 'binding:vif_details': {}, 'port_security_enabled': False, 'tags': [], 'created_at': '2022-08-19T17:26:05Z', 'updated_at': '2022-08-19T17:26:06Z', 'revision_number': 2, 'project_id': 'e27bffb6073345a99bab8d7e25b18cdf', 'subnets': [{'id': 'f46fe268-409b-45a7-a5c5-e962e85e1ed4', 'cidr': '172.20.0.0/28', 'gateway_ip': '172.20.0.1', 'dns_nameservers': [], 'ipv6_ra_mode': None, 'subnetpool_id': None}], 'extra_subnets': [], 'address_scopes': {4: None, 6: None}, 'mtu': 1500}]}], 'dv-osbrick-853778-2-smb', False) {} {{(pid=106325) wrapper /usr/local/lib/python3.8/dist-packages/oslo_log/helpers.py:65}}
Aug 19 17:26:10.211602 dv-osbrick-853778-2-smb neutron-server[106324]: DEBUG neutron.db.db_base_plugin_common [None req-cf31587e-1564-41a7-a4cd-61426cfda841 None None] Allocated IP 172.20.0.2 (2b935339-d5c2-4112-aade-807cd0e2a0c2/2d65a8bb-9587-4adc-a43f-0f7041c40791/31f830e8-7741-4e0a-a9e3-a20d05a4a0ee) {{(pid=106324) _store_ip_allocation /opt/stack/neutron/neutron/db/db_base_plugin_common.py:131}}
Aug 19 17:26:10.217698 dv-osbrick-853778-2-smb neutron-server[106325]: DEBUG neutron.api.rpc.handlers.l3_rpc [None req-71c2d3e7-a436-43aa-972d-d7234782951c None None] Checking router: 2e0fb84b-ba9f-46d0-bbda-9110aeb4694b for host: dv-osbrick-853778-2-smb {{(pid=106325) _ensure_host_set_on_ports /opt/stack/neutron/neutron/api/rpc/handlers/l3_rpc.py:155}}
Aug 19 17:26:10.218886 dv-osbrick-853778-2-smb neutron-server[106325]: DEBUG neutron.api.rpc.handlers.l3_rpc [None req-71c2d3e7-a436-43aa-972d-d7234782951c None None] Updating router 2e0fb84b-ba9f-46d0-bbda-9110aeb4694b port 5d60d122-e52e-4385-93e4-96d8874d557d binding host dv-osbrick-853778-2-smb {{(pid=106325) _ensure_host_set_on_port /opt/stack/neutron/neutron/api/rpc/handlers/l3_rpc.py:205}}
Aug 19 17:26:10.220472 dv-osbrick-853778-2-smb neutron-server[106323]: DEBUG neutron_lib.callbacks.manager [None req-613ad3ab-a0de-4d1c-a5bf-e611ab1f85ee admin admin] Publish callbacks ['neutron.plugins.ml2.ovo_rpc._ObjectChangeHandler.handle_event-688489', 'neutron.api.rpc.agentnotifiers.dhcp_rpc_agent_api.DhcpAgentNotifyAPI._native_event_send_dhcp_notification-652182'] for subnet (3ddcfe62-0db1-4e63-8957-8e4d4aad8240), after_create {{(pid=106323) _notify_loop /usr/local/lib/python3.8/dist-packages/neutron_lib/callbacks/manager.py:176}}
Aug 19 17:26:10.250707 dv-osbrick-853778-2-smb neutron-server[106324]: DEBUG dbcounter [-] [106324] Writing DB stats neutron:SELECT=92,neutron:UPDATE=4,neutron:INSERT=4 {{(pid=106324) stat_writer /usr/local/lib/python3.8/dist-packages/dbcounter.py:114}}
Aug 19 17:26:10.269961 dv-osbrick-853778-2-smb neutron-server[106323]: DEBUG neutron.api.rpc.handlers.resources_rpc [None req-613ad3ab-a0de-4d1c-a5bf-e611ab1f85ee admin admin] Pushing event updated for resources: {'Subnet': ['ID=3ddcfe62-0db1-4e63-8957-8e4d4aad8240,revision_number=0']} {{(pid=106323) push /opt/stack/neutron/neutron/api/rpc/handlers/resources_rpc.py:237}}
Aug 19 17:26:10.275181 dv-osbrick-853778-2-smb neutron-server[106325]: DEBUG neutron_lib.callbacks.manager [None req-71c2d3e7-a436-43aa-972d-d7234782951c None None] Publish callbacks ['neutron.plugins.ml2.plugin.SecurityGroupDbMixin._ensure_default_security_group_handler-7946954'] for port (5d60d122-e52e-4385-93e4-96d8874d557d), before_update {{(pid=106325) _notify_loop /usr/local/lib/python3.8/dist-packages/neutron_lib/callbacks/manager.py:176}}
Aug 19 17:26:10.307057 dv-osbrick-853778-2-smb neutron-server[106323]: DEBUG neutron.plugins.ml2.drivers.mech_agent [None req-613ad3ab-a0de-4d1c-a5bf-e611ab1f85ee admin admin] Checking segment: {'id': '5829d1e8-b565-4d68-aaa4-3b7f296d88ac', 'network_type': 'vlan', 'physical_network': 'physnet1', 'segmentation_id': 422, 'network_id': 'ae887390-8c99-4442-84fc-07378974318e'} for mappings: {'physnet1': 'br-data'} with network types: ['local', 'flat', 'vlan'] {{(pid=106323) check_segment_for_agent /opt/stack/neutron/neutron/plugins/ml2/drivers/mech_agent.py:373}}
Aug 19 17:26:10.307626 dv-osbrick-853778-2-smb neutron-server[106323]: DEBUG neutron.scheduler.dhcp_agent_scheduler [None req-613ad3ab-a0de-4d1c-a5bf-e611ab1f85ee admin admin] Network hostable DHCP agents. Network: ae887390-8c99-4442-84fc-07378974318e, hostable agents: ['a540d832-e541-48c9-afec-0a59954029ea'], hosted agents: [] {{(pid=106323) _get_network_hostable_dhcp_agents /opt/stack/neutron/neutron/scheduler/dhcp_agent_scheduler.py:329}}
Aug 19 17:26:10.319780 dv-osbrick-853778-2-smb neutron-server[106323]: DEBUG dbcounter [-] [106323] Writing DB stats neutron:SELECT=82,neutron:INSERT=13,neutron:UPDATE=4,neutron:DELETE=1 {{(pid=106323) stat_writer /usr/local/lib/python3.8/dist-packages/dbcounter.py:114}}
Aug 19 17:26:10.343691 dv-osbrick-853778-2-smb neutron-server[106323]: DEBUG neutron.scheduler.dhcp_agent_scheduler [None req-613ad3ab-a0de-4d1c-a5bf-e611ab1f85ee admin admin] Network ae887390-8c99-4442-84fc-07378974318e is scheduled to be hosted by DHCP agent a540d832-e541-48c9-afec-0a59954029ea with binding_index 1 {{(pid=106323) bind /opt/stack/neutron/neutron/scheduler/dhcp_agent_scheduler.py:227}}
Aug 19 17:26:10.363639 dv-osbrick-853778-2-smb neutron-server[106323]: DEBUG neutron.scheduler.base_scheduler [None req-613ad3ab-a0de-4d1c-a5bf-e611ab1f85ee admin admin] Resources bound (agent type, host, resource id): (DHCP agent, dv-osbrick-853778-2-smb, ae887390-8c99-4442-84fc-07378974318e) {{(pid=106323) schedule /opt/stack/neutron/neutron/scheduler/base_scheduler.py:57}}
Aug 19 17:26:10.385051 dv-osbrick-853778-2-smb neutron-server[106323]: DEBUG neutron.pecan_wsgi.hooks.policy_enforcement [None req-613ad3ab-a0de-4d1c-a5bf-e611ab1f85ee admin admin] Attributes excluded by policy engine: ['standard_attr_id', 'shared', 'network'] {{(pid=106323) _exclude_attributes_by_policy /opt/stack/neutron/neutron/pecan_wsgi/hooks/policy_enforcement.py:259}}
Aug 19 17:26:10.386072 dv-osbrick-853778-2-smb neutron-server[106323]: DEBUG neutron_lib.callbacks.manager [None req-613ad3ab-a0de-4d1c-a5bf-e611ab1f85ee admin admin] Publish callbacks ['neutron.api.rpc.agentnotifiers.dhcp_rpc_agent_api.DhcpAgentNotifyAPI._send_dhcp_notification-651884'] for subnet (None), before_response {{(pid=106323) _notify_loop /usr/local/lib/python3.8/dist-packages/neutron_lib/callbacks/manager.py:176}}
Aug 19 17:26:10.404521 dv-osbrick-853778-2-smb neutron-server[106324]: DEBUG neutron.api.rpc.handlers.dhcp_rpc [None req-61622892-45e4-4391-8706-5f204044b6ef None None] Network ae887390-8c99-4442-84fc-07378974318e requested from dv-osbrick-853778-2-smb {{(pid=106324) get_network_info /opt/stack/neutron/neutron/api/rpc/handlers/dhcp_rpc.py:191}}
Aug 19 17:26:10.410612 dv-osbrick-853778-2-smb neutron-server[106322]: DEBUG neutron_lib.callbacks.manager [None req-bdc4d336-494b-469f-87a6-e31ae082d2bf admin admin] Publish callbacks [] for router_gateway (9d3451d4-b22e-4e48-9be0-7ed8f9a76606), before_create {{(pid=106322) _notify_loop /usr/local/lib/python3.8/dist-packages/neutron_lib/callbacks/manager.py:176}}
Aug 19 17:26:10.423229 dv-osbrick-853778-2-smb neutron-server[106323]: INFO neutron.wsgi [None req-613ad3ab-a0de-4d1c-a5bf-e611ab1f85ee admin admin] 10.222.0.30 "POST /networking/v2.0/subnets HTTP/1.1" status: 201 len: 848 time: 0.5660450
Aug 19 17:26:10.423779 dv-osbrick-853778-2-smb neutron-server[106323]: DEBUG neutron.wsgi [-] (106323) accepted ('10.222.0.30', 52174) {{(pid=106323) server /usr/local/lib/python3.8/dist-packages/eventlet/wsgi.py:1004}}
Aug 19 17:26:10.429899 dv-osbrick-853778-2-smb neutron-server[106322]: DEBUG neutron_lib.callbacks.manager [None req-bdc4d336-494b-469f-87a6-e31ae082d2bf admin admin] Publish callbacks ['neutron.plugins.ml2.plugin.SecurityGroupDbMixin._ensure_default_security_group_handler-7946954'] for port (None), before_create {{(pid=106322) _notify_loop /usr/local/lib/python3.8/dist-packages/neutron_lib/callbacks/manager.py:176}}
Aug 19 17:26:10.437423 dv-osbrick-853778-2-smb neutron-server[106323]: DEBUG neutron.api.v2.base [None req-1e7d9d76-b7a7-4987-bd73-19da2eb1a287 admin admin] Request body: {'router': {'name': 'tempest-TestVolumeBootPattern-1345707777-router', 'tenant_id': 'ed021c9d471e4548bd70ddc1c9879360', 'external_gateway_info': {'network_id': 'bd4bccdf-cc42-4658-9aa0-77f264848fc4'}}} {{(pid=106323) prepare_request_body /opt/stack/neutron/neutron/api/v2/base.py:730}}
Aug 19 17:26:10.506814 dv-osbrick-853778-2-smb neutron-server[106323]: DEBUG neutron_lib.callbacks.manager [None req-1e7d9d76-b7a7-4987-bd73-19da2eb1a287 admin admin] Publish callbacks ['neutron.services.l3_router.l3_router_plugin.L3_HA_NAT_db_mixin._before_router_create_handler-733010', 'neutron.services.l3_router.service_providers.driver_controller.DriverController._check_router_request-62583'] for router (9e6c4898-d3e1-419a-9e8a-772ece060109), before_create {{(pid=106323) _notify_loop /usr/local/lib/python3.8/dist-packages/neutron_lib/callbacks/manager.py:176}}
Aug 19 17:26:10.508769 dv-osbrick-853778-2-smb neutron-server[106323]: DEBUG neutron_lib.callbacks.manager [None req-1e7d9d76-b7a7-4987-bd73-19da2eb1a287 admin admin] Publish callbacks ['neutron.services.l3_router.l3_router_plugin.L3_HA_NAT_db_mixin._precommit_router_create-732440', 'neutron.services.l3_router.l3_router_plugin.DVRResourceOperationHandler._set_distributed_flag-627210', 'neutron.services.l3_router.l3_router_plugin.RouterAvailabilityZoneMixin._process_az_request-591573', 'neutron.services.l3_router.service_providers.driver_controller.DriverController._set_router_provider-62588'] for router (9e6c4898-d3e1-419a-9e8a-772ece060109), precommit_create {{(pid=106323) _notify_loop /usr/local/lib/python3.8/dist-packages/neutron_lib/callbacks/manager.py:176}}
Aug 19 17:26:10.533862 dv-osbrick-853778-2-smb neutron-server[106324]: DEBUG neutron.plugins.ml2.rpc [None req-839dee47-e6cd-413e-9152-8d4f528787c3 None None] Device 0a62b488-7802-4e8d-9ead-5121e919fc2f up at agent ovs-agent-dv-osbrick-853778-2-smb {{(pid=106324) update_device_up /opt/stack/neutron/neutron/plugins/ml2/rpc.py:296}}
Aug 19 17:26:10.599106 dv-osbrick-853778-2-smb neutron-server[106323]: DEBUG neutron_lib.callbacks.manager [None req-1e7d9d76-b7a7-4987-bd73-19da2eb1a287 admin admin] Publish callbacks [] for router_controller (9e6c4898-d3e1-419a-9e8a-772ece060109), precommit_add_association {{(pid=106323) _notify_loop /usr/local/lib/python3.8/dist-packages/neutron_lib/callbacks/manager.py:176}}
Aug 19 17:26:10.619891 dv-osbrick-853778-2-smb neutron-server[106324]: DEBUG neutron.api.rpc.handlers.dhcp_rpc [None req-cdbac912-b0e4-45bd-b277-8ab902f8234f None None] Create dhcp port {'port': {'name': '', 'admin_state_up': True, 'device_id': 'dhcp15b25dd9-7613-5eae-a51b-77ecc326b5b4-ae887390-8c99-4442-84fc-07378974318e', 'network_id': 'ae887390-8c99-4442-84fc-07378974318e', 'project_id': 'ed021c9d471e4548bd70ddc1c9879360', 'fixed_ips': [{'subnet_id': '3ddcfe62-0db1-4e63-8957-8e4d4aad8240'}]}} from dv-osbrick-853778-2-smb. {{(pid=106324) create_dhcp_port /opt/stack/neutron/neutron/api/rpc/handlers/dhcp_rpc.py:268}}
Aug 19 17:26:10.620791 dv-osbrick-853778-2-smb neutron-server[106324]: DEBUG neutron_lib.callbacks.manager [None req-cdbac912-b0e4-45bd-b277-8ab902f8234f None None] Publish callbacks ['neutron.plugins.ml2.plugin.SecurityGroupDbMixin._ensure_default_security_group_handler-7946954'] for port (None), before_create {{(pid=106324) _notify_loop /usr/local/lib/python3.8/dist-packages/neutron_lib/callbacks/manager.py:176}}
Aug 19 17:26:10.632366 dv-osbrick-853778-2-smb neutron-server[106322]: DEBUG neutron.db.db_base_plugin_common [None req-bdc4d336-494b-469f-87a6-e31ae082d2bf admin admin] Allocated IP 172.30.2.243 (bd4bccdf-cc42-4658-9aa0-77f264848fc4/b7237a3b-912c-4f6d-b52a-49bf0726bf15/51885ba1-fc8c-42bf-9477-c9e1bb5ed7b3) {{(pid=106322) _store_ip_allocation /opt/stack/neutron/neutron/db/db_base_plugin_common.py:131}}
Aug 19 17:26:10.714455 dv-osbrick-853778-2-smb neutron-server[106324]: DEBUG neutron.db.provisioning_blocks [None req-839dee47-e6cd-413e-9152-8d4f528787c3 None None] Provisioning complete for port 0a62b488-7802-4e8d-9ead-5121e919fc2f triggered by entity L2. {{(pid=106324) provisioning_complete /opt/stack/neutron/neutron/db/provisioning_blocks.py:144}}
Aug 19 17:26:10.714847 dv-osbrick-853778-2-smb neutron-server[106324]: DEBUG neutron_lib.callbacks.manager [None req-839dee47-e6cd-413e-9152-8d4f528787c3 None None] Publish callbacks ['neutron.plugins.ml2.plugin.Ml2Plugin._port_provisioned-8089153'] for port (0a62b488-7802-4e8d-9ead-5121e919fc2f), provisioning_complete {{(pid=106324) _notify_loop /usr/local/lib/python3.8/dist-packages/neutron_lib/callbacks/manager.py:176}}
Aug 19 17:26:10.765210 dv-osbrick-853778-2-smb neutron-server[106322]: DEBUG dbcounter [-] [106322] Writing DB stats neutron:SELECT=88,neutron:UPDATE=4,neutron:DELETE=1,neutron:INSERT=7 {{(pid=106322) stat_writer /usr/local/lib/python3.8/dist-packages/dbcounter.py:114}}
Aug 19 17:26:10.818897 dv-osbrick-853778-2-smb neutron-server[106322]: DEBUG neutron_lib.callbacks.manager [None req-bdc4d336-494b-469f-87a6-e31ae082d2bf admin admin] Publish callbacks [] for port (51885ba1-fc8c-42bf-9477-c9e1bb5ed7b3), precommit_create {{(pid=106322) _notify_loop /usr/local/lib/python3.8/dist-packages/neutron_lib/callbacks/manager.py:176}}
Aug 19 17:26:10.864845 dv-osbrick-853778-2-smb neutron-server[106325]: DEBUG dbcounter [-] [106325] Writing DB stats neutron:SELECT=99,neutron:UPDATE=1 {{(pid=106325) stat_writer /usr/local/lib/python3.8/dist-packages/dbcounter.py:114}}
Aug 19 17:26:10.886654 dv-osbrick-853778-2-smb neutron-server[106323]: DEBUG neutron_lib.callbacks.manager [None req-1e7d9d76-b7a7-4987-bd73-19da2eb1a287 admin admin] Publish callbacks [] for router_gateway (9e6c4898-d3e1-419a-9e8a-772ece060109), precommit_update {{(pid=106323) _notify_loop /usr/local/lib/python3.8/dist-packages/neutron_lib/callbacks/manager.py:176}}
Aug 19 17:26:10.888192 dv-osbrick-853778-2-smb neutron-server[106325]: DEBUG neutron_lib.callbacks.manager [None req-71c2d3e7-a436-43aa-972d-d7234782951c None None] Publish callbacks [] for port (5d60d122-e52e-4385-93e4-96d8874d557d), precommit_update {{(pid=106325) _notify_loop /usr/local/lib/python3.8/dist-packages/neutron_lib/callbacks/manager.py:176}}
Aug 19 17:26:10.896256 dv-osbrick-853778-2-smb neutron-server[106325]: DEBUG neutron_lib.callbacks.manager [None req-71c2d3e7-a436-43aa-972d-d7234782951c None None] Publish callbacks ['neutron.plugins.ml2.plugin.SecurityGroupServerNotifierRpcMixin._notify_sg_on_port_change-7946893', 'neutron.plugins.ml2.ovo_rpc._ObjectChangeHandler.handle_event-42872', 'neutron.api.rpc.agentnotifiers.dhcp_rpc_agent_api.DhcpAgentNotifyAPI._native_event_send_dhcp_notification-652182', 'neutron.db.l3_db.L3RpcNotifierMixin._notify_gateway_port_ip_changed-8732494699376', 'neutron.db.l3_dvrscheduler_db._notify_l3_agent_port_update-8732494191894', 'neutron.db.l3_hascheduler_db._notify_l3_agent_ha_port_update-8732494191912'] for port (5d60d122-e52e-4385-93e4-96d8874d557d), after_update {{(pid=106325) _notify_loop /usr/local/lib/python3.8/dist-packages/neutron_lib/callbacks/manager.py:176}}
Aug 19 17:26:10.902534 dv-osbrick-853778-2-smb neutron-server[106322]: DEBUG neutron_lib.callbacks.manager [None req-bdc4d336-494b-469f-87a6-e31ae082d2bf admin admin] Publish callbacks ['neutron.plugins.ml2.plugin.SecurityGroupServerNotifierRpcMixin._notify_sg_on_port_change-7946893', 'neutron.plugins.ml2.ovo_rpc._ObjectChangeHandler.handle_event-42872', 'neutron.api.rpc.agentnotifiers.dhcp_rpc_agent_api.DhcpAgentNotifyAPI._native_event_send_dhcp_notification-652182', 'neutron.db.l3_dvrscheduler_db._notify_l3_agent_new_port-8732494191876'] for port (51885ba1-fc8c-42bf-9477-c9e1bb5ed7b3), after_create {{(pid=106322) _notify_loop /usr/local/lib/python3.8/dist-packages/neutron_lib/callbacks/manager.py:176}}
Aug 19 17:26:10.970659 dv-osbrick-853778-2-smb neutron-server[106322]: DEBUG neutron.api.rpc.handlers.resources_rpc [None req-bdc4d336-494b-469f-87a6-e31ae082d2bf admin admin] Pushing event updated for resources: {'Port': ['ID=51885ba1-fc8c-42bf-9477-c9e1bb5ed7b3,revision_number=1']} {{(pid=106322) push /opt/stack/neutron/neutron/api/rpc/handlers/resources_rpc.py:237}}
Aug 19 17:26:10.985707 dv-osbrick-853778-2-smb neutron-server[106322]: DEBUG neutron.scheduler.dhcp_agent_scheduler [None req-bdc4d336-494b-469f-87a6-e31ae082d2bf admin admin] Network bd4bccdf-cc42-4658-9aa0-77f264848fc4 is already hosted by enough agents. {{(pid=106322) _get_dhcp_agents_hosting_network /opt/stack/neutron/neutron/scheduler/dhcp_agent_scheduler.py:275}}
Aug 19 17:26:10.987067 dv-osbrick-853778-2-smb neutron-server[106322]: DEBUG neutron.scheduler.base_scheduler [None req-bdc4d336-494b-469f-87a6-e31ae082d2bf admin admin] Resources bound (agent type, host, resource id): {{(pid=106322) schedule /opt/stack/neutron/neutron/scheduler/base_scheduler.py:57}}
Aug 19 17:26:10.995565 dv-osbrick-853778-2-smb neutron-server[106322]: DEBUG neutron.db.l3_dvrscheduler_db [None req-bdc4d336-494b-469f-87a6-e31ae082d2bf admin admin] Received port after_create {{(pid=106322) _notify_l3_agent_new_port /opt/stack/neutron/neutron/db/l3_dvrscheduler_db.py:538}}
Aug 19 17:26:11.007517 dv-osbrick-853778-2-smb neutron-server[106325]: DEBUG neutron.api.rpc.handlers.resources_rpc [None req-d7f1c5c1-0d96-44df-ab09-196948b65623 None None] Pushing event updated for resources: {'Port': ['ID=5d60d122-e52e-4385-93e4-96d8874d557d,revision_number=3']} {{(pid=106325) push /opt/stack/neutron/neutron/api/rpc/handlers/resources_rpc.py:237}}
Aug 19 17:26:11.024430 dv-osbrick-853778-2-smb neutron-server[106325]: DEBUG neutron.plugins.ml2.managers [None req-71c2d3e7-a436-43aa-972d-d7234782951c None None] Attempting to bind port 5d60d122-e52e-4385-93e4-96d8874d557d on host dv-osbrick-853778-2-smb for vnic_type normal with profile {{(pid=106325) bind_port /opt/stack/neutron/neutron/plugins/ml2/managers.py:810}}
Aug 19 17:26:11.025345 dv-osbrick-853778-2-smb neutron-server[106325]: DEBUG neutron.plugins.ml2.managers [None req-71c2d3e7-a436-43aa-972d-d7234782951c None None] Attempting to bind port 5d60d122-e52e-4385-93e4-96d8874d557d by drivers openvswitch,hyperv on host dv-osbrick-853778-2-smb at level 0 using segments [{'id': '4002c56e-7df3-45c4-b75d-d93f671d0729', 'network_type': 'vlan', 'physical_network': 'physnet1', 'segmentation_id': 421, 'network_id': '773a72fe-986f-412d-a562-b78057bdf42e'}] {{(pid=106325) _bind_port_level /opt/stack/neutron/neutron/plugins/ml2/managers.py:835}}
Aug 19 17:26:11.026059 dv-osbrick-853778-2-smb neutron-server[106325]: DEBUG neutron.plugins.ml2.drivers.mech_agent [None req-71c2d3e7-a436-43aa-972d-d7234782951c None None] Attempting to bind port 5d60d122-e52e-4385-93e4-96d8874d557d on network 773a72fe-986f-412d-a562-b78057bdf42e {{(pid=106325) bind_port /opt/stack/neutron/neutron/plugins/ml2/drivers/mech_agent.py:91}}
Aug 19 17:26:11.032216 dv-osbrick-853778-2-smb neutron-server[106325]: DEBUG neutron.plugins.ml2.drivers.mech_agent [None req-71c2d3e7-a436-43aa-972d-d7234782951c None None] Checking agent: {'id': '0473a28a-2c34-4b87-b292-932b9b56528d', 'agent_type': 'Open vSwitch agent', 'binary': 'neutron-openvswitch-agent', 'topic': 'N/A', 'host': 'dv-osbrick-853778-2-smb', 'admin_state_up': True, 'created_at': datetime.datetime(2022, 8, 19, 17, 18, 12), 'started_at': datetime.datetime(2022, 8, 19, 17, 18, 42), 'heartbeat_timestamp': datetime.datetime(2022, 8, 19, 17, 25, 42), 'description': None, 'resources_synced': None, 'availability_zone': None, 'alive': True, 'configurations': {'arp_responder_enabled': False, 'baremetal_smartnic': False, 'bridge_mappings': {'physnet1': 'br-data'}, 'datapath_type': 'system', 'devices': 0, 'enable_distributed_routing': False, 'extensions': [], 'in_distributed_mode': False, 'integration_bridge': 'br-int', 'l2_population': False, 'log_agent_heartbeats': False, 'ovs_capabilities': {'datapath_types': ['netdev', 'system'], 'iface_types': ['erspan', 'geneve', 'gre', 'internal', 'ip6erspan', 'ip6gre', 'lisp', 'patch', 'stt', 'system', 'tap', 'vxlan']}, 'ovs_hybrid_plug': False, 'resource_provider_bandwidths': {}, 'resource_provider_hypervisors': {'br-data': 'dv-osbrick-853778-2-smb'}, 'resource_provider_inventory_defaults': {'allocation_ratio': 1.0, 'min_unit': 1, 'step_size': 1, 'reserved': 0}, 'resource_provider_packet_processing_inventory_defaults': {'allocation_ratio': 1.0, 'min_unit': 1, 'step_size': 1, 'reserved': 0}, 'resource_provider_packet_processing_with_direction': {}, 'resource_provider_packet_processing_without_direction': {}, 'tunnel_types': [], 'tunneling_ip': None, 'vhostuser_socket_dir': '/var/run/openvswitch'}, 'resource_versions': {'AddressGroup': '1.2', 'Agent': '1.1', 'ConntrackHelper': '1.0', 'LocalIPAssociation': '1.0', 'Log': '1.0', 'NDPProxy': '1.0', 'Network': '1.1', 'Port': '1.7', 'PortForwarding': '1.3', 'QosPolicy': '1.10', 'SecurityGroup': '1.5', 'SecurityGroupRule': '1.2', 'SubPort': '1.0', 'Subnet': '1.1', 'Trunk': '1.1'}} {{(pid=106325) bind_port /opt/stack/neutron/neutron/plugins/ml2/drivers/mech_agent.py:110}}
Aug 19 17:26:11.033092 dv-osbrick-853778-2-smb neutron-server[106325]: DEBUG neutron.plugins.ml2.drivers.mech_agent [None req-71c2d3e7-a436-43aa-972d-d7234782951c None None] Checking segment: {'id': '4002c56e-7df3-45c4-b75d-d93f671d0729', 'network_type': 'vlan', 'physical_network': 'physnet1', 'segmentation_id': 421, 'network_id': '773a72fe-986f-412d-a562-b78057bdf42e'} for mappings: {'physnet1': 'br-data'} with network types: ['local', 'flat', 'vlan'] {{(pid=106325) check_segment_for_agent /opt/stack/neutron/neutron/plugins/ml2/drivers/mech_agent.py:373}}
Aug 19 17:26:11.033508 dv-osbrick-853778-2-smb neutron-server[106325]: DEBUG neutron_lib.callbacks.manager [None req-71c2d3e7-a436-43aa-972d-d7234782951c None None] Publish callbacks [] for ovs_bridge_name (None), before_read {{(pid=106325) _notify_loop /usr/local/lib/python3.8/dist-packages/neutron_lib/callbacks/manager.py:176}}
Aug 19 17:26:11.033901 dv-osbrick-853778-2-smb neutron-server[106325]: DEBUG neutron.plugins.ml2.drivers.mech_agent [None req-71c2d3e7-a436-43aa-972d-d7234782951c None None] Bound using segment: {'id': '4002c56e-7df3-45c4-b75d-d93f671d0729', 'network_type': 'vlan', 'physical_network': 'physnet1', 'segmentation_id': 421, 'network_id': '773a72fe-986f-412d-a562-b78057bdf42e'} {{(pid=106325) bind_port /opt/stack/neutron/neutron/plugins/ml2/drivers/mech_agent.py:120}}
Aug 19 17:26:11.034502 dv-osbrick-853778-2-smb neutron-server[106325]: DEBUG neutron.plugins.ml2.managers [None req-71c2d3e7-a436-43aa-972d-d7234782951c None None] Bound port: 5d60d122-e52e-4385-93e4-96d8874d557d, host: dv-osbrick-853778-2-smb, vif_type: ovs, vif_details: {"connectivity": "l2", "port_filter": true, "ovs_hybrid_plug": false, "datapath_type": "system", "bridge_name": "br-int"}, binding_levels: [{'bound_driver': 'openvswitch', 'bound_segment': {'id': '4002c56e-7df3-45c4-b75d-d93f671d0729', 'network_type': 'vlan', 'physical_network': 'physnet1', 'segmentation_id': 421, 'network_id': '773a72fe-986f-412d-a562-b78057bdf42e'}}] {{(pid=106325) _bind_port_level /opt/stack/neutron/neutron/plugins/ml2/managers.py:947}}
Aug 19 17:26:11.035294 dv-osbrick-853778-2-smb neutron-server[106325]: DEBUG neutron_lib.callbacks.manager [None req-71c2d3e7-a436-43aa-972d-d7234782951c None None] Publish callbacks ['neutron.plugins.ml2.plugin.SecurityGroupDbMixin._ensure_default_security_group_handler-7946954'] for port (5d60d122-e52e-4385-93e4-96d8874d557d), before_update {{(pid=106325) _notify_loop /usr/local/lib/python3.8/dist-packages/neutron_lib/callbacks/manager.py:176}}
Aug 19 17:26:11.039761 dv-osbrick-853778-2-smb neutron-server[106324]: DEBUG neutron.db.db_base_plugin_common [None req-cdbac912-b0e4-45bd-b277-8ab902f8234f None None] Allocated IP 172.20.0.2 (ae887390-8c99-4442-84fc-07378974318e/3ddcfe62-0db1-4e63-8957-8e4d4aad8240/c75ea194-6cf4-4235-bf2f-6f9dfc4bf291) {{(pid=106324) _store_ip_allocation /opt/stack/neutron/neutron/db/db_base_plugin_common.py:131}}
Aug 19 17:26:11.051980 dv-osbrick-853778-2-smb neutron-server[106324]: DEBUG neutron_lib.callbacks.manager [None req-cf31587e-1564-41a7-a4cd-61426cfda841 None None] Publish callbacks [] for port (31f830e8-7741-4e0a-a9e3-a20d05a4a0ee), precommit_create {{(pid=106324) _notify_loop /usr/local/lib/python3.8/dist-packages/neutron_lib/callbacks/manager.py:176}}
Aug 19 17:26:11.070941 dv-osbrick-853778-2-smb neutron-server[106324]: DEBUG neutron_lib.callbacks.manager [None req-cf31587e-1564-41a7-a4cd-61426cfda841 None None] Publish callbacks ['neutron.plugins.ml2.plugin.SecurityGroupServerNotifierRpcMixin._notify_sg_on_port_change-7946893', 'neutron.plugins.ml2.ovo_rpc._ObjectChangeHandler.handle_event-42872', 'neutron.api.rpc.agentnotifiers.dhcp_rpc_agent_api.DhcpAgentNotifyAPI._native_event_send_dhcp_notification-652182', 'neutron.db.l3_dvrscheduler_db._notify_l3_agent_new_port-8732494191876'] for port (31f830e8-7741-4e0a-a9e3-a20d05a4a0ee), after_create {{(pid=106324) _notify_loop /usr/local/lib/python3.8/dist-packages/neutron_lib/callbacks/manager.py:176}}
Aug 19 17:26:11.081098 dv-osbrick-853778-2-smb neutron-server[106324]: DEBUG neutron.plugins.ml2.plugin [None req-839dee47-e6cd-413e-9152-8d4f528787c3 None None] Current status of the port 0a62b488-7802-4e8d-9ead-5121e919fc2f is: ACTIVE; New status is: ACTIVE {{(pid=106324) _update_individual_port_db_status /opt/stack/neutron/neutron/plugins/ml2/plugin.py:2302}}
Aug 19 17:26:11.082201 dv-osbrick-853778-2-smb neutron-server[106324]: DEBUG neutron.plugins.ml2.rpc [None req-839dee47-e6cd-413e-9152-8d4f528787c3 None None] Device 147ad83d-6acf-4fbd-ba66-cd818d51a9c8 up at agent ovs-agent-dv-osbrick-853778-2-smb {{(pid=106324) update_device_up /opt/stack/neutron/neutron/plugins/ml2/rpc.py:296}}
Aug 19 17:26:11.128293 dv-osbrick-853778-2-smb neutron-server[106325]: DEBUG neutron.plugins.ml2.db [None req-71c2d3e7-a436-43aa-972d-d7234782951c None None] For port 5d60d122-e52e-4385-93e4-96d8874d557d, host dv-osbrick-853778-2-smb, cleared binding levels {{(pid=106325) clear_binding_levels /opt/stack/neutron/neutron/plugins/ml2/db.py:87}}
Aug 19 17:26:11.132181 dv-osbrick-853778-2-smb neutron-server[106325]: DEBUG neutron.plugins.ml2.db [None req-71c2d3e7-a436-43aa-972d-d7234782951c None None] For port 5d60d122-e52e-4385-93e4-96d8874d557d, host dv-osbrick-853778-2-smb, set binding levels [PortBindingLevel(driver='openvswitch',host='dv-osbrick-853778-2-smb',level=0,port_id=5d60d122-e52e-4385-93e4-96d8874d557d,segment=NetworkSegment(4002c56e-7df3-45c4-b75d-d93f671d0729),segment_id=4002c56e-7df3-45c4-b75d-d93f671d0729)] {{(pid=106325) set_binding_levels /opt/stack/neutron/neutron/plugins/ml2/db.py:59}}
Aug 19 17:26:11.142742 dv-osbrick-853778-2-smb neutron-server[106325]: DEBUG neutron_lib.callbacks.manager [None req-71c2d3e7-a436-43aa-972d-d7234782951c None None] Publish callbacks ['neutron.plugins.ml2.plugin.SecurityGroupServerNotifierRpcMixin._notify_sg_on_port_change-7946893', 'neutron.plugins.ml2.ovo_rpc._ObjectChangeHandler.handle_event-42872', 'neutron.api.rpc.agentnotifiers.dhcp_rpc_agent_api.DhcpAgentNotifyAPI._native_event_send_dhcp_notification-652182', 'neutron.db.l3_db.L3RpcNotifierMixin._notify_gateway_port_ip_changed-8732494699376', 'neutron.db.l3_dvrscheduler_db._notify_l3_agent_port_update-8732494191894', 'neutron.db.l3_hascheduler_db._notify_l3_agent_ha_port_update-8732494191912'] for port (5d60d122-e52e-4385-93e4-96d8874d557d), after_update {{(pid=106325) _notify_loop /usr/local/lib/python3.8/dist-packages/neutron_lib/callbacks/manager.py:176}}
Aug 19 17:26:11.153038 dv-osbrick-853778-2-smb neutron-server[106325]: DEBUG dbcounter [-] [106325] Writing DB stats neutron:SELECT=98,neutron:UPDATE=2 {{(pid=106325) stat_writer /usr/local/lib/python3.8/dist-packages/dbcounter.py:114}}
Aug 19 17:26:11.154325 dv-osbrick-853778-2-smb neutron-server[106324]: DEBUG neutron.scheduler.dhcp_agent_scheduler [None req-cf31587e-1564-41a7-a4cd-61426cfda841 None None] Network 2b935339-d5c2-4112-aade-807cd0e2a0c2 is already hosted by enough agents. {{(pid=106324) _get_dhcp_agents_hosting_network /opt/stack/neutron/neutron/scheduler/dhcp_agent_scheduler.py:275}}
Aug 19 17:26:11.155002 dv-osbrick-853778-2-smb neutron-server[106324]: DEBUG dbcounter [-] [106324] Writing DB stats neutron:SELECT=89,neutron:INSERT=4,neutron:UPDATE=7 {{(pid=106324) stat_writer /usr/local/lib/python3.8/dist-packages/dbcounter.py:114}}
Aug 19 17:26:11.165262 dv-osbrick-853778-2-smb neutron-server[106323]: DEBUG neutron_lib.callbacks.manager [None req-1e7d9d76-b7a7-4987-bd73-19da2eb1a287 admin admin] Publish callbacks [] for router_gateway (9e6c4898-d3e1-419a-9e8a-772ece060109), before_create {{(pid=106323) _notify_loop /usr/local/lib/python3.8/dist-packages/neutron_lib/callbacks/manager.py:176}}
Aug 19 17:26:11.188674 dv-osbrick-853778-2-smb neutron-server[106323]: DEBUG neutron_lib.callbacks.manager [None req-1e7d9d76-b7a7-4987-bd73-19da2eb1a287 admin admin] Publish callbacks ['neutron.plugins.ml2.plugin.SecurityGroupDbMixin._ensure_default_security_group_handler-7946954'] for port (None), before_create {{(pid=106323) _notify_loop /usr/local/lib/python3.8/dist-packages/neutron_lib/callbacks/manager.py:176}}
Aug 19 17:26:11.198415 dv-osbrick-853778-2-smb neutron-server[106324]: DEBUG neutron.scheduler.base_scheduler [None req-cf31587e-1564-41a7-a4cd-61426cfda841 None None] Resources bound (agent type, host, resource id): {{(pid=106324) schedule /opt/stack/neutron/neutron/scheduler/base_scheduler.py:57}}
Aug 19 17:26:11.201747 dv-osbrick-853778-2-smb neutron-server[106324]: DEBUG neutron.db.l3_dvrscheduler_db [None req-cf31587e-1564-41a7-a4cd-61426cfda841 None None] Received port after_create {{(pid=106324) _notify_l3_agent_new_port /opt/stack/neutron/neutron/db/l3_dvrscheduler_db.py:538}}
Aug 19 17:26:11.214951 dv-osbrick-853778-2-smb neutron-server[106325]: DEBUG neutron.db.l3_dvrscheduler_db [None req-71c2d3e7-a436-43aa-972d-d7234782951c None None] Routers {'2e0fb84b-ba9f-46d0-bbda-9110aeb4694b'} bound to L3 agent in host dv-osbrick-853778-2-smb {{(pid=106325) _get_router_ids_for_agent /opt/stack/neutron/neutron/db/l3_dvrscheduler_db.py:422}}
