Aug 19 17:48:45.813804 dv-osbrick-853778-2-ceph devstack@keystone.service[88352]: DEBUG keystone.server.flask.request_processing.req_logging [None req-b5d3e740-1aae-422b-ace8-b5117759004a None admin] PATH_INFO: `/v3/roles` {{(pid=88352) log_request_info /opt/stack/keystone/keystone/server/flask/request_processing/req_logging.py:29}}
Aug 19 17:48:45.814472 dv-osbrick-853778-2-ceph devstack@keystone.service[88352]: DEBUG keystone.common.rbac_enforcer.enforcer [None req-b5d3e740-1aae-422b-ace8-b5117759004a None admin] RBAC: Adding query filter params (name=anotherrole) {{(pid=88352) _extract_filter_values /opt/stack/keystone/keystone/common/rbac_enforcer/enforcer.py:167}}
Aug 19 17:48:45.814778 dv-osbrick-853778-2-ceph devstack@keystone.service[88352]: DEBUG keystone.common.rbac_enforcer.enforcer [None req-b5d3e740-1aae-422b-ace8-b5117759004a None admin] RBAC: Authorizing `identity:list_roles()` {{(pid=88352) enforce_call /opt/stack/keystone/keystone/common/rbac_enforcer/enforcer.py:449}}
Aug 19 17:48:45.816168 dv-osbrick-853778-2-ceph devstack@keystone.service[88352]: DEBUG keystone.common.rbac_enforcer.enforcer [None req-b5d3e740-1aae-422b-ace8-b5117759004a None admin] RBAC: Authorization granted {{(pid=88352) enforce_call /opt/stack/keystone/keystone/common/rbac_enforcer/enforcer.py:457}}
Aug 19 17:48:45.828378 dv-osbrick-853778-2-ceph devstack@keystone.service[88351]: DEBUG keystone.server.flask.request_processing.middleware.auth_context [None req-4cd5df9a-6d8b-4209-a6d3-ab161d6dc2c4 None admin] Validating token access rules against request {{(pid=88351) validate_allowed_request /usr/local/lib/python3.8/dist-packages/keystonemiddleware/auth_token/__init__.py:545}}
Aug 19 17:48:45.832938 dv-osbrick-853778-2-ceph devstack@keystone.service[88352]: [pid: 88352|app: 0|req: 178/344] 10.222.0.48 () {56 vars in 1111 bytes} [Fri Aug 19 17:48:45 2022] GET /identity/v3/roles?name=anotherrole => generated 334 bytes in 292 msecs (HTTP/1.1 200) 5 headers in 177 bytes (2 switches on core 0)
Aug 19 17:48:45.834315 dv-osbrick-853778-2-ceph devstack@keystone.service[88352]: DEBUG keystone.server.flask.request_processing.req_logging [None req-b15f0ed0-cd75-430e-a3f5-6c3a8a67ed0b None None] REQUEST_METHOD: `GET` {{(pid=88352) log_request_info /opt/stack/keystone/keystone/server/flask/request_processing/req_logging.py:27}}
Aug 19 17:48:45.834594 dv-osbrick-853778-2-ceph devstack@keystone.service[88352]: DEBUG keystone.server.flask.request_processing.req_logging [None req-b15f0ed0-cd75-430e-a3f5-6c3a8a67ed0b None None] SCRIPT_NAME: `/identity` {{(pid=88352) log_request_info /opt/stack/keystone/keystone/server/flask/request_processing/req_logging.py:28}}
Aug 19 17:48:45.834864 dv-osbrick-853778-2-ceph devstack@keystone.service[88352]: DEBUG keystone.server.flask.request_processing.req_logging [None req-b15f0ed0-cd75-430e-a3f5-6c3a8a67ed0b None None] PATH_INFO: `/` {{(pid=88352) log_request_info /opt/stack/keystone/keystone/server/flask/request_processing/req_logging.py:29}}
Aug 19 17:48:45.836216 dv-osbrick-853778-2-ceph devstack@keystone.service[88352]: [pid: 88352|app: 0|req: 179/345] 10.222.0.48 () {54 vars in 927 bytes} [Fri Aug 19 17:48:45 2022] GET /identity => generated 270 bytes in 3 msecs (HTTP/1.1 300) 6 headers in 234 bytes (1 switches on core 0)
Aug 19 17:48:45.841126 dv-osbrick-853778-2-ceph devstack@keystone.service[88352]: DEBUG keystone.server.flask.request_processing.middleware.auth_context [None req-b15f0ed0-cd75-430e-a3f5-6c3a8a67ed0b None None] Authenticating user token {{(pid=88352) process_request /usr/local/lib/python3.8/dist-packages/keystonemiddleware/auth_token/__init__.py:407}}
Aug 19 17:48:45.866346 dv-osbrick-853778-2-ceph devstack@keystone.service[88351]: DEBUG keystone.server.flask.request_processing.middleware.auth_context [None req-8049e9b0-0f87-4e4f-a306-ca6361b5711d None admin] RBAC: auth_context: {'token': , 'domain_id': None, 'trust_id': None, 'trustor_id': None, 'trustee_id': None, 'domain_name': None, 'group_ids': [], 'user_id': 'bd3642203b2a4a53b69987de767c8bbd', 'user_domain_id': 'default', 'system_scope': 'all', 'project_id': None, 'project_domain_id': None, 'roles': ['admin', 'member', 'reader'], 'is_admin_project': True, 'service_user_id': None, 'service_user_domain_id': None, 'service_project_id': None, 'service_project_domain_id': None, 'service_roles': []} {{(pid=88351) fill_context /opt/stack/keystone/keystone/server/flask/request_processing/middleware/auth_context.py:478}}
Aug 19 17:48:45.867590 dv-osbrick-853778-2-ceph devstack@keystone.service[88351]: DEBUG keystone.server.flask.request_processing.req_logging [None req-8049e9b0-0f87-4e4f-a306-ca6361b5711d None admin] REQUEST_METHOD: `GET` {{(pid=88351) log_request_info /opt/stack/keystone/keystone/server/flask/request_processing/req_logging.py:27}}
Aug 19 17:48:45.867958 dv-osbrick-853778-2-ceph devstack@keystone.service[88351]: DEBUG keystone.server.flask.request_processing.req_logging [None req-8049e9b0-0f87-4e4f-a306-ca6361b5711d None admin] SCRIPT_NAME: `/identity` {{(pid=88351) log_request_info /opt/stack/keystone/keystone/server/flask/request_processing/req_logging.py:28}}
Aug 19 17:48:45.868249 dv-osbrick-853778-2-ceph devstack@keystone.service[88351]: DEBUG keystone.server.flask.request_processing.req_logging [None req-8049e9b0-0f87-4e4f-a306-ca6361b5711d None admin] PATH_INFO: `/v3/auth/tokens` {{(pid=88351) log_request_info /opt/stack/keystone/keystone/server/flask/request_processing/req_logging.py:29}}
Aug 19 17:48:45.899895 dv-osbrick-853778-2-ceph devstack@keystone.service[88351]: DEBUG dbcounter [-] [88351] Writing DB stats keystone:SELECT=100 {{(pid=88351) stat_writer /usr/local/lib/python3.8/dist-packages/dbcounter.py:114}}
Aug 19 17:48:45.950833 dv-osbrick-853778-2-ceph devstack@keystone.service[88351]: DEBUG keystone.common.rbac_enforcer.enforcer [None req-8049e9b0-0f87-4e4f-a306-ca6361b5711d None admin] RBAC: Authorizing `identity:validate_token()` {{(pid=88351) enforce_call /opt/stack/keystone/keystone/common/rbac_enforcer/enforcer.py:449}}
Aug 19 17:48:45.952341 dv-osbrick-853778-2-ceph devstack@keystone.service[88351]: DEBUG keystone.common.rbac_enforcer.enforcer [None req-8049e9b0-0f87-4e4f-a306-ca6361b5711d None admin] RBAC: Authorization granted {{(pid=88351) enforce_call /opt/stack/keystone/keystone/common/rbac_enforcer/enforcer.py:457}}
Aug 19 17:48:45.968181 dv-osbrick-853778-2-ceph devstack@keystone.service[88352]: DEBUG keystone.server.flask.request_processing.middleware.auth_context [None req-b15f0ed0-cd75-430e-a3f5-6c3a8a67ed0b None None] Validating token access rules against request {{(pid=88352) validate_allowed_request /usr/local/lib/python3.8/dist-packages/keystonemiddleware/auth_token/__init__.py:545}}
Aug 19 17:48:46.014674 dv-osbrick-853778-2-ceph devstack@keystone.service[88352]: DEBUG keystone.server.flask.request_processing.middleware.auth_context [None req-3bf3dea0-0ef0-4981-9a54-33513039045c None admin] RBAC: auth_context: {'token': , 'domain_id': None, 'trust_id': None, 'trustor_id': None, 'trustee_id': None, 'domain_name': None, 'group_ids': [], 'user_id': 'bd3642203b2a4a53b69987de767c8bbd', 'user_domain_id': 'default', 'system_scope': 'all', 'project_id': None, 'project_domain_id': None, 'roles': ['admin', 'member', 'reader'], 'is_admin_project': True, 'service_user_id': None, 'service_user_domain_id': None, 'service_project_id': None, 'service_project_domain_id': None, 'service_roles': []} {{(pid=88352) fill_context /opt/stack/keystone/keystone/server/flask/request_processing/middleware/auth_context.py:478}}
Aug 19 17:48:46.015237 dv-osbrick-853778-2-ceph devstack@keystone.service[88352]: DEBUG keystone.server.flask.request_processing.req_logging [None req-3bf3dea0-0ef0-4981-9a54-33513039045c None admin] REQUEST_METHOD: `GET` {{(pid=88352) log_request_info /opt/stack/keystone/keystone/server/flask/request_processing/req_logging.py:27}}
Aug 19 17:48:46.015515 dv-osbrick-853778-2-ceph devstack@keystone.service[88352]: DEBUG keystone.server.flask.request_processing.req_logging [None req-3bf3dea0-0ef0-4981-9a54-33513039045c None admin] SCRIPT_NAME: `/identity` {{(pid=88352) log_request_info /opt/stack/keystone/keystone/server/flask/request_processing/req_logging.py:28}}
Aug 19 17:48:46.016647 dv-osbrick-853778-2-ceph devstack@keystone.service[88352]: DEBUG keystone.server.flask.request_processing.req_logging [None req-3bf3dea0-0ef0-4981-9a54-33513039045c None admin] PATH_INFO: `/v3/auth/tokens` {{(pid=88352) log_request_info /opt/stack/keystone/keystone/server/flask/request_processing/req_logging.py:29}}
Aug 19 17:48:46.051332 dv-osbrick-853778-2-ceph devstack@keystone.service[88352]: DEBUG dbcounter [-] [88352] Writing DB stats keystone:SELECT=100 {{(pid=88352) stat_writer /usr/local/lib/python3.8/dist-packages/dbcounter.py:114}}
Aug 19 17:48:46.085471 dv-osbrick-853778-2-ceph devstack@keystone.service[88351]: [pid: 88351|app: 0|req: 167/346] 10.222.0.48 () {58 vars in 1282 bytes} [Fri Aug 19 17:48:45 2022] GET /identity/v3/auth/tokens => generated 799 bytes in 467 msecs (HTTP/1.1 200) 6 headers in 358 bytes (2 switches on core 0)
Aug 19 17:48:46.087932 dv-osbrick-853778-2-ceph devstack@keystone.service[88351]: DEBUG keystone.server.flask.request_processing.req_logging [None req-8162cff1-1587-4eeb-af11-7ff2f24ead2d None None] REQUEST_METHOD: `POST` {{(pid=88351) log_request_info /opt/stack/keystone/keystone/server/flask/request_processing/req_logging.py:27}}
Aug 19 17:48:46.088051 dv-osbrick-853778-2-ceph devstack@keystone.service[88351]: DEBUG keystone.server.flask.request_processing.req_logging [None req-8162cff1-1587-4eeb-af11-7ff2f24ead2d None None] SCRIPT_NAME: `/identity` {{(pid=88351) log_request_info /opt/stack/keystone/keystone/server/flask/request_processing/req_logging.py:28}}
Aug 19 17:48:46.088294 dv-osbrick-853778-2-ceph devstack@keystone.service[88351]: DEBUG keystone.server.flask.request_processing.req_logging [None req-8162cff1-1587-4eeb-af11-7ff2f24ead2d None None] PATH_INFO: `/v3/auth/tokens` {{(pid=88351) log_request_info /opt/stack/keystone/keystone/server/flask/request_processing/req_logging.py:29}}
Aug 19 17:48:46.109873 dv-osbrick-853778-2-ceph devstack@keystone.service[88351]: DEBUG keystone.auth.core [None req-8162cff1-1587-4eeb-af11-7ff2f24ead2d None None] MFA Rules not processed for user `bd3642203b2a4a53b69987de767c8bbd`. Rule list: `[]` (Enabled: `True`). {{(pid=88351) check_auth_methods_against_rules /opt/stack/keystone/keystone/auth/core.py:438}}
Aug 19 17:48:46.110536 dv-osbrick-853778-2-ceph devstack@keystone.service[88351]: DEBUG keystone.common.fernet_utils [None req-8162cff1-1587-4eeb-af11-7ff2f24ead2d None None] Loaded 2 Fernet keys from /etc/keystone/fernet-keys/, but `[fernet_tokens] max_active_keys = 3`; perhaps there have not been enough key rotations to reach `max_active_keys` yet? {{(pid=88351) load_keys /opt/stack/keystone/keystone/common/fernet_utils.py:286}}
Aug 19 17:48:46.125364 dv-osbrick-853778-2-ceph devstack@keystone.service[88352]: DEBUG keystone.common.rbac_enforcer.enforcer [None req-3bf3dea0-0ef0-4981-9a54-33513039045c None admin] RBAC: Authorizing `identity:validate_token()` {{(pid=88352) enforce_call /opt/stack/keystone/keystone/common/rbac_enforcer/enforcer.py:449}}
Aug 19 17:48:46.126860 dv-osbrick-853778-2-ceph devstack@keystone.service[88352]: DEBUG keystone.common.rbac_enforcer.enforcer [None req-3bf3dea0-0ef0-4981-9a54-33513039045c None admin] RBAC: Authorization granted {{(pid=88352) enforce_call /opt/stack/keystone/keystone/common/rbac_enforcer/enforcer.py:457}}
Aug 19 17:48:46.176350 dv-osbrick-853778-2-ceph devstack@keystone.service[88351]: DEBUG dbcounter [-] [88351] Writing DB stats keystone:SELECT=100 {{(pid=88351) stat_writer /usr/local/lib/python3.8/dist-packages/dbcounter.py:114}}
Aug 19 17:48:46.198346 dv-osbrick-853778-2-ceph devstack@keystone.service[88351]: [pid: 88351|app: 0|req: 168/347] 10.222.0.48 () {58 vars in 1024 bytes} [Fri Aug 19 17:48:46 2022] POST /identity/v3/auth/tokens => generated 799 bytes in 112 msecs (HTTP/1.1 201) 6 headers in 363 bytes (1 switches on core 0)
Aug 19 17:48:46.199858 dv-osbrick-853778-2-ceph devstack@keystone.service[88351]: DEBUG keystone.server.flask.request_processing.middleware.auth_context [None req-8162cff1-1587-4eeb-af11-7ff2f24ead2d None None] Authenticating user token {{(pid=88351) process_request /usr/local/lib/python3.8/dist-packages/keystonemiddleware/auth_token/__init__.py:407}}
Aug 19 17:48:46.259182 dv-osbrick-853778-2-ceph devstack@keystone.service[88352]: [pid: 88352|app: 0|req: 180/348] 10.222.0.48 () {58 vars in 1282 bytes} [Fri Aug 19 17:48:45 2022] GET /identity/v3/auth/tokens => generated 799 bytes in 418 msecs (HTTP/1.1 200) 6 headers in 358 bytes (1 switches on core 0)
Aug 19 17:48:46.261537 dv-osbrick-853778-2-ceph devstack@keystone.service[88352]: DEBUG keystone.server.flask.request_processing.req_logging [None req-172efd07-d100-4e0b-b0de-d0f1d533dc18 None None] REQUEST_METHOD: `GET` {{(pid=88352) log_request_info /opt/stack/keystone/keystone/server/flask/request_processing/req_logging.py:27}}
Aug 19 17:48:46.261968 dv-osbrick-853778-2-ceph devstack@keystone.service[88352]: DEBUG keystone.server.flask.request_processing.req_logging [None req-172efd07-d100-4e0b-b0de-d0f1d533dc18 None None] SCRIPT_NAME: `/identity` {{(pid=88352) log_request_info /opt/stack/keystone/keystone/server/flask/request_processing/req_logging.py:28}}
Aug 19 17:48:46.262758 dv-osbrick-853778-2-ceph devstack@keystone.service[88352]: DEBUG keystone.server.flask.request_processing.req_logging [None req-172efd07-d100-4e0b-b0de-d0f1d533dc18 None None] PATH_INFO: `/` {{(pid=88352) log_request_info /opt/stack/keystone/keystone/server/flask/request_processing/req_logging.py:29}}
Aug 19 17:48:46.265197 dv-osbrick-853778-2-ceph devstack@keystone.service[88352]: [pid: 88352|app: 0|req: 181/349] 10.222.0.48 () {54 vars in 927 bytes} [Fri Aug 19 17:48:46 2022] GET /identity => generated 270 bytes in 4 msecs (HTTP/1.1 300) 6 headers in 234 bytes (1 switches on core 0)
Aug 19 17:48:46.266286 dv-osbrick-853778-2-ceph devstack@keystone.service[88352]: DEBUG keystone.server.flask.request_processing.middleware.auth_context [None req-172efd07-d100-4e0b-b0de-d0f1d533dc18 None None] Authenticating user token {{(pid=88352) process_request /usr/local/lib/python3.8/dist-packages/keystonemiddleware/auth_token/__init__.py:407}}
Aug 19 17:48:46.340070 dv-osbrick-853778-2-ceph devstack@keystone.service[88352]: DEBUG dbcounter [-] [88352] Writing DB stats keystone:SELECT=100 {{(pid=88352) stat_writer /usr/local/lib/python3.8/dist-packages/dbcounter.py:114}}
Aug 19 17:48:46.344114 dv-osbrick-853778-2-ceph devstack@keystone.service[88351]: DEBUG keystone.server.flask.request_processing.middleware.auth_context [None req-8162cff1-1587-4eeb-af11-7ff2f24ead2d None None] Validating token access rules against request {{(pid=88351) validate_allowed_request /usr/local/lib/python3.8/dist-packages/keystonemiddleware/auth_token/__init__.py:545}}
Aug 19 17:48:46.392292 dv-osbrick-853778-2-ceph devstack@keystone.service[88351]: DEBUG keystone.server.flask.request_processing.middleware.auth_context [None req-95cf78ae-b0f5-48ed-890d-8f6f04d20205 None admin] RBAC: auth_context: {'token': , 'domain_id': None, 'trust_id': None, 'trustor_id': None, 'trustee_id': None, 'domain_name': None, 'group_ids': [], 'user_id': 'bd3642203b2a4a53b69987de767c8bbd', 'user_domain_id': 'default', 'system_scope': 'all', 'project_id': None, 'project_domain_id': None, 'roles': ['admin', 'member', 'reader'], 'is_admin_project': True, 'service_user_id': None, 'service_user_domain_id': None, 'service_project_id': None, 'service_project_domain_id': None, 'service_roles': []} {{(pid=88351) fill_context /opt/stack/keystone/keystone/server/flask/request_processing/middleware/auth_context.py:478}}
Aug 19 17:48:46.393273 dv-osbrick-853778-2-ceph devstack@keystone.service[88351]: DEBUG keystone.server.flask.request_processing.req_logging [None req-95cf78ae-b0f5-48ed-890d-8f6f04d20205 None admin] REQUEST_METHOD: `GET` {{(pid=88351) log_request_info /opt/stack/keystone/keystone/server/flask/request_processing/req_logging.py:27}}
Aug 19 17:48:46.393944 dv-osbrick-853778-2-ceph devstack@keystone.service[88351]: DEBUG keystone.server.flask.request_processing.req_logging [None req-95cf78ae-b0f5-48ed-890d-8f6f04d20205 None admin] SCRIPT_NAME: `/identity` {{(pid=88351) log_request_info /opt/stack/keystone/keystone/server/flask/request_processing/req_logging.py:28}}
Aug 19 17:48:46.394217 dv-osbrick-853778-2-ceph devstack@keystone.service[88351]: DEBUG keystone.server.flask.request_processing.req_logging [None req-95cf78ae-b0f5-48ed-890d-8f6f04d20205 None admin] PATH_INFO: `/v3/roles/member` {{(pid=88351) log_request_info /opt/stack/keystone/keystone/server/flask/request_processing/req_logging.py:29}}
Aug 19 17:48:46.405266 dv-osbrick-853778-2-ceph devstack@keystone.service[88352]: DEBUG keystone.server.flask.request_processing.middleware.auth_context [None req-172efd07-d100-4e0b-b0de-d0f1d533dc18 None None] Validating token access rules against request {{(pid=88352) validate_allowed_request /usr/local/lib/python3.8/dist-packages/keystonemiddleware/auth_token/__init__.py:545}}
Aug 19 17:48:46.405478 dv-osbrick-853778-2-ceph devstack@keystone.service[88351]: DEBUG keystone.common.rbac_enforcer.enforcer [None req-95cf78ae-b0f5-48ed-890d-8f6f04d20205 None admin] Extracting inferred target data resulted in "NOT FOUND (404)". {{(pid=88351) enforce_call /opt/stack/keystone/keystone/common/rbac_enforcer/enforcer.py:409}}
Aug 19 17:48:46.410537 dv-osbrick-853778-2-ceph devstack@keystone.service[88351]: ERROR keystone.server.flask.application [None req-95cf78ae-b0f5-48ed-890d-8f6f04d20205 None admin] Could not find role: member.: keystone.exception.RoleNotFound: Could not find role: member.
Aug 19 17:48:46.410537 dv-osbrick-853778-2-ceph devstack@keystone.service[88351]: ERROR keystone.server.flask.application
Traceback (most recent call last):
Aug 19 17:48:46.410537 dv-osbrick-853778-2-ceph devstack@keystone.service[88351]: ERROR keystone.server.flask.application
File "/usr/local/lib/python3.8/dist-packages/flask/app.py", line 1820, in full_dispatch_request
Aug 19 17:48:46.410537 dv-osbrick-853778-2-ceph devstack@keystone.service[88351]: ERROR keystone.server.flask.application rv = self.dispatch_request()
Aug 19 17:48:46.410537 dv-osbrick-853778-2-ceph devstack@keystone.service[88351]: ERROR keystone.server.flask.application
File "/usr/local/lib/python3.8/dist-packages/flask/app.py", line 1796, in dispatch_request
Aug 19 17:48:46.410537 dv-osbrick-853778-2-ceph devstack@keystone.service[88351]: ERROR keystone.server.flask.application return self.ensure_sync(self.view_functions[rule.endpoint])(**view_args)
Aug 19 17:48:46.410537 dv-osbrick-853778-2-ceph devstack@keystone.service[88351]: ERROR keystone.server.flask.application
File "/usr/local/lib/python3.8/dist-packages/flask_restful/__init__.py", line 467, in wrapper
Aug 19 17:48:46.410537 dv-osbrick-853778-2-ceph devstack@keystone.service[88351]: ERROR keystone.server.flask.application resp = resource(*args, **kwargs)
Aug 19 17:48:46.410537 dv-osbrick-853778-2-ceph devstack@keystone.service[88351]: ERROR keystone.server.flask.application
File "/usr/local/lib/python3.8/dist-packages/flask/views.py", line 107, in view
Aug 19 17:48:46.410537 dv-osbrick-853778-2-ceph devstack@keystone.service[88351]: ERROR keystone.server.flask.application return current_app.ensure_sync(self.dispatch_request)(**kwargs)
Aug 19 17:48:46.410537 dv-osbrick-853778-2-ceph devstack@keystone.service[88351]: ERROR keystone.server.flask.application
File "/usr/local/lib/python3.8/dist-packages/flask_restful/__init__.py", line 582, in dispatch_request
Aug 19 17:48:46.410537 dv-osbrick-853778-2-ceph devstack@keystone.service[88351]: ERROR keystone.server.flask.application resp = meth(*args, **kwargs)
Aug 19 17:48:46.410537 dv-osbrick-853778-2-ceph devstack@keystone.service[88351]: ERROR keystone.server.flask.application
File "/opt/stack/keystone/keystone/api/roles.py", line 50, in get
Aug 19 17:48:46.410537 dv-osbrick-853778-2-ceph devstack@keystone.service[88351]: ERROR keystone.server.flask.application return self._get_role(role_id)
Aug 19 17:48:46.410537 dv-osbrick-853778-2-ceph devstack@keystone.service[88351]: ERROR keystone.server.flask.application
File "/opt/stack/keystone/keystone/api/roles.py", line 70, in _get_role
Aug 19 17:48:46.410537 dv-osbrick-853778-2-ceph devstack@keystone.service[88351]: ERROR keystone.server.flask.application ENFORCER.enforce_call(action='identity:get_role')
Aug 19 17:48:46.411425 dv-osbrick-853778-2-ceph devstack@keystone.service[88351]: ERROR keystone.server.flask.application
File "/opt/stack/keystone/keystone/common/rbac_enforcer/enforcer.py", line 402, in enforce_call
Aug 19 17:48:46.411425 dv-osbrick-853778-2-ceph devstack@keystone.service[88351]: ERROR keystone.server.flask.application policy_dict.update(cls._extract_member_target_data(
Aug 19 17:48:46.411425 dv-osbrick-853778-2-ceph devstack@keystone.service[88351]: ERROR keystone.server.flask.application
File "/opt/stack/keystone/keystone/common/rbac_enforcer/enforcer.py", line 234, in _extract_member_target_data
Aug 19 17:48:46.411425 dv-osbrick-853778-2-ceph devstack@keystone.service[88351]: ERROR keystone.server.flask.application member_name: func(flask.request.view_args[key])
Aug 19 17:48:46.411425 dv-osbrick-853778-2-ceph devstack@keystone.service[88351]: ERROR keystone.server.flask.application
File "/opt/stack/keystone/keystone/common/manager.py", line 115, in wrapped
Aug 19 17:48:46.411425 dv-osbrick-853778-2-ceph devstack@keystone.service[88351]: ERROR keystone.server.flask.application __ret_val = __f(*args, **kwargs)
Aug 19 17:48:46.411425 dv-osbrick-853778-2-ceph devstack@keystone.service[88351]: ERROR keystone.server.flask.application
File "/usr/local/lib/python3.8/dist-packages/decorator.py", line 232, in fun
Aug 19 17:48:46.411425 dv-osbrick-853778-2-ceph devstack@keystone.service[88351]: ERROR keystone.server.flask.application return caller(func, *(extras + args), **kw)
Aug 19 17:48:46.411425 dv-osbrick-853778-2-ceph devstack@keystone.service[88351]: ERROR keystone.server.flask.application
File "/usr/local/lib/python3.8/dist-packages/dogpile/cache/region.py", line 1577, in get_or_create_for_user_func
Aug 19 17:48:46.411425 dv-osbrick-853778-2-ceph devstack@keystone.service[88351]: ERROR keystone.server.flask.application return self.get_or_create(
Aug 19 17:48:46.411425 dv-osbrick-853778-2-ceph devstack@keystone.service[88351]: ERROR keystone.server.flask.application
File "/usr/local/lib/python3.8/dist-packages/dogpile/cache/region.py", line 1042, in get_or_create
Aug 19 17:48:46.411425 dv-osbrick-853778-2-ceph devstack@keystone.service[88351]: ERROR keystone.server.flask.application with Lock(
Aug 19 17:48:46.411425 dv-osbrick-853778-2-ceph devstack@keystone.service[88351]: ERROR keystone.server.flask.application
File "/usr/local/lib/python3.8/dist-packages/dogpile/lock.py", line 185, in __enter__
Aug 19 17:48:46.411425 dv-osbrick-853778-2-ceph devstack@keystone.service[88351]: ERROR keystone.server.flask.application return self._enter()
Aug 19 17:48:46.411425 dv-osbrick-853778-2-ceph devstack@keystone.service[88351]: ERROR keystone.server.flask.application
File "/usr/local/lib/python3.8/dist-packages/dogpile/lock.py", line 94, in _enter
Aug 19 17:48:46.411425 dv-osbrick-853778-2-ceph devstack@keystone.service[88351]: ERROR keystone.server.flask.application generated = self._enter_create(value, createdtime)
Aug 19 17:48:46.412257 dv-osbrick-853778-2-ceph devstack@keystone.service[88351]: ERROR keystone.server.flask.application
File "/usr/local/lib/python3.8/dist-packages/dogpile/lock.py", line 178, in _enter_create
Aug 19 17:48:46.412257 dv-osbrick-853778-2-ceph devstack@keystone.service[88351]: ERROR keystone.server.flask.application return self.creator()
Aug 19 17:48:46.412257 dv-osbrick-853778-2-ceph devstack@keystone.service[88351]: ERROR keystone.server.flask.application
File "/usr/local/lib/python3.8/dist-packages/dogpile/cache/region.py", line 995, in gen_value
Aug 19 17:48:46.412257 dv-osbrick-853778-2-ceph devstack@keystone.service[88351]: ERROR keystone.server.flask.application created_value = creator(
Aug 19 17:48:46.412257 dv-osbrick-853778-2-ceph devstack@keystone.service[88351]: ERROR keystone.server.flask.application
File "/opt/stack/keystone/keystone/assignment/core.py", line 1276, in get_role
Aug 19 17:48:46.412257 dv-osbrick-853778-2-ceph devstack@keystone.service[88351]: ERROR keystone.server.flask.application return self.driver.get_role(role_id)
Aug 19 17:48:46.412257 dv-osbrick-853778-2-ceph devstack@keystone.service[88351]: ERROR keystone.server.flask.application
File "/opt/stack/keystone/keystone/assignment/role_backends/sql.py", line 70, in get_role
Aug 19 17:48:46.412257 dv-osbrick-853778-2-ceph devstack@keystone.service[88351]: ERROR keystone.server.flask.application return self._get_role(session, role_id).to_dict()
Aug 19 17:48:46.412257 dv-osbrick-853778-2-ceph devstack@keystone.service[88351]: ERROR keystone.server.flask.application
File "/opt/stack/keystone/keystone/assignment/role_backends/sql.py", line 65, in _get_role
Aug 19 17:48:46.412257 dv-osbrick-853778-2-ceph devstack@keystone.service[88351]: ERROR keystone.server.flask.application raise exception.RoleNotFound(role_id=role_id)
Aug 19 17:48:46.412257 dv-osbrick-853778-2-ceph devstack@keystone.service[88351]: ERROR keystone.server.flask.application keystone.exception.RoleNotFound: Could not find role: member.
Aug 19 17:48:46.412257 dv-osbrick-853778-2-ceph devstack@keystone.service[88351]: ERROR keystone.server.flask.application
Aug 19 17:48:46.412257 dv-osbrick-853778-2-ceph devstack@keystone.service[88351]: [pid: 88351|app: 0|req: 169/350] 10.222.0.48 () {56 vars in 1099 bytes} [Fri Aug 19 17:48:46 2022] GET /identity/v3/roles/member => generated 84 bytes in 212 msecs (HTTP/1.1 404) 5 headers in 183 bytes (1 switches on core 0)
Aug 19 17:48:46.412921 dv-osbrick-853778-2-ceph devstack@keystone.service[88351]: DEBUG keystone.server.flask.request_processing.middleware.auth_context [None req-95cf78ae-b0f5-48ed-890d-8f6f04d20205 None admin] Authenticating user token {{(pid=88351) process_request /usr/local/lib/python3.8/dist-packages/keystonemiddleware/auth_token/__init__.py:407}}
Aug 19 17:48:46.452936 dv-osbrick-853778-2-ceph devstack@keystone.service[88352]: DEBUG keystone.server.flask.request_processing.middleware.auth_context [None req-d2f9ca15-8072-4ead-af4c-62afd3eef72f None admin] RBAC: auth_context: {'token': , 'domain_id': None, 'trust_id': None, 'trustor_id': None, 'trustee_id': None, 'domain_name': None, 'group_ids': [], 'user_id': 'bd3642203b2a4a53b69987de767c8bbd', 'user_domain_id': 'default', 'system_scope': 'all', 'project_id': None, 'project_domain_id': None, 'roles': ['admin', 'member', 'reader'], 'is_admin_project': True, 'service_user_id': None, 'service_user_domain_id': None, 'service_project_id': None, 'service_project_domain_id': None, 'service_roles': []} {{(pid=88352) fill_context /opt/stack/keystone/keystone/server/flask/request_processing/middleware/auth_context.py:478}}
Aug 19 17:48:46.454406 dv-osbrick-853778-2-ceph devstack@keystone.service[88352]: DEBUG keystone.server.flask.request_processing.req_logging [None req-d2f9ca15-8072-4ead-af4c-62afd3eef72f None admin] REQUEST_METHOD: `GET` {{(pid=88352) log_request_info /opt/stack/keystone/keystone/server/flask/request_processing/req_logging.py:27}}
Aug 19 17:48:46.454406 dv-osbrick-853778-2-ceph devstack@keystone.service[88352]: DEBUG keystone.server.flask.request_processing.req_logging [None req-d2f9ca15-8072-4ead-af4c-62afd3eef72f None admin] SCRIPT_NAME: `/identity` {{(pid=88352) log_request_info /opt/stack/keystone/keystone/server/flask/request_processing/req_logging.py:28}}
Aug 19 17:48:46.454406 dv-osbrick-853778-2-ceph devstack@keystone.service[88352]: DEBUG keystone.server.flask.request_processing.req_logging [None req-d2f9ca15-8072-4ead-af4c-62afd3eef72f None admin] PATH_INFO: `/v3/projects/4604492596b94e1c8672d5c858d714f1` {{(pid=88352) log_request_info /opt/stack/keystone/keystone/server/flask/request_processing/req_logging.py:29}}
Aug 19 17:48:46.456051 dv-osbrick-853778-2-ceph devstack@keystone.service[88352]: DEBUG keystone.common.rbac_enforcer.enforcer [None req-d2f9ca15-8072-4ead-af4c-62afd3eef72f None admin] RBAC: Authorizing `identity:get_project(project_id=4604492596b94e1c8672d5c858d714f1)` {{(pid=88352) enforce_call /opt/stack/keystone/keystone/common/rbac_enforcer/enforcer.py:449}}
Aug 19 17:48:46.457536 dv-osbrick-853778-2-ceph devstack@keystone.service[88352]: DEBUG keystone.common.rbac_enforcer.enforcer [None req-d2f9ca15-8072-4ead-af4c-62afd3eef72f None admin] RBAC: Authorization granted {{(pid=88352) enforce_call /opt/stack/keystone/keystone/common/rbac_enforcer/enforcer.py:457}}
Aug 19 17:48:46.459510 dv-osbrick-853778-2-ceph devstack@keystone.service[88352]: [pid: 88352|app: 0|req: 182/351] 10.222.0.48 () {56 vars in 1186 bytes} [Fri Aug 19 17:48:46 2022] GET /identity/v3/projects/4604492596b94e1c8672d5c858d714f1 => generated 298 bytes in 193 msecs (HTTP/1.1 200) 5 headers in 177 bytes (1 switches on core 0)
Aug 19 17:48:46.461385 dv-osbrick-853778-2-ceph devstack@keystone.service[88352]: DEBUG keystone.server.flask.request_processing.req_logging [None req-0b18a18e-a6fb-468a-a12e-10f3a6fc44ae None None] REQUEST_METHOD: `POST` {{(pid=88352) log_request_info /opt/stack/keystone/keystone/server/flask/request_processing/req_logging.py:27}}
Aug 19 17:48:46.461900 dv-osbrick-853778-2-ceph devstack@keystone.service[88352]: DEBUG keystone.server.flask.request_processing.req_logging [None req-0b18a18e-a6fb-468a-a12e-10f3a6fc44ae None None] SCRIPT_NAME: `/identity` {{(pid=88352) log_request_info /opt/stack/keystone/keystone/server/flask/request_processing/req_logging.py:28}}
Aug 19 17:48:46.462519 dv-osbrick-853778-2-ceph devstack@keystone.service[88352]: DEBUG keystone.server.flask.request_processing.req_logging [None req-0b18a18e-a6fb-468a-a12e-10f3a6fc44ae None None] PATH_INFO: `/v3/auth/tokens` {{(pid=88352) log_request_info /opt/stack/keystone/keystone/server/flask/request_processing/req_logging.py:29}}
Aug 19 17:48:46.473853 dv-osbrick-853778-2-ceph devstack@keystone.service[88351]: DEBUG dbcounter [-] [88351] Writing DB stats keystone:SELECT=100 {{(pid=88351) stat_writer /usr/local/lib/python3.8/dist-packages/dbcounter.py:114}}
Aug 19 17:48:46.486611 dv-osbrick-853778-2-ceph devstack@keystone.service[88352]: DEBUG keystone.auth.core [None req-0b18a18e-a6fb-468a-a12e-10f3a6fc44ae None None] MFA Rules not processed for user `bd3642203b2a4a53b69987de767c8bbd`. Rule list: `[]` (Enabled: `True`). {{(pid=88352) check_auth_methods_against_rules /opt/stack/keystone/keystone/auth/core.py:438}}
Aug 19 17:48:46.488596 dv-osbrick-853778-2-ceph devstack@keystone.service[88352]: DEBUG keystone.common.fernet_utils [None req-0b18a18e-a6fb-468a-a12e-10f3a6fc44ae None None] Loaded 2 Fernet keys from /etc/keystone/fernet-keys/, but `[fernet_tokens] max_active_keys = 3`; perhaps there have not been enough key rotations to reach `max_active_keys` yet? {{(pid=88352) load_keys /opt/stack/keystone/keystone/common/fernet_utils.py:286}}
Aug 19 17:48:46.549188 dv-osbrick-853778-2-ceph devstack@keystone.service[88351]: DEBUG keystone.server.flask.request_processing.middleware.auth_context [None req-95cf78ae-b0f5-48ed-890d-8f6f04d20205 None admin] Validating token access rules against request {{(pid=88351) validate_allowed_request /usr/local/lib/python3.8/dist-packages/keystonemiddleware/auth_token/__init__.py:545}}
Aug 19 17:48:46.580307 dv-osbrick-853778-2-ceph devstack@keystone.service[88352]: [pid: 88352|app: 0|req: 183/352] 10.222.0.48 () {58 vars in 1024 bytes} [Fri Aug 19 17:48:46 2022] POST /identity/v3/auth/tokens => generated 799 bytes in 120 msecs (HTTP/1.1 201) 6 headers in 363 bytes (1 switches on core 0)
Aug 19 17:48:46.582083 dv-osbrick-853778-2-ceph devstack@keystone.service[88352]: DEBUG keystone.server.flask.request_processing.req_logging [None req-42f4aafa-4b3a-44db-9746-5bdd2fa0733d None None] REQUEST_METHOD: `GET` {{(pid=88352) log_request_info /opt/stack/keystone/keystone/server/flask/request_processing/req_logging.py:27}}
Aug 19 17:48:46.582365 dv-osbrick-853778-2-ceph devstack@keystone.service[88352]: DEBUG keystone.server.flask.request_processing.req_logging [None req-42f4aafa-4b3a-44db-9746-5bdd2fa0733d None None] SCRIPT_NAME: `/identity` {{(pid=88352) log_request_info /opt/stack/keystone/keystone/server/flask/request_processing/req_logging.py:28}}
Aug 19 17:48:46.583565 dv-osbrick-853778-2-ceph devstack@keystone.service[88352]: DEBUG keystone.server.flask.request_processing.req_logging [None req-42f4aafa-4b3a-44db-9746-5bdd2fa0733d None None] PATH_INFO: `/` {{(pid=88352) log_request_info /opt/stack/keystone/keystone/server/flask/request_processing/req_logging.py:29}}
Aug 19 17:48:46.588583 dv-osbrick-853778-2-ceph devstack@keystone.service[88352]: [pid: 88352|app: 0|req: 184/353] 10.222.0.48 () {54 vars in 927 bytes} [Fri Aug 19 17:48:46 2022] GET /identity => generated 270 bytes in 3 msecs (HTTP/1.1 300) 6 headers in 234 bytes (1 switches on core 0)
Aug 19 17:48:46.589445 dv-osbrick-853778-2-ceph devstack@keystone.service[88352]: DEBUG keystone.server.flask.request_processing.middleware.auth_context [None req-42f4aafa-4b3a-44db-9746-5bdd2fa0733d None None] Authenticating user token {{(pid=88352) process_request /usr/local/lib/python3.8/dist-packages/keystonemiddleware/auth_token/__init__.py:407}}
Aug 19 17:48:46.596697 dv-osbrick-853778-2-ceph devstack@keystone.service[88351]: DEBUG keystone.server.flask.request_processing.middleware.auth_context [None req-854dc1c8-cc56-4ab0-b864-db11c323d200 None admin] RBAC: auth_context: {'token': , 'domain_id': None, 'trust_id': None, 'trustor_id': None, 'trustee_id': None, 'domain_name': None, 'group_ids': [], 'user_id': 'bd3642203b2a4a53b69987de767c8bbd', 'user_domain_id': 'default', 'system_scope': 'all', 'project_id': None, 'project_domain_id': None, 'roles': ['admin', 'member', 'reader'], 'is_admin_project': True, 'service_user_id': None, 'service_user_domain_id': None, 'service_project_id': None, 'service_project_domain_id': None, 'service_roles': []} {{(pid=88351) fill_context /opt/stack/keystone/keystone/server/flask/request_processing/middleware/auth_context.py:478}}
Aug 19 17:48:46.597337 dv-osbrick-853778-2-ceph devstack@keystone.service[88351]: DEBUG keystone.server.flask.request_processing.req_logging [None req-854dc1c8-cc56-4ab0-b864-db11c323d200 None admin] REQUEST_METHOD: `GET` {{(pid=88351) log_request_info /opt/stack/keystone/keystone/server/flask/request_processing/req_logging.py:27}}
Aug 19 17:48:46.597664 dv-osbrick-853778-2-ceph devstack@keystone.service[88351]: DEBUG keystone.server.flask.request_processing.req_logging [None req-854dc1c8-cc56-4ab0-b864-db11c323d200 None admin] SCRIPT_NAME: `/identity` {{(pid=88351) log_request_info /opt/stack/keystone/keystone/server/flask/request_processing/req_logging.py:28}}
Aug 19 17:48:46.597939 dv-osbrick-853778-2-ceph devstack@keystone.service[88351]: DEBUG keystone.server.flask.request_processing.req_logging [None req-854dc1c8-cc56-4ab0-b864-db11c323d200 None admin] PATH_INFO: `/v3/projects/4604492596b94e1c8672d5c858d714f1` {{(pid=88351) log_request_info /opt/stack/keystone/keystone/server/flask/request_processing/req_logging.py:29}}
Aug 19 17:48:46.599060 dv-osbrick-853778-2-ceph devstack@keystone.service[88351]: DEBUG keystone.common.rbac_enforcer.enforcer [None req-854dc1c8-cc56-4ab0-b864-db11c323d200 None admin] RBAC: Authorizing `identity:get_project(project_id=4604492596b94e1c8672d5c858d714f1)` {{(pid=88351) enforce_call /opt/stack/keystone/keystone/common/rbac_enforcer/enforcer.py:449}}
Aug 19 17:48:46.600513 dv-osbrick-853778-2-ceph devstack@keystone.service[88351]: DEBUG keystone.common.rbac_enforcer.enforcer [None req-854dc1c8-cc56-4ab0-b864-db11c323d200 None admin] RBAC: Authorization granted {{(pid=88351) enforce_call /opt/stack/keystone/keystone/common/rbac_enforcer/enforcer.py:457}}
Aug 19 17:48:46.603052 dv-osbrick-853778-2-ceph devstack@keystone.service[88351]: [pid: 88351|app: 0|req: 170/354] 10.222.0.48 () {56 vars in 1186 bytes} [Fri Aug 19 17:48:46 2022] GET /identity/v3/projects/4604492596b94e1c8672d5c858d714f1 => generated 298 bytes in 191 msecs (HTTP/1.1 200) 5 headers in 177 bytes (1 switches on core 0)
Aug 19 17:48:46.603784 dv-osbrick-853778-2-ceph devstack@keystone.service[88351]: DEBUG keystone.server.flask.request_processing.middleware.auth_context [None req-854dc1c8-cc56-4ab0-b864-db11c323d200 None admin] Authenticating user token {{(pid=88351) process_request /usr/local/lib/python3.8/dist-packages/keystonemiddleware/auth_token/__init__.py:407}}
Aug 19 17:48:46.652099 dv-osbrick-853778-2-ceph devstack@keystone.service[88352]: DEBUG dbcounter [-] [88352] Writing DB stats keystone:SELECT=100 {{(pid=88352) stat_writer /usr/local/lib/python3.8/dist-packages/dbcounter.py:114}}
Aug 19 17:48:46.723222 dv-osbrick-853778-2-ceph devstack@keystone.service[88352]: DEBUG keystone.server.flask.request_processing.middleware.auth_context [None req-42f4aafa-4b3a-44db-9746-5bdd2fa0733d None None] Validating token access rules against request {{(pid=88352) validate_allowed_request /usr/local/lib/python3.8/dist-packages/keystonemiddleware/auth_token/__init__.py:545}}
Aug 19 17:48:46.732993 dv-osbrick-853778-2-ceph devstack@keystone.service[88351]: DEBUG keystone.server.flask.request_processing.middleware.auth_context [None req-854dc1c8-cc56-4ab0-b864-db11c323d200 None admin] Validating token access rules against request {{(pid=88351) validate_allowed_request /usr/local/lib/python3.8/dist-packages/keystonemiddleware/auth_token/__init__.py:545}}
Aug 19 17:48:46.753598 dv-osbrick-853778-2-ceph devstack@keystone.service[88351]: DEBUG dbcounter [-] [88351] Writing DB stats keystone:SELECT=100 {{(pid=88351) stat_writer /usr/local/lib/python3.8/dist-packages/dbcounter.py:114}}
Aug 19 17:48:46.768918 dv-osbrick-853778-2-ceph devstack@keystone.service[88352]: DEBUG keystone.server.flask.request_processing.middleware.auth_context [None req-4e8369b7-10cf-4802-9908-b3a568e358c2 None admin] RBAC: auth_context: {'token': , 'domain_id': None, 'trust_id': None, 'trustor_id': None, 'trustee_id': None, 'domain_name': None, 'group_ids': [], 'user_id': 'bd3642203b2a4a53b69987de767c8bbd', 'user_domain_id': 'default', 'system_scope': 'all', 'project_id': None, 'project_domain_id': None, 'roles': ['admin', 'member', 'reader'], 'is_admin_project': True, 'service_user_id': None, 'service_user_domain_id': None, 'service_project_id': None, 'service_project_domain_id': None, 'service_roles': []} {{(pid=88352) fill_context /opt/stack/keystone/keystone/server/flask/request_processing/middleware/auth_context.py:478}}
Aug 19 17:48:46.769788 dv-osbrick-853778-2-ceph devstack@keystone.service[88352]: DEBUG keystone.server.flask.request_processing.req_logging [None req-4e8369b7-10cf-4802-9908-b3a568e358c2 None admin] REQUEST_METHOD: `GET` {{(pid=88352) log_request_info /opt/stack/keystone/keystone/server/flask/request_processing/req_logging.py:27}}
Aug 19 17:48:46.770067 dv-osbrick-853778-2-ceph devstack@keystone.service[88352]: DEBUG keystone.server.flask.request_processing.req_logging [None req-4e8369b7-10cf-4802-9908-b3a568e358c2 None admin] SCRIPT_NAME: `/identity` {{(pid=88352) log_request_info /opt/stack/keystone/keystone/server/flask/request_processing/req_logging.py:28}}
Aug 19 17:48:46.770386 dv-osbrick-853778-2-ceph devstack@keystone.service[88352]: DEBUG keystone.server.flask.request_processing.req_logging [None req-4e8369b7-10cf-4802-9908-b3a568e358c2 None admin] PATH_INFO: `/v3/roles` {{(pid=88352) log_request_info /opt/stack/keystone/keystone/server/flask/request_processing/req_logging.py:29}}
Aug 19 17:48:46.770999 dv-osbrick-853778-2-ceph devstack@keystone.service[88352]: DEBUG keystone.common.rbac_enforcer.enforcer [None req-4e8369b7-10cf-4802-9908-b3a568e358c2 None admin] RBAC: Adding query filter params (name=member) {{(pid=88352) _extract_filter_values /opt/stack/keystone/keystone/common/rbac_enforcer/enforcer.py:167}}
Aug 19 17:48:46.771309 dv-osbrick-853778-2-ceph devstack@keystone.service[88352]: DEBUG keystone.common.rbac_enforcer.enforcer [None req-4e8369b7-10cf-4802-9908-b3a568e358c2 None admin] RBAC: Authorizing `identity:list_roles()` {{(pid=88352) enforce_call /opt/stack/keystone/keystone/common/rbac_enforcer/enforcer.py:449}}
Aug 19 17:48:46.772753 dv-osbrick-853778-2-ceph devstack@keystone.service[88352]: DEBUG keystone.common.rbac_enforcer.enforcer [None req-4e8369b7-10cf-4802-9908-b3a568e358c2 None admin] RBAC: Authorization granted {{(pid=88352) enforce_call /opt/stack/keystone/keystone/common/rbac_enforcer/enforcer.py:457}}
Aug 19 17:48:46.773411 dv-osbrick-853778-2-ceph devstack@keystone.service[88351]: DEBUG keystone.server.flask.request_processing.middleware.auth_context [None req-517942c7-f67c-40bb-b928-f2d52a48c211 None admin] RBAC: auth_context: {'token': , 'domain_id': None, 'trust_id': None, 'trustor_id': None, 'trustee_id': None, 'domain_name': None, 'group_ids': [], 'user_id': 'bd3642203b2a4a53b69987de767c8bbd', 'user_domain_id': 'default', 'system_scope': 'all', 'project_id': None, 'project_domain_id': None, 'roles': ['admin', 'member', 'reader'], 'is_admin_project': True, 'service_user_id': None, 'service_user_domain_id': None, 'service_project_id': None, 'service_project_domain_id': None, 'service_roles': []} {{(pid=88351) fill_context /opt/stack/keystone/keystone/server/flask/request_processing/middleware/auth_context.py:478}}
Aug 19 17:48:46.774256 dv-osbrick-853778-2-ceph devstack@keystone.service[88351]: DEBUG keystone.server.flask.request_processing.req_logging [None req-517942c7-f67c-40bb-b928-f2d52a48c211 None admin] REQUEST_METHOD: `GET` {{(pid=88351) log_request_info /opt/stack/keystone/keystone/server/flask/request_processing/req_logging.py:27}}
Aug 19 17:48:46.774446 dv-osbrick-853778-2-ceph devstack@keystone.service[88351]: DEBUG keystone.server.flask.request_processing.req_logging [None req-517942c7-f67c-40bb-b928-f2d52a48c211 None admin] SCRIPT_NAME: `/identity` {{(pid=88351) log_request_info /opt/stack/keystone/keystone/server/flask/request_processing/req_logging.py:28}}
Aug 19 17:48:46.774835 dv-osbrick-853778-2-ceph devstack@keystone.service[88351]: DEBUG keystone.server.flask.request_processing.req_logging [None req-517942c7-f67c-40bb-b928-f2d52a48c211 None admin] PATH_INFO: `/v3/groups/ab6aff42ff2d4647bae190a931d580b1` {{(pid=88351) log_request_info /opt/stack/keystone/keystone/server/flask/request_processing/req_logging.py:29}}
Aug 19 17:48:46.783840 dv-osbrick-853778-2-ceph devstack@keystone.service[88352]: [pid: 88352|app: 0|req: 185/355] 10.222.0.48 () {56 vars in 1101 bytes} [Fri Aug 19 17:48:46 2022] GET /identity/v3/roles?name=member => generated 341 bytes in 195 msecs (HTTP/1.1 200) 5 headers in 177 bytes (1 switches on core 0)
Aug 19 17:48:46.784417 dv-osbrick-853778-2-ceph devstack@keystone.service[88351]: DEBUG keystone.common.rbac_enforcer.enforcer [None req-517942c7-f67c-40bb-b928-f2d52a48c211 None admin] RBAC: Authorizing `identity:get_group(group_id=ab6aff42ff2d4647bae190a931d580b1)` {{(pid=88351) enforce_call /opt/stack/keystone/keystone/common/rbac_enforcer/enforcer.py:449}}
Aug 19 17:48:46.785576 dv-osbrick-853778-2-ceph devstack@keystone.service[88352]: DEBUG keystone.server.flask.request_processing.middleware.auth_context [None req-4e8369b7-10cf-4802-9908-b3a568e358c2 None admin] Authenticating user token {{(pid=88352) process_request /usr/local/lib/python3.8/dist-packages/keystonemiddleware/auth_token/__init__.py:407}}
Aug 19 17:48:46.785770 dv-osbrick-853778-2-ceph devstack@keystone.service[88351]: DEBUG keystone.common.rbac_enforcer.enforcer [None req-517942c7-f67c-40bb-b928-f2d52a48c211 None admin] RBAC: Authorization granted {{(pid=88351) enforce_call /opt/stack/keystone/keystone/common/rbac_enforcer/enforcer.py:457}}
Aug 19 17:48:46.787693 dv-osbrick-853778-2-ceph devstack@keystone.service[88351]: [pid: 88351|app: 0|req: 171/356] 10.222.0.48 () {56 vars in 1180 bytes} [Fri Aug 19 17:48:46 2022] GET /identity/v3/groups/ab6aff42ff2d4647bae190a931d580b1 => generated 226 bytes in 184 msecs (HTTP/1.1 200) 5 headers in 177 bytes (1 switches on core 0)
Aug 19 17:48:46.789177 dv-osbrick-853778-2-ceph devstack@keystone.service[88351]: DEBUG keystone.server.flask.request_processing.req_logging [None req-a9bcbf5a-5e16-4cae-8ee1-7db9fd39c180 None None] REQUEST_METHOD: `POST` {{(pid=88351) log_request_info /opt/stack/keystone/keystone/server/flask/request_processing/req_logging.py:27}}
Aug 19 17:48:46.794266 dv-osbrick-853778-2-ceph devstack@keystone.service[88351]: DEBUG keystone.server.flask.request_processing.req_logging [None req-a9bcbf5a-5e16-4cae-8ee1-7db9fd39c180 None None] SCRIPT_NAME: `/identity` {{(pid=88351) log_request_info /opt/stack/keystone/keystone/server/flask/request_processing/req_logging.py:28}}
Aug 19 17:48:46.794266 dv-osbrick-853778-2-ceph devstack@keystone.service[88351]: DEBUG keystone.server.flask.request_processing.req_logging [None req-a9bcbf5a-5e16-4cae-8ee1-7db9fd39c180 None None] PATH_INFO: `/v3/auth/tokens` {{(pid=88351) log_request_info /opt/stack/keystone/keystone/server/flask/request_processing/req_logging.py:29}}
Aug 19 17:48:46.817997 dv-osbrick-853778-2-ceph devstack@keystone.service[88351]: DEBUG keystone.auth.core [None req-a9bcbf5a-5e16-4cae-8ee1-7db9fd39c180 None None] MFA Rules not processed for user `bd3642203b2a4a53b69987de767c8bbd`. Rule list: `[]` (Enabled: `True`). {{(pid=88351) check_auth_methods_against_rules /opt/stack/keystone/keystone/auth/core.py:438}}
Aug 19 17:48:46.819274 dv-osbrick-853778-2-ceph devstack@keystone.service[88351]: DEBUG keystone.common.fernet_utils [None req-a9bcbf5a-5e16-4cae-8ee1-7db9fd39c180 None None] Loaded 2 Fernet keys from /etc/keystone/fernet-keys/, but `[fernet_tokens] max_active_keys = 3`; perhaps there have not been enough key rotations to reach `max_active_keys` yet? {{(pid=88351) load_keys /opt/stack/keystone/keystone/common/fernet_utils.py:286}}
Aug 19 17:48:46.905493 dv-osbrick-853778-2-ceph devstack@keystone.service[88351]: [pid: 88351|app: 0|req: 172/357] 10.222.0.48 () {58 vars in 1024 bytes} [Fri Aug 19 17:48:46 2022] POST /identity/v3/auth/tokens => generated 799 bytes in 117 msecs (HTTP/1.1 201) 6 headers in 363 bytes (1 switches on core 0)
Aug 19 17:48:46.909789 dv-osbrick-853778-2-ceph devstack@keystone.service[88351]: DEBUG keystone.server.flask.request_processing.middleware.auth_context [None req-a9bcbf5a-5e16-4cae-8ee1-7db9fd39c180 None None] Authenticating user token {{(pid=88351) process_request /usr/local/lib/python3.8/dist-packages/keystonemiddleware/auth_token/__init__.py:407}}
Aug 19 17:48:46.916157 dv-osbrick-853778-2-ceph devstack@keystone.service[88352]: DEBUG keystone.server.flask.request_processing.middleware.auth_context [None req-4e8369b7-10cf-4802-9908-b3a568e358c2 None admin] Validating token access rules against request {{(pid=88352) validate_allowed_request /usr/local/lib/python3.8/dist-packages/keystonemiddleware/auth_token/__init__.py:545}}
Aug 19 17:48:46.929907 dv-osbrick-853778-2-ceph devstack@keystone.service[88352]: DEBUG dbcounter [-] [88352] Writing DB stats keystone:SELECT=100 {{(pid=88352) stat_writer /usr/local/lib/python3.8/dist-packages/dbcounter.py:114}}
Aug 19 17:48:46.959240 dv-osbrick-853778-2-ceph devstack@keystone.service[88352]: DEBUG keystone.server.flask.request_processing.middleware.auth_context [None req-05e5b955-2e34-4b4a-89c5-773a037b1940 None admin] RBAC: auth_context: {'token': , 'domain_id': None, 'trust_id': None, 'trustor_id': None, 'trustee_id': None, 'domain_name': None, 'group_ids': [], 'user_id': 'bd3642203b2a4a53b69987de767c8bbd', 'user_domain_id': 'default', 'system_scope': 'all', 'project_id': None, 'project_domain_id': None, 'roles': ['admin', 'member', 'reader'], 'is_admin_project': True, 'service_user_id': None, 'service_user_domain_id': None, 'service_project_id': None, 'service_project_domain_id': None, 'service_roles': []} {{(pid=88352) fill_context /opt/stack/keystone/keystone/server/flask/request_processing/middleware/auth_context.py:478}}
Aug 19 17:48:46.959887 dv-osbrick-853778-2-ceph devstack@keystone.service[88352]: DEBUG keystone.server.flask.request_processing.req_logging [None req-05e5b955-2e34-4b4a-89c5-773a037b1940 None admin] REQUEST_METHOD: `GET` {{(pid=88352) log_request_info /opt/stack/keystone/keystone/server/flask/request_processing/req_logging.py:27}}
Aug 19 17:48:46.960168 dv-osbrick-853778-2-ceph devstack@keystone.service[88352]: DEBUG keystone.server.flask.request_processing.req_logging [None req-05e5b955-2e34-4b4a-89c5-773a037b1940 None admin] SCRIPT_NAME: `/identity` {{(pid=88352) log_request_info /opt/stack/keystone/keystone/server/flask/request_processing/req_logging.py:28}}
Aug 19 17:48:46.960447 dv-osbrick-853778-2-ceph devstack@keystone.service[88352]: DEBUG keystone.server.flask.request_processing.req_logging [None req-05e5b955-2e34-4b4a-89c5-773a037b1940 None admin] PATH_INFO: `/v3/roles/reader` {{(pid=88352) log_request_info /opt/stack/keystone/keystone/server/flask/request_processing/req_logging.py:29}}
Aug 19 17:48:46.976985 dv-osbrick-853778-2-ceph devstack@keystone.service[88352]: DEBUG keystone.common.rbac_enforcer.enforcer [None req-05e5b955-2e34-4b4a-89c5-773a037b1940 None admin] Extracting inferred target data resulted in "NOT FOUND (404)". {{(pid=88352) enforce_call /opt/stack/keystone/keystone/common/rbac_enforcer/enforcer.py:409}}
