Aug 19 00:53:25.472760 dv-osbrick-853710-1-ceph devstack@keystone.service[88438]: DEBUG keystone.server.flask.request_processing.req_logging [None req-2116482e-1d7a-4117-99ba-d28b2ca916f0 None admin] REQUEST_METHOD: `GET` {{(pid=88438) log_request_info /opt/stack/keystone/keystone/server/flask/request_processing/req_logging.py:27}}
Aug 19 00:53:25.473141 dv-osbrick-853710-1-ceph devstack@keystone.service[88438]: DEBUG keystone.server.flask.request_processing.req_logging [None req-2116482e-1d7a-4117-99ba-d28b2ca916f0 None admin] SCRIPT_NAME: `/identity` {{(pid=88438) log_request_info /opt/stack/keystone/keystone/server/flask/request_processing/req_logging.py:28}}
Aug 19 00:53:25.473264 dv-osbrick-853710-1-ceph devstack@keystone.service[88439]: DEBUG keystone.server.flask.request_processing.middleware.auth_context [None req-f3a0fbd0-c1e6-4fdf-8d68-a5009afa23df None admin] RBAC: auth_context: {'token': , 'domain_id': None, 'trust_id': None, 'trustor_id': None, 'trustee_id': None, 'domain_name': None, 'group_ids': [], 'user_id': '9fd2a745f79241bebdcc3d551a59c8f5', 'user_domain_id': 'default', 'system_scope': 'all', 'project_id': None, 'project_domain_id': None, 'roles': ['admin', 'member', 'reader'], 'is_admin_project': True, 'service_user_id': None, 'service_user_domain_id': None, 'service_project_id': None, 'service_project_domain_id': None, 'service_roles': []} {{(pid=88439) fill_context /opt/stack/keystone/keystone/server/flask/request_processing/middleware/auth_context.py:478}}
Aug 19 00:53:25.473425 dv-osbrick-853710-1-ceph devstack@keystone.service[88438]: DEBUG keystone.server.flask.request_processing.req_logging [None req-2116482e-1d7a-4117-99ba-d28b2ca916f0 None admin] PATH_INFO: `/v3/groups/b9df747bf5dc481e91ea0208b698b3c8` {{(pid=88438) log_request_info /opt/stack/keystone/keystone/server/flask/request_processing/req_logging.py:29}}
Aug 19 00:53:25.474010 dv-osbrick-853710-1-ceph devstack@keystone.service[88439]: DEBUG keystone.server.flask.request_processing.req_logging [None req-f3a0fbd0-c1e6-4fdf-8d68-a5009afa23df None admin] REQUEST_METHOD: `GET` {{(pid=88439) log_request_info /opt/stack/keystone/keystone/server/flask/request_processing/req_logging.py:27}}
Aug 19 00:53:25.474353 dv-osbrick-853710-1-ceph devstack@keystone.service[88439]: DEBUG keystone.server.flask.request_processing.req_logging [None req-f3a0fbd0-c1e6-4fdf-8d68-a5009afa23df None admin] SCRIPT_NAME: `/identity` {{(pid=88439) log_request_info /opt/stack/keystone/keystone/server/flask/request_processing/req_logging.py:28}}
Aug 19 00:53:25.474573 dv-osbrick-853710-1-ceph devstack@keystone.service[88438]: DEBUG keystone.common.rbac_enforcer.enforcer [None req-2116482e-1d7a-4117-99ba-d28b2ca916f0 None admin] RBAC: Authorizing `identity:get_group(group_id=b9df747bf5dc481e91ea0208b698b3c8)` {{(pid=88438) enforce_call /opt/stack/keystone/keystone/common/rbac_enforcer/enforcer.py:449}}
Aug 19 00:53:25.474703 dv-osbrick-853710-1-ceph devstack@keystone.service[88439]: DEBUG keystone.server.flask.request_processing.req_logging [None req-f3a0fbd0-c1e6-4fdf-8d68-a5009afa23df None admin] PATH_INFO: `/v3/role_assignments` {{(pid=88439) log_request_info /opt/stack/keystone/keystone/server/flask/request_processing/req_logging.py:29}}
Aug 19 00:53:25.475553 dv-osbrick-853710-1-ceph devstack@keystone.service[88439]: DEBUG keystone.common.rbac_enforcer.enforcer [None req-f3a0fbd0-c1e6-4fdf-8d68-a5009afa23df None admin] RBAC: Adding query filter params (group.id=b9df747bf5dc481e91ea0208b698b3c8, role.id=04c91b52415947b7ae240c2d7a82ecbd, scope.project.id=c5bdcff0ca2d48e3a4a18b6cd336fc36) {{(pid=88439) _extract_filter_values /opt/stack/keystone/keystone/common/rbac_enforcer/enforcer.py:167}}
Aug 19 00:53:25.475916 dv-osbrick-853710-1-ceph devstack@keystone.service[88439]: DEBUG keystone.common.rbac_enforcer.enforcer [None req-f3a0fbd0-c1e6-4fdf-8d68-a5009afa23df None admin] RBAC: Authorizing `identity:list_role_assignments()` {{(pid=88439) enforce_call /opt/stack/keystone/keystone/common/rbac_enforcer/enforcer.py:449}}
Aug 19 00:53:25.476013 dv-osbrick-853710-1-ceph devstack@keystone.service[88438]: DEBUG keystone.common.rbac_enforcer.enforcer [None req-2116482e-1d7a-4117-99ba-d28b2ca916f0 None admin] RBAC: Authorization granted {{(pid=88438) enforce_call /opt/stack/keystone/keystone/common/rbac_enforcer/enforcer.py:457}}
Aug 19 00:53:25.477491 dv-osbrick-853710-1-ceph devstack@keystone.service[88439]: DEBUG keystone.common.rbac_enforcer.enforcer [None req-f3a0fbd0-c1e6-4fdf-8d68-a5009afa23df None admin] RBAC: Authorization granted {{(pid=88439) enforce_call /opt/stack/keystone/keystone/common/rbac_enforcer/enforcer.py:457}}
Aug 19 00:53:25.482893 dv-osbrick-853710-1-ceph devstack@keystone.service[88438]: [pid: 88438|app: 0|req: 178/367] 10.222.0.78 () {56 vars in 1180 bytes} [Fri Aug 19 00:53:25 2022] GET /identity/v3/groups/b9df747bf5dc481e91ea0208b698b3c8 => generated 226 bytes in 199 msecs (HTTP/1.1 200) 5 headers in 177 bytes (1 switches on core 0)
Aug 19 00:53:25.493045 dv-osbrick-853710-1-ceph devstack@keystone.service[88438]: DEBUG keystone.server.flask.request_processing.middleware.auth_context [None req-2116482e-1d7a-4117-99ba-d28b2ca916f0 None admin] Authenticating user token {{(pid=88438) process_request /usr/local/lib/python3.8/dist-packages/keystonemiddleware/auth_token/__init__.py:407}}
Aug 19 00:53:25.493250 dv-osbrick-853710-1-ceph devstack@keystone.service[88439]: [pid: 88439|app: 0|req: 190/368] 10.222.0.78 () {56 vars in 1376 bytes} [Fri Aug 19 00:53:25 2022] GET /identity/v3/role_assignments?group.id=b9df747bf5dc481e91ea0208b698b3c8&scope.project.id=c5bdcff0ca2d48e3a4a18b6cd336fc36&role.id=04c91b52415947b7ae240c2d7a82ecbd => generated 260 bytes in 187 msecs (HTTP/1.1 200) 5 headers in 177 bytes (1 switches on core 0)
Aug 19 00:53:25.493250 dv-osbrick-853710-1-ceph devstack@keystone.service[88439]: DEBUG keystone.server.flask.request_processing.middleware.auth_context [None req-f3a0fbd0-c1e6-4fdf-8d68-a5009afa23df None admin] Authenticating user token {{(pid=88439) process_request /usr/local/lib/python3.8/dist-packages/keystonemiddleware/auth_token/__init__.py:407}}
Aug 19 00:53:25.513513 dv-osbrick-853710-1-ceph devstack@keystone.service[88439]: DEBUG dbcounter [-] [88439] Writing DB stats keystone:SELECT=100 {{(pid=88439) stat_writer /usr/local/lib/python3.8/dist-packages/dbcounter.py:114}}
Aug 19 00:53:25.625702 dv-osbrick-853710-1-ceph devstack@keystone.service[88438]: DEBUG keystone.server.flask.request_processing.middleware.auth_context [None req-2116482e-1d7a-4117-99ba-d28b2ca916f0 None admin] Validating token access rules against request {{(pid=88438) validate_allowed_request /usr/local/lib/python3.8/dist-packages/keystonemiddleware/auth_token/__init__.py:545}}
Aug 19 00:53:25.629445 dv-osbrick-853710-1-ceph devstack@keystone.service[88439]: DEBUG keystone.server.flask.request_processing.middleware.auth_context [None req-f3a0fbd0-c1e6-4fdf-8d68-a5009afa23df None admin] Validating token access rules against request {{(pid=88439) validate_allowed_request /usr/local/lib/python3.8/dist-packages/keystonemiddleware/auth_token/__init__.py:545}}
Aug 19 00:53:25.670292 dv-osbrick-853710-1-ceph devstack@keystone.service[88438]: DEBUG keystone.server.flask.request_processing.middleware.auth_context [None req-3aa365b2-59c4-4ec9-a44a-1a8763b3252a None admin] RBAC: auth_context: {'token': , 'domain_id': None, 'trust_id': None, 'trustor_id': None, 'trustee_id': None, 'domain_name': None, 'group_ids': [], 'user_id': '9fd2a745f79241bebdcc3d551a59c8f5', 'user_domain_id': 'default', 'system_scope': 'all', 'project_id': None, 'project_domain_id': None, 'roles': ['admin', 'member', 'reader'], 'is_admin_project': True, 'service_user_id': None, 'service_user_domain_id': None, 'service_project_id': None, 'service_project_domain_id': None, 'service_roles': []} {{(pid=88438) fill_context /opt/stack/keystone/keystone/server/flask/request_processing/middleware/auth_context.py:478}}
Aug 19 00:53:25.671379 dv-osbrick-853710-1-ceph devstack@keystone.service[88438]: DEBUG keystone.server.flask.request_processing.req_logging [None req-3aa365b2-59c4-4ec9-a44a-1a8763b3252a None admin] REQUEST_METHOD: `GET` {{(pid=88438) log_request_info /opt/stack/keystone/keystone/server/flask/request_processing/req_logging.py:27}}
Aug 19 00:53:25.671866 dv-osbrick-853710-1-ceph devstack@keystone.service[88438]: DEBUG keystone.server.flask.request_processing.req_logging [None req-3aa365b2-59c4-4ec9-a44a-1a8763b3252a None admin] SCRIPT_NAME: `/identity` {{(pid=88438) log_request_info /opt/stack/keystone/keystone/server/flask/request_processing/req_logging.py:28}}
Aug 19 00:53:25.672350 dv-osbrick-853710-1-ceph devstack@keystone.service[88438]: DEBUG keystone.server.flask.request_processing.req_logging [None req-3aa365b2-59c4-4ec9-a44a-1a8763b3252a None admin] PATH_INFO: `/v3/projects/c5bdcff0ca2d48e3a4a18b6cd336fc36` {{(pid=88438) log_request_info /opt/stack/keystone/keystone/server/flask/request_processing/req_logging.py:29}}
Aug 19 00:53:25.673934 dv-osbrick-853710-1-ceph devstack@keystone.service[88438]: DEBUG keystone.common.rbac_enforcer.enforcer [None req-3aa365b2-59c4-4ec9-a44a-1a8763b3252a None admin] RBAC: Authorizing `identity:get_project(project_id=c5bdcff0ca2d48e3a4a18b6cd336fc36)` {{(pid=88438) enforce_call /opt/stack/keystone/keystone/common/rbac_enforcer/enforcer.py:449}}
Aug 19 00:53:25.675836 dv-osbrick-853710-1-ceph devstack@keystone.service[88438]: DEBUG keystone.common.rbac_enforcer.enforcer [None req-3aa365b2-59c4-4ec9-a44a-1a8763b3252a None admin] RBAC: Authorization granted {{(pid=88438) enforce_call /opt/stack/keystone/keystone/common/rbac_enforcer/enforcer.py:457}}
Aug 19 00:53:25.676868 dv-osbrick-853710-1-ceph devstack@keystone.service[88439]: DEBUG keystone.server.flask.request_processing.middleware.auth_context [None req-f1925673-a246-4c17-b50b-30bed0080970 None admin] RBAC: auth_context: {'token': , 'domain_id': None, 'trust_id': None, 'trustor_id': None, 'trustee_id': None, 'domain_name': None, 'group_ids': [], 'user_id': '9fd2a745f79241bebdcc3d551a59c8f5', 'user_domain_id': 'default', 'system_scope': 'all', 'project_id': None, 'project_domain_id': None, 'roles': ['admin', 'member', 'reader'], 'is_admin_project': True, 'service_user_id': None, 'service_user_domain_id': None, 'service_project_id': None, 'service_project_domain_id': None, 'service_roles': []} {{(pid=88439) fill_context /opt/stack/keystone/keystone/server/flask/request_processing/middleware/auth_context.py:478}}
Aug 19 00:53:25.677551 dv-osbrick-853710-1-ceph devstack@keystone.service[88439]: DEBUG keystone.server.flask.request_processing.req_logging [None req-f1925673-a246-4c17-b50b-30bed0080970 None admin] REQUEST_METHOD: `GET` {{(pid=88439) log_request_info /opt/stack/keystone/keystone/server/flask/request_processing/req_logging.py:27}}
Aug 19 00:53:25.677832 dv-osbrick-853710-1-ceph devstack@keystone.service[88439]: DEBUG keystone.server.flask.request_processing.req_logging [None req-f1925673-a246-4c17-b50b-30bed0080970 None admin] SCRIPT_NAME: `/identity` {{(pid=88439) log_request_info /opt/stack/keystone/keystone/server/flask/request_processing/req_logging.py:28}}
Aug 19 00:53:25.678106 dv-osbrick-853710-1-ceph devstack@keystone.service[88439]: DEBUG keystone.server.flask.request_processing.req_logging [None req-f1925673-a246-4c17-b50b-30bed0080970 None admin] PATH_INFO: `/v3/groups/b9df747bf5dc481e91ea0208b698b3c8` {{(pid=88439) log_request_info /opt/stack/keystone/keystone/server/flask/request_processing/req_logging.py:29}}
Aug 19 00:53:25.678814 dv-osbrick-853710-1-ceph devstack@keystone.service[88438]: [pid: 88438|app: 0|req: 179/369] 10.222.0.78 () {56 vars in 1186 bytes} [Fri Aug 19 00:53:25 2022] GET /identity/v3/projects/c5bdcff0ca2d48e3a4a18b6cd336fc36 => generated 302 bytes in 195 msecs (HTTP/1.1 200) 5 headers in 177 bytes (1 switches on core 0)
Aug 19 00:53:25.679260 dv-osbrick-853710-1-ceph devstack@keystone.service[88439]: DEBUG keystone.common.rbac_enforcer.enforcer [None req-f1925673-a246-4c17-b50b-30bed0080970 None admin] RBAC: Authorizing `identity:get_group(group_id=b9df747bf5dc481e91ea0208b698b3c8)` {{(pid=88439) enforce_call /opt/stack/keystone/keystone/common/rbac_enforcer/enforcer.py:449}}
Aug 19 00:53:25.680062 dv-osbrick-853710-1-ceph devstack@keystone.service[88438]: DEBUG keystone.server.flask.request_processing.middleware.auth_context [None req-3aa365b2-59c4-4ec9-a44a-1a8763b3252a None admin] Authenticating user token {{(pid=88438) process_request /usr/local/lib/python3.8/dist-packages/keystonemiddleware/auth_token/__init__.py:407}}
Aug 19 00:53:25.680803 dv-osbrick-853710-1-ceph devstack@keystone.service[88439]: DEBUG keystone.common.rbac_enforcer.enforcer [None req-f1925673-a246-4c17-b50b-30bed0080970 None admin] RBAC: Authorization granted {{(pid=88439) enforce_call /opt/stack/keystone/keystone/common/rbac_enforcer/enforcer.py:457}}
Aug 19 00:53:25.682427 dv-osbrick-853710-1-ceph devstack@keystone.service[88439]: [pid: 88439|app: 0|req: 191/370] 10.222.0.78 () {56 vars in 1180 bytes} [Fri Aug 19 00:53:25 2022] GET /identity/v3/groups/b9df747bf5dc481e91ea0208b698b3c8 => generated 226 bytes in 198 msecs (HTTP/1.1 200) 5 headers in 177 bytes (1 switches on core 0)
Aug 19 00:53:25.683213 dv-osbrick-853710-1-ceph devstack@keystone.service[88439]: DEBUG keystone.server.flask.request_processing.middleware.auth_context [None req-f1925673-a246-4c17-b50b-30bed0080970 None admin] Authenticating user token {{(pid=88439) process_request /usr/local/lib/python3.8/dist-packages/keystonemiddleware/auth_token/__init__.py:407}}
Aug 19 00:53:25.738964 dv-osbrick-853710-1-ceph devstack@keystone.service[88438]: DEBUG dbcounter [-] [88438] Writing DB stats keystone:SELECT=100 {{(pid=88438) stat_writer /usr/local/lib/python3.8/dist-packages/dbcounter.py:114}}
Aug 19 00:53:25.797178 dv-osbrick-853710-1-ceph devstack@keystone.service[88439]: DEBUG dbcounter [-] [88439] Writing DB stats keystone:SELECT=100 {{(pid=88439) stat_writer /usr/local/lib/python3.8/dist-packages/dbcounter.py:114}}
Aug 19 00:53:25.809585 dv-osbrick-853710-1-ceph devstack@keystone.service[88438]: DEBUG keystone.server.flask.request_processing.middleware.auth_context [None req-3aa365b2-59c4-4ec9-a44a-1a8763b3252a None admin] Validating token access rules against request {{(pid=88438) validate_allowed_request /usr/local/lib/python3.8/dist-packages/keystonemiddleware/auth_token/__init__.py:545}}
Aug 19 00:53:25.824394 dv-osbrick-853710-1-ceph devstack@keystone.service[88439]: DEBUG keystone.server.flask.request_processing.middleware.auth_context [None req-f1925673-a246-4c17-b50b-30bed0080970 None admin] Validating token access rules against request {{(pid=88439) validate_allowed_request /usr/local/lib/python3.8/dist-packages/keystonemiddleware/auth_token/__init__.py:545}}
Aug 19 00:53:25.855100 dv-osbrick-853710-1-ceph devstack@keystone.service[88438]: DEBUG keystone.server.flask.request_processing.middleware.auth_context [None req-9e844043-2895-4c96-a717-2807f0075503 None admin] RBAC: auth_context: {'token': , 'domain_id': None, 'trust_id': None, 'trustor_id': None, 'trustee_id': None, 'domain_name': None, 'group_ids': [], 'user_id': '9fd2a745f79241bebdcc3d551a59c8f5', 'user_domain_id': 'default', 'system_scope': 'all', 'project_id': None, 'project_domain_id': None, 'roles': ['admin', 'member', 'reader'], 'is_admin_project': True, 'service_user_id': None, 'service_user_domain_id': None, 'service_project_id': None, 'service_project_domain_id': None, 'service_roles': []} {{(pid=88438) fill_context /opt/stack/keystone/keystone/server/flask/request_processing/middleware/auth_context.py:478}}
Aug 19 00:53:25.855989 dv-osbrick-853710-1-ceph devstack@keystone.service[88438]: DEBUG keystone.server.flask.request_processing.req_logging [None req-9e844043-2895-4c96-a717-2807f0075503 None admin] REQUEST_METHOD: `GET` {{(pid=88438) log_request_info /opt/stack/keystone/keystone/server/flask/request_processing/req_logging.py:27}}
Aug 19 00:53:25.856407 dv-osbrick-853710-1-ceph devstack@keystone.service[88438]: DEBUG keystone.server.flask.request_processing.req_logging [None req-9e844043-2895-4c96-a717-2807f0075503 None admin] SCRIPT_NAME: `/identity` {{(pid=88438) log_request_info /opt/stack/keystone/keystone/server/flask/request_processing/req_logging.py:28}}
Aug 19 00:53:25.856841 dv-osbrick-853710-1-ceph devstack@keystone.service[88438]: DEBUG keystone.server.flask.request_processing.req_logging [None req-9e844043-2895-4c96-a717-2807f0075503 None admin] PATH_INFO: `/v3/roles/admin` {{(pid=88438) log_request_info /opt/stack/keystone/keystone/server/flask/request_processing/req_logging.py:29}}
Aug 19 00:53:25.869880 dv-osbrick-853710-1-ceph devstack@keystone.service[88438]: DEBUG keystone.common.rbac_enforcer.enforcer [None req-9e844043-2895-4c96-a717-2807f0075503 None admin] Extracting inferred target data resulted in "NOT FOUND (404)". {{(pid=88438) enforce_call /opt/stack/keystone/keystone/common/rbac_enforcer/enforcer.py:409}}
Aug 19 00:53:25.871610 dv-osbrick-853710-1-ceph devstack@keystone.service[88439]: DEBUG keystone.server.flask.request_processing.middleware.auth_context [None req-8fa540e2-0df0-4a2a-84e0-adb97c42ee7b None admin] RBAC: auth_context: {'token': , 'domain_id': None, 'trust_id': None, 'trustor_id': None, 'trustee_id': None, 'domain_name': None, 'group_ids': [], 'user_id': '9fd2a745f79241bebdcc3d551a59c8f5', 'user_domain_id': 'default', 'system_scope': 'all', 'project_id': None, 'project_domain_id': None, 'roles': ['admin', 'member', 'reader'], 'is_admin_project': True, 'service_user_id': None, 'service_user_domain_id': None, 'service_project_id': None, 'service_project_domain_id': None, 'service_roles': []} {{(pid=88439) fill_context /opt/stack/keystone/keystone/server/flask/request_processing/middleware/auth_context.py:478}}
Aug 19 00:53:25.872225 dv-osbrick-853710-1-ceph devstack@keystone.service[88439]: DEBUG keystone.server.flask.request_processing.req_logging [None req-8fa540e2-0df0-4a2a-84e0-adb97c42ee7b None admin] REQUEST_METHOD: `GET` {{(pid=88439) log_request_info /opt/stack/keystone/keystone/server/flask/request_processing/req_logging.py:27}}
Aug 19 00:53:25.872504 dv-osbrick-853710-1-ceph devstack@keystone.service[88439]: DEBUG keystone.server.flask.request_processing.req_logging [None req-8fa540e2-0df0-4a2a-84e0-adb97c42ee7b None admin] SCRIPT_NAME: `/identity` {{(pid=88439) log_request_info /opt/stack/keystone/keystone/server/flask/request_processing/req_logging.py:28}}
Aug 19 00:53:25.872776 dv-osbrick-853710-1-ceph devstack@keystone.service[88439]: DEBUG keystone.server.flask.request_processing.req_logging [None req-8fa540e2-0df0-4a2a-84e0-adb97c42ee7b None admin] PATH_INFO: `/v3/role_assignments` {{(pid=88439) log_request_info /opt/stack/keystone/keystone/server/flask/request_processing/req_logging.py:29}}
Aug 19 00:53:25.873539 dv-osbrick-853710-1-ceph devstack@keystone.service[88439]: DEBUG keystone.common.rbac_enforcer.enforcer [None req-8fa540e2-0df0-4a2a-84e0-adb97c42ee7b None admin] RBAC: Adding query filter params (group.id=b9df747bf5dc481e91ea0208b698b3c8, role.id=04c91b52415947b7ae240c2d7a82ecbd, scope.project.id=60382a301fa147febfb309284f9b660c) {{(pid=88439) _extract_filter_values /opt/stack/keystone/keystone/common/rbac_enforcer/enforcer.py:167}}
Aug 19 00:53:25.873848 dv-osbrick-853710-1-ceph devstack@keystone.service[88439]: DEBUG keystone.common.rbac_enforcer.enforcer [None req-8fa540e2-0df0-4a2a-84e0-adb97c42ee7b None admin] RBAC: Authorizing `identity:list_role_assignments()` {{(pid=88439) enforce_call /opt/stack/keystone/keystone/common/rbac_enforcer/enforcer.py:449}}
Aug 19 00:53:25.874759 dv-osbrick-853710-1-ceph devstack@keystone.service[88438]: ERROR keystone.server.flask.application [None req-9e844043-2895-4c96-a717-2807f0075503 None admin] Could not find role: admin.: keystone.exception.RoleNotFound: Could not find role: admin.
Aug 19 00:53:25.874759 dv-osbrick-853710-1-ceph devstack@keystone.service[88438]: ERROR keystone.server.flask.application
Traceback (most recent call last):
Aug 19 00:53:25.874759 dv-osbrick-853710-1-ceph devstack@keystone.service[88438]: ERROR keystone.server.flask.application
File "/usr/local/lib/python3.8/dist-packages/flask/app.py", line 1820, in full_dispatch_request
Aug 19 00:53:25.874759 dv-osbrick-853710-1-ceph devstack@keystone.service[88438]: ERROR keystone.server.flask.application rv = self.dispatch_request()
Aug 19 00:53:25.874759 dv-osbrick-853710-1-ceph devstack@keystone.service[88438]: ERROR keystone.server.flask.application
File "/usr/local/lib/python3.8/dist-packages/flask/app.py", line 1796, in dispatch_request
Aug 19 00:53:25.874759 dv-osbrick-853710-1-ceph devstack@keystone.service[88438]: ERROR keystone.server.flask.application return self.ensure_sync(self.view_functions[rule.endpoint])(**view_args)
Aug 19 00:53:25.874759 dv-osbrick-853710-1-ceph devstack@keystone.service[88438]: ERROR keystone.server.flask.application
File "/usr/local/lib/python3.8/dist-packages/flask_restful/__init__.py", line 467, in wrapper
Aug 19 00:53:25.874759 dv-osbrick-853710-1-ceph devstack@keystone.service[88438]: ERROR keystone.server.flask.application resp = resource(*args, **kwargs)
Aug 19 00:53:25.874759 dv-osbrick-853710-1-ceph devstack@keystone.service[88438]: ERROR keystone.server.flask.application
File "/usr/local/lib/python3.8/dist-packages/flask/views.py", line 107, in view
Aug 19 00:53:25.874759 dv-osbrick-853710-1-ceph devstack@keystone.service[88438]: ERROR keystone.server.flask.application return current_app.ensure_sync(self.dispatch_request)(**kwargs)
Aug 19 00:53:25.874759 dv-osbrick-853710-1-ceph devstack@keystone.service[88438]: ERROR keystone.server.flask.application
File "/usr/local/lib/python3.8/dist-packages/flask_restful/__init__.py", line 582, in dispatch_request
Aug 19 00:53:25.874759 dv-osbrick-853710-1-ceph devstack@keystone.service[88438]: ERROR keystone.server.flask.application resp = meth(*args, **kwargs)
Aug 19 00:53:25.874759 dv-osbrick-853710-1-ceph devstack@keystone.service[88438]: ERROR keystone.server.flask.application
File "/opt/stack/keystone/keystone/api/roles.py", line 50, in get
Aug 19 00:53:25.874759 dv-osbrick-853710-1-ceph devstack@keystone.service[88438]: ERROR keystone.server.flask.application return self._get_role(role_id)
Aug 19 00:53:25.874759 dv-osbrick-853710-1-ceph devstack@keystone.service[88438]: ERROR keystone.server.flask.application
File "/opt/stack/keystone/keystone/api/roles.py", line 70, in _get_role
Aug 19 00:53:25.874759 dv-osbrick-853710-1-ceph devstack@keystone.service[88438]: ERROR keystone.server.flask.application ENFORCER.enforce_call(action='identity:get_role')
Aug 19 00:53:25.875640 dv-osbrick-853710-1-ceph devstack@keystone.service[88438]: ERROR keystone.server.flask.application
File "/opt/stack/keystone/keystone/common/rbac_enforcer/enforcer.py", line 402, in enforce_call
Aug 19 00:53:25.875640 dv-osbrick-853710-1-ceph devstack@keystone.service[88438]: ERROR keystone.server.flask.application policy_dict.update(cls._extract_member_target_data(
Aug 19 00:53:25.875640 dv-osbrick-853710-1-ceph devstack@keystone.service[88438]: ERROR keystone.server.flask.application
File "/opt/stack/keystone/keystone/common/rbac_enforcer/enforcer.py", line 234, in _extract_member_target_data
Aug 19 00:53:25.875640 dv-osbrick-853710-1-ceph devstack@keystone.service[88438]: ERROR keystone.server.flask.application member_name: func(flask.request.view_args[key])
Aug 19 00:53:25.875640 dv-osbrick-853710-1-ceph devstack@keystone.service[88438]: ERROR keystone.server.flask.application
File "/opt/stack/keystone/keystone/common/manager.py", line 115, in wrapped
Aug 19 00:53:25.875640 dv-osbrick-853710-1-ceph devstack@keystone.service[88438]: ERROR keystone.server.flask.application __ret_val = __f(*args, **kwargs)
Aug 19 00:53:25.875640 dv-osbrick-853710-1-ceph devstack@keystone.service[88438]: ERROR keystone.server.flask.application
File "/usr/local/lib/python3.8/dist-packages/decorator.py", line 232, in fun
Aug 19 00:53:25.875640 dv-osbrick-853710-1-ceph devstack@keystone.service[88438]: ERROR keystone.server.flask.application return caller(func, *(extras + args), **kw)
Aug 19 00:53:25.875640 dv-osbrick-853710-1-ceph devstack@keystone.service[88438]: ERROR keystone.server.flask.application
File "/usr/local/lib/python3.8/dist-packages/dogpile/cache/region.py", line 1577, in get_or_create_for_user_func
Aug 19 00:53:25.875640 dv-osbrick-853710-1-ceph devstack@keystone.service[88438]: ERROR keystone.server.flask.application return self.get_or_create(
Aug 19 00:53:25.875640 dv-osbrick-853710-1-ceph devstack@keystone.service[88438]: ERROR keystone.server.flask.application
File "/usr/local/lib/python3.8/dist-packages/dogpile/cache/region.py", line 1042, in get_or_create
Aug 19 00:53:25.875640 dv-osbrick-853710-1-ceph devstack@keystone.service[88438]: ERROR keystone.server.flask.application with Lock(
Aug 19 00:53:25.875640 dv-osbrick-853710-1-ceph devstack@keystone.service[88438]: ERROR keystone.server.flask.application
File "/usr/local/lib/python3.8/dist-packages/dogpile/lock.py", line 185, in __enter__
Aug 19 00:53:25.875640 dv-osbrick-853710-1-ceph devstack@keystone.service[88438]: ERROR keystone.server.flask.application return self._enter()
Aug 19 00:53:25.875640 dv-osbrick-853710-1-ceph devstack@keystone.service[88438]: ERROR keystone.server.flask.application
File "/usr/local/lib/python3.8/dist-packages/dogpile/lock.py", line 94, in _enter
Aug 19 00:53:25.875640 dv-osbrick-853710-1-ceph devstack@keystone.service[88438]: ERROR keystone.server.flask.application generated = self._enter_create(value, createdtime)
Aug 19 00:53:25.876430 dv-osbrick-853710-1-ceph devstack@keystone.service[88438]: ERROR keystone.server.flask.application
File "/usr/local/lib/python3.8/dist-packages/dogpile/lock.py", line 178, in _enter_create
Aug 19 00:53:25.876430 dv-osbrick-853710-1-ceph devstack@keystone.service[88438]: ERROR keystone.server.flask.application return self.creator()
Aug 19 00:53:25.876430 dv-osbrick-853710-1-ceph devstack@keystone.service[88438]: ERROR keystone.server.flask.application
File "/usr/local/lib/python3.8/dist-packages/dogpile/cache/region.py", line 995, in gen_value
Aug 19 00:53:25.876430 dv-osbrick-853710-1-ceph devstack@keystone.service[88438]: ERROR keystone.server.flask.application created_value = creator(
Aug 19 00:53:25.876430 dv-osbrick-853710-1-ceph devstack@keystone.service[88438]: ERROR keystone.server.flask.application
File "/opt/stack/keystone/keystone/assignment/core.py", line 1276, in get_role
Aug 19 00:53:25.876430 dv-osbrick-853710-1-ceph devstack@keystone.service[88438]: ERROR keystone.server.flask.application return self.driver.get_role(role_id)
Aug 19 00:53:25.876430 dv-osbrick-853710-1-ceph devstack@keystone.service[88438]: ERROR keystone.server.flask.application
File "/opt/stack/keystone/keystone/assignment/role_backends/sql.py", line 70, in get_role
Aug 19 00:53:25.876430 dv-osbrick-853710-1-ceph devstack@keystone.service[88438]: ERROR keystone.server.flask.application return self._get_role(session, role_id).to_dict()
Aug 19 00:53:25.876430 dv-osbrick-853710-1-ceph devstack@keystone.service[88438]: ERROR keystone.server.flask.application
File "/opt/stack/keystone/keystone/assignment/role_backends/sql.py", line 65, in _get_role
Aug 19 00:53:25.876430 dv-osbrick-853710-1-ceph devstack@keystone.service[88438]: ERROR keystone.server.flask.application raise exception.RoleNotFound(role_id=role_id)
Aug 19 00:53:25.876430 dv-osbrick-853710-1-ceph devstack@keystone.service[88438]: ERROR keystone.server.flask.application keystone.exception.RoleNotFound: Could not find role: admin.
Aug 19 00:53:25.876430 dv-osbrick-853710-1-ceph devstack@keystone.service[88438]: ERROR keystone.server.flask.application
Aug 19 00:53:25.878123 dv-osbrick-853710-1-ceph devstack@keystone.service[88439]: DEBUG keystone.common.rbac_enforcer.enforcer [None req-8fa540e2-0df0-4a2a-84e0-adb97c42ee7b None admin] RBAC: Authorization granted {{(pid=88439) enforce_call /opt/stack/keystone/keystone/common/rbac_enforcer/enforcer.py:457}}
Aug 19 00:53:25.878198 dv-osbrick-853710-1-ceph devstack@keystone.service[88438]: [pid: 88438|app: 0|req: 180/371] 10.222.0.78 () {56 vars in 1096 bytes} [Fri Aug 19 00:53:25 2022] GET /identity/v3/roles/admin => generated 83 bytes in 196 msecs (HTTP/1.1 404) 5 headers in 183 bytes (1 switches on core 0)
Aug 19 00:53:25.878198 dv-osbrick-853710-1-ceph devstack@keystone.service[88438]: DEBUG keystone.server.flask.request_processing.middleware.auth_context [None req-9e844043-2895-4c96-a717-2807f0075503 None admin] Authenticating user token {{(pid=88438) process_request /usr/local/lib/python3.8/dist-packages/keystonemiddleware/auth_token/__init__.py:407}}
Aug 19 00:53:25.885094 dv-osbrick-853710-1-ceph devstack@keystone.service[88439]: [pid: 88439|app: 0|req: 192/372] 10.222.0.78 () {56 vars in 1376 bytes} [Fri Aug 19 00:53:25 2022] GET /identity/v3/role_assignments?group.id=b9df747bf5dc481e91ea0208b698b3c8&scope.project.id=60382a301fa147febfb309284f9b660c&role.id=04c91b52415947b7ae240c2d7a82ecbd => generated 260 bytes in 202 msecs (HTTP/1.1 200) 5 headers in 177 bytes (1 switches on core 0)
Aug 19 00:53:25.885927 dv-osbrick-853710-1-ceph devstack@keystone.service[88439]: DEBUG keystone.server.flask.request_processing.middleware.auth_context [None req-8fa540e2-0df0-4a2a-84e0-adb97c42ee7b None admin] Authenticating user token {{(pid=88439) process_request /usr/local/lib/python3.8/dist-packages/keystonemiddleware/auth_token/__init__.py:407}}
Aug 19 00:53:26.007182 dv-osbrick-853710-1-ceph devstack@keystone.service[88439]: DEBUG keystone.server.flask.request_processing.middleware.auth_context [None req-8fa540e2-0df0-4a2a-84e0-adb97c42ee7b None admin] Validating token access rules against request {{(pid=88439) validate_allowed_request /usr/local/lib/python3.8/dist-packages/keystonemiddleware/auth_token/__init__.py:545}}
Aug 19 00:53:26.017150 dv-osbrick-853710-1-ceph devstack@keystone.service[88438]: DEBUG keystone.server.flask.request_processing.middleware.auth_context [None req-9e844043-2895-4c96-a717-2807f0075503 None admin] Validating token access rules against request {{(pid=88438) validate_allowed_request /usr/local/lib/python3.8/dist-packages/keystonemiddleware/auth_token/__init__.py:545}}
Aug 19 00:53:26.026044 dv-osbrick-853710-1-ceph devstack@keystone.service[88438]: DEBUG dbcounter [-] [88438] Writing DB stats keystone:SELECT=100 {{(pid=88438) stat_writer /usr/local/lib/python3.8/dist-packages/dbcounter.py:114}}
Aug 19 00:53:26.057680 dv-osbrick-853710-1-ceph devstack@keystone.service[88438]: DEBUG keystone.server.flask.request_processing.middleware.auth_context [None req-4599aa1b-82f4-42a1-b292-775279105634 None admin] RBAC: auth_context: {'token': , 'domain_id': None, 'trust_id': None, 'trustor_id': None, 'trustee_id': None, 'domain_name': None, 'group_ids': [], 'user_id': '9fd2a745f79241bebdcc3d551a59c8f5', 'user_domain_id': 'default', 'system_scope': 'all', 'project_id': None, 'project_domain_id': None, 'roles': ['admin', 'member', 'reader'], 'is_admin_project': True, 'service_user_id': None, 'service_user_domain_id': None, 'service_project_id': None, 'service_project_domain_id': None, 'service_roles': []} {{(pid=88438) fill_context /opt/stack/keystone/keystone/server/flask/request_processing/middleware/auth_context.py:478}}
Aug 19 00:53:26.058324 dv-osbrick-853710-1-ceph devstack@keystone.service[88438]: DEBUG keystone.server.flask.request_processing.req_logging [None req-4599aa1b-82f4-42a1-b292-775279105634 None admin] REQUEST_METHOD: `GET` {{(pid=88438) log_request_info /opt/stack/keystone/keystone/server/flask/request_processing/req_logging.py:27}}
Aug 19 00:53:26.058593 dv-osbrick-853710-1-ceph devstack@keystone.service[88438]: DEBUG keystone.server.flask.request_processing.req_logging [None req-4599aa1b-82f4-42a1-b292-775279105634 None admin] SCRIPT_NAME: `/identity` {{(pid=88438) log_request_info /opt/stack/keystone/keystone/server/flask/request_processing/req_logging.py:28}}
Aug 19 00:53:26.058863 dv-osbrick-853710-1-ceph devstack@keystone.service[88438]: DEBUG keystone.server.flask.request_processing.req_logging [None req-4599aa1b-82f4-42a1-b292-775279105634 None admin] PATH_INFO: `/v3/groups/b9df747bf5dc481e91ea0208b698b3c8` {{(pid=88438) log_request_info /opt/stack/keystone/keystone/server/flask/request_processing/req_logging.py:29}}
Aug 19 00:53:26.060322 dv-osbrick-853710-1-ceph devstack@keystone.service[88438]: DEBUG keystone.common.rbac_enforcer.enforcer [None req-4599aa1b-82f4-42a1-b292-775279105634 None admin] RBAC: Authorizing `identity:get_group(group_id=b9df747bf5dc481e91ea0208b698b3c8)` {{(pid=88438) enforce_call /opt/stack/keystone/keystone/common/rbac_enforcer/enforcer.py:449}}
Aug 19 00:53:26.061247 dv-osbrick-853710-1-ceph devstack@keystone.service[88439]: DEBUG keystone.server.flask.request_processing.middleware.auth_context [None req-95e335b5-4cd0-4ae6-8958-567c9c79107b None admin] RBAC: auth_context: {'token': , 'domain_id': None, 'trust_id': None, 'trustor_id': None, 'trustee_id': None, 'domain_name': None, 'group_ids': [], 'user_id': '9fd2a745f79241bebdcc3d551a59c8f5', 'user_domain_id': 'default', 'system_scope': 'all', 'project_id': None, 'project_domain_id': None, 'roles': ['admin', 'member', 'reader'], 'is_admin_project': True, 'service_user_id': None, 'service_user_domain_id': None, 'service_project_id': None, 'service_project_domain_id': None, 'service_roles': []} {{(pid=88439) fill_context /opt/stack/keystone/keystone/server/flask/request_processing/middleware/auth_context.py:478}}
Aug 19 00:53:26.061776 dv-osbrick-853710-1-ceph devstack@keystone.service[88438]: DEBUG keystone.common.rbac_enforcer.enforcer [None req-4599aa1b-82f4-42a1-b292-775279105634 None admin] RBAC: Authorization granted {{(pid=88438) enforce_call /opt/stack/keystone/keystone/common/rbac_enforcer/enforcer.py:457}}
Aug 19 00:53:26.062324 dv-osbrick-853710-1-ceph devstack@keystone.service[88439]: DEBUG keystone.server.flask.request_processing.req_logging [None req-95e335b5-4cd0-4ae6-8958-567c9c79107b None admin] REQUEST_METHOD: `GET` {{(pid=88439) log_request_info /opt/stack/keystone/keystone/server/flask/request_processing/req_logging.py:27}}
Aug 19 00:53:26.062795 dv-osbrick-853710-1-ceph devstack@keystone.service[88439]: DEBUG keystone.server.flask.request_processing.req_logging [None req-95e335b5-4cd0-4ae6-8958-567c9c79107b None admin] SCRIPT_NAME: `/identity` {{(pid=88439) log_request_info /opt/stack/keystone/keystone/server/flask/request_processing/req_logging.py:28}}
Aug 19 00:53:26.063259 dv-osbrick-853710-1-ceph devstack@keystone.service[88439]: DEBUG keystone.server.flask.request_processing.req_logging [None req-95e335b5-4cd0-4ae6-8958-567c9c79107b None admin] PATH_INFO: `/v3/role_assignments` {{(pid=88439) log_request_info /opt/stack/keystone/keystone/server/flask/request_processing/req_logging.py:29}}
Aug 19 00:53:26.064187 dv-osbrick-853710-1-ceph devstack@keystone.service[88439]: DEBUG keystone.common.rbac_enforcer.enforcer [None req-95e335b5-4cd0-4ae6-8958-567c9c79107b None admin] RBAC: Adding query filter params (group.id=b9df747bf5dc481e91ea0208b698b3c8, role.id=a8b781dc46fb43c9aaaac21dba171b3c, scope.project.id=60382a301fa147febfb309284f9b660c) {{(pid=88439) _extract_filter_values /opt/stack/keystone/keystone/common/rbac_enforcer/enforcer.py:167}}
Aug 19 00:53:26.064695 dv-osbrick-853710-1-ceph devstack@keystone.service[88439]: DEBUG keystone.common.rbac_enforcer.enforcer [None req-95e335b5-4cd0-4ae6-8958-567c9c79107b None admin] RBAC: Authorizing `identity:list_role_assignments()` {{(pid=88439) enforce_call /opt/stack/keystone/keystone/common/rbac_enforcer/enforcer.py:449}}
Aug 19 00:53:26.067897 dv-osbrick-853710-1-ceph devstack@keystone.service[88439]: DEBUG keystone.common.rbac_enforcer.enforcer [None req-95e335b5-4cd0-4ae6-8958-567c9c79107b None admin] RBAC: Authorization granted {{(pid=88439) enforce_call /opt/stack/keystone/keystone/common/rbac_enforcer/enforcer.py:457}}
Aug 19 00:53:26.068428 dv-osbrick-853710-1-ceph devstack@keystone.service[88438]: [pid: 88438|app: 0|req: 181/373] 10.222.0.78 () {56 vars in 1180 bytes} [Fri Aug 19 00:53:25 2022] GET /identity/v3/groups/b9df747bf5dc481e91ea0208b698b3c8 => generated 226 bytes in 192 msecs (HTTP/1.1 200) 5 headers in 177 bytes (1 switches on core 0)
Aug 19 00:53:26.069363 dv-osbrick-853710-1-ceph devstack@keystone.service[88438]: DEBUG keystone.server.flask.request_processing.middleware.auth_context [None req-4599aa1b-82f4-42a1-b292-775279105634 None admin] Authenticating user token {{(pid=88438) process_request /usr/local/lib/python3.8/dist-packages/keystonemiddleware/auth_token/__init__.py:407}}
Aug 19 00:53:26.080172 dv-osbrick-853710-1-ceph devstack@keystone.service[88439]: [pid: 88439|app: 0|req: 193/374] 10.222.0.78 () {56 vars in 1376 bytes} [Fri Aug 19 00:53:25 2022] GET /identity/v3/role_assignments?group.id=b9df747bf5dc481e91ea0208b698b3c8&scope.project.id=60382a301fa147febfb309284f9b660c&role.id=a8b781dc46fb43c9aaaac21dba171b3c => generated 260 bytes in 194 msecs (HTTP/1.1 200) 5 headers in 177 bytes (1 switches on core 0)
Aug 19 00:53:26.081355 dv-osbrick-853710-1-ceph devstack@keystone.service[88439]: DEBUG keystone.server.flask.request_processing.middleware.auth_context [None req-95e335b5-4cd0-4ae6-8958-567c9c79107b None admin] Authenticating user token {{(pid=88439) process_request /usr/local/lib/python3.8/dist-packages/keystonemiddleware/auth_token/__init__.py:407}}
Aug 19 00:53:26.097235 dv-osbrick-853710-1-ceph devstack@keystone.service[88439]: DEBUG dbcounter [-] [88439] Writing DB stats keystone:SELECT=100 {{(pid=88439) stat_writer /usr/local/lib/python3.8/dist-packages/dbcounter.py:114}}
Aug 19 00:53:26.205756 dv-osbrick-853710-1-ceph devstack@keystone.service[88438]: DEBUG keystone.server.flask.request_processing.middleware.auth_context [None req-4599aa1b-82f4-42a1-b292-775279105634 None admin] Validating token access rules against request {{(pid=88438) validate_allowed_request /usr/local/lib/python3.8/dist-packages/keystonemiddleware/auth_token/__init__.py:545}}
Aug 19 00:53:26.206847 dv-osbrick-853710-1-ceph devstack@keystone.service[88439]: DEBUG keystone.server.flask.request_processing.middleware.auth_context [None req-95e335b5-4cd0-4ae6-8958-567c9c79107b None admin] Validating token access rules against request {{(pid=88439) validate_allowed_request /usr/local/lib/python3.8/dist-packages/keystonemiddleware/auth_token/__init__.py:545}}
Aug 19 00:53:26.260248 dv-osbrick-853710-1-ceph devstack@keystone.service[88439]: DEBUG keystone.server.flask.request_processing.middleware.auth_context [None req-f73cad21-f587-4a50-9ff4-5e391898c828 None admin] RBAC: auth_context: {'token': , 'domain_id': None, 'trust_id': None, 'trustor_id': None, 'trustee_id': None, 'domain_name': None, 'group_ids': [], 'user_id': '9fd2a745f79241bebdcc3d551a59c8f5', 'user_domain_id': 'default', 'system_scope': 'all', 'project_id': None, 'project_domain_id': None, 'roles': ['admin', 'member', 'reader'], 'is_admin_project': True, 'service_user_id': None, 'service_user_domain_id': None, 'service_project_id': None, 'service_project_domain_id': None, 'service_roles': []} {{(pid=88439) fill_context /opt/stack/keystone/keystone/server/flask/request_processing/middleware/auth_context.py:478}}
Aug 19 00:53:26.262529 dv-osbrick-853710-1-ceph devstack@keystone.service[88439]: DEBUG keystone.server.flask.request_processing.req_logging [None req-f73cad21-f587-4a50-9ff4-5e391898c828 None admin] REQUEST_METHOD: `GET` {{(pid=88439) log_request_info /opt/stack/keystone/keystone/server/flask/request_processing/req_logging.py:27}}
Aug 19 00:53:26.263678 dv-osbrick-853710-1-ceph devstack@keystone.service[88439]: DEBUG keystone.server.flask.request_processing.req_logging [None req-f73cad21-f587-4a50-9ff4-5e391898c828 None admin] SCRIPT_NAME: `/identity` {{(pid=88439) log_request_info /opt/stack/keystone/keystone/server/flask/request_processing/req_logging.py:28}}
Aug 19 00:53:26.264254 dv-osbrick-853710-1-ceph devstack@keystone.service[88439]: DEBUG keystone.server.flask.request_processing.req_logging [None req-f73cad21-f587-4a50-9ff4-5e391898c828 None admin] PATH_INFO: `/v3/role_assignments` {{(pid=88439) log_request_info /opt/stack/keystone/keystone/server/flask/request_processing/req_logging.py:29}}
Aug 19 00:53:26.266459 dv-osbrick-853710-1-ceph devstack@keystone.service[88439]: DEBUG keystone.common.rbac_enforcer.enforcer [None req-f73cad21-f587-4a50-9ff4-5e391898c828 None admin] RBAC: Adding query filter params (group.id=b9df747bf5dc481e91ea0208b698b3c8, role.id=a8b781dc46fb43c9aaaac21dba171b3c, scope.project.id=c5bdcff0ca2d48e3a4a18b6cd336fc36) {{(pid=88439) _extract_filter_values /opt/stack/keystone/keystone/common/rbac_enforcer/enforcer.py:167}}
Aug 19 00:53:26.267744 dv-osbrick-853710-1-ceph devstack@keystone.service[88439]: DEBUG keystone.common.rbac_enforcer.enforcer [None req-f73cad21-f587-4a50-9ff4-5e391898c828 None admin] RBAC: Authorizing `identity:list_role_assignments()` {{(pid=88439) enforce_call /opt/stack/keystone/keystone/common/rbac_enforcer/enforcer.py:449}}
Aug 19 00:53:26.270208 dv-osbrick-853710-1-ceph devstack@keystone.service[88439]: DEBUG keystone.common.rbac_enforcer.enforcer [None req-f73cad21-f587-4a50-9ff4-5e391898c828 None admin] RBAC: Authorization granted {{(pid=88439) enforce_call /opt/stack/keystone/keystone/common/rbac_enforcer/enforcer.py:457}}
Aug 19 00:53:26.278216 dv-osbrick-853710-1-ceph devstack@keystone.service[88438]: DEBUG keystone.server.flask.request_processing.middleware.auth_context [None req-4bb226a6-783c-4019-86ea-d1a88b1ff1cc None admin] RBAC: auth_context: {'token': , 'domain_id': None, 'trust_id': None, 'trustor_id': None, 'trustee_id': None, 'domain_name': None, 'group_ids': [], 'user_id': '9fd2a745f79241bebdcc3d551a59c8f5', 'user_domain_id': 'default', 'system_scope': 'all', 'project_id': None, 'project_domain_id': None, 'roles': ['admin', 'member', 'reader'], 'is_admin_project': True, 'service_user_id': None, 'service_user_domain_id': None, 'service_project_id': None, 'service_project_domain_id': None, 'service_roles': []} {{(pid=88438) fill_context /opt/stack/keystone/keystone/server/flask/request_processing/middleware/auth_context.py:478}}
Aug 19 00:53:26.279112 dv-osbrick-853710-1-ceph devstack@keystone.service[88438]: DEBUG keystone.server.flask.request_processing.req_logging [None req-4bb226a6-783c-4019-86ea-d1a88b1ff1cc None admin] REQUEST_METHOD: `GET` {{(pid=88438) log_request_info /opt/stack/keystone/keystone/server/flask/request_processing/req_logging.py:27}}
Aug 19 00:53:26.279526 dv-osbrick-853710-1-ceph devstack@keystone.service[88438]: DEBUG keystone.server.flask.request_processing.req_logging [None req-4bb226a6-783c-4019-86ea-d1a88b1ff1cc None admin] SCRIPT_NAME: `/identity` {{(pid=88438) log_request_info /opt/stack/keystone/keystone/server/flask/request_processing/req_logging.py:28}}
Aug 19 00:53:26.279963 dv-osbrick-853710-1-ceph devstack@keystone.service[88438]: DEBUG keystone.server.flask.request_processing.req_logging [None req-4bb226a6-783c-4019-86ea-d1a88b1ff1cc None admin] PATH_INFO: `/v3/roles` {{(pid=88438) log_request_info /opt/stack/keystone/keystone/server/flask/request_processing/req_logging.py:29}}
Aug 19 00:53:26.280797 dv-osbrick-853710-1-ceph devstack@keystone.service[88438]: DEBUG keystone.common.rbac_enforcer.enforcer [None req-4bb226a6-783c-4019-86ea-d1a88b1ff1cc None admin] RBAC: Adding query filter params (name=admin) {{(pid=88438) _extract_filter_values /opt/stack/keystone/keystone/common/rbac_enforcer/enforcer.py:167}}
Aug 19 00:53:26.281258 dv-osbrick-853710-1-ceph devstack@keystone.service[88438]: DEBUG keystone.common.rbac_enforcer.enforcer [None req-4bb226a6-783c-4019-86ea-d1a88b1ff1cc None admin] RBAC: Authorizing `identity:list_roles()` {{(pid=88438) enforce_call /opt/stack/keystone/keystone/common/rbac_enforcer/enforcer.py:449}}
Aug 19 00:53:26.282813 dv-osbrick-853710-1-ceph devstack@keystone.service[88438]: DEBUG keystone.common.rbac_enforcer.enforcer [None req-4bb226a6-783c-4019-86ea-d1a88b1ff1cc None admin] RBAC: Authorization granted {{(pid=88438) enforce_call /opt/stack/keystone/keystone/common/rbac_enforcer/enforcer.py:457}}
Aug 19 00:53:26.286478 dv-osbrick-853710-1-ceph devstack@keystone.service[88439]: [pid: 88439|app: 0|req: 194/375] 10.222.0.78 () {56 vars in 1376 bytes} [Fri Aug 19 00:53:26 2022] GET /identity/v3/role_assignments?group.id=b9df747bf5dc481e91ea0208b698b3c8&scope.project.id=c5bdcff0ca2d48e3a4a18b6cd336fc36&role.id=a8b781dc46fb43c9aaaac21dba171b3c => generated 260 bytes in 206 msecs (HTTP/1.1 200) 5 headers in 177 bytes (1 switches on core 0)
Aug 19 00:53:26.295732 dv-osbrick-853710-1-ceph devstack@keystone.service[88438]: [pid: 88438|app: 0|req: 182/376] 10.222.0.78 () {56 vars in 1099 bytes} [Fri Aug 19 00:53:26 2022] GET /identity/v3/roles?name=admin => generated 339 bytes in 227 msecs (HTTP/1.1 200) 5 headers in 177 bytes (1 switches on core 0)
Aug 19 00:53:26.303250 dv-osbrick-853710-1-ceph devstack@keystone.service[88439]: DEBUG keystone.server.flask.request_processing.middleware.auth_context [None req-f73cad21-f587-4a50-9ff4-5e391898c828 None admin] Authenticating user token {{(pid=88439) process_request /usr/local/lib/python3.8/dist-packages/keystonemiddleware/auth_token/__init__.py:407}}
Aug 19 00:53:26.423597 dv-osbrick-853710-1-ceph devstack@keystone.service[88439]: DEBUG dbcounter [-] [88439] Writing DB stats keystone:SELECT=100 {{(pid=88439) stat_writer /usr/local/lib/python3.8/dist-packages/dbcounter.py:114}}
Aug 19 00:53:26.452151 dv-osbrick-853710-1-ceph devstack@keystone.service[88439]: DEBUG keystone.server.flask.request_processing.middleware.auth_context [None req-f73cad21-f587-4a50-9ff4-5e391898c828 None admin] Validating token access rules against request {{(pid=88439) validate_allowed_request /usr/local/lib/python3.8/dist-packages/keystonemiddleware/auth_token/__init__.py:545}}
Aug 19 00:53:26.488344 dv-osbrick-853710-1-ceph devstack@keystone.service[88439]: DEBUG keystone.server.flask.request_processing.middleware.auth_context [None req-a1c883fd-9c80-4efb-9778-2ef83320c765 None admin] RBAC: auth_context: {'token': , 'domain_id': None, 'trust_id': None, 'trustor_id': None, 'trustee_id': None, 'domain_name': None, 'group_ids': [], 'user_id': '9fd2a745f79241bebdcc3d551a59c8f5', 'user_domain_id': 'default', 'system_scope': 'all', 'project_id': None, 'project_domain_id': None, 'roles': ['admin', 'member', 'reader'], 'is_admin_project': True, 'service_user_id': None, 'service_user_domain_id': None, 'service_project_id': None, 'service_project_domain_id': None, 'service_roles': []} {{(pid=88439) fill_context /opt/stack/keystone/keystone/server/flask/request_processing/middleware/auth_context.py:478}}
Aug 19 00:53:26.489015 dv-osbrick-853710-1-ceph devstack@keystone.service[88439]: DEBUG keystone.server.flask.request_processing.req_logging [None req-a1c883fd-9c80-4efb-9778-2ef83320c765 None admin] REQUEST_METHOD: `GET` {{(pid=88439) log_request_info /opt/stack/keystone/keystone/server/flask/request_processing/req_logging.py:27}}
Aug 19 00:53:26.489301 dv-osbrick-853710-1-ceph devstack@keystone.service[88439]: DEBUG keystone.server.flask.request_processing.req_logging [None req-a1c883fd-9c80-4efb-9778-2ef83320c765 None admin] SCRIPT_NAME: `/identity` {{(pid=88439) log_request_info /opt/stack/keystone/keystone/server/flask/request_processing/req_logging.py:28}}
Aug 19 00:53:26.489576 dv-osbrick-853710-1-ceph devstack@keystone.service[88439]: DEBUG keystone.server.flask.request_processing.req_logging [None req-a1c883fd-9c80-4efb-9778-2ef83320c765 None admin] PATH_INFO: `/v3/auth/tokens` {{(pid=88439) log_request_info /opt/stack/keystone/keystone/server/flask/request_processing/req_logging.py:29}}
Aug 19 00:53:26.578639 dv-osbrick-853710-1-ceph devstack@keystone.service[88439]: DEBUG keystone.common.rbac_enforcer.enforcer [None req-a1c883fd-9c80-4efb-9778-2ef83320c765 None admin] RBAC: Authorizing `identity:validate_token()` {{(pid=88439) enforce_call /opt/stack/keystone/keystone/common/rbac_enforcer/enforcer.py:449}}
Aug 19 00:53:26.580111 dv-osbrick-853710-1-ceph devstack@keystone.service[88439]: DEBUG keystone.common.rbac_enforcer.enforcer [None req-a1c883fd-9c80-4efb-9778-2ef83320c765 None admin] RBAC: Authorization granted {{(pid=88439) enforce_call /opt/stack/keystone/keystone/common/rbac_enforcer/enforcer.py:457}}
Aug 19 00:53:26.670102 dv-osbrick-853710-1-ceph devstack@keystone.service[88439]: DEBUG dbcounter [-] [88439] Writing DB stats keystone:SELECT=100 {{(pid=88439) stat_writer /usr/local/lib/python3.8/dist-packages/dbcounter.py:114}}
Aug 19 00:53:26.703158 dv-osbrick-853710-1-ceph devstack@keystone.service[88439]: [pid: 88439|app: 0|req: 195/377] 10.222.0.78 () {58 vars in 1282 bytes} [Fri Aug 19 00:53:26 2022] GET /identity/v3/auth/tokens => generated 799 bytes in 400 msecs (HTTP/1.1 200) 6 headers in 358 bytes (1 switches on core 0)
Aug 19 00:53:26.708567 dv-osbrick-853710-1-ceph devstack@keystone.service[88438]: DEBUG keystone.server.flask.request_processing.middleware.auth_context [None req-4bb226a6-783c-4019-86ea-d1a88b1ff1cc None admin] Authenticating user token {{(pid=88438) process_request /usr/local/lib/python3.8/dist-packages/keystonemiddleware/auth_token/__init__.py:407}}
Aug 19 00:53:26.767872 dv-osbrick-853710-1-ceph devstack@keystone.service[88438]: DEBUG dbcounter [-] [88438] Writing DB stats keystone:SELECT=100 {{(pid=88438) stat_writer /usr/local/lib/python3.8/dist-packages/dbcounter.py:114}}
