Aug 23 23:31:20.721385 dv-osbrick-853458-3-ceph neutron-server[109434]: DEBUG neutron.api.rpc.handlers.l3_rpc [None req-2d46f17e-2936-43a3-920f-c5f56fad8e3c None None] Checking router: 49a5d7f8-e556-44ef-acff-6654d5b13c15 for host: dv-osbrick-853458-3-ceph {{(pid=109434) _ensure_host_set_on_ports /opt/stack/neutron/neutron/api/rpc/handlers/l3_rpc.py:155}}
Aug 23 23:31:20.721725 dv-osbrick-853458-3-ceph neutron-server[109434]: DEBUG neutron.api.rpc.handlers.l3_rpc [None req-2d46f17e-2936-43a3-920f-c5f56fad8e3c None None] Updating router 49a5d7f8-e556-44ef-acff-6654d5b13c15 port 32a16919-c920-42ea-a10a-5b3dc8c4f889 binding host dv-osbrick-853458-3-ceph {{(pid=109434) _ensure_host_set_on_port /opt/stack/neutron/neutron/api/rpc/handlers/l3_rpc.py:205}}
Aug 23 23:31:20.730937 dv-osbrick-853458-3-ceph neutron-server[109432]: DEBUG neutron_lib.callbacks.manager [None req-6d462134-d2c2-4f1e-8be6-0c45ea439fbb admin admin] Publish callbacks ['neutron.plugins.ml2.plugin.SecurityGroupDbMixin._ensure_default_security_group_handler-601897'] for port (None), before_create {{(pid=109432) _notify_loop /usr/local/lib/python3.8/dist-packages/neutron_lib/callbacks/manager.py:176}}
Aug 23 23:31:20.750062 dv-osbrick-853458-3-ceph neutron-server[109434]: DEBUG neutron.plugins.ml2.rpc [None req-66f39d94-5ec6-44da-8dcc-e2522c4f0b01 None None] Device 9f8438ad-8341-415b-a6a6-dac42dd936ad up at agent ovs-agent-dv-osbrick-853458-3-ceph {{(pid=109434) update_device_up /opt/stack/neutron/neutron/plugins/ml2/rpc.py:296}}
Aug 23 23:31:20.784298 dv-osbrick-853458-3-ceph neutron-server[109435]: DEBUG neutron_lib.callbacks.manager [None req-affe10af-e64b-4346-8eee-2df477fac1e8 None None] Publish callbacks [] for port (447813b4-da09-46d7-9e31-3f3230f40b2b), precommit_update {{(pid=109435) _notify_loop /usr/local/lib/python3.8/dist-packages/neutron_lib/callbacks/manager.py:176}}
Aug 23 23:31:20.793047 dv-osbrick-853458-3-ceph neutron-server[109435]: DEBUG neutron_lib.callbacks.manager [None req-affe10af-e64b-4346-8eee-2df477fac1e8 None None] Publish callbacks ['neutron.plugins.ml2.plugin.SecurityGroupServerNotifierRpcMixin._notify_sg_on_port_change-601324', 'neutron.plugins.ml2.ovo_rpc._ObjectChangeHandler.handle_event-39860', 'neutron.api.rpc.agentnotifiers.dhcp_rpc_agent_api.DhcpAgentNotifyAPI._native_event_send_dhcp_notification-162835', 'neutron.db.l3_db.L3RpcNotifierMixin._notify_gateway_port_ip_changed-8791083101323', 'neutron.db.l3_dvrscheduler_db._notify_l3_agent_port_update-8791082595521', 'neutron.db.l3_hascheduler_db._notify_l3_agent_ha_port_update-8791082595539'] for port (447813b4-da09-46d7-9e31-3f3230f40b2b), after_update {{(pid=109435) _notify_loop /usr/local/lib/python3.8/dist-packages/neutron_lib/callbacks/manager.py:176}}
Aug 23 23:31:20.833153 dv-osbrick-853458-3-ceph neutron-server[109435]: DEBUG neutron.plugins.ml2.managers [None req-affe10af-e64b-4346-8eee-2df477fac1e8 None None] Attempting to bind port 447813b4-da09-46d7-9e31-3f3230f40b2b on host dv-osbrick-853458-3-ceph for vnic_type normal with profile {{(pid=109435) bind_port /opt/stack/neutron/neutron/plugins/ml2/managers.py:810}}
Aug 23 23:31:20.833787 dv-osbrick-853458-3-ceph neutron-server[109435]: DEBUG neutron.plugins.ml2.managers [None req-affe10af-e64b-4346-8eee-2df477fac1e8 None None] Attempting to bind port 447813b4-da09-46d7-9e31-3f3230f40b2b by drivers openvswitch,hyperv on host dv-osbrick-853458-3-ceph at level 0 using segments [{'id': 'f6099c24-ec8d-48cb-a9f7-c46cbb555c01', 'network_type': 'flat', 'physical_network': 'physnet1', 'segmentation_id': None, 'network_id': '5b2d98ec-1bb8-4ae8-91e0-812658f7737d'}] {{(pid=109435) _bind_port_level /opt/stack/neutron/neutron/plugins/ml2/managers.py:835}}
Aug 23 23:31:20.834313 dv-osbrick-853458-3-ceph neutron-server[109435]: DEBUG neutron.plugins.ml2.drivers.mech_agent [None req-affe10af-e64b-4346-8eee-2df477fac1e8 None None] Attempting to bind port 447813b4-da09-46d7-9e31-3f3230f40b2b on network 5b2d98ec-1bb8-4ae8-91e0-812658f7737d {{(pid=109435) bind_port /opt/stack/neutron/neutron/plugins/ml2/drivers/mech_agent.py:91}}
Aug 23 23:31:20.845846 dv-osbrick-853458-3-ceph neutron-server[109435]: DEBUG neutron.plugins.ml2.drivers.mech_agent [None req-affe10af-e64b-4346-8eee-2df477fac1e8 None None] Checking agent: {'id': '951fb4a9-8248-4556-a215-d598af89d0ff', 'agent_type': 'Open vSwitch agent', 'binary': 'neutron-openvswitch-agent', 'topic': 'N/A', 'host': 'dv-osbrick-853458-3-ceph', 'admin_state_up': True, 'created_at': datetime.datetime(2022, 8, 23, 23, 23, 35), 'started_at': datetime.datetime(2022, 8, 23, 23, 24, 5), 'heartbeat_timestamp': datetime.datetime(2022, 8, 23, 23, 31, 5), 'description': None, 'resources_synced': None, 'availability_zone': None, 'alive': True, 'configurations': {'arp_responder_enabled': False, 'baremetal_smartnic': False, 'bridge_mappings': {'physnet1': 'br-data'}, 'datapath_type': 'system', 'devices': 0, 'enable_distributed_routing': False, 'extensions': [], 'in_distributed_mode': False, 'integration_bridge': 'br-int', 'l2_population': False, 'log_agent_heartbeats': False, 'ovs_capabilities': {'datapath_types': ['netdev', 'system'], 'iface_types': ['erspan', 'geneve', 'gre', 'internal', 'ip6erspan', 'ip6gre', 'lisp', 'patch', 'stt', 'system', 'tap', 'vxlan']}, 'ovs_hybrid_plug': False, 'resource_provider_bandwidths': {}, 'resource_provider_hypervisors': {'br-data': 'dv-osbrick-853458-3-ceph'}, 'resource_provider_inventory_defaults': {'allocation_ratio': 1.0, 'min_unit': 1, 'step_size': 1, 'reserved': 0}, 'resource_provider_packet_processing_inventory_defaults': {'allocation_ratio': 1.0, 'min_unit': 1, 'step_size': 1, 'reserved': 0}, 'resource_provider_packet_processing_with_direction': {}, 'resource_provider_packet_processing_without_direction': {}, 'tunnel_types': [], 'tunneling_ip': None, 'vhostuser_socket_dir': '/var/run/openvswitch'}, 'resource_versions': {'AddressGroup': '1.2', 'Agent': '1.1', 'ConntrackHelper': '1.0', 'LocalIPAssociation': '1.0', 'Log': '1.0', 'NDPProxy': '1.0', 'Network': '1.1', 'Port': '1.7', 'PortForwarding': '1.3', 'QosPolicy': '1.10', 'SecurityGroup': '1.5', 'SecurityGroupRule': '1.2', 'SubPort': '1.0', 'Subnet': '1.1', 'Trunk': '1.1'}} {{(pid=109435) bind_port /opt/stack/neutron/neutron/plugins/ml2/drivers/mech_agent.py:110}}
Aug 23 23:31:20.846660 dv-osbrick-853458-3-ceph neutron-server[109435]: DEBUG neutron.plugins.ml2.drivers.mech_agent [None req-affe10af-e64b-4346-8eee-2df477fac1e8 None None] Checking segment: {'id': 'f6099c24-ec8d-48cb-a9f7-c46cbb555c01', 'network_type': 'flat', 'physical_network': 'physnet1', 'segmentation_id': None, 'network_id': '5b2d98ec-1bb8-4ae8-91e0-812658f7737d'} for mappings: {'physnet1': 'br-data'} with network types: ['local', 'flat', 'vlan'] {{(pid=109435) check_segment_for_agent /opt/stack/neutron/neutron/plugins/ml2/drivers/mech_agent.py:373}}
Aug 23 23:31:20.847298 dv-osbrick-853458-3-ceph neutron-server[109435]: DEBUG neutron_lib.callbacks.manager [None req-affe10af-e64b-4346-8eee-2df477fac1e8 None None] Publish callbacks [] for ovs_bridge_name (None), before_read {{(pid=109435) _notify_loop /usr/local/lib/python3.8/dist-packages/neutron_lib/callbacks/manager.py:176}}
Aug 23 23:31:20.847973 dv-osbrick-853458-3-ceph neutron-server[109435]: DEBUG neutron.plugins.ml2.drivers.mech_agent [None req-affe10af-e64b-4346-8eee-2df477fac1e8 None None] Bound using segment: {'id': 'f6099c24-ec8d-48cb-a9f7-c46cbb555c01', 'network_type': 'flat', 'physical_network': 'physnet1', 'segmentation_id': None, 'network_id': '5b2d98ec-1bb8-4ae8-91e0-812658f7737d'} {{(pid=109435) bind_port /opt/stack/neutron/neutron/plugins/ml2/drivers/mech_agent.py:120}}
Aug 23 23:31:20.848912 dv-osbrick-853458-3-ceph neutron-server[109435]: DEBUG neutron.plugins.ml2.managers [None req-affe10af-e64b-4346-8eee-2df477fac1e8 None None] Bound port: 447813b4-da09-46d7-9e31-3f3230f40b2b, host: dv-osbrick-853458-3-ceph, vif_type: ovs, vif_details: {"connectivity": "l2", "port_filter": true, "ovs_hybrid_plug": false, "datapath_type": "system", "bridge_name": "br-int"}, binding_levels: [{'bound_driver': 'openvswitch', 'bound_segment': {'id': 'f6099c24-ec8d-48cb-a9f7-c46cbb555c01', 'network_type': 'flat', 'physical_network': 'physnet1', 'segmentation_id': None, 'network_id': '5b2d98ec-1bb8-4ae8-91e0-812658f7737d'}}] {{(pid=109435) _bind_port_level /opt/stack/neutron/neutron/plugins/ml2/managers.py:947}}
Aug 23 23:31:20.849659 dv-osbrick-853458-3-ceph neutron-server[109435]: DEBUG neutron_lib.callbacks.manager [None req-affe10af-e64b-4346-8eee-2df477fac1e8 None None] Publish callbacks ['neutron.plugins.ml2.plugin.SecurityGroupDbMixin._ensure_default_security_group_handler-601897'] for port (447813b4-da09-46d7-9e31-3f3230f40b2b), before_update {{(pid=109435) _notify_loop /usr/local/lib/python3.8/dist-packages/neutron_lib/callbacks/manager.py:176}}
Aug 23 23:31:20.867313 dv-osbrick-853458-3-ceph neutron-server[109434]: DEBUG neutron.db.provisioning_blocks [None req-66f39d94-5ec6-44da-8dcc-e2522c4f0b01 None None] Provisioning complete for port 9f8438ad-8341-415b-a6a6-dac42dd936ad triggered by entity L2. {{(pid=109434) provisioning_complete /opt/stack/neutron/neutron/db/provisioning_blocks.py:144}}
Aug 23 23:31:20.867959 dv-osbrick-853458-3-ceph neutron-server[109434]: DEBUG neutron_lib.callbacks.manager [None req-66f39d94-5ec6-44da-8dcc-e2522c4f0b01 None None] Publish callbacks ['neutron.plugins.ml2.plugin.Ml2Plugin._port_provisioned-716736'] for port (9f8438ad-8341-415b-a6a6-dac42dd936ad), provisioning_complete {{(pid=109434) _notify_loop /usr/local/lib/python3.8/dist-packages/neutron_lib/callbacks/manager.py:176}}
Aug 23 23:31:20.869408 dv-osbrick-853458-3-ceph neutron-server[109434]: DEBUG neutron_lib.callbacks.manager [None req-2d46f17e-2936-43a3-920f-c5f56fad8e3c None None] Publish callbacks ['neutron.plugins.ml2.plugin.SecurityGroupDbMixin._ensure_default_security_group_handler-601897'] for port (32a16919-c920-42ea-a10a-5b3dc8c4f889), before_update {{(pid=109434) _notify_loop /usr/local/lib/python3.8/dist-packages/neutron_lib/callbacks/manager.py:176}}
Aug 23 23:31:20.880420 dv-osbrick-853458-3-ceph neutron-server[109435]: DEBUG neutron.api.rpc.handlers.resources_rpc [None req-d3d888d8-9efa-49d4-97e5-4cf8f6d52622 None None] Pushing event updated for resources: {'Port': ['ID=447813b4-da09-46d7-9e31-3f3230f40b2b,revision_number=2']} {{(pid=109435) push /opt/stack/neutron/neutron/api/rpc/handlers/resources_rpc.py:237}}
Aug 23 23:31:20.898261 dv-osbrick-853458-3-ceph neutron-server[109433]: DEBUG neutron.db.db_base_plugin_common [None req-9c96e0a5-90b3-4c54-af16-eb3606180f08 admin admin] Allocated IP 172.20.0.1 (3b040051-b3b5-40d5-b8c6-1095ce82cf72/567d89dd-79ae-412c-aa68-5f135336b883/fa521cb9-d5cb-48d1-839c-c88b630f1535) {{(pid=109433) _store_ip_allocation /opt/stack/neutron/neutron/db/db_base_plugin_common.py:131}}
Aug 23 23:31:20.900093 dv-osbrick-853458-3-ceph neutron-server[109435]: DEBUG neutron.api.rpc.callbacks.version_manager [None req-d3d888d8-9efa-49d4-97e5-4cf8f6d52622 None None] Version for resource type AddressGroup changed None to 1.2 on consumer Open vSwitch agent@dv-osbrick-853458-3-ceph {{(pid=109435) _set_version /opt/stack/neutron/neutron/api/rpc/callbacks/version_manager.py:113}}
Aug 23 23:31:20.900625 dv-osbrick-853458-3-ceph neutron-server[109435]: DEBUG neutron.api.rpc.callbacks.version_manager [None req-d3d888d8-9efa-49d4-97e5-4cf8f6d52622 None None] Version for resource type Agent changed None to 1.1 on consumer Open vSwitch agent@dv-osbrick-853458-3-ceph {{(pid=109435) _set_version /opt/stack/neutron/neutron/api/rpc/callbacks/version_manager.py:113}}
Aug 23 23:31:20.901489 dv-osbrick-853458-3-ceph neutron-server[109435]: DEBUG neutron.api.rpc.callbacks.version_manager [None req-d3d888d8-9efa-49d4-97e5-4cf8f6d52622 None None] Version for resource type ConntrackHelper changed None to 1.0 on consumer Open vSwitch agent@dv-osbrick-853458-3-ceph {{(pid=109435) _set_version /opt/stack/neutron/neutron/api/rpc/callbacks/version_manager.py:113}}
Aug 23 23:31:20.902006 dv-osbrick-853458-3-ceph neutron-server[109435]: DEBUG neutron.api.rpc.callbacks.version_manager [None req-d3d888d8-9efa-49d4-97e5-4cf8f6d52622 None None] Version for resource type LocalIPAssociation changed None to 1.0 on consumer Open vSwitch agent@dv-osbrick-853458-3-ceph {{(pid=109435) _set_version /opt/stack/neutron/neutron/api/rpc/callbacks/version_manager.py:113}}
Aug 23 23:31:20.902597 dv-osbrick-853458-3-ceph neutron-server[109435]: DEBUG neutron.api.rpc.callbacks.version_manager [None req-d3d888d8-9efa-49d4-97e5-4cf8f6d52622 None None] Version for resource type Log changed None to 1.0 on consumer Open vSwitch agent@dv-osbrick-853458-3-ceph {{(pid=109435) _set_version /opt/stack/neutron/neutron/api/rpc/callbacks/version_manager.py:113}}
Aug 23 23:31:20.903087 dv-osbrick-853458-3-ceph neutron-server[109435]: DEBUG neutron.api.rpc.callbacks.version_manager [None req-d3d888d8-9efa-49d4-97e5-4cf8f6d52622 None None] Version for resource type NDPProxy changed None to 1.0 on consumer Open vSwitch agent@dv-osbrick-853458-3-ceph {{(pid=109435) _set_version /opt/stack/neutron/neutron/api/rpc/callbacks/version_manager.py:113}}
Aug 23 23:31:20.903716 dv-osbrick-853458-3-ceph neutron-server[109435]: DEBUG neutron.api.rpc.callbacks.version_manager [None req-d3d888d8-9efa-49d4-97e5-4cf8f6d52622 None None] Version for resource type Network changed None to 1.1 on consumer Open vSwitch agent@dv-osbrick-853458-3-ceph {{(pid=109435) _set_version /opt/stack/neutron/neutron/api/rpc/callbacks/version_manager.py:113}}
Aug 23 23:31:20.904467 dv-osbrick-853458-3-ceph neutron-server[109435]: DEBUG neutron.api.rpc.callbacks.version_manager [None req-d3d888d8-9efa-49d4-97e5-4cf8f6d52622 None None] Version for resource type Port changed None to 1.7 on consumer Open vSwitch agent@dv-osbrick-853458-3-ceph {{(pid=109435) _set_version /opt/stack/neutron/neutron/api/rpc/callbacks/version_manager.py:113}}
Aug 23 23:31:20.905045 dv-osbrick-853458-3-ceph neutron-server[109435]: DEBUG neutron.api.rpc.callbacks.version_manager [None req-d3d888d8-9efa-49d4-97e5-4cf8f6d52622 None None] Version for resource type PortForwarding changed None to 1.3 on consumer Open vSwitch agent@dv-osbrick-853458-3-ceph {{(pid=109435) _set_version /opt/stack/neutron/neutron/api/rpc/callbacks/version_manager.py:113}}
Aug 23 23:31:20.905594 dv-osbrick-853458-3-ceph neutron-server[109435]: DEBUG neutron.api.rpc.callbacks.version_manager [None req-d3d888d8-9efa-49d4-97e5-4cf8f6d52622 None None] Version for resource type QosPolicy changed None to 1.10 on consumer Open vSwitch agent@dv-osbrick-853458-3-ceph {{(pid=109435) _set_version /opt/stack/neutron/neutron/api/rpc/callbacks/version_manager.py:113}}
Aug 23 23:31:20.906220 dv-osbrick-853458-3-ceph neutron-server[109435]: DEBUG neutron.api.rpc.callbacks.version_manager [None req-d3d888d8-9efa-49d4-97e5-4cf8f6d52622 None None] Version for resource type SecurityGroup changed None to 1.5 on consumer Open vSwitch agent@dv-osbrick-853458-3-ceph {{(pid=109435) _set_version /opt/stack/neutron/neutron/api/rpc/callbacks/version_manager.py:113}}
Aug 23 23:31:20.906802 dv-osbrick-853458-3-ceph neutron-server[109435]: DEBUG neutron.api.rpc.callbacks.version_manager [None req-d3d888d8-9efa-49d4-97e5-4cf8f6d52622 None None] Version for resource type SecurityGroupRule changed None to 1.2 on consumer Open vSwitch agent@dv-osbrick-853458-3-ceph {{(pid=109435) _set_version /opt/stack/neutron/neutron/api/rpc/callbacks/version_manager.py:113}}
Aug 23 23:31:20.907330 dv-osbrick-853458-3-ceph neutron-server[109434]: DEBUG neutron.db.provisioning_blocks [None req-b3fb227c-de6c-4692-8e81-2f6bd4102bda None None] Provisioning complete for port 4afac82a-6620-426d-8f30-a34bdaff21f1 triggered by entity DHCP. {{(pid=109434) provisioning_complete /opt/stack/neutron/neutron/db/provisioning_blocks.py:144}}
Aug 23 23:31:20.907654 dv-osbrick-853458-3-ceph neutron-server[109435]: DEBUG neutron.api.rpc.callbacks.version_manager [None req-d3d888d8-9efa-49d4-97e5-4cf8f6d52622 None None] Version for resource type SubPort changed None to 1.0 on consumer Open vSwitch agent@dv-osbrick-853458-3-ceph {{(pid=109435) _set_version /opt/stack/neutron/neutron/api/rpc/callbacks/version_manager.py:113}}
Aug 23 23:31:20.907791 dv-osbrick-853458-3-ceph neutron-server[109434]: DEBUG neutron_lib.callbacks.manager [None req-b3fb227c-de6c-4692-8e81-2f6bd4102bda None None] Publish callbacks ['neutron.plugins.ml2.plugin.Ml2Plugin._port_provisioned-716736'] for port (4afac82a-6620-426d-8f30-a34bdaff21f1), provisioning_complete {{(pid=109434) _notify_loop /usr/local/lib/python3.8/dist-packages/neutron_lib/callbacks/manager.py:176}}
Aug 23 23:31:20.908278 dv-osbrick-853458-3-ceph neutron-server[109435]: DEBUG neutron.api.rpc.callbacks.version_manager [None req-d3d888d8-9efa-49d4-97e5-4cf8f6d52622 None None] Version for resource type Subnet changed None to 1.1 on consumer Open vSwitch agent@dv-osbrick-853458-3-ceph {{(pid=109435) _set_version /opt/stack/neutron/neutron/api/rpc/callbacks/version_manager.py:113}}
Aug 23 23:31:20.908800 dv-osbrick-853458-3-ceph neutron-server[109435]: DEBUG neutron.api.rpc.callbacks.version_manager [None req-d3d888d8-9efa-49d4-97e5-4cf8f6d52622 None None] Version for resource type Trunk changed None to 1.1 on consumer Open vSwitch agent@dv-osbrick-853458-3-ceph {{(pid=109435) _set_version /opt/stack/neutron/neutron/api/rpc/callbacks/version_manager.py:113}}
Aug 23 23:31:20.910615 dv-osbrick-853458-3-ceph neutron-server[109435]: DEBUG neutron.api.rpc.callbacks.version_manager [None req-d3d888d8-9efa-49d4-97e5-4cf8f6d52622 None None] Tracked resource versions report:
Aug 23 23:31:20.910615 dv-osbrick-853458-3-ceph neutron-server[109435]: pushed versions:
Aug 23 23:31:20.910615 dv-osbrick-853458-3-ceph neutron-server[109435]: { 'AddressGroup': {'1.2'},
Aug 23 23:31:20.910615 dv-osbrick-853458-3-ceph neutron-server[109435]: 'Agent': {'1.1'},
Aug 23 23:31:20.910615 dv-osbrick-853458-3-ceph neutron-server[109435]: 'ConntrackHelper': {'1.0'},
Aug 23 23:31:20.910615 dv-osbrick-853458-3-ceph neutron-server[109435]: 'LocalIPAssociation': {'1.0'},
Aug 23 23:31:20.910615 dv-osbrick-853458-3-ceph neutron-server[109435]: 'Log': {'1.0'},
Aug 23 23:31:20.910615 dv-osbrick-853458-3-ceph neutron-server[109435]: 'NDPProxy': {'1.0'},
Aug 23 23:31:20.910615 dv-osbrick-853458-3-ceph neutron-server[109435]: 'Network': {'1.1'},
Aug 23 23:31:20.910615 dv-osbrick-853458-3-ceph neutron-server[109435]: 'Port': {'1.7'},
Aug 23 23:31:20.910615 dv-osbrick-853458-3-ceph neutron-server[109435]: 'PortForwarding': {'1.3'},
Aug 23 23:31:20.910615 dv-osbrick-853458-3-ceph neutron-server[109435]: 'QosPolicy': {'1.10'},
Aug 23 23:31:20.910615 dv-osbrick-853458-3-ceph neutron-server[109435]: 'SecurityGroup': {'1.5'},
Aug 23 23:31:20.910615 dv-osbrick-853458-3-ceph neutron-server[109435]: 'SecurityGroupRule': {'1.2'},
Aug 23 23:31:20.910615 dv-osbrick-853458-3-ceph neutron-server[109435]: 'SubPort': {'1.0'},
Aug 23 23:31:20.910615 dv-osbrick-853458-3-ceph neutron-server[109435]: 'Subnet': {'1.1'},
Aug 23 23:31:20.910615 dv-osbrick-853458-3-ceph neutron-server[109435]: 'Trunk': {'1.1'}}
Aug 23 23:31:20.910615 dv-osbrick-853458-3-ceph neutron-server[109435]: consumer versions:
Aug 23 23:31:20.910615 dv-osbrick-853458-3-ceph neutron-server[109435]: { DHCP agent@dv-osbrick-853458-3-ceph: {},
Aug 23 23:31:20.910615 dv-osbrick-853458-3-ceph neutron-server[109435]: HyperV agent@hv-osbrick-8534: {},
Aug 23 23:31:20.910615 dv-osbrick-853458-3-ceph neutron-server[109435]: L3 agent@dv-osbrick-853458-3-ceph: {},
Aug 23 23:31:20.910615 dv-osbrick-853458-3-ceph neutron-server[109435]: Metadata agent@dv-osbrick-853458-3-ceph: {},
Aug 23 23:31:20.910615 dv-osbrick-853458-3-ceph neutron-server[109435]: Open vSwitch agent@dv-osbrick-853458-3-ceph: { 'AddressGroup': '1.2',
Aug 23 23:31:20.910615 dv-osbrick-853458-3-ceph neutron-server[109435]: 'Agent': '1.1',
Aug 23 23:31:20.910615 dv-osbrick-853458-3-ceph neutron-server[109435]: 'ConntrackHelper': '1.0',
Aug 23 23:31:20.910615 dv-osbrick-853458-3-ceph neutron-server[109435]: 'LocalIPAssociation': '1.0',
Aug 23 23:31:20.910615 dv-osbrick-853458-3-ceph neutron-server[109435]: 'Log': '1.0',
Aug 23 23:31:20.910615 dv-osbrick-853458-3-ceph neutron-server[109435]: 'NDPProxy': '1.0',
Aug 23 23:31:20.910615 dv-osbrick-853458-3-ceph neutron-server[109435]: 'Network': '1.1',
Aug 23 23:31:20.910615 dv-osbrick-853458-3-ceph neutron-server[109435]: 'Port': '1.7',
Aug 23 23:31:20.910615 dv-osbrick-853458-3-ceph neutron-server[109435]: 'PortForwarding': '1.3',
Aug 23 23:31:20.910615 dv-osbrick-853458-3-ceph neutron-server[109435]: 'QosPolicy': '1.10',
Aug 23 23:31:20.910615 dv-osbrick-853458-3-ceph neutron-server[109435]: 'SecurityGroup': '1.5',
Aug 23 23:31:20.910615 dv-osbrick-853458-3-ceph neutron-server[109435]: 'SecurityGroupRule': '1.2',
Aug 23 23:31:20.910615 dv-osbrick-853458-3-ceph neutron-server[109435]: 'SubPort': '1.0',
Aug 23 23:31:20.910615 dv-osbrick-853458-3-ceph neutron-server[109435]: 'Subnet': '1.1',
Aug 23 23:31:20.910615 dv-osbrick-853458-3-ceph neutron-server[109435]: 'Trunk': '1.1'}}
Aug 23 23:31:20.910615 dv-osbrick-853458-3-ceph neutron-server[109435]: {{(pid=109435) report /opt/stack/neutron/neutron/api/rpc/callbacks/version_manager.py:175}}
Aug 23 23:31:20.950202 dv-osbrick-853458-3-ceph neutron-server[109435]: DEBUG neutron.plugins.ml2.db [None req-affe10af-e64b-4346-8eee-2df477fac1e8 None None] For port 447813b4-da09-46d7-9e31-3f3230f40b2b, host dv-osbrick-853458-3-ceph, cleared binding levels {{(pid=109435) clear_binding_levels /opt/stack/neutron/neutron/plugins/ml2/db.py:87}}
Aug 23 23:31:20.954825 dv-osbrick-853458-3-ceph neutron-server[109435]: DEBUG neutron.plugins.ml2.db [None req-affe10af-e64b-4346-8eee-2df477fac1e8 None None] For port 447813b4-da09-46d7-9e31-3f3230f40b2b, host dv-osbrick-853458-3-ceph, set binding levels [PortBindingLevel(driver='openvswitch',host='dv-osbrick-853458-3-ceph',level=0,port_id=447813b4-da09-46d7-9e31-3f3230f40b2b,segment=NetworkSegment(f6099c24-ec8d-48cb-a9f7-c46cbb555c01),segment_id=f6099c24-ec8d-48cb-a9f7-c46cbb555c01)] {{(pid=109435) set_binding_levels /opt/stack/neutron/neutron/plugins/ml2/db.py:59}}
Aug 23 23:31:20.964345 dv-osbrick-853458-3-ceph neutron-server[109435]: DEBUG neutron_lib.callbacks.manager [None req-affe10af-e64b-4346-8eee-2df477fac1e8 None None] Publish callbacks ['neutron.plugins.ml2.plugin.SecurityGroupServerNotifierRpcMixin._notify_sg_on_port_change-601324', 'neutron.plugins.ml2.ovo_rpc._ObjectChangeHandler.handle_event-39860', 'neutron.api.rpc.agentnotifiers.dhcp_rpc_agent_api.DhcpAgentNotifyAPI._native_event_send_dhcp_notification-162835', 'neutron.db.l3_db.L3RpcNotifierMixin._notify_gateway_port_ip_changed-8791083101323', 'neutron.db.l3_dvrscheduler_db._notify_l3_agent_port_update-8791082595521', 'neutron.db.l3_hascheduler_db._notify_l3_agent_ha_port_update-8791082595539'] for port (447813b4-da09-46d7-9e31-3f3230f40b2b), after_update {{(pid=109435) _notify_loop /usr/local/lib/python3.8/dist-packages/neutron_lib/callbacks/manager.py:176}}
Aug 23 23:31:20.971209 dv-osbrick-853458-3-ceph neutron-server[109432]: DEBUG neutron.db.db_base_plugin_common [None req-6d462134-d2c2-4f1e-8be6-0c45ea439fbb admin admin] Allocated IP 172.20.0.1 (944d03eb-4f4f-4d3b-a014-4f3c50f7a51b/2934f6a8-22de-4327-bbc2-78b50c1f540c/25d931eb-d968-4dd7-aac4-e9608a034c9a) {{(pid=109432) _store_ip_allocation /opt/stack/neutron/neutron/db/db_base_plugin_common.py:131}}
Aug 23 23:31:21.042185 dv-osbrick-853458-3-ceph neutron-server[109434]: DEBUG neutron.api.rpc.handlers.resources_rpc [None req-da54476f-d68a-4c4d-aa02-8db53731228c None None] Pushing event updated for resources: {'Port': ['ID=9f8438ad-8341-415b-a6a6-dac42dd936ad,revision_number=3']} {{(pid=109434) push /opt/stack/neutron/neutron/api/rpc/handlers/resources_rpc.py:237}}
Aug 23 23:31:21.055365 dv-osbrick-853458-3-ceph neutron-server[109435]: DEBUG dbcounter [-] [109435] Writing DB stats neutron:SELECT=94,neutron:DELETE=1,neutron:UPDATE=4,neutron:INSERT=1 {{(pid=109435) stat_writer /usr/local/lib/python3.8/dist-packages/dbcounter.py:114}}
Aug 23 23:31:21.057248 dv-osbrick-853458-3-ceph neutron-server[109435]: DEBUG neutron.api.rpc.handlers.resources_rpc [None req-d3d888d8-9efa-49d4-97e5-4cf8f6d52622 None None] Pushing event updated for resources: {'Port': ['ID=447813b4-da09-46d7-9e31-3f3230f40b2b,revision_number=3']} {{(pid=109435) push /opt/stack/neutron/neutron/api/rpc/handlers/resources_rpc.py:237}}
Aug 23 23:31:21.064640 dv-osbrick-853458-3-ceph neutron-server[109434]: DEBUG neutron.plugins.ml2.plugin [None req-b3fb227c-de6c-4692-8e81-2f6bd4102bda None None] Current status of the port 4afac82a-6620-426d-8f30-a34bdaff21f1 is: DOWN; New status is: ACTIVE {{(pid=109434) _update_individual_port_db_status /opt/stack/neutron/neutron/plugins/ml2/plugin.py:2302}}
Aug 23 23:31:21.064973 dv-osbrick-853458-3-ceph neutron-server[109434]: DEBUG neutron_lib.callbacks.manager [None req-b3fb227c-de6c-4692-8e81-2f6bd4102bda None None] Publish callbacks ['neutron.plugins.ml2.plugin.SecurityGroupDbMixin._ensure_default_security_group_handler-601897'] for port (4afac82a-6620-426d-8f30-a34bdaff21f1), before_update {{(pid=109434) _notify_loop /usr/local/lib/python3.8/dist-packages/neutron_lib/callbacks/manager.py:176}}
Aug 23 23:31:21.065443 dv-osbrick-853458-3-ceph neutron-server[109433]: DEBUG neutron_lib.callbacks.manager [None req-9c96e0a5-90b3-4c54-af16-eb3606180f08 admin admin] Publish callbacks [] for port (fa521cb9-d5cb-48d1-839c-c88b630f1535), precommit_create {{(pid=109433) _notify_loop /usr/local/lib/python3.8/dist-packages/neutron_lib/callbacks/manager.py:176}}
Aug 23 23:31:21.070051 dv-osbrick-853458-3-ceph neutron-server[109435]: DEBUG neutron.db.l3_dvrscheduler_db [None req-affe10af-e64b-4346-8eee-2df477fac1e8 None None] Routers {'51073137-80a3-462c-a02a-710464ae7783'} bound to L3 agent in host dv-osbrick-853458-3-ceph {{(pid=109435) _get_router_ids_for_agent /opt/stack/neutron/neutron/db/l3_dvrscheduler_db.py:422}}
Aug 23 23:31:21.071091 dv-osbrick-853458-3-ceph neutron-server[109435]: DEBUG neutron.db.l3_hamode_db [None req-affe10af-e64b-4346-8eee-2df477fac1e8 None None] neutron.services.l3_router.l3_router_plugin.L3RouterPlugin method get_ha_sync_data_for_host called with arguments (, 'dv-osbrick-853458-3-ceph', Agent(admin_state_up=True,agent_type='L3 agent',availability_zone='nova',binary='neutron-l3-agent',configurations={"agent_mode": "legacy", "ex_gw_ports": 1, "extensions": [], "floating_ips": 0, "handle_internal_only_routers": true, "interface_driver": "openvswitch", "interfaces": 1, "log_agent_heartbeats": false, "routers": 1},created_at=2022-08-23T23:23:31Z,description=,heartbeat_timestamp=2022-08-23T23:31:01Z,host='dv-osbrick-853458-3-ceph',id=852f4380-a70c-47eb-be04-9c7ced227e3d,load=0,resource_versions=,resources_synced=,started_at=2022-08-23T23:23:31Z,topic='l3_agent')) {'router_ids': ['51073137-80a3-462c-a02a-710464ae7783'], 'active': True} {{(pid=109435) wrapper /usr/local/lib/python3.8/dist-packages/oslo_log/helpers.py:65}}
Aug 23 23:31:21.107909 dv-osbrick-853458-3-ceph neutron-server[109433]: DEBUG neutron_lib.callbacks.manager [None req-9c96e0a5-90b3-4c54-af16-eb3606180f08 admin admin] Publish callbacks ['neutron.plugins.ml2.plugin.SecurityGroupServerNotifierRpcMixin._notify_sg_on_port_change-601324', 'neutron.plugins.ml2.ovo_rpc._ObjectChangeHandler.handle_event-39860', 'neutron.api.rpc.agentnotifiers.dhcp_rpc_agent_api.DhcpAgentNotifyAPI._native_event_send_dhcp_notification-162835', 'neutron.db.l3_dvrscheduler_db._notify_l3_agent_new_port-8791082595503'] for port (fa521cb9-d5cb-48d1-839c-c88b630f1535), after_create {{(pid=109433) _notify_loop /usr/local/lib/python3.8/dist-packages/neutron_lib/callbacks/manager.py:176}}
Aug 23 23:31:21.130547 dv-osbrick-853458-3-ceph neutron-server[109432]: DEBUG neutron_lib.callbacks.manager [None req-6d462134-d2c2-4f1e-8be6-0c45ea439fbb admin admin] Publish callbacks [] for port (25d931eb-d968-4dd7-aac4-e9608a034c9a), precommit_create {{(pid=109432) _notify_loop /usr/local/lib/python3.8/dist-packages/neutron_lib/callbacks/manager.py:176}}
Aug 23 23:31:21.151621 dv-osbrick-853458-3-ceph neutron-server[109434]: DEBUG dbcounter [-] [109434] Writing DB stats neutron:SELECT=98,neutron:UPDATE=2 {{(pid=109434) stat_writer /usr/local/lib/python3.8/dist-packages/dbcounter.py:114}}
Aug 23 23:31:21.180849 dv-osbrick-853458-3-ceph neutron-server[109432]: DEBUG neutron_lib.callbacks.manager [None req-6d462134-d2c2-4f1e-8be6-0c45ea439fbb admin admin] Publish callbacks ['neutron.plugins.ml2.plugin.SecurityGroupServerNotifierRpcMixin._notify_sg_on_port_change-601324', 'neutron.plugins.ml2.ovo_rpc._ObjectChangeHandler.handle_event-39860', 'neutron.api.rpc.agentnotifiers.dhcp_rpc_agent_api.DhcpAgentNotifyAPI._native_event_send_dhcp_notification-162835', 'neutron.db.l3_dvrscheduler_db._notify_l3_agent_new_port-8791082595503'] for port (25d931eb-d968-4dd7-aac4-e9608a034c9a), after_create {{(pid=109432) _notify_loop /usr/local/lib/python3.8/dist-packages/neutron_lib/callbacks/manager.py:176}}
Aug 23 23:31:21.190589 dv-osbrick-853458-3-ceph neutron-server[109434]: DEBUG neutron.plugins.ml2.db [None req-b3fb227c-de6c-4692-8e81-2f6bd4102bda None None] For port 4afac82a-6620-426d-8f30-a34bdaff21f1, host dv-osbrick-853458-3-ceph, got binding levels [PortBindingLevel(driver='openvswitch',host='dv-osbrick-853458-3-ceph',level=0,port_id=4afac82a-6620-426d-8f30-a34bdaff21f1,segment=NetworkSegment(c0483028-a903-4414-9d91-7dd6463905d1),segment_id=c0483028-a903-4414-9d91-7dd6463905d1)] {{(pid=109434) get_binding_level_objs /opt/stack/neutron/neutron/plugins/ml2/db.py:74}}
Aug 23 23:31:21.219433 dv-osbrick-853458-3-ceph neutron-server[109435]: DEBUG neutron.db.l3_dvr_db [None req-affe10af-e64b-4346-8eee-2df477fac1e8 None None] Set router 51073137-80a3-462c-a02a-710464ae7783 gateway port host: dv-osbrick-853458-3-ceph {{(pid=109435) _build_routers_list /opt/stack/neutron/neutron/db/l3_dvr_db.py:907}}
Aug 23 23:31:21.234840 dv-osbrick-853458-3-ceph neutron-server[109434]: DEBUG neutron_lib.callbacks.manager [None req-b3fb227c-de6c-4692-8e81-2f6bd4102bda None None] Publish callbacks ['neutron.plugins.ml2.plugin.SecurityGroupServerNotifierRpcMixin._notify_sg_on_port_change-601324', 'neutron.plugins.ml2.ovo_rpc._ObjectChangeHandler.handle_event-39860', 'neutron.api.rpc.agentnotifiers.dhcp_rpc_agent_api.DhcpAgentNotifyAPI._native_event_send_dhcp_notification-162835', 'neutron.db.l3_db.L3RpcNotifierMixin._notify_gateway_port_ip_changed-8791083101323', 'neutron.db.l3_dvrscheduler_db._notify_l3_agent_port_update-8791082595521', 'neutron.db.l3_hascheduler_db._notify_l3_agent_ha_port_update-8791082595539'] for port (4afac82a-6620-426d-8f30-a34bdaff21f1), after_update {{(pid=109434) _notify_loop /usr/local/lib/python3.8/dist-packages/neutron_lib/callbacks/manager.py:176}}
Aug 23 23:31:21.274310 dv-osbrick-853458-3-ceph neutron-server[109432]: DEBUG neutron.api.rpc.handlers.resources_rpc [None req-6d462134-d2c2-4f1e-8be6-0c45ea439fbb admin admin] Pushing event updated for resources: {'Port': ['ID=25d931eb-d968-4dd7-aac4-e9608a034c9a,revision_number=1']} {{(pid=109432) push /opt/stack/neutron/neutron/api/rpc/handlers/resources_rpc.py:237}}
Aug 23 23:31:21.301945 dv-osbrick-853458-3-ceph neutron-server[109432]: DEBUG neutron.scheduler.dhcp_agent_scheduler [None req-6d462134-d2c2-4f1e-8be6-0c45ea439fbb admin admin] Network 944d03eb-4f4f-4d3b-a014-4f3c50f7a51b is already hosted by enough agents. {{(pid=109432) _get_dhcp_agents_hosting_network /opt/stack/neutron/neutron/scheduler/dhcp_agent_scheduler.py:275}}
Aug 23 23:31:21.301945 dv-osbrick-853458-3-ceph neutron-server[109432]: DEBUG neutron.scheduler.base_scheduler [None req-6d462134-d2c2-4f1e-8be6-0c45ea439fbb admin admin] Resources bound (agent type, host, resource id): {{(pid=109432) schedule /opt/stack/neutron/neutron/scheduler/base_scheduler.py:57}}
Aug 23 23:31:21.307557 dv-osbrick-853458-3-ceph neutron-server[109432]: DEBUG neutron.db.l3_dvrscheduler_db [None req-6d462134-d2c2-4f1e-8be6-0c45ea439fbb admin admin] Received port after_create {{(pid=109432) _notify_l3_agent_new_port /opt/stack/neutron/neutron/db/l3_dvrscheduler_db.py:538}}
Aug 23 23:31:21.308320 dv-osbrick-853458-3-ceph neutron-server[109432]: DEBUG neutron_lib.callbacks.manager [None req-6d462134-d2c2-4f1e-8be6-0c45ea439fbb admin admin] Publish callbacks ['neutron.services.l3_router.l3_router_plugin.DVRResourceOperationHandler._add_csnat_on_interface_create-3771055'] for router_interface (49a5d7f8-e556-44ef-acff-6654d5b13c15), before_create {{(pid=109432) _notify_loop /usr/local/lib/python3.8/dist-packages/neutron_lib/callbacks/manager.py:176}}
Aug 23 23:31:21.325624 dv-osbrick-853458-3-ceph neutron-server[109434]: DEBUG neutron.db.provisioning_blocks [None req-b3fb227c-de6c-4692-8e81-2f6bd4102bda None None] Provisioning complete for port 9f8438ad-8341-415b-a6a6-dac42dd936ad triggered by entity DHCP. {{(pid=109434) provisioning_complete /opt/stack/neutron/neutron/db/provisioning_blocks.py:144}}
Aug 23 23:31:21.325624 dv-osbrick-853458-3-ceph neutron-server[109434]: DEBUG neutron_lib.callbacks.manager [None req-b3fb227c-de6c-4692-8e81-2f6bd4102bda None None] Publish callbacks ['neutron.plugins.ml2.plugin.Ml2Plugin._port_provisioned-716736'] for port (9f8438ad-8341-415b-a6a6-dac42dd936ad), provisioning_complete {{(pid=109434) _notify_loop /usr/local/lib/python3.8/dist-packages/neutron_lib/callbacks/manager.py:176}}
Aug 23 23:31:21.331735 dv-osbrick-853458-3-ceph neutron-server[109435]: DEBUG dbcounter [-] [109435] Writing DB stats neutron:SELECT=99,neutron:UPDATE=1 {{(pid=109435) stat_writer /usr/local/lib/python3.8/dist-packages/dbcounter.py:114}}
Aug 23 23:31:21.335133 dv-osbrick-853458-3-ceph neutron-server[109434]: DEBUG neutron.plugins.ml2.plugin [None req-66f39d94-5ec6-44da-8dcc-e2522c4f0b01 None None] Current status of the port 9f8438ad-8341-415b-a6a6-dac42dd936ad is: ACTIVE; New status is: ACTIVE {{(pid=109434) _update_individual_port_db_status /opt/stack/neutron/neutron/plugins/ml2/plugin.py:2302}}
Aug 23 23:31:21.336279 dv-osbrick-853458-3-ceph neutron-server[109434]: DEBUG neutron.plugins.ml2.rpc [None req-66f39d94-5ec6-44da-8dcc-e2522c4f0b01 None None] Device 4afac82a-6620-426d-8f30-a34bdaff21f1 up at agent ovs-agent-dv-osbrick-853458-3-ceph {{(pid=109434) update_device_up /opt/stack/neutron/neutron/plugins/ml2/rpc.py:296}}
Aug 23 23:31:21.347206 dv-osbrick-853458-3-ceph neutron-server[109433]: DEBUG dbcounter [-] [109433] Writing DB stats neutron:SELECT=97,neutron:INSERT=2,neutron:UPDATE=1 {{(pid=109433) stat_writer /usr/local/lib/python3.8/dist-packages/dbcounter.py:114}}
Aug 23 23:31:21.348629 dv-osbrick-853458-3-ceph neutron-server[109433]: DEBUG neutron.api.rpc.handlers.resources_rpc [None req-9c96e0a5-90b3-4c54-af16-eb3606180f08 admin admin] Pushing event updated for resources: {'Port': ['ID=fa521cb9-d5cb-48d1-839c-c88b630f1535,revision_number=1']} {{(pid=109433) push /opt/stack/neutron/neutron/api/rpc/handlers/resources_rpc.py:237}}
Aug 23 23:31:21.377697 dv-osbrick-853458-3-ceph neutron-server[109433]: DEBUG neutron.scheduler.dhcp_agent_scheduler [None req-9c96e0a5-90b3-4c54-af16-eb3606180f08 admin admin] Network 3b040051-b3b5-40d5-b8c6-1095ce82cf72 is already hosted by enough agents. {{(pid=109433) _get_dhcp_agents_hosting_network /opt/stack/neutron/neutron/scheduler/dhcp_agent_scheduler.py:275}}
Aug 23 23:31:21.380381 dv-osbrick-853458-3-ceph neutron-server[109433]: DEBUG neutron.scheduler.base_scheduler [None req-9c96e0a5-90b3-4c54-af16-eb3606180f08 admin admin] Resources bound (agent type, host, resource id): {{(pid=109433) schedule /opt/stack/neutron/neutron/scheduler/base_scheduler.py:57}}
Aug 23 23:31:21.383792 dv-osbrick-853458-3-ceph neutron-server[109433]: DEBUG neutron.db.l3_dvrscheduler_db [None req-9c96e0a5-90b3-4c54-af16-eb3606180f08 admin admin] Received port after_create {{(pid=109433) _notify_l3_agent_new_port /opt/stack/neutron/neutron/db/l3_dvrscheduler_db.py:538}}
Aug 23 23:31:21.384757 dv-osbrick-853458-3-ceph neutron-server[109433]: DEBUG neutron_lib.callbacks.manager [None req-9c96e0a5-90b3-4c54-af16-eb3606180f08 admin admin] Publish callbacks ['neutron.services.l3_router.l3_router_plugin.DVRResourceOperationHandler._add_csnat_on_interface_create-3771055'] for router_interface (51073137-80a3-462c-a02a-710464ae7783), before_create {{(pid=109433) _notify_loop /usr/local/lib/python3.8/dist-packages/neutron_lib/callbacks/manager.py:176}}
Aug 23 23:31:21.429203 dv-osbrick-853458-3-ceph neutron-server[109432]: DEBUG dbcounter [-] [109432] Writing DB stats neutron:SELECT=96,neutron:INSERT=3,neutron:DELETE=1 {{(pid=109432) stat_writer /usr/local/lib/python3.8/dist-packages/dbcounter.py:114}}
Aug 23 23:31:21.445692 dv-osbrick-853458-3-ceph neutron-server[109434]: DEBUG dbcounter [-] [109434] Writing DB stats neutron:SELECT=97,neutron:UPDATE=3 {{(pid=109434) stat_writer /usr/local/lib/python3.8/dist-packages/dbcounter.py:114}}
Aug 23 23:31:21.490729 dv-osbrick-853458-3-ceph neutron-server[109432]: DEBUG dbcounter [-] [109432] Writing DB stats neutron:SELECT=92,neutron:INSERT=4,neutron:UPDATE=4 {{(pid=109432) stat_writer /usr/local/lib/python3.8/dist-packages/dbcounter.py:114}}
Aug 23 23:31:21.501099 dv-osbrick-853458-3-ceph neutron-server[109434]: DEBUG neutron.api.rpc.handlers.resources_rpc [None req-b3fb227c-de6c-4692-8e81-2f6bd4102bda None None] Pushing event updated for resources: {'Port': ['ID=4afac82a-6620-426d-8f30-a34bdaff21f1,revision_number=3']} {{(pid=109434) push /opt/stack/neutron/neutron/api/rpc/handlers/resources_rpc.py:237}}
Aug 23 23:31:21.577899 dv-osbrick-853458-3-ceph neutron-server[109434]: DEBUG neutron.db.provisioning_blocks [None req-66f39d94-5ec6-44da-8dcc-e2522c4f0b01 None None] Provisioning complete for port 4afac82a-6620-426d-8f30-a34bdaff21f1 triggered by entity L2. {{(pid=109434) provisioning_complete /opt/stack/neutron/neutron/db/provisioning_blocks.py:144}}
Aug 23 23:31:21.578272 dv-osbrick-853458-3-ceph neutron-server[109434]: DEBUG neutron_lib.callbacks.manager [None req-66f39d94-5ec6-44da-8dcc-e2522c4f0b01 None None] Publish callbacks ['neutron.plugins.ml2.plugin.Ml2Plugin._port_provisioned-716736'] for port (4afac82a-6620-426d-8f30-a34bdaff21f1), provisioning_complete {{(pid=109434) _notify_loop /usr/local/lib/python3.8/dist-packages/neutron_lib/callbacks/manager.py:176}}
Aug 23 23:31:21.730996 dv-osbrick-853458-3-ceph neutron-server[109434]: DEBUG neutron.plugins.ml2.plugin [None req-b3fb227c-de6c-4692-8e81-2f6bd4102bda None None] Current status of the port 9f8438ad-8341-415b-a6a6-dac42dd936ad is: ACTIVE; New status is: ACTIVE {{(pid=109434) _update_individual_port_db_status /opt/stack/neutron/neutron/plugins/ml2/plugin.py:2302}}
Aug 23 23:31:21.748001 dv-osbrick-853458-3-ceph neutron-server[109435]: DEBUG neutron.db.l3_hamode_db [None req-affe10af-e64b-4346-8eee-2df477fac1e8 None None] neutron.services.l3_router.l3_router_plugin.L3RouterPlugin method _process_sync_ha_data called with arguments (, [{'id': '51073137-80a3-462c-a02a-710464ae7783', 'name': 'tempest-TestMinimumBasicScenario-741125871-router', 'tenant_id': '4177193808b246afa915d83458b9780c', 'admin_state_up': True, 'status': 'ACTIVE', 'external_gateway_info': {'network_id': '5b2d98ec-1bb8-4ae8-91e0-812658f7737d', 'external_fixed_ips': [{'subnet_id': 'ab51c6a6-79d4-4d87-ab16-1315f7432311', 'ip_address': '172.31.0.239'}], 'enable_snat': True}, 'gw_port_id': '447813b4-da09-46d7-9e31-3f3230f40b2b', 'description': '', 'availability_zones': ['nova'], 'distributed': False, 'ha': False, 'ha_vr_id': 0, 'availability_zone_hints': [], 'routes': [], 'flavor_id': None, 'tags': [], 'created_at': '2022-08-23T23:31:17Z', 'updated_at': '2022-08-23T23:31:19Z', 'revision_number': 3, 'project_id': '4177193808b246afa915d83458b9780c', 'gw_port': {'id': '447813b4-da09-46d7-9e31-3f3230f40b2b', 'name': '', 'network_id': '5b2d98ec-1bb8-4ae8-91e0-812658f7737d', 'tenant_id': '', 'mac_address': 'fa:16:3e:a9:03:0e', 'admin_state_up': True, 'status': 'DOWN', 'device_id': '51073137-80a3-462c-a02a-710464ae7783', 'device_owner': 'network:router_gateway', 'standard_attr_id': 51, 'fixed_ips': [{'subnet_id': 'ab51c6a6-79d4-4d87-ab16-1315f7432311', 'ip_address': '172.31.0.239', 'prefixlen': 24}], 'allowed_address_pairs': [], 'extra_dhcp_opts': [], 'security_groups': [], 'description': '', 'binding:vnic_type': 'normal', 'binding:profile': {}, 'binding:host_id': 'dv-osbrick-853458-3-ceph', 'binding:vif_type': 'ovs', 'binding:vif_details': {'connectivity': 'l2', 'port_filter': True, 'ovs_hybrid_plug': False, 'datapath_type': 'system', 'bridge_name': 'br-int', 'bound_drivers': {'0': 'openvswitch'}}, 'port_security_enabled': False, 'tags': [], 'created_at': '2022-08-23T23:31:18Z', 'updated_at': '2022-08-23T23:31:20Z', 'revision_number': 3, 'project_id': '', 'subnets': [{'id': 'ab51c6a6-79d4-4d87-ab16-1315f7432311', 'cidr': '172.31.0.0/24', 'gateway_ip': '172.31.0.1', 'dns_nameservers': [], 'ipv6_ra_mode': None, 'subnetpool_id': None}], 'extra_subnets': [], 'address_scopes': {4: None, 6: None}, 'mtu': 1500}, 'enable_snat': True, 'gw_port_host': 'dv-osbrick-853458-3-ceph'}], 'dv-osbrick-853458-3-ceph', False) {} {{(pid=109435) wrapper /usr/local/lib/python3.8/dist-packages/oslo_log/helpers.py:65}}
Aug 23 23:31:21.752488 dv-osbrick-853458-3-ceph neutron-server[109432]: DEBUG neutron_lib.callbacks.manager [None req-6d462134-d2c2-4f1e-8be6-0c45ea439fbb admin admin] Publish callbacks ['neutron.plugins.ml2.plugin.SecurityGroupDbMixin._ensure_default_security_group_handler-601897'] for port (25d931eb-d968-4dd7-aac4-e9608a034c9a), before_update {{(pid=109432) _notify_loop /usr/local/lib/python3.8/dist-packages/neutron_lib/callbacks/manager.py:176}}
Aug 23 23:31:21.792063 dv-osbrick-853458-3-ceph neutron-server[109434]: DEBUG neutron_lib.callbacks.manager [None req-2d46f17e-2936-43a3-920f-c5f56fad8e3c None None] Publish callbacks [] for port (32a16919-c920-42ea-a10a-5b3dc8c4f889), precommit_update {{(pid=109434) _notify_loop /usr/local/lib/python3.8/dist-packages/neutron_lib/callbacks/manager.py:176}}
Aug 23 23:31:21.797312 dv-osbrick-853458-3-ceph neutron-server[109435]: DEBUG neutron.api.rpc.handlers.l3_rpc [None req-affe10af-e64b-4346-8eee-2df477fac1e8 None None] The sync data for ids ['51073137-80a3-462c-a02a-710464ae7783'] in dv-osbrick-853458-3-ceph is: [{'id': '51073137-80a3-462c-a02a-710464ae7783', 'name': 'tempest-TestMinimumBasicScenario-741125871-router', 'tenant_id': '4177193808b246afa915d83458b9780c', 'admin_state_up': True, 'status': 'ACTIVE', 'external_gateway_info': {'network_id': '5b2d98ec-1bb8-4ae8-91e0-812658f7737d', 'external_fixed_ips': [{'subnet_id': 'ab51c6a6-79d4-4d87-ab16-1315f7432311', 'ip_address': '172.31.0.239'}], 'enable_snat': True}, 'gw_port_id': '447813b4-da09-46d7-9e31-3f3230f40b2b', 'description': '', 'availability_zones': ['nova'], 'distributed': False, 'ha': False, 'ha_vr_id': 0, 'availability_zone_hints': [], 'routes': [], 'flavor_id': None, 'tags': [], 'created_at': '2022-08-23T23:31:17Z', 'updated_at': '2022-08-23T23:31:19Z', 'revision_number': 3, 'project_id': '4177193808b246afa915d83458b9780c', 'gw_port': {'id': '447813b4-da09-46d7-9e31-3f3230f40b2b', 'name': '', 'network_id': '5b2d98ec-1bb8-4ae8-91e0-812658f7737d', 'tenant_id': '', 'mac_address': 'fa:16:3e:a9:03:0e', 'admin_state_up': True, 'status': 'DOWN', 'device_id': '51073137-80a3-462c-a02a-710464ae7783', 'device_owner': 'network:router_gateway', 'standard_attr_id': 51, 'fixed_ips': [{'subnet_id': 'ab51c6a6-79d4-4d87-ab16-1315f7432311', 'ip_address': '172.31.0.239', 'prefixlen': 24}], 'allowed_address_pairs': [], 'extra_dhcp_opts': [], 'security_groups': [], 'description': '', 'binding:vnic_type': 'normal', 'binding:profile': {}, 'binding:host_id': 'dv-osbrick-853458-3-ceph', 'binding:vif_type': 'ovs', 'binding:vif_details': {'connectivity': 'l2', 'port_filter': True, 'ovs_hybrid_plug': False, 'datapath_type': 'system', 'bridge_name': 'br-int', 'bound_drivers': {'0': 'openvswitch'}}, 'port_security_enabled': False, 'tags': [], 'created_at': '2022-08-23T23:31:18Z', 'updated_at': '2022-08-23T23:31:20Z', 'revision_number': 3, 'project_id': '', 'subnets': [{'id': 'ab51c6a6-79d4-4d87-ab16-1315f7432311', 'cidr': '172.31.0.0/24', 'gateway_ip': '172.31.0.1', 'dns_nameservers': [], 'ipv6_ra_mode': None, 'subnetpool_id': None}], 'extra_subnets': [], 'address_scopes': {4: None, 6: None}, 'mtu': 1500}, 'enable_snat': True, 'gw_port_host': 'dv-osbrick-853458-3-ceph'}] {{(pid=109435) sync_routers /opt/stack/neutron/neutron/api/rpc/handlers/l3_rpc.py:137}}
Aug 23 23:31:21.829639 dv-osbrick-853458-3-ceph neutron-server[109433]: DEBUG neutron_lib.callbacks.manager [None req-9c96e0a5-90b3-4c54-af16-eb3606180f08 admin admin] Publish callbacks ['neutron.plugins.ml2.plugin.SecurityGroupDbMixin._ensure_default_security_group_handler-601897'] for port (fa521cb9-d5cb-48d1-839c-c88b630f1535), before_update {{(pid=109433) _notify_loop /usr/local/lib/python3.8/dist-packages/neutron_lib/callbacks/manager.py:176}}
Aug 23 23:31:21.838718 dv-osbrick-853458-3-ceph neutron-server[109434]: DEBUG neutron_lib.callbacks.manager [None req-2d46f17e-2936-43a3-920f-c5f56fad8e3c None None] Publish callbacks ['neutron.plugins.ml2.plugin.SecurityGroupServerNotifierRpcMixin._notify_sg_on_port_change-601324', 'neutron.plugins.ml2.ovo_rpc._ObjectChangeHandler.handle_event-39860', 'neutron.api.rpc.agentnotifiers.dhcp_rpc_agent_api.DhcpAgentNotifyAPI._native_event_send_dhcp_notification-162835', 'neutron.db.l3_db.L3RpcNotifierMixin._notify_gateway_port_ip_changed-8791083101323', 'neutron.db.l3_dvrscheduler_db._notify_l3_agent_port_update-8791082595521', 'neutron.db.l3_hascheduler_db._notify_l3_agent_ha_port_update-8791082595539'] for port (32a16919-c920-42ea-a10a-5b3dc8c4f889), after_update {{(pid=109434) _notify_loop /usr/local/lib/python3.8/dist-packages/neutron_lib/callbacks/manager.py:176}}
Aug 23 23:31:21.907714 dv-osbrick-853458-3-ceph neutron-server[109434]: DEBUG neutron.plugins.ml2.plugin [None req-66f39d94-5ec6-44da-8dcc-e2522c4f0b01 None None] Current status of the port 4afac82a-6620-426d-8f30-a34bdaff21f1 is: ACTIVE; New status is: ACTIVE {{(pid=109434) _update_individual_port_db_status /opt/stack/neutron/neutron/plugins/ml2/plugin.py:2302}}
Aug 23 23:31:21.909947 dv-osbrick-853458-3-ceph neutron-server[109434]: DEBUG neutron.plugins.ml2.managers [None req-2d46f17e-2936-43a3-920f-c5f56fad8e3c None None] Attempting to bind port 32a16919-c920-42ea-a10a-5b3dc8c4f889 on host dv-osbrick-853458-3-ceph for vnic_type normal with profile {{(pid=109434) bind_port /opt/stack/neutron/neutron/plugins/ml2/managers.py:810}}
Aug 23 23:31:21.910188 dv-osbrick-853458-3-ceph neutron-server[109434]: DEBUG neutron.plugins.ml2.managers [None req-2d46f17e-2936-43a3-920f-c5f56fad8e3c None None] Attempting to bind port 32a16919-c920-42ea-a10a-5b3dc8c4f889 by drivers openvswitch,hyperv on host dv-osbrick-853458-3-ceph at level 0 using segments [{'id': 'f6099c24-ec8d-48cb-a9f7-c46cbb555c01', 'network_type': 'flat', 'physical_network': 'physnet1', 'segmentation_id': None, 'network_id': '5b2d98ec-1bb8-4ae8-91e0-812658f7737d'}] {{(pid=109434) _bind_port_level /opt/stack/neutron/neutron/plugins/ml2/managers.py:835}}
Aug 23 23:31:21.910531 dv-osbrick-853458-3-ceph neutron-server[109434]: DEBUG neutron.plugins.ml2.drivers.mech_agent [None req-2d46f17e-2936-43a3-920f-c5f56fad8e3c None None] Attempting to bind port 32a16919-c920-42ea-a10a-5b3dc8c4f889 on network 5b2d98ec-1bb8-4ae8-91e0-812658f7737d {{(pid=109434) bind_port /opt/stack/neutron/neutron/plugins/ml2/drivers/mech_agent.py:91}}
Aug 23 23:31:21.915914 dv-osbrick-853458-3-ceph neutron-server[109434]: DEBUG neutron.db.provisioning_blocks [None req-259eb3a4-87b4-4ff0-b046-f8430bcb43af None None] Provisioning complete for port 4afac82a-6620-426d-8f30-a34bdaff21f1 triggered by entity DHCP. {{(pid=109434) provisioning_complete /opt/stack/neutron/neutron/db/provisioning_blocks.py:144}}
Aug 23 23:31:21.916281 dv-osbrick-853458-3-ceph neutron-server[109434]: DEBUG neutron_lib.callbacks.manager [None req-259eb3a4-87b4-4ff0-b046-f8430bcb43af None None] Publish callbacks ['neutron.plugins.ml2.plugin.Ml2Plugin._port_provisioned-716736'] for port (4afac82a-6620-426d-8f30-a34bdaff21f1), provisioning_complete {{(pid=109434) _notify_loop /usr/local/lib/python3.8/dist-packages/neutron_lib/callbacks/manager.py:176}}
