Aug 23 22:21:06.557820 dv-osbrick-852824-3-ceph neutron-server[109474]: DEBUG neutron.pecan_wsgi.hooks.policy_enforcement [req-cfe96b44-93b3-4a75-81e2-98678f6b7664 req-be3287b3-19ab-4cc9-a403-723554f3d60f service neutron] Attributes excluded by policy engine: ['standard_attr_id'] {{(pid=109474) _exclude_attributes_by_policy /opt/stack/neutron/neutron/pecan_wsgi/hooks/policy_enforcement.py:259}}
Aug 23 22:21:06.559480 dv-osbrick-852824-3-ceph neutron-server[109474]: INFO neutron.wsgi [req-cfe96b44-93b3-4a75-81e2-98678f6b7664 req-be3287b3-19ab-4cc9-a403-723554f3d60f service neutron] 10.222.0.17 "GET /networking/v2.0/ports?device_id=88aa8ffa-4624-48d3-9227-65a75ac42240 HTTP/1.1" status: 200 len: 1129 time: 0.0466983
Aug 23 22:21:06.578881 dv-osbrick-852824-3-ceph neutron-server[109475]: INFO neutron.wsgi [req-f865ca53-c109-4542-9518-dde84f518511 req-0b6c1f77-37b3-4f5a-811c-3ea1c9c15b74 tempest-TestVolumeBootPattern-1743617162 tempest-TestVolumeBootPattern-1743617162-project] 10.222.0.58 "GET /networking/v2.0/security-groups?id=717afc9e-c562-4249-a77f-6e103c42be21&fields=id&fields=name HTTP/1.1" status: 200 len: 286 time: 0.0442853
Aug 23 22:21:06.609633 dv-osbrick-852824-3-ceph neutron-server[109474]: INFO neutron.wsgi [req-cfe96b44-93b3-4a75-81e2-98678f6b7664 req-275b7b8c-a53f-4b7c-9ef0-aaf3d61733ec service neutron] 10.222.0.17 "GET /networking/v2.0/security-groups?id=717afc9e-c562-4249-a77f-6e103c42be21&fields=id&fields=name HTTP/1.1" status: 200 len: 286 time: 0.0416260
Aug 23 22:21:07.721717 dv-osbrick-852824-3-ceph neutron-server[109475]: DEBUG neutron.pecan_wsgi.hooks.policy_enforcement [req-d9b433d7-b121-432d-8785-388bda1c4d29 req-6bdba16f-a4b5-4895-bf71-b4e0006a10d3 tempest-TestVolumeBootPattern-1743617162 tempest-TestVolumeBootPattern-1743617162-project] Attributes excluded by policy engine: ['standard_attr_id', 'binding:profile', 'binding:host_id', 'binding:vif_type', 'binding:vif_details'] {{(pid=109475) _exclude_attributes_by_policy /opt/stack/neutron/neutron/pecan_wsgi/hooks/policy_enforcement.py:259}}
Aug 23 22:21:07.723191 dv-osbrick-852824-3-ceph neutron-server[109475]: INFO neutron.wsgi [req-d9b433d7-b121-432d-8785-388bda1c4d29 req-6bdba16f-a4b5-4895-bf71-b4e0006a10d3 tempest-TestVolumeBootPattern-1743617162 tempest-TestVolumeBootPattern-1743617162-project] 10.222.0.58 "GET /networking/v2.0/ports?device_id=88aa8ffa-4624-48d3-9227-65a75ac42240 HTTP/1.1" status: 200 len: 945 time: 0.0498168
Aug 23 22:21:07.775226 dv-osbrick-852824-3-ceph neutron-server[109475]: INFO neutron.wsgi [req-d9b433d7-b121-432d-8785-388bda1c4d29 req-1485303d-c80c-479d-8244-3a039c899775 tempest-TestVolumeBootPattern-1743617162 tempest-TestVolumeBootPattern-1743617162-project] 10.222.0.58 "GET /networking/v2.0/security-groups?id=717afc9e-c562-4249-a77f-6e103c42be21&fields=id&fields=name HTTP/1.1" status: 200 len: 286 time: 0.0419123
Aug 23 22:21:07.901787 dv-osbrick-852824-3-ceph neutron-server[109475]: DEBUG neutron.pecan_wsgi.hooks.policy_enforcement [req-3afd51a6-b2b6-4a18-bf8c-a16f0ad9d943 req-99ca4800-bb4a-4a9d-bc1b-87292584bbda tempest-TestVolumeBootPattern-1743617162 tempest-TestVolumeBootPattern-1743617162-project] Attributes excluded by policy engine: ['standard_attr_id', 'binding:profile', 'binding:host_id', 'binding:vif_type', 'binding:vif_details'] {{(pid=109475) _exclude_attributes_by_policy /opt/stack/neutron/neutron/pecan_wsgi/hooks/policy_enforcement.py:259}}
Aug 23 22:21:07.903121 dv-osbrick-852824-3-ceph neutron-server[109475]: INFO neutron.wsgi [req-3afd51a6-b2b6-4a18-bf8c-a16f0ad9d943 req-99ca4800-bb4a-4a9d-bc1b-87292584bbda tempest-TestVolumeBootPattern-1743617162 tempest-TestVolumeBootPattern-1743617162-project] 10.222.0.58 "GET /networking/v2.0/ports?device_id=88aa8ffa-4624-48d3-9227-65a75ac42240 HTTP/1.1" status: 200 len: 945 time: 0.0556288
Aug 23 22:21:07.952162 dv-osbrick-852824-3-ceph neutron-server[109475]: INFO neutron.wsgi [req-3afd51a6-b2b6-4a18-bf8c-a16f0ad9d943 req-4f4ba164-ff8b-4cec-9138-6834c603f060 tempest-TestVolumeBootPattern-1743617162 tempest-TestVolumeBootPattern-1743617162-project] 10.222.0.58 "GET /networking/v2.0/security-groups?id=717afc9e-c562-4249-a77f-6e103c42be21&fields=id&fields=name HTTP/1.1" status: 200 len: 286 time: 0.0433447
Aug 23 22:21:08.279668 dv-osbrick-852824-3-ceph neutron-server[109475]: DEBUG neutron.pecan_wsgi.hooks.policy_enforcement [req-141580a6-d5ee-479e-a029-f731243d9223 req-0100bbed-6dae-4061-bf61-f75c3daa8f58 tempest-TestVolumeBootPattern-1743617162 tempest-TestVolumeBootPattern-1743617162-project] Attributes excluded by policy engine: ['standard_attr_id', 'binding:profile', 'binding:host_id', 'binding:vif_type', 'binding:vif_details'] {{(pid=109475) _exclude_attributes_by_policy /opt/stack/neutron/neutron/pecan_wsgi/hooks/policy_enforcement.py:259}}
Aug 23 22:21:08.281530 dv-osbrick-852824-3-ceph neutron-server[109475]: INFO neutron.wsgi [req-141580a6-d5ee-479e-a029-f731243d9223 req-0100bbed-6dae-4061-bf61-f75c3daa8f58 tempest-TestVolumeBootPattern-1743617162 tempest-TestVolumeBootPattern-1743617162-project] 10.222.0.58 "GET /networking/v2.0/ports?device_id=88aa8ffa-4624-48d3-9227-65a75ac42240 HTTP/1.1" status: 200 len: 945 time: 0.0509398
Aug 23 22:21:08.336264 dv-osbrick-852824-3-ceph neutron-server[109475]: INFO neutron.wsgi [req-141580a6-d5ee-479e-a029-f731243d9223 req-a8f01fe9-b68f-4677-a19e-648c2eacd81f tempest-TestVolumeBootPattern-1743617162 tempest-TestVolumeBootPattern-1743617162-project] 10.222.0.58 "GET /networking/v2.0/security-groups?id=717afc9e-c562-4249-a77f-6e103c42be21&fields=id&fields=name HTTP/1.1" status: 200 len: 286 time: 0.0492206
Aug 23 22:21:09.477293 dv-osbrick-852824-3-ceph neutron-server[109475]: DEBUG neutron.pecan_wsgi.hooks.policy_enforcement [req-d0363ed5-2c3d-4edc-8b01-b79e7d6fe2a3 req-3a132258-37fa-4854-98a3-ccb2afac707b tempest-TestVolumeBootPattern-1743617162 tempest-TestVolumeBootPattern-1743617162-project] Attributes excluded by policy engine: ['standard_attr_id', 'binding:profile', 'binding:host_id', 'binding:vif_type', 'binding:vif_details'] {{(pid=109475) _exclude_attributes_by_policy /opt/stack/neutron/neutron/pecan_wsgi/hooks/policy_enforcement.py:259}}
Aug 23 22:21:09.479034 dv-osbrick-852824-3-ceph neutron-server[109475]: INFO neutron.wsgi [req-d0363ed5-2c3d-4edc-8b01-b79e7d6fe2a3 req-3a132258-37fa-4854-98a3-ccb2afac707b tempest-TestVolumeBootPattern-1743617162 tempest-TestVolumeBootPattern-1743617162-project] 10.222.0.58 "GET /networking/v2.0/ports?device_id=88aa8ffa-4624-48d3-9227-65a75ac42240 HTTP/1.1" status: 200 len: 945 time: 0.0566618
Aug 23 22:21:09.529151 dv-osbrick-852824-3-ceph neutron-server[109475]: INFO neutron.wsgi [req-d0363ed5-2c3d-4edc-8b01-b79e7d6fe2a3 req-b5fbdd14-d6fc-4bd7-8827-990ab4e2d214 tempest-TestVolumeBootPattern-1743617162 tempest-TestVolumeBootPattern-1743617162-project] 10.222.0.58 "GET /networking/v2.0/security-groups?id=717afc9e-c562-4249-a77f-6e103c42be21&fields=id&fields=name HTTP/1.1" status: 200 len: 286 time: 0.0440807
Aug 23 22:21:09.991199 dv-osbrick-852824-3-ceph neutron-server[109474]: DEBUG neutron.pecan_wsgi.hooks.policy_enforcement [req-5e57046a-062f-45ab-9822-f296b4d72e80 req-f429fe9a-04e1-45e7-bec6-705c608c2b0e tempest-TestVolumeBootPattern-1743617162 tempest-TestVolumeBootPattern-1743617162-project] Attributes excluded by policy engine: ['standard_attr_id', 'binding:profile', 'binding:host_id', 'binding:vif_type', 'binding:vif_details'] {{(pid=109474) _exclude_attributes_by_policy /opt/stack/neutron/neutron/pecan_wsgi/hooks/policy_enforcement.py:259}}
Aug 23 22:21:09.993399 dv-osbrick-852824-3-ceph neutron-server[109474]: INFO neutron.wsgi [req-5e57046a-062f-45ab-9822-f296b4d72e80 req-f429fe9a-04e1-45e7-bec6-705c608c2b0e tempest-TestVolumeBootPattern-1743617162 tempest-TestVolumeBootPattern-1743617162-project] 10.222.0.17 "GET /networking/v2.0/ports?device_id=88aa8ffa-4624-48d3-9227-65a75ac42240 HTTP/1.1" status: 200 len: 945 time: 0.0473208
Aug 23 22:21:10.079931 dv-osbrick-852824-3-ceph neutron-server[109474]: DEBUG neutron.plugins.ml2.plugin [req-5e57046a-062f-45ab-9822-f296b4d72e80 req-1629e67c-4a10-4d36-a61c-be4f9b89647a tempest-TestVolumeBootPattern-1743617162 tempest-TestVolumeBootPattern-1743617162-project] Deleting port 3258783e-47e2-4051-869a-a4d19db8ef58 {{(pid=109474) _pre_delete_port /opt/stack/neutron/neutron/plugins/ml2/plugin.py:2047}}
Aug 23 22:21:10.080280 dv-osbrick-852824-3-ceph neutron-server[109474]: DEBUG neutron_lib.callbacks.manager [req-5e57046a-062f-45ab-9822-f296b4d72e80 req-1629e67c-4a10-4d36-a61c-be4f9b89647a tempest-TestVolumeBootPattern-1743617162 tempest-TestVolumeBootPattern-1743617162-project] Publish callbacks ['neutron.db.l3_db.L3_NAT_dbonly_mixin._prevent_l3_port_delete_callback-8750698404356'] for port (3258783e-47e2-4051-869a-a4d19db8ef58), before_delete {{(pid=109474) _notify_loop /usr/local/lib/python3.8/dist-packages/neutron_lib/callbacks/manager.py:176}}
Aug 23 22:21:10.156505 dv-osbrick-852824-3-ceph neutron-server[109474]: DEBUG dbcounter [-] [109474] Writing DB stats neutron:SELECT=100 {{(pid=109474) stat_writer /usr/local/lib/python3.8/dist-packages/dbcounter.py:114}}
Aug 23 22:21:10.169202 dv-osbrick-852824-3-ceph neutron-server[109474]: DEBUG neutron.plugins.ml2.db [req-5e57046a-062f-45ab-9822-f296b4d72e80 req-1629e67c-4a10-4d36-a61c-be4f9b89647a tempest-TestVolumeBootPattern-1743617162 tempest-TestVolumeBootPattern-1743617162-project] For port 3258783e-47e2-4051-869a-a4d19db8ef58, host hv-osbrick-8528, got binding levels [PortBindingLevel(driver='hyperv',host='hv-osbrick-8528',level=0,port_id=3258783e-47e2-4051-869a-a4d19db8ef58,segment=NetworkSegment(705fd54f-37ce-4680-a915-e53068a7a378),segment_id=705fd54f-37ce-4680-a915-e53068a7a378)] {{(pid=109474) get_binding_level_objs /opt/stack/neutron/neutron/plugins/ml2/db.py:74}}
Aug 23 22:21:10.169580 dv-osbrick-852824-3-ceph neutron-server[109474]: DEBUG neutron_lib.callbacks.manager [req-5e57046a-062f-45ab-9822-f296b4d72e80 req-1629e67c-4a10-4d36-a61c-be4f9b89647a tempest-TestVolumeBootPattern-1743617162 tempest-TestVolumeBootPattern-1743617162-project] Publish callbacks ['neutron.services.l3_router.l3_router_plugin.L3_NAT_dbonly_mixin._precommit_delete_port_callback-8068750'] for port (3258783e-47e2-4051-869a-a4d19db8ef58), precommit_delete {{(pid=109474) _notify_loop /usr/local/lib/python3.8/dist-packages/neutron_lib/callbacks/manager.py:176}}
Aug 23 22:21:10.184523 dv-osbrick-852824-3-ceph neutron-server[109474]: DEBUG neutron.plugins.ml2.plugin [req-5e57046a-062f-45ab-9822-f296b4d72e80 req-1629e67c-4a10-4d36-a61c-be4f9b89647a tempest-TestVolumeBootPattern-1743617162 tempest-TestVolumeBootPattern-1743617162-project] Calling delete_port for 3258783e-47e2-4051-869a-a4d19db8ef58 owned by compute:nova {{(pid=109474) delete_port /opt/stack/neutron/neutron/plugins/ml2/plugin.py:2126}}
Aug 23 22:21:10.488506 dv-osbrick-852824-3-ceph neutron-server[109474]: DEBUG neutron_lib.callbacks.manager [req-5e57046a-062f-45ab-9822-f296b4d72e80 req-1629e67c-4a10-4d36-a61c-be4f9b89647a tempest-TestVolumeBootPattern-1743617162 tempest-TestVolumeBootPattern-1743617162-project] Publish callbacks ['neutron.plugins.ml2.plugin.SecurityGroupServerNotifierRpcMixin._notify_sg_on_port_change-776175', 'neutron.plugins.ml2.ovo_rpc._ObjectChangeHandler.handle_event-453326', 'neutron.api.rpc.agentnotifiers.dhcp_rpc_agent_api.DhcpAgentNotifyAPI._native_event_send_dhcp_notification-148315', 'neutron.db.l3_db.L3RpcNotifierMixin._notify_routers_callback-8750698408825', 'neutron.db.l3_dvrscheduler_db._notify_port_delete-8750697935800'] for port (3258783e-47e2-4051-869a-a4d19db8ef58), after_delete {{(pid=109474) _notify_loop /usr/local/lib/python3.8/dist-packages/neutron_lib/callbacks/manager.py:176}}
Aug 23 22:21:10.516927 dv-osbrick-852824-3-ceph neutron-server[109474]: DEBUG neutron.api.rpc.handlers.resources_rpc [None req-1629e67c-4a10-4d36-a61c-be4f9b89647a tempest-TestVolumeBootPattern-1743617162 tempest-TestVolumeBootPattern-1743617162-project] Pushing event deleted for resources: {'Port': ['ID=3258783e-47e2-4051-869a-a4d19db8ef58,revision_number=None']} {{(pid=109474) push /opt/stack/neutron/neutron/api/rpc/handlers/resources_rpc.py:237}}
Aug 23 22:21:10.538634 dv-osbrick-852824-3-ceph neutron-server[109476]: DEBUG neutron.plugins.ml2.db [None req-41d7c4f2-bab5-4bf9-8384-3ec4cf0cca89 None None] get_ports_and_sgs() called for port_ids ['0a223977-91f1-4b42-84e9-7548bab987c3', '3258783e-47e2-4051-869a-a4d19db8ef58'] {{(pid=109476) get_ports_and_sgs /opt/stack/neutron/neutron/plugins/ml2/db.py:163}}
Aug 23 22:21:10.591509 dv-osbrick-852824-3-ceph neutron-server[109474]: DEBUG neutron.db.l3_dvrscheduler_db [req-5e57046a-062f-45ab-9822-f296b4d72e80 req-1629e67c-4a10-4d36-a61c-be4f9b89647a tempest-TestVolumeBootPattern-1743617162 tempest-TestVolumeBootPattern-1743617162-project] No DVR routers for this DVR port 3258783e-47e2-4051-869a-a4d19db8ef58 on host hv-osbrick-8528 {{(pid=109474) get_dvr_routers_to_remove /opt/stack/neutron/neutron/db/l3_dvrscheduler_db.py:215}}
Aug 23 22:21:10.595697 dv-osbrick-852824-3-ceph neutron-server[109474]: DEBUG neutron_lib.callbacks.manager [req-5e57046a-062f-45ab-9822-f296b4d72e80 req-1629e67c-4a10-4d36-a61c-be4f9b89647a tempest-TestVolumeBootPattern-1743617162 tempest-TestVolumeBootPattern-1743617162-project] Publish callbacks ['neutron.notifiers.nova.Notifier._send_nova_notification-36561'] for port (None), before_response {{(pid=109474) _notify_loop /usr/local/lib/python3.8/dist-packages/neutron_lib/callbacks/manager.py:176}}
Aug 23 22:21:10.603040 dv-osbrick-852824-3-ceph neutron-server[109474]: INFO neutron.wsgi [req-5e57046a-062f-45ab-9822-f296b4d72e80 req-1629e67c-4a10-4d36-a61c-be4f9b89647a tempest-TestVolumeBootPattern-1743617162 tempest-TestVolumeBootPattern-1743617162-project] 10.222.0.17 "DELETE /networking/v2.0/ports/3258783e-47e2-4051-869a-a4d19db8ef58 HTTP/1.1" status: 204 len: 173 time: 0.6045654
Aug 23 22:21:10.603974 dv-osbrick-852824-3-ceph neutron-server[109474]: DEBUG neutron.notifiers.nova [-] Sending events: [{'server_uuid': '88aa8ffa-4624-48d3-9227-65a75ac42240', 'name': 'network-vif-deleted', 'tag': '3258783e-47e2-4051-869a-a4d19db8ef58'}] {{(pid=109474) send_events /opt/stack/neutron/neutron/notifiers/nova.py:271}}
Aug 23 22:21:10.618279 dv-osbrick-852824-3-ceph neutron-server[109474]: DEBUG novaclient.v2.client [-] REQ: curl -g -i --cacert "/opt/stack/data/ca-bundle.pem" -X POST http://10.222.0.58/compute/v2.1/os-server-external-events -H "Accept: application/json" -H "Content-Type: application/json" -H "User-Agent: python-novaclient" -H "X-Auth-Token: {SHA256}cd68f882dbaad0e98d66660b0399268ecddffc9d2ee2ddf859af6fe998b70d79" -H "X-OpenStack-Nova-API-Version: 2.1" -H "X-OpenStack-Request-ID: req-0e3d02a6-86f0-4437-95c0-db96a703e17b" -d '{"events": [{"server_uuid": "88aa8ffa-4624-48d3-9227-65a75ac42240", "name": "network-vif-deleted", "tag": "3258783e-47e2-4051-869a-a4d19db8ef58"}]}' {{(pid=109474) _http_log_request /usr/local/lib/python3.8/dist-packages/keystoneauth1/session.py:519}}
Aug 23 22:21:10.676084 dv-osbrick-852824-3-ceph neutron-server[109475]: INFO neutron.wsgi [req-8e2e899c-f7d0-472f-b51c-f710fcb74d2a req-e3f162f2-4ae4-4397-89f7-43ba5cba0d4e tempest-TestVolumeBootPattern-1743617162 tempest-TestVolumeBootPattern-1743617162-project] 10.222.0.58 "GET /networking/v2.0/ports?device_id=88aa8ffa-4624-48d3-9227-65a75ac42240 HTTP/1.1" status: 200 len: 210 time: 0.0478086
Aug 23 22:21:10.696337 dv-osbrick-852824-3-ceph neutron-server[109474]: DEBUG novaclient.v2.client [-] RESP: [200] Connection: close Content-Length: 183 Content-Type: application/json Date: Tue, 23 Aug 2022 22:21:10 GMT OpenStack-API-Version: compute 2.1 Server: Apache/2.4.41 (Ubuntu) Vary: OpenStack-API-Version,X-OpenStack-Nova-API-Version X-OpenStack-Nova-API-Version: 2.1 x-compute-request-id: req-546c4b5a-d5b6-4e51-9e6b-90952c78aef3 x-openstack-request-id: req-546c4b5a-d5b6-4e51-9e6b-90952c78aef3 {{(pid=109474) _http_log_response /usr/local/lib/python3.8/dist-packages/keystoneauth1/session.py:550}}
Aug 23 22:21:10.696708 dv-osbrick-852824-3-ceph neutron-server[109474]: DEBUG novaclient.v2.client [-] RESP BODY: {"events": [{"server_uuid": "88aa8ffa-4624-48d3-9227-65a75ac42240", "name": "network-vif-deleted", "tag": "3258783e-47e2-4051-869a-a4d19db8ef58", "status": "completed", "code": 200}]} {{(pid=109474) _http_log_response /usr/local/lib/python3.8/dist-packages/keystoneauth1/session.py:582}}
Aug 23 22:21:10.697038 dv-osbrick-852824-3-ceph neutron-server[109474]: DEBUG novaclient.v2.client [-] POST call to compute for http://10.222.0.58/compute/v2.1/os-server-external-events used request id req-546c4b5a-d5b6-4e51-9e6b-90952c78aef3 {{(pid=109474) request /usr/local/lib/python3.8/dist-packages/keystoneauth1/session.py:954}}
Aug 23 22:21:10.697513 dv-osbrick-852824-3-ceph neutron-server[109474]: INFO neutron.notifiers.nova [-] Nova event matching ['req-546c4b5a-d5b6-4e51-9e6b-90952c78aef3'] response: {'server_uuid': '88aa8ffa-4624-48d3-9227-65a75ac42240', 'name': 'network-vif-deleted', 'tag': '3258783e-47e2-4051-869a-a4d19db8ef58', 'status': 'completed', 'code': 200}
Aug 23 22:21:12.901959 dv-osbrick-852824-3-ceph neutron-server[109476]: DEBUG neutron_lib.callbacks.manager [None req-41d7c4f2-bab5-4bf9-8384-3ec4cf0cca89 None None] Publish callbacks ['neutron.services.segments.db._update_segment_host_mapping_for_agent-8750698332528', 'neutron.plugins.ml2.plugin.Ml2Plugin._retry_binding_revived_agents-715881'] for agent (137c9053-49c5-45d6-be47-801089fa72a1), after_update {{(pid=109476) _notify_loop /usr/local/lib/python3.8/dist-packages/neutron_lib/callbacks/manager.py:176}}
Aug 23 22:21:14.164064 dv-osbrick-852824-3-ceph neutron-server[109476]: DEBUG neutron.plugins.ml2.rpc [None req-41d7c4f2-bab5-4bf9-8384-3ec4cf0cca89 None None] Device 3258783e-47e2-4051-869a-a4d19db8ef58 no longer exists at agent hyperv_hv-osbrick-8528 {{(pid=109476) update_device_down /opt/stack/neutron/neutron/plugins/ml2/rpc.py:259}}
Aug 23 22:21:14.185550 dv-osbrick-852824-3-ceph neutron-server[109476]: DEBUG neutron.plugins.ml2.plugin [None req-41d7c4f2-bab5-4bf9-8384-3ec4cf0cca89 None None] No Port match for: 3258783e-47e2-4051-869a-a4d19db8ef58 {{(pid=109476) port_bound_to_host /opt/stack/neutron/neutron/plugins/ml2/plugin.py:2386}}
Aug 23 22:21:14.185899 dv-osbrick-852824-3-ceph neutron-server[109476]: DEBUG neutron.plugins.ml2.rpc [None req-41d7c4f2-bab5-4bf9-8384-3ec4cf0cca89 None None] Device 3258783e-47e2-4051-869a-a4d19db8ef58 not bound to the agent host hv-osbrick-8528 {{(pid=109476) update_device_down /opt/stack/neutron/neutron/plugins/ml2/rpc.py:269}}
Aug 23 22:21:17.487342 dv-osbrick-852824-3-ceph neutron-server[109474]: INFO neutron.wsgi [req-fe1562c4-d888-482e-82f3-a07c3f14df70 req-d5f9a731-0975-4257-a5f5-73f3276fc8bf service neutron] 10.222.0.17 "GET /networking/v2.0/ports?device_id=47568fb3-bf83-4dbd-b655-1aca33a30dde&fields=binding%3Ahost_id&fields=binding%3Avif_type HTTP/1.1" status: 200 len: 275 time: 0.0492330
Aug 23 22:21:17.623104 dv-osbrick-852824-3-ceph neutron-server[109474]: DEBUG neutron.pecan_wsgi.hooks.policy_enforcement [req-fe1562c4-d888-482e-82f3-a07c3f14df70 req-1fae560a-54b4-491f-857d-c41fcc885f44 service neutron] Attributes excluded by policy engine: ['standard_attr_id'] {{(pid=109474) _exclude_attributes_by_policy /opt/stack/neutron/neutron/pecan_wsgi/hooks/policy_enforcement.py:259}}
Aug 23 22:21:17.624617 dv-osbrick-852824-3-ceph neutron-server[109474]: INFO neutron.wsgi [req-fe1562c4-d888-482e-82f3-a07c3f14df70 req-1fae560a-54b4-491f-857d-c41fcc885f44 service neutron] 10.222.0.17 "GET /networking/v2.0/ports?tenant_id=9bb6dd312829496eae2a76fbf0f3b55c&device_id=47568fb3-bf83-4dbd-b655-1aca33a30dde HTTP/1.1" status: 200 len: 1168 time: 0.0500343
Aug 23 22:21:17.755075 dv-osbrick-852824-3-ceph neutron-server[109474]: DEBUG neutron.pecan_wsgi.hooks.policy_enforcement [req-fe1562c4-d888-482e-82f3-a07c3f14df70 req-b397719e-9ce6-42da-aaa0-98d9193f1258 service neutron] Attributes excluded by policy engine: ['standard_attr_id', 'vlan_transparent'] {{(pid=109474) _exclude_attributes_by_policy /opt/stack/neutron/neutron/pecan_wsgi/hooks/policy_enforcement.py:259}}
Aug 23 22:21:17.756696 dv-osbrick-852824-3-ceph neutron-server[109474]: INFO neutron.wsgi [req-fe1562c4-d888-482e-82f3-a07c3f14df70 req-b397719e-9ce6-42da-aaa0-98d9193f1258 service neutron] 10.222.0.17 "GET /networking/v2.0/networks?id=da8b42cb-cdba-4216-8221-ded1022b46ef HTTP/1.1" status: 200 len: 915 time: 0.1077185
Aug 23 22:21:17.832732 dv-osbrick-852824-3-ceph neutron-server[109474]: INFO neutron.wsgi [req-fe1562c4-d888-482e-82f3-a07c3f14df70 req-69708ef4-0005-4797-bea0-bfa52be12409 service neutron] 10.222.0.17 "GET /networking/v2.0/floatingips?fixed_ip_address=172.20.0.3&port_id=46eb4f80-67e8-4d9d-bbd5-2e0ea677e3da HTTP/1.1" status: 200 len: 1001 time: 0.0697505
Aug 23 22:21:17.890008 dv-osbrick-852824-3-ceph neutron-server[109474]: DEBUG dbcounter [-] [109474] Writing DB stats neutron:SELECT=96,neutron:DELETE=4 {{(pid=109474) stat_writer /usr/local/lib/python3.8/dist-packages/dbcounter.py:114}}
Aug 23 22:21:17.904649 dv-osbrick-852824-3-ceph neutron-server[109474]: DEBUG neutron.pecan_wsgi.hooks.policy_enforcement [req-fe1562c4-d888-482e-82f3-a07c3f14df70 req-e72a5137-14ab-40fe-bbe6-e99f49b0af7b service neutron] Attributes excluded by policy engine: ['standard_attr_id', 'shared'] {{(pid=109474) _exclude_attributes_by_policy /opt/stack/neutron/neutron/pecan_wsgi/hooks/policy_enforcement.py:259}}
Aug 23 22:21:17.906137 dv-osbrick-852824-3-ceph neutron-server[109474]: INFO neutron.wsgi [req-fe1562c4-d888-482e-82f3-a07c3f14df70 req-e72a5137-14ab-40fe-bbe6-e99f49b0af7b service neutron] 10.222.0.17 "GET /networking/v2.0/subnets?id=98de6c39-dbee-4e44-9662-c385f30d45c6 HTTP/1.1" status: 200 len: 853 time: 0.0672374
Aug 23 22:21:17.956789 dv-osbrick-852824-3-ceph neutron-server[109474]: DEBUG neutron.pecan_wsgi.hooks.policy_enforcement [req-fe1562c4-d888-482e-82f3-a07c3f14df70 req-978c6ee1-ba53-4966-9795-743f5297ae3f service neutron] Attributes excluded by policy engine: ['standard_attr_id'] {{(pid=109474) _exclude_attributes_by_policy /opt/stack/neutron/neutron/pecan_wsgi/hooks/policy_enforcement.py:259}}
Aug 23 22:21:17.958320 dv-osbrick-852824-3-ceph neutron-server[109474]: INFO neutron.wsgi [req-fe1562c4-d888-482e-82f3-a07c3f14df70 req-978c6ee1-ba53-4966-9795-743f5297ae3f service neutron] 10.222.0.17 "GET /networking/v2.0/ports?network_id=da8b42cb-cdba-4216-8221-ded1022b46ef&device_owner=network%3Adhcp HTTP/1.1" status: 200 len: 1212 time: 0.0452893
Aug 23 22:21:18.062819 dv-osbrick-852824-3-ceph neutron-server[109474]: INFO neutron.wsgi [req-fe1562c4-d888-482e-82f3-a07c3f14df70 req-14757e14-1f8b-46b0-bfb3-9590e83b67c2 service neutron] 10.222.0.17 "GET /networking/v2.0/networks/da8b42cb-cdba-4216-8221-ded1022b46ef?fields=segments HTTP/1.1" status: 200 len: 212 time: 0.0984209
Aug 23 22:21:18.170884 dv-osbrick-852824-3-ceph neutron-server[109474]: INFO neutron.wsgi [req-fe1562c4-d888-482e-82f3-a07c3f14df70 req-ce8259ce-5f0c-47be-ba6a-ea7b258a9aba service neutron] 10.222.0.17 "GET /networking/v2.0/networks/da8b42cb-cdba-4216-8221-ded1022b46ef?fields=provider%3Aphysical_network&fields=provider%3Anetwork_type HTTP/1.1" status: 200 len: 281 time: 0.0979118
Aug 23 22:21:19.521958 dv-osbrick-852824-3-ceph neutron-server[109475]: DEBUG dbcounter [-] [109475] Writing DB stats neutron:SELECT=46 {{(pid=109475) stat_writer /usr/local/lib/python3.8/dist-packages/dbcounter.py:114}}
Aug 23 22:21:20.668065 dv-osbrick-852824-3-ceph neutron-server[109475]: DEBUG dbcounter [-] [109475] Writing DB stats neutron:SELECT=45 {{(pid=109475) stat_writer /usr/local/lib/python3.8/dist-packages/dbcounter.py:114}}
Aug 23 22:21:24.169694 dv-osbrick-852824-3-ceph neutron-server[109476]: DEBUG dbcounter [-] [109476] Writing DB stats neutron:SELECT=34,neutron:UPDATE=2 {{(pid=109476) stat_writer /usr/local/lib/python3.8/dist-packages/dbcounter.py:114}}
Aug 23 22:21:24.170331 dv-osbrick-852824-3-ceph neutron-server[109476]: DEBUG dbcounter [-] [109476] Writing DB stats neutron:SELECT=68,neutron:UPDATE=1 {{(pid=109476) stat_writer /usr/local/lib/python3.8/dist-packages/dbcounter.py:114}}
Aug 23 22:21:27.738197 dv-osbrick-852824-3-ceph neutron-server[109476]: DEBUG neutron_lib.callbacks.manager [None req-6f53be66-2ec2-4c5e-b1db-1d2ce4bdb7d1 None None] Publish callbacks ['neutron.services.segments.db._update_segment_host_mapping_for_agent-8750698332528', 'neutron.plugins.ml2.plugin.Ml2Plugin._retry_binding_revived_agents-715881'] for agent (9705b66b-677d-4f44-a2f7-202b12fd9576), after_update {{(pid=109476) _notify_loop /usr/local/lib/python3.8/dist-packages/neutron_lib/callbacks/manager.py:176}}
Aug 23 22:21:28.164875 dv-osbrick-852824-3-ceph neutron-server[109474]: DEBUG dbcounter [-] [109474] Writing DB stats neutron:SELECT=68,neutron:DELETE=4 {{(pid=109474) stat_writer /usr/local/lib/python3.8/dist-packages/dbcounter.py:114}}
Aug 23 22:21:28.168420 dv-osbrick-852824-3-ceph neutron-server[109474]: DEBUG dbcounter [-] [109474] Writing DB stats neutron:SELECT=27 {{(pid=109474) stat_writer /usr/local/lib/python3.8/dist-packages/dbcounter.py:114}}
Aug 23 22:21:29.797414 dv-osbrick-852824-3-ceph neutron-server[109476]: DEBUG neutron_lib.callbacks.manager [None req-df2ecf70-9651-443a-b8a1-da959c36e650 None None] Publish callbacks ['neutron.services.segments.db._update_segment_host_mapping_for_agent-8750698332528', 'neutron.plugins.ml2.plugin.Ml2Plugin._retry_binding_revived_agents-715881'] for agent (2cd48492-5fed-4958-b473-55194878b1cf), after_update {{(pid=109476) _notify_loop /usr/local/lib/python3.8/dist-packages/neutron_lib/callbacks/manager.py:176}}
Aug 23 22:21:31.045128 dv-osbrick-852824-3-ceph neutron-server[109476]: DEBUG neutron_lib.callbacks.manager [None req-15abe3ca-e3a2-4431-98d5-19b61ce90156 None None] Publish callbacks ['neutron.services.segments.db._update_segment_host_mapping_for_agent-8750698332528', 'neutron.plugins.ml2.plugin.Ml2Plugin._retry_binding_revived_agents-715881'] for agent (eda5c448-cfb8-4b24-9a53-cb536193d6ed), after_update {{(pid=109476) _notify_loop /usr/local/lib/python3.8/dist-packages/neutron_lib/callbacks/manager.py:176}}
Aug 23 22:21:33.958854 dv-osbrick-852824-3-ceph neutron-server[109476]: DEBUG neutron_lib.callbacks.manager [None req-7f6e3be1-032a-4e5a-ba0b-f604559a49a7 None None] Publish callbacks ['neutron.services.segments.db._update_segment_host_mapping_for_agent-8750698332528', 'neutron.plugins.ml2.plugin.Ml2Plugin._retry_binding_revived_agents-715881'] for agent (30de2740-8817-4982-ac6b-561d86670367), after_update {{(pid=109476) _notify_loop /usr/local/lib/python3.8/dist-packages/neutron_lib/callbacks/manager.py:176}}
Aug 23 22:21:35.514872 dv-osbrick-852824-3-ceph neutron-server[109477]: DEBUG dbcounter [-] [109477] Writing DB stats neutron:SELECT=4,neutron:DELETE=1 {{(pid=109477) stat_writer /usr/local/lib/python3.8/dist-packages/dbcounter.py:114}}
Aug 23 22:21:35.516488 dv-osbrick-852824-3-ceph neutron-server[109477]: DEBUG dbcounter [-] [109477] Writing DB stats neutron:SELECT=5 {{(pid=109477) stat_writer /usr/local/lib/python3.8/dist-packages/dbcounter.py:114}}
Aug 23 22:21:42.901368 dv-osbrick-852824-3-ceph neutron-server[109476]: DEBUG neutron_lib.callbacks.manager [None req-41d7c4f2-bab5-4bf9-8384-3ec4cf0cca89 None None] Publish callbacks ['neutron.services.segments.db._update_segment_host_mapping_for_agent-8750698332528', 'neutron.plugins.ml2.plugin.Ml2Plugin._retry_binding_revived_agents-715881'] for agent (137c9053-49c5-45d6-be47-801089fa72a1), after_update {{(pid=109476) _notify_loop /usr/local/lib/python3.8/dist-packages/neutron_lib/callbacks/manager.py:176}}
Aug 23 22:21:43.127679 dv-osbrick-852824-3-ceph neutron-server[109475]: DEBUG neutron.pecan_wsgi.hooks.policy_enforcement [req-d2b205e9-a0ee-4706-b826-e7bfd42867d8 req-9f99acc0-50e3-4ad5-a269-d5abaaa25ea5 tempest-TestVolumeBootPattern-1743617162 tempest-TestVolumeBootPattern-1743617162-project] Attributes excluded by policy engine: ['standard_attr_id', 'binding:profile', 'binding:host_id', 'binding:vif_type', 'binding:vif_details'] {{(pid=109475) _exclude_attributes_by_policy /opt/stack/neutron/neutron/pecan_wsgi/hooks/policy_enforcement.py:259}}
Aug 23 22:21:43.129351 dv-osbrick-852824-3-ceph neutron-server[109475]: INFO neutron.wsgi [req-d2b205e9-a0ee-4706-b826-e7bfd42867d8 req-9f99acc0-50e3-4ad5-a269-d5abaaa25ea5 tempest-TestVolumeBootPattern-1743617162 tempest-TestVolumeBootPattern-1743617162-project] 10.222.0.58 "GET /networking/v2.0/ports?device_id=bc7bc538-7184-40fb-8bb7-26f536439f23 HTTP/1.1" status: 200 len: 945 time: 0.0539479
Aug 23 22:21:43.187702 dv-osbrick-852824-3-ceph neutron-server[109475]: INFO neutron.wsgi [req-d2b205e9-a0ee-4706-b826-e7bfd42867d8 req-eacad6ce-a56a-4788-baa7-6550fe3184ce tempest-TestVolumeBootPattern-1743617162 tempest-TestVolumeBootPattern-1743617162-project] 10.222.0.58 "GET /networking/v2.0/security-groups?id=717afc9e-c562-4249-a77f-6e103c42be21&fields=id&fields=name HTTP/1.1" status: 200 len: 286 time: 0.0527120
Aug 23 22:21:43.513140 dv-osbrick-852824-3-ceph neutron-server[109477]: DEBUG neutron.db.agents_db [None req-dd6a0a75-aeaa-41af-b12f-b876ba667a54 None None] Agent healthcheck: found 5 active agents {{(pid=109477) agent_health_check /opt/stack/neutron/neutron/db/agents_db.py:317}}
Aug 23 22:21:44.312675 dv-osbrick-852824-3-ceph neutron-server[109475]: DEBUG neutron.pecan_wsgi.hooks.policy_enforcement [req-b6dba64c-e0bd-4198-b5d6-4885bb08c6b3 req-c710c343-b692-4ed3-8003-d9bede9ecf5a tempest-TestVolumeBootPattern-1743617162 tempest-TestVolumeBootPattern-1743617162-project] Attributes excluded by policy engine: ['standard_attr_id', 'binding:profile', 'binding:host_id', 'binding:vif_type', 'binding:vif_details'] {{(pid=109475) _exclude_attributes_by_policy /opt/stack/neutron/neutron/pecan_wsgi/hooks/policy_enforcement.py:259}}
Aug 23 22:21:44.314157 dv-osbrick-852824-3-ceph neutron-server[109475]: INFO neutron.wsgi [req-b6dba64c-e0bd-4198-b5d6-4885bb08c6b3 req-c710c343-b692-4ed3-8003-d9bede9ecf5a tempest-TestVolumeBootPattern-1743617162 tempest-TestVolumeBootPattern-1743617162-project] 10.222.0.58 "GET /networking/v2.0/ports?device_id=bc7bc538-7184-40fb-8bb7-26f536439f23 HTTP/1.1" status: 200 len: 945 time: 0.0483770
Aug 23 22:21:44.361675 dv-osbrick-852824-3-ceph neutron-server[109475]: INFO neutron.wsgi [req-b6dba64c-e0bd-4198-b5d6-4885bb08c6b3 req-c3bce833-6c32-41cd-8f3a-e9542e9addf8 tempest-TestVolumeBootPattern-1743617162 tempest-TestVolumeBootPattern-1743617162-project] 10.222.0.58 "GET /networking/v2.0/security-groups?id=717afc9e-c562-4249-a77f-6e103c42be21&fields=id&fields=name HTTP/1.1" status: 200 len: 286 time: 0.0420792
Aug 23 22:21:44.866334 dv-osbrick-852824-3-ceph neutron-server[109474]: DEBUG neutron.pecan_wsgi.hooks.policy_enforcement [req-c5c32d31-d5ce-4e40-a7b7-5ba03feb2bc8 req-b727c00e-a099-4381-9539-45370cae1fbd tempest-TestVolumeBootPattern-1743617162 tempest-TestVolumeBootPattern-1743617162-project] Attributes excluded by policy engine: ['standard_attr_id', 'binding:profile', 'binding:host_id', 'binding:vif_type', 'binding:vif_details'] {{(pid=109474) _exclude_attributes_by_policy /opt/stack/neutron/neutron/pecan_wsgi/hooks/policy_enforcement.py:259}}
Aug 23 22:21:44.867792 dv-osbrick-852824-3-ceph neutron-server[109474]: INFO neutron.wsgi [req-c5c32d31-d5ce-4e40-a7b7-5ba03feb2bc8 req-b727c00e-a099-4381-9539-45370cae1fbd tempest-TestVolumeBootPattern-1743617162 tempest-TestVolumeBootPattern-1743617162-project] 10.222.0.17 "GET /networking/v2.0/ports?device_id=bc7bc538-7184-40fb-8bb7-26f536439f23 HTTP/1.1" status: 200 len: 945 time: 0.0478024
Aug 23 22:21:44.961413 dv-osbrick-852824-3-ceph neutron-server[109474]: DEBUG neutron.plugins.ml2.plugin [req-c5c32d31-d5ce-4e40-a7b7-5ba03feb2bc8 req-45072fa0-b820-4181-a610-34bfb3ae6cd3 tempest-TestVolumeBootPattern-1743617162 tempest-TestVolumeBootPattern-1743617162-project] Deleting port 0a223977-91f1-4b42-84e9-7548bab987c3 {{(pid=109474) _pre_delete_port /opt/stack/neutron/neutron/plugins/ml2/plugin.py:2047}}
Aug 23 22:21:44.961749 dv-osbrick-852824-3-ceph neutron-server[109474]: DEBUG neutron_lib.callbacks.manager [req-c5c32d31-d5ce-4e40-a7b7-5ba03feb2bc8 req-45072fa0-b820-4181-a610-34bfb3ae6cd3 tempest-TestVolumeBootPattern-1743617162 tempest-TestVolumeBootPattern-1743617162-project] Publish callbacks ['neutron.db.l3_db.L3_NAT_dbonly_mixin._prevent_l3_port_delete_callback-8750698404356'] for port (0a223977-91f1-4b42-84e9-7548bab987c3), before_delete {{(pid=109474) _notify_loop /usr/local/lib/python3.8/dist-packages/neutron_lib/callbacks/manager.py:176}}
Aug 23 22:21:45.053570 dv-osbrick-852824-3-ceph neutron-server[109474]: DEBUG neutron.plugins.ml2.db [req-c5c32d31-d5ce-4e40-a7b7-5ba03feb2bc8 req-45072fa0-b820-4181-a610-34bfb3ae6cd3 tempest-TestVolumeBootPattern-1743617162 tempest-TestVolumeBootPattern-1743617162-project] For port 0a223977-91f1-4b42-84e9-7548bab987c3, host hv-osbrick-8528, got binding levels [PortBindingLevel(driver='hyperv',host='hv-osbrick-8528',level=0,port_id=0a223977-91f1-4b42-84e9-7548bab987c3,segment=NetworkSegment(705fd54f-37ce-4680-a915-e53068a7a378),segment_id=705fd54f-37ce-4680-a915-e53068a7a378)] {{(pid=109474) get_binding_level_objs /opt/stack/neutron/neutron/plugins/ml2/db.py:74}}
Aug 23 22:21:45.053931 dv-osbrick-852824-3-ceph neutron-server[109474]: DEBUG neutron_lib.callbacks.manager [req-c5c32d31-d5ce-4e40-a7b7-5ba03feb2bc8 req-45072fa0-b820-4181-a610-34bfb3ae6cd3 tempest-TestVolumeBootPattern-1743617162 tempest-TestVolumeBootPattern-1743617162-project] Publish callbacks ['neutron.services.l3_router.l3_router_plugin.L3_NAT_dbonly_mixin._precommit_delete_port_callback-8068750'] for port (0a223977-91f1-4b42-84e9-7548bab987c3), precommit_delete {{(pid=109474) _notify_loop /usr/local/lib/python3.8/dist-packages/neutron_lib/callbacks/manager.py:176}}
Aug 23 22:21:45.068865 dv-osbrick-852824-3-ceph neutron-server[109474]: DEBUG neutron.plugins.ml2.plugin [req-c5c32d31-d5ce-4e40-a7b7-5ba03feb2bc8 req-45072fa0-b820-4181-a610-34bfb3ae6cd3 tempest-TestVolumeBootPattern-1743617162 tempest-TestVolumeBootPattern-1743617162-project] Calling delete_port for 0a223977-91f1-4b42-84e9-7548bab987c3 owned by compute:nova {{(pid=109474) delete_port /opt/stack/neutron/neutron/plugins/ml2/plugin.py:2126}}
Aug 23 22:21:45.206589 dv-osbrick-852824-3-ceph neutron-server[109474]: DEBUG neutron_lib.callbacks.manager [req-c5c32d31-d5ce-4e40-a7b7-5ba03feb2bc8 req-45072fa0-b820-4181-a610-34bfb3ae6cd3 tempest-TestVolumeBootPattern-1743617162 tempest-TestVolumeBootPattern-1743617162-project] Publish callbacks ['neutron.plugins.ml2.plugin.SecurityGroupServerNotifierRpcMixin._notify_sg_on_port_change-776175', 'neutron.plugins.ml2.ovo_rpc._ObjectChangeHandler.handle_event-453326', 'neutron.api.rpc.agentnotifiers.dhcp_rpc_agent_api.DhcpAgentNotifyAPI._native_event_send_dhcp_notification-148315', 'neutron.db.l3_db.L3RpcNotifierMixin._notify_routers_callback-8750698408825', 'neutron.db.l3_dvrscheduler_db._notify_port_delete-8750697935800'] for port (0a223977-91f1-4b42-84e9-7548bab987c3), after_delete {{(pid=109474) _notify_loop /usr/local/lib/python3.8/dist-packages/neutron_lib/callbacks/manager.py:176}}
Aug 23 22:21:45.233010 dv-osbrick-852824-3-ceph neutron-server[109474]: DEBUG neutron.api.rpc.handlers.resources_rpc [None req-45072fa0-b820-4181-a610-34bfb3ae6cd3 tempest-TestVolumeBootPattern-1743617162 tempest-TestVolumeBootPattern-1743617162-project] Pushing event deleted for resources: {'Port': ['ID=0a223977-91f1-4b42-84e9-7548bab987c3,revision_number=None']} {{(pid=109474) push /opt/stack/neutron/neutron/api/rpc/handlers/resources_rpc.py:237}}
Aug 23 22:21:45.243043 dv-osbrick-852824-3-ceph neutron-server[109474]: DEBUG neutron.api.rpc.callbacks.version_manager [None req-45072fa0-b820-4181-a610-34bfb3ae6cd3 tempest-TestVolumeBootPattern-1743617162 tempest-TestVolumeBootPattern-1743617162-project] Version for resource type AddressGroup changed None to 1.2 on consumer Open vSwitch agent@dv-osbrick-852824-3-ceph {{(pid=109474) _set_version /opt/stack/neutron/neutron/api/rpc/callbacks/version_manager.py:113}}
Aug 23 22:21:45.243402 dv-osbrick-852824-3-ceph neutron-server[109474]: DEBUG neutron.api.rpc.callbacks.version_manager [None req-45072fa0-b820-4181-a610-34bfb3ae6cd3 tempest-TestVolumeBootPattern-1743617162 tempest-TestVolumeBootPattern-1743617162-project] Version for resource type Agent changed None to 1.1 on consumer Open vSwitch agent@dv-osbrick-852824-3-ceph {{(pid=109474) _set_version /opt/stack/neutron/neutron/api/rpc/callbacks/version_manager.py:113}}
Aug 23 22:21:45.243752 dv-osbrick-852824-3-ceph neutron-server[109474]: DEBUG neutron.api.rpc.callbacks.version_manager [None req-45072fa0-b820-4181-a610-34bfb3ae6cd3 tempest-TestVolumeBootPattern-1743617162 tempest-TestVolumeBootPattern-1743617162-project] Version for resource type ConntrackHelper changed None to 1.0 on consumer Open vSwitch agent@dv-osbrick-852824-3-ceph {{(pid=109474) _set_version /opt/stack/neutron/neutron/api/rpc/callbacks/version_manager.py:113}}
Aug 23 22:21:45.244026 dv-osbrick-852824-3-ceph neutron-server[109476]: DEBUG neutron.plugins.ml2.db [None req-41d7c4f2-bab5-4bf9-8384-3ec4cf0cca89 None None] get_ports_and_sgs() called for port_ids ['0a223977-91f1-4b42-84e9-7548bab987c3'] {{(pid=109476) get_ports_and_sgs /opt/stack/neutron/neutron/plugins/ml2/db.py:163}}
Aug 23 22:21:45.244434 dv-osbrick-852824-3-ceph neutron-server[109474]: DEBUG neutron.api.rpc.callbacks.version_manager [None req-45072fa0-b820-4181-a610-34bfb3ae6cd3 tempest-TestVolumeBootPattern-1743617162 tempest-TestVolumeBootPattern-1743617162-project] Version for resource type LocalIPAssociation changed None to 1.0 on consumer Open vSwitch agent@dv-osbrick-852824-3-ceph {{(pid=109474) _set_version /opt/stack/neutron/neutron/api/rpc/callbacks/version_manager.py:113}}
Aug 23 22:21:45.244515 dv-osbrick-852824-3-ceph neutron-server[109474]: DEBUG neutron.api.rpc.callbacks.version_manager [None req-45072fa0-b820-4181-a610-34bfb3ae6cd3 tempest-TestVolumeBootPattern-1743617162 tempest-TestVolumeBootPattern-1743617162-project] Version for resource type Log changed None to 1.0 on consumer Open vSwitch agent@dv-osbrick-852824-3-ceph {{(pid=109474) _set_version /opt/stack/neutron/neutron/api/rpc/callbacks/version_manager.py:113}}
Aug 23 22:21:45.244845 dv-osbrick-852824-3-ceph neutron-server[109474]: DEBUG neutron.api.rpc.callbacks.version_manager [None req-45072fa0-b820-4181-a610-34bfb3ae6cd3 tempest-TestVolumeBootPattern-1743617162 tempest-TestVolumeBootPattern-1743617162-project] Version for resource type NDPProxy changed None to 1.0 on consumer Open vSwitch agent@dv-osbrick-852824-3-ceph {{(pid=109474) _set_version /opt/stack/neutron/neutron/api/rpc/callbacks/version_manager.py:113}}
Aug 23 22:21:45.245179 dv-osbrick-852824-3-ceph neutron-server[109474]: DEBUG neutron.api.rpc.callbacks.version_manager [None req-45072fa0-b820-4181-a610-34bfb3ae6cd3 tempest-TestVolumeBootPattern-1743617162 tempest-TestVolumeBootPattern-1743617162-project] Version for resource type Network changed None to 1.1 on consumer Open vSwitch agent@dv-osbrick-852824-3-ceph {{(pid=109474) _set_version /opt/stack/neutron/neutron/api/rpc/callbacks/version_manager.py:113}}
Aug 23 22:21:45.245553 dv-osbrick-852824-3-ceph neutron-server[109474]: DEBUG neutron.api.rpc.callbacks.version_manager [None req-45072fa0-b820-4181-a610-34bfb3ae6cd3 tempest-TestVolumeBootPattern-1743617162 tempest-TestVolumeBootPattern-1743617162-project] Version for resource type Port changed None to 1.7 on consumer Open vSwitch agent@dv-osbrick-852824-3-ceph {{(pid=109474) _set_version /opt/stack/neutron/neutron/api/rpc/callbacks/version_manager.py:113}}
Aug 23 22:21:45.245837 dv-osbrick-852824-3-ceph neutron-server[109474]: DEBUG neutron.api.rpc.callbacks.version_manager [None req-45072fa0-b820-4181-a610-34bfb3ae6cd3 tempest-TestVolumeBootPattern-1743617162 tempest-TestVolumeBootPattern-1743617162-project] Version for resource type PortForwarding changed None to 1.3 on consumer Open vSwitch agent@dv-osbrick-852824-3-ceph {{(pid=109474) _set_version /opt/stack/neutron/neutron/api/rpc/callbacks/version_manager.py:113}}
Aug 23 22:21:45.246167 dv-osbrick-852824-3-ceph neutron-server[109474]: DEBUG neutron.api.rpc.callbacks.version_manager [None req-45072fa0-b820-4181-a610-34bfb3ae6cd3 tempest-TestVolumeBootPattern-1743617162 tempest-TestVolumeBootPattern-1743617162-project] Version for resource type QosPolicy changed None to 1.10 on consumer Open vSwitch agent@dv-osbrick-852824-3-ceph {{(pid=109474) _set_version /opt/stack/neutron/neutron/api/rpc/callbacks/version_manager.py:113}}
Aug 23 22:21:45.246749 dv-osbrick-852824-3-ceph neutron-server[109474]: DEBUG neutron.api.rpc.callbacks.version_manager [None req-45072fa0-b820-4181-a610-34bfb3ae6cd3 tempest-TestVolumeBootPattern-1743617162 tempest-TestVolumeBootPattern-1743617162-project] Version for resource type SecurityGroup changed None to 1.5 on consumer Open vSwitch agent@dv-osbrick-852824-3-ceph {{(pid=109474) _set_version /opt/stack/neutron/neutron/api/rpc/callbacks/version_manager.py:113}}
Aug 23 22:21:45.246825 dv-osbrick-852824-3-ceph neutron-server[109474]: DEBUG neutron.api.rpc.callbacks.version_manager [None req-45072fa0-b820-4181-a610-34bfb3ae6cd3 tempest-TestVolumeBootPattern-1743617162 tempest-TestVolumeBootPattern-1743617162-project] Version for resource type SecurityGroupRule changed None to 1.2 on consumer Open vSwitch agent@dv-osbrick-852824-3-ceph {{(pid=109474) _set_version /opt/stack/neutron/neutron/api/rpc/callbacks/version_manager.py:113}}
Aug 23 22:21:45.247132 dv-osbrick-852824-3-ceph neutron-server[109474]: DEBUG neutron.api.rpc.callbacks.version_manager [None req-45072fa0-b820-4181-a610-34bfb3ae6cd3 tempest-TestVolumeBootPattern-1743617162 tempest-TestVolumeBootPattern-1743617162-project] Version for resource type SubPort changed None to 1.0 on consumer Open vSwitch agent@dv-osbrick-852824-3-ceph {{(pid=109474) _set_version /opt/stack/neutron/neutron/api/rpc/callbacks/version_manager.py:113}}
Aug 23 22:21:45.247459 dv-osbrick-852824-3-ceph neutron-server[109474]: DEBUG neutron.api.rpc.callbacks.version_manager [None req-45072fa0-b820-4181-a610-34bfb3ae6cd3 tempest-TestVolumeBootPattern-1743617162 tempest-TestVolumeBootPattern-1743617162-project] Version for resource type Subnet changed None to 1.1 on consumer Open vSwitch agent@dv-osbrick-852824-3-ceph {{(pid=109474) _set_version /opt/stack/neutron/neutron/api/rpc/callbacks/version_manager.py:113}}
Aug 23 22:21:45.247784 dv-osbrick-852824-3-ceph neutron-server[109474]: DEBUG neutron.api.rpc.callbacks.version_manager [None req-45072fa0-b820-4181-a610-34bfb3ae6cd3 tempest-TestVolumeBootPattern-1743617162 tempest-TestVolumeBootPattern-1743617162-project] Version for resource type Trunk changed None to 1.1 on consumer Open vSwitch agent@dv-osbrick-852824-3-ceph {{(pid=109474) _set_version /opt/stack/neutron/neutron/api/rpc/callbacks/version_manager.py:113}}
Aug 23 22:21:45.291705 dv-osbrick-852824-3-ceph neutron-server[109474]: DEBUG neutron.db.l3_dvrscheduler_db [req-c5c32d31-d5ce-4e40-a7b7-5ba03feb2bc8 req-45072fa0-b820-4181-a610-34bfb3ae6cd3 tempest-TestVolumeBootPattern-1743617162 tempest-TestVolumeBootPattern-1743617162-project] No DVR routers for this DVR port 0a223977-91f1-4b42-84e9-7548bab987c3 on host hv-osbrick-8528 {{(pid=109474) get_dvr_routers_to_remove /opt/stack/neutron/neutron/db/l3_dvrscheduler_db.py:215}}
Aug 23 22:21:45.294745 dv-osbrick-852824-3-ceph neutron-server[109474]: DEBUG neutron_lib.callbacks.manager [req-c5c32d31-d5ce-4e40-a7b7-5ba03feb2bc8 req-45072fa0-b820-4181-a610-34bfb3ae6cd3 tempest-TestVolumeBootPattern-1743617162 tempest-TestVolumeBootPattern-1743617162-project] Publish callbacks ['neutron.notifiers.nova.Notifier._send_nova_notification-36561'] for port (None), before_response {{(pid=109474) _notify_loop /usr/local/lib/python3.8/dist-packages/neutron_lib/callbacks/manager.py:176}}
Aug 23 22:21:45.298289 dv-osbrick-852824-3-ceph neutron-server[109474]: INFO neutron.wsgi [req-c5c32d31-d5ce-4e40-a7b7-5ba03feb2bc8 req-45072fa0-b820-4181-a610-34bfb3ae6cd3 tempest-TestVolumeBootPattern-1743617162 tempest-TestVolumeBootPattern-1743617162-project] 10.222.0.17 "DELETE /networking/v2.0/ports/0a223977-91f1-4b42-84e9-7548bab987c3 HTTP/1.1" status: 204 len: 173 time: 0.4149315
Aug 23 22:21:45.298698 dv-osbrick-852824-3-ceph neutron-server[109474]: DEBUG neutron.notifiers.nova [-] Sending events: [{'server_uuid': 'bc7bc538-7184-40fb-8bb7-26f536439f23', 'name': 'network-vif-deleted', 'tag': '0a223977-91f1-4b42-84e9-7548bab987c3'}] {{(pid=109474) send_events /opt/stack/neutron/neutron/notifiers/nova.py:271}}
Aug 23 22:21:45.300941 dv-osbrick-852824-3-ceph neutron-server[109474]: DEBUG novaclient.v2.client [-] REQ: curl -g -i --cacert "/opt/stack/data/ca-bundle.pem" -X POST http://10.222.0.58/compute/v2.1/os-server-external-events -H "Accept: application/json" -H "Content-Type: application/json" -H "User-Agent: python-novaclient" -H "X-Auth-Token: {SHA256}cd68f882dbaad0e98d66660b0399268ecddffc9d2ee2ddf859af6fe998b70d79" -H "X-OpenStack-Nova-API-Version: 2.1" -H "X-OpenStack-Request-ID: req-ea63836b-54f8-4f9a-a595-e12d48170bc3" -d '{"events": [{"server_uuid": "bc7bc538-7184-40fb-8bb7-26f536439f23", "name": "network-vif-deleted", "tag": "0a223977-91f1-4b42-84e9-7548bab987c3"}]}' {{(pid=109474) _http_log_request /usr/local/lib/python3.8/dist-packages/keystoneauth1/session.py:519}}
Aug 23 22:21:45.347530 dv-osbrick-852824-3-ceph neutron-server[109474]: DEBUG novaclient.v2.client [-] RESP: [200] Connection: close Content-Length: 183 Content-Type: application/json Date: Tue, 23 Aug 2022 22:21:45 GMT OpenStack-API-Version: compute 2.1 Server: Apache/2.4.41 (Ubuntu) Vary: OpenStack-API-Version,X-OpenStack-Nova-API-Version X-OpenStack-Nova-API-Version: 2.1 x-compute-request-id: req-6e0f355b-55d4-4cf0-ae14-cf535cb5f139 x-openstack-request-id: req-6e0f355b-55d4-4cf0-ae14-cf535cb5f139 {{(pid=109474) _http_log_response /usr/local/lib/python3.8/dist-packages/keystoneauth1/session.py:550}}
Aug 23 22:21:45.347914 dv-osbrick-852824-3-ceph neutron-server[109474]: DEBUG novaclient.v2.client [-] RESP BODY: {"events": [{"server_uuid": "bc7bc538-7184-40fb-8bb7-26f536439f23", "name": "network-vif-deleted", "tag": "0a223977-91f1-4b42-84e9-7548bab987c3", "status": "completed", "code": 200}]} {{(pid=109474) _http_log_response /usr/local/lib/python3.8/dist-packages/keystoneauth1/session.py:582}}
Aug 23 22:21:45.348179 dv-osbrick-852824-3-ceph neutron-server[109474]: DEBUG novaclient.v2.client [-] POST call to compute for http://10.222.0.58/compute/v2.1/os-server-external-events used request id req-6e0f355b-55d4-4cf0-ae14-cf535cb5f139 {{(pid=109474) request /usr/local/lib/python3.8/dist-packages/keystoneauth1/session.py:954}}
Aug 23 22:21:45.348585 dv-osbrick-852824-3-ceph neutron-server[109474]: INFO neutron.notifiers.nova [-] Nova event matching ['req-6e0f355b-55d4-4cf0-ae14-cf535cb5f139'] response: {'server_uuid': 'bc7bc538-7184-40fb-8bb7-26f536439f23', 'name': 'network-vif-deleted', 'tag': '0a223977-91f1-4b42-84e9-7548bab987c3', 'status': 'completed', 'code': 200}
Aug 23 22:21:45.470684 dv-osbrick-852824-3-ceph neutron-server[109475]: INFO neutron.wsgi [req-d8a2a7fe-9a5b-42a1-bce4-d28430468613 req-52a56f0b-87b7-4ecf-9262-24003b5876ac tempest-TestVolumeBootPattern-1743617162 tempest-TestVolumeBootPattern-1743617162-project] 10.222.0.58 "GET /networking/v2.0/ports?device_id=bc7bc538-7184-40fb-8bb7-26f536439f23 HTTP/1.1" status: 200 len: 210 time: 0.0313632
Aug 23 22:21:48.123039 dv-osbrick-852824-3-ceph neutron-server[109474]: DEBUG neutron.wsgi [-] (109474) accepted ('10.222.0.58', 34458) {{(pid=109474) server /usr/local/lib/python3.8/dist-packages/eventlet/wsgi.py:1004}}
Aug 23 22:21:48.127610 dv-osbrick-852824-3-ceph neutron-server[109474]: DEBUG neutron.api.v2.base [None req-d321ef1c-fe2d-41e4-b24f-a3f83daf9c55 tempest-TestVolumeBootPattern-1743617162 tempest-TestVolumeBootPattern-1743617162-project] Request body: {'security_group': {'name': 'tempest-secgroup-smoke-1174945568', 'description': 'tempest-secgroup-smoke-1174945568 description', 'project_id': '4e06ade31ecd457bbd3388109b667188'}} {{(pid=109474) prepare_request_body /opt/stack/neutron/neutron/api/v2/base.py:730}}
Aug 23 22:21:48.152583 dv-osbrick-852824-3-ceph neutron-server[109474]: DEBUG neutron_lib.callbacks.manager [None req-d321ef1c-fe2d-41e4-b24f-a3f83daf9c55 tempest-TestVolumeBootPattern-1743617162 tempest-TestVolumeBootPattern-1743617162-project] Publish callbacks [] for security_group (None), before_create {{(pid=109474) _notify_loop /usr/local/lib/python3.8/dist-packages/neutron_lib/callbacks/manager.py:176}}
Aug 23 22:21:48.234393 dv-osbrick-852824-3-ceph neutron-server[109474]: DEBUG neutron_lib.callbacks.manager [None req-d321ef1c-fe2d-41e4-b24f-a3f83daf9c55 tempest-TestVolumeBootPattern-1743617162 tempest-TestVolumeBootPattern-1743617162-project] Publish callbacks [] for security_group (7e837400-9af0-4265-9fe0-49cf93e31429), precommit_create {{(pid=109474) _notify_loop /usr/local/lib/python3.8/dist-packages/neutron_lib/callbacks/manager.py:176}}
Aug 23 22:21:48.239618 dv-osbrick-852824-3-ceph neutron-server[109474]: DEBUG neutron_lib.callbacks.manager [None req-d321ef1c-fe2d-41e4-b24f-a3f83daf9c55 tempest-TestVolumeBootPattern-1743617162 tempest-TestVolumeBootPattern-1743617162-project] Publish callbacks ['neutron.plugins.ml2.ovo_rpc._ObjectChangeHandler.handle_event-8048669'] for security_group (7e837400-9af0-4265-9fe0-49cf93e31429), after_create {{(pid=109474) _notify_loop /usr/local/lib/python3.8/dist-packages/neutron_lib/callbacks/manager.py:176}}
