Aug 09 16:23:27.556626 dv-osbrick-852610-1-iscsi devstack@keystone.service[80098]: DEBUG keystone.common.rbac_enforcer.enforcer [None req-f70a922b-ff23-4642-a813-df1970667185 None admin] Extracting inferred target data resulted in "NOT FOUND (404)". {{(pid=80098) enforce_call /opt/stack/keystone/keystone/common/rbac_enforcer/enforcer.py:409}}
Aug 09 16:23:27.563140 dv-osbrick-852610-1-iscsi devstack@keystone.service[80097]: DEBUG dbcounter [-] [80097] Writing DB stats keystone:SELECT=100 {{(pid=80097) stat_writer /usr/local/lib/python3.8/dist-packages/dbcounter.py:114}}
Aug 09 16:23:27.568977 dv-osbrick-852610-1-iscsi devstack@keystone.service[80098]: ERROR keystone.server.flask.application [None req-f70a922b-ff23-4642-a813-df1970667185 None admin] Could not find role: admin.: keystone.exception.RoleNotFound: Could not find role: admin.
Aug 09 16:23:27.568977 dv-osbrick-852610-1-iscsi devstack@keystone.service[80098]: ERROR keystone.server.flask.application
Traceback (most recent call last):
Aug 09 16:23:27.568977 dv-osbrick-852610-1-iscsi devstack@keystone.service[80098]: ERROR keystone.server.flask.application
File "/usr/local/lib/python3.8/dist-packages/flask/app.py", line 1820, in full_dispatch_request
Aug 09 16:23:27.568977 dv-osbrick-852610-1-iscsi devstack@keystone.service[80098]: ERROR keystone.server.flask.application rv = self.dispatch_request()
Aug 09 16:23:27.568977 dv-osbrick-852610-1-iscsi devstack@keystone.service[80098]: ERROR keystone.server.flask.application
File "/usr/local/lib/python3.8/dist-packages/flask/app.py", line 1796, in dispatch_request
Aug 09 16:23:27.568977 dv-osbrick-852610-1-iscsi devstack@keystone.service[80098]: ERROR keystone.server.flask.application return self.ensure_sync(self.view_functions[rule.endpoint])(**view_args)
Aug 09 16:23:27.568977 dv-osbrick-852610-1-iscsi devstack@keystone.service[80098]: ERROR keystone.server.flask.application
File "/usr/local/lib/python3.8/dist-packages/flask_restful/__init__.py", line 467, in wrapper
Aug 09 16:23:27.568977 dv-osbrick-852610-1-iscsi devstack@keystone.service[80098]: ERROR keystone.server.flask.application resp = resource(*args, **kwargs)
Aug 09 16:23:27.568977 dv-osbrick-852610-1-iscsi devstack@keystone.service[80098]: ERROR keystone.server.flask.application
File "/usr/local/lib/python3.8/dist-packages/flask/views.py", line 107, in view
Aug 09 16:23:27.568977 dv-osbrick-852610-1-iscsi devstack@keystone.service[80098]: ERROR keystone.server.flask.application return current_app.ensure_sync(self.dispatch_request)(**kwargs)
Aug 09 16:23:27.568977 dv-osbrick-852610-1-iscsi devstack@keystone.service[80098]: ERROR keystone.server.flask.application
File "/usr/local/lib/python3.8/dist-packages/flask_restful/__init__.py", line 582, in dispatch_request
Aug 09 16:23:27.568977 dv-osbrick-852610-1-iscsi devstack@keystone.service[80098]: ERROR keystone.server.flask.application resp = meth(*args, **kwargs)
Aug 09 16:23:27.568977 dv-osbrick-852610-1-iscsi devstack@keystone.service[80098]: ERROR keystone.server.flask.application
File "/opt/stack/keystone/keystone/api/roles.py", line 50, in get
Aug 09 16:23:27.568977 dv-osbrick-852610-1-iscsi devstack@keystone.service[80098]: ERROR keystone.server.flask.application return self._get_role(role_id)
Aug 09 16:23:27.568977 dv-osbrick-852610-1-iscsi devstack@keystone.service[80098]: ERROR keystone.server.flask.application
File "/opt/stack/keystone/keystone/api/roles.py", line 70, in _get_role
Aug 09 16:23:27.568977 dv-osbrick-852610-1-iscsi devstack@keystone.service[80098]: ERROR keystone.server.flask.application ENFORCER.enforce_call(action='identity:get_role')
Aug 09 16:23:27.570676 dv-osbrick-852610-1-iscsi devstack@keystone.service[80098]: ERROR keystone.server.flask.application
File "/opt/stack/keystone/keystone/common/rbac_enforcer/enforcer.py", line 402, in enforce_call
Aug 09 16:23:27.570676 dv-osbrick-852610-1-iscsi devstack@keystone.service[80098]: ERROR keystone.server.flask.application policy_dict.update(cls._extract_member_target_data(
Aug 09 16:23:27.570676 dv-osbrick-852610-1-iscsi devstack@keystone.service[80098]: ERROR keystone.server.flask.application
File "/opt/stack/keystone/keystone/common/rbac_enforcer/enforcer.py", line 234, in _extract_member_target_data
Aug 09 16:23:27.570676 dv-osbrick-852610-1-iscsi devstack@keystone.service[80098]: ERROR keystone.server.flask.application member_name: func(flask.request.view_args[key])
Aug 09 16:23:27.570676 dv-osbrick-852610-1-iscsi devstack@keystone.service[80098]: ERROR keystone.server.flask.application
File "/opt/stack/keystone/keystone/common/manager.py", line 115, in wrapped
Aug 09 16:23:27.570676 dv-osbrick-852610-1-iscsi devstack@keystone.service[80098]: ERROR keystone.server.flask.application __ret_val = __f(*args, **kwargs)
Aug 09 16:23:27.570676 dv-osbrick-852610-1-iscsi devstack@keystone.service[80098]: ERROR keystone.server.flask.application
File "/usr/local/lib/python3.8/dist-packages/decorator.py", line 232, in fun
Aug 09 16:23:27.570676 dv-osbrick-852610-1-iscsi devstack@keystone.service[80098]: ERROR keystone.server.flask.application return caller(func, *(extras + args), **kw)
Aug 09 16:23:27.570676 dv-osbrick-852610-1-iscsi devstack@keystone.service[80098]: ERROR keystone.server.flask.application
File "/usr/local/lib/python3.8/dist-packages/dogpile/cache/region.py", line 1577, in get_or_create_for_user_func
Aug 09 16:23:27.570676 dv-osbrick-852610-1-iscsi devstack@keystone.service[80098]: ERROR keystone.server.flask.application return self.get_or_create(
Aug 09 16:23:27.570676 dv-osbrick-852610-1-iscsi devstack@keystone.service[80098]: ERROR keystone.server.flask.application
File "/usr/local/lib/python3.8/dist-packages/dogpile/cache/region.py", line 1042, in get_or_create
Aug 09 16:23:27.570676 dv-osbrick-852610-1-iscsi devstack@keystone.service[80098]: ERROR keystone.server.flask.application with Lock(
Aug 09 16:23:27.570676 dv-osbrick-852610-1-iscsi devstack@keystone.service[80098]: ERROR keystone.server.flask.application
File "/usr/local/lib/python3.8/dist-packages/dogpile/lock.py", line 185, in __enter__
Aug 09 16:23:27.570676 dv-osbrick-852610-1-iscsi devstack@keystone.service[80098]: ERROR keystone.server.flask.application return self._enter()
Aug 09 16:23:27.570676 dv-osbrick-852610-1-iscsi devstack@keystone.service[80098]: ERROR keystone.server.flask.application
File "/usr/local/lib/python3.8/dist-packages/dogpile/lock.py", line 94, in _enter
Aug 09 16:23:27.570676 dv-osbrick-852610-1-iscsi devstack@keystone.service[80098]: ERROR keystone.server.flask.application generated = self._enter_create(value, createdtime)
Aug 09 16:23:27.572276 dv-osbrick-852610-1-iscsi devstack@keystone.service[80098]: ERROR keystone.server.flask.application
File "/usr/local/lib/python3.8/dist-packages/dogpile/lock.py", line 178, in _enter_create
Aug 09 16:23:27.572276 dv-osbrick-852610-1-iscsi devstack@keystone.service[80098]: ERROR keystone.server.flask.application return self.creator()
Aug 09 16:23:27.572276 dv-osbrick-852610-1-iscsi devstack@keystone.service[80098]: ERROR keystone.server.flask.application
File "/usr/local/lib/python3.8/dist-packages/dogpile/cache/region.py", line 995, in gen_value
Aug 09 16:23:27.572276 dv-osbrick-852610-1-iscsi devstack@keystone.service[80098]: ERROR keystone.server.flask.application created_value = creator(
Aug 09 16:23:27.572276 dv-osbrick-852610-1-iscsi devstack@keystone.service[80098]: ERROR keystone.server.flask.application
File "/opt/stack/keystone/keystone/assignment/core.py", line 1276, in get_role
Aug 09 16:23:27.572276 dv-osbrick-852610-1-iscsi devstack@keystone.service[80098]: ERROR keystone.server.flask.application return self.driver.get_role(role_id)
Aug 09 16:23:27.572276 dv-osbrick-852610-1-iscsi devstack@keystone.service[80098]: ERROR keystone.server.flask.application
File "/opt/stack/keystone/keystone/assignment/role_backends/sql.py", line 70, in get_role
Aug 09 16:23:27.572276 dv-osbrick-852610-1-iscsi devstack@keystone.service[80098]: ERROR keystone.server.flask.application return self._get_role(session, role_id).to_dict()
Aug 09 16:23:27.572276 dv-osbrick-852610-1-iscsi devstack@keystone.service[80098]: ERROR keystone.server.flask.application
File "/opt/stack/keystone/keystone/assignment/role_backends/sql.py", line 65, in _get_role
Aug 09 16:23:27.572276 dv-osbrick-852610-1-iscsi devstack@keystone.service[80098]: ERROR keystone.server.flask.application raise exception.RoleNotFound(role_id=role_id)
Aug 09 16:23:27.572276 dv-osbrick-852610-1-iscsi devstack@keystone.service[80098]: ERROR keystone.server.flask.application keystone.exception.RoleNotFound: Could not find role: admin.
Aug 09 16:23:27.572276 dv-osbrick-852610-1-iscsi devstack@keystone.service[80098]: ERROR keystone.server.flask.application
Aug 09 16:23:27.574622 dv-osbrick-852610-1-iscsi devstack@keystone.service[80098]: [pid: 80098|app: 0|req: 196/365] 10.222.0.102 () {56 vars in 1101 bytes} [Tue Aug 9 16:23:27 2022] GET /identity/v3/roles/admin => generated 83 bytes in 312 msecs (HTTP/1.1 404) 5 headers in 183 bytes (1 switches on core 0)
Aug 09 16:23:27.574851 dv-osbrick-852610-1-iscsi devstack@keystone.service[80098]: DEBUG keystone.server.flask.request_processing.middleware.auth_context [None req-f70a922b-ff23-4642-a813-df1970667185 None admin] Authenticating user token {{(pid=80098) process_request /usr/local/lib/python3.8/dist-packages/keystonemiddleware/auth_token/__init__.py:407}}
Aug 09 16:23:27.594977 dv-osbrick-852610-1-iscsi devstack@keystone.service[80097]: DEBUG keystone.server.flask.request_processing.middleware.auth_context [None req-789aff6a-8f5c-49fc-a301-cfe96ef19631 None admin] Validating token access rules against request {{(pid=80097) validate_allowed_request /usr/local/lib/python3.8/dist-packages/keystonemiddleware/auth_token/__init__.py:545}}
Aug 09 16:23:27.657643 dv-osbrick-852610-1-iscsi devstack@keystone.service[80097]: DEBUG keystone.server.flask.request_processing.middleware.auth_context [None req-6b7c705e-0d28-47af-aa50-d95e5161dfa1 None admin] RBAC: auth_context: {'token': , 'domain_id': None, 'trust_id': None, 'trustor_id': None, 'trustee_id': None, 'domain_name': None, 'group_ids': [], 'user_id': '1c2772ab70ae44ff88cd1d114cb22081', 'user_domain_id': 'default', 'system_scope': 'all', 'project_id': None, 'project_domain_id': None, 'roles': ['admin', 'member', 'reader'], 'is_admin_project': True, 'service_user_id': None, 'service_user_domain_id': None, 'service_project_id': None, 'service_project_domain_id': None, 'service_roles': []} {{(pid=80097) fill_context /opt/stack/keystone/keystone/server/flask/request_processing/middleware/auth_context.py:478}}
Aug 09 16:23:27.658749 dv-osbrick-852610-1-iscsi devstack@keystone.service[80097]: DEBUG keystone.server.flask.request_processing.req_logging [None req-6b7c705e-0d28-47af-aa50-d95e5161dfa1 None admin] REQUEST_METHOD: `GET` {{(pid=80097) log_request_info /opt/stack/keystone/keystone/server/flask/request_processing/req_logging.py:27}}
Aug 09 16:23:27.659179 dv-osbrick-852610-1-iscsi devstack@keystone.service[80097]: DEBUG keystone.server.flask.request_processing.req_logging [None req-6b7c705e-0d28-47af-aa50-d95e5161dfa1 None admin] SCRIPT_NAME: `/identity` {{(pid=80097) log_request_info /opt/stack/keystone/keystone/server/flask/request_processing/req_logging.py:28}}
Aug 09 16:23:27.659645 dv-osbrick-852610-1-iscsi devstack@keystone.service[80097]: DEBUG keystone.server.flask.request_processing.req_logging [None req-6b7c705e-0d28-47af-aa50-d95e5161dfa1 None admin] PATH_INFO: `/v3/roles` {{(pid=80097) log_request_info /opt/stack/keystone/keystone/server/flask/request_processing/req_logging.py:29}}
Aug 09 16:23:27.660739 dv-osbrick-852610-1-iscsi devstack@keystone.service[80097]: DEBUG keystone.common.rbac_enforcer.enforcer [None req-6b7c705e-0d28-47af-aa50-d95e5161dfa1 None admin] RBAC: Adding query filter params (name=reader) {{(pid=80097) _extract_filter_values /opt/stack/keystone/keystone/common/rbac_enforcer/enforcer.py:167}}
Aug 09 16:23:27.661058 dv-osbrick-852610-1-iscsi devstack@keystone.service[80097]: DEBUG keystone.common.rbac_enforcer.enforcer [None req-6b7c705e-0d28-47af-aa50-d95e5161dfa1 None admin] RBAC: Authorizing `identity:list_roles()` {{(pid=80097) enforce_call /opt/stack/keystone/keystone/common/rbac_enforcer/enforcer.py:449}}
Aug 09 16:23:27.662542 dv-osbrick-852610-1-iscsi devstack@keystone.service[80097]: DEBUG keystone.common.rbac_enforcer.enforcer [None req-6b7c705e-0d28-47af-aa50-d95e5161dfa1 None admin] RBAC: Authorization granted {{(pid=80097) enforce_call /opt/stack/keystone/keystone/common/rbac_enforcer/enforcer.py:457}}
Aug 09 16:23:27.684364 dv-osbrick-852610-1-iscsi devstack@keystone.service[80097]: [pid: 80097|app: 0|req: 170/366] 10.222.0.102 () {56 vars in 1106 bytes} [Tue Aug 9 16:23:27 2022] GET /identity/v3/roles?name=reader => generated 343 bytes in 301 msecs (HTTP/1.1 200) 5 headers in 177 bytes (1 switches on core 0)
Aug 09 16:23:27.685901 dv-osbrick-852610-1-iscsi devstack@keystone.service[80097]: DEBUG keystone.server.flask.request_processing.middleware.auth_context [None req-6b7c705e-0d28-47af-aa50-d95e5161dfa1 None admin] Authenticating user token {{(pid=80097) process_request /usr/local/lib/python3.8/dist-packages/keystonemiddleware/auth_token/__init__.py:407}}
Aug 09 16:23:27.744757 dv-osbrick-852610-1-iscsi devstack@keystone.service[80098]: DEBUG dbcounter [-] [80098] Writing DB stats keystone:SELECT=100 {{(pid=80098) stat_writer /usr/local/lib/python3.8/dist-packages/dbcounter.py:114}}
Aug 09 16:23:27.781085 dv-osbrick-852610-1-iscsi devstack@keystone.service[80098]: DEBUG keystone.server.flask.request_processing.middleware.auth_context [None req-f70a922b-ff23-4642-a813-df1970667185 None admin] Validating token access rules against request {{(pid=80098) validate_allowed_request /usr/local/lib/python3.8/dist-packages/keystonemiddleware/auth_token/__init__.py:545}}
Aug 09 16:23:27.851917 dv-osbrick-852610-1-iscsi devstack@keystone.service[80098]: DEBUG keystone.server.flask.request_processing.middleware.auth_context [None req-2d18f020-4419-4ae0-9e29-cdb6a5038f4c None admin] RBAC: auth_context: {'token': , 'domain_id': None, 'trust_id': None, 'trustor_id': None, 'trustee_id': None, 'domain_name': None, 'group_ids': [], 'user_id': '1c2772ab70ae44ff88cd1d114cb22081', 'user_domain_id': 'default', 'system_scope': 'all', 'project_id': None, 'project_domain_id': None, 'roles': ['admin', 'member', 'reader'], 'is_admin_project': True, 'service_user_id': None, 'service_user_domain_id': None, 'service_project_id': None, 'service_project_domain_id': None, 'service_roles': []} {{(pid=80098) fill_context /opt/stack/keystone/keystone/server/flask/request_processing/middleware/auth_context.py:478}}
Aug 09 16:23:27.852723 dv-osbrick-852610-1-iscsi devstack@keystone.service[80098]: DEBUG keystone.server.flask.request_processing.req_logging [None req-2d18f020-4419-4ae0-9e29-cdb6a5038f4c None admin] REQUEST_METHOD: `GET` {{(pid=80098) log_request_info /opt/stack/keystone/keystone/server/flask/request_processing/req_logging.py:27}}
Aug 09 16:23:27.853010 dv-osbrick-852610-1-iscsi devstack@keystone.service[80098]: DEBUG keystone.server.flask.request_processing.req_logging [None req-2d18f020-4419-4ae0-9e29-cdb6a5038f4c None admin] SCRIPT_NAME: `/identity` {{(pid=80098) log_request_info /opt/stack/keystone/keystone/server/flask/request_processing/req_logging.py:28}}
Aug 09 16:23:27.853278 dv-osbrick-852610-1-iscsi devstack@keystone.service[80098]: DEBUG keystone.server.flask.request_processing.req_logging [None req-2d18f020-4419-4ae0-9e29-cdb6a5038f4c None admin] PATH_INFO: `/v3/projects/d49b750129b94406b17b5ace387de417` {{(pid=80098) log_request_info /opt/stack/keystone/keystone/server/flask/request_processing/req_logging.py:29}}
Aug 09 16:23:27.854719 dv-osbrick-852610-1-iscsi devstack@keystone.service[80098]: DEBUG keystone.common.rbac_enforcer.enforcer [None req-2d18f020-4419-4ae0-9e29-cdb6a5038f4c None admin] RBAC: Authorizing `identity:get_project(project_id=d49b750129b94406b17b5ace387de417)` {{(pid=80098) enforce_call /opt/stack/keystone/keystone/common/rbac_enforcer/enforcer.py:449}}
Aug 09 16:23:27.857805 dv-osbrick-852610-1-iscsi devstack@keystone.service[80098]: DEBUG keystone.common.rbac_enforcer.enforcer [None req-2d18f020-4419-4ae0-9e29-cdb6a5038f4c None admin] RBAC: Authorization granted {{(pid=80098) enforce_call /opt/stack/keystone/keystone/common/rbac_enforcer/enforcer.py:457}}
Aug 09 16:23:27.861509 dv-osbrick-852610-1-iscsi devstack@keystone.service[80098]: [pid: 80098|app: 0|req: 197/367] 10.222.0.102 () {56 vars in 1191 bytes} [Tue Aug 9 16:23:27 2022] GET /identity/v3/projects/d49b750129b94406b17b5ace387de417 => generated 303 bytes in 288 msecs (HTTP/1.1 200) 5 headers in 177 bytes (1 switches on core 0)
Aug 09 16:23:27.862689 dv-osbrick-852610-1-iscsi devstack@keystone.service[80098]: DEBUG keystone.server.flask.request_processing.middleware.auth_context [None req-2d18f020-4419-4ae0-9e29-cdb6a5038f4c None admin] Authenticating user token {{(pid=80098) process_request /usr/local/lib/python3.8/dist-packages/keystonemiddleware/auth_token/__init__.py:407}}
Aug 09 16:23:27.914887 dv-osbrick-852610-1-iscsi devstack@keystone.service[80097]: DEBUG keystone.server.flask.request_processing.middleware.auth_context [None req-6b7c705e-0d28-47af-aa50-d95e5161dfa1 None admin] Validating token access rules against request {{(pid=80097) validate_allowed_request /usr/local/lib/python3.8/dist-packages/keystonemiddleware/auth_token/__init__.py:545}}
Aug 09 16:23:27.969264 dv-osbrick-852610-1-iscsi devstack@keystone.service[80097]: DEBUG keystone.server.flask.request_processing.middleware.auth_context [None req-2e820b0b-c13a-4378-b8a9-a7de269d5fd5 None admin] RBAC: auth_context: {'token': , 'domain_id': None, 'trust_id': None, 'trustor_id': None, 'trustee_id': None, 'domain_name': None, 'group_ids': [], 'user_id': '1c2772ab70ae44ff88cd1d114cb22081', 'user_domain_id': 'default', 'system_scope': 'all', 'project_id': None, 'project_domain_id': None, 'roles': ['admin', 'member', 'reader'], 'is_admin_project': True, 'service_user_id': None, 'service_user_domain_id': None, 'service_project_id': None, 'service_project_domain_id': None, 'service_roles': []} {{(pid=80097) fill_context /opt/stack/keystone/keystone/server/flask/request_processing/middleware/auth_context.py:478}}
Aug 09 16:23:27.970166 dv-osbrick-852610-1-iscsi devstack@keystone.service[80097]: DEBUG keystone.server.flask.request_processing.req_logging [None req-2e820b0b-c13a-4378-b8a9-a7de269d5fd5 None admin] REQUEST_METHOD: `GET` {{(pid=80097) log_request_info /opt/stack/keystone/keystone/server/flask/request_processing/req_logging.py:27}}
Aug 09 16:23:27.970433 dv-osbrick-852610-1-iscsi devstack@keystone.service[80097]: DEBUG keystone.server.flask.request_processing.req_logging [None req-2e820b0b-c13a-4378-b8a9-a7de269d5fd5 None admin] SCRIPT_NAME: `/identity` {{(pid=80097) log_request_info /opt/stack/keystone/keystone/server/flask/request_processing/req_logging.py:28}}
Aug 09 16:23:27.970714 dv-osbrick-852610-1-iscsi devstack@keystone.service[80097]: DEBUG keystone.server.flask.request_processing.req_logging [None req-2e820b0b-c13a-4378-b8a9-a7de269d5fd5 None admin] PATH_INFO: `/v3/auth/tokens` {{(pid=80097) log_request_info /opt/stack/keystone/keystone/server/flask/request_processing/req_logging.py:29}}
Aug 09 16:23:27.991673 dv-osbrick-852610-1-iscsi devstack@keystone.service[80097]: DEBUG dbcounter [-] [80097] Writing DB stats keystone:SELECT=100 {{(pid=80097) stat_writer /usr/local/lib/python3.8/dist-packages/dbcounter.py:114}}
Aug 09 16:23:28.011807 dv-osbrick-852610-1-iscsi devstack@keystone.service[80098]: DEBUG keystone.server.flask.request_processing.middleware.auth_context [None req-2d18f020-4419-4ae0-9e29-cdb6a5038f4c None admin] Validating token access rules against request {{(pid=80098) validate_allowed_request /usr/local/lib/python3.8/dist-packages/keystonemiddleware/auth_token/__init__.py:545}}
Aug 09 16:23:28.093520 dv-osbrick-852610-1-iscsi devstack@keystone.service[80098]: DEBUG keystone.server.flask.request_processing.middleware.auth_context [None req-2496ad4f-9ea5-4984-a0b7-d1d429670224 None admin] RBAC: auth_context: {'token': , 'domain_id': None, 'trust_id': None, 'trustor_id': None, 'trustee_id': None, 'domain_name': None, 'group_ids': [], 'user_id': '1c2772ab70ae44ff88cd1d114cb22081', 'user_domain_id': 'default', 'system_scope': 'all', 'project_id': None, 'project_domain_id': None, 'roles': ['admin', 'member', 'reader'], 'is_admin_project': True, 'service_user_id': None, 'service_user_domain_id': None, 'service_project_id': None, 'service_project_domain_id': None, 'service_roles': []} {{(pid=80098) fill_context /opt/stack/keystone/keystone/server/flask/request_processing/middleware/auth_context.py:478}}
Aug 09 16:23:28.095310 dv-osbrick-852610-1-iscsi devstack@keystone.service[80098]: DEBUG keystone.server.flask.request_processing.req_logging [None req-2496ad4f-9ea5-4984-a0b7-d1d429670224 None admin] REQUEST_METHOD: `GET` {{(pid=80098) log_request_info /opt/stack/keystone/keystone/server/flask/request_processing/req_logging.py:27}}
Aug 09 16:23:28.095803 dv-osbrick-852610-1-iscsi devstack@keystone.service[80098]: DEBUG keystone.server.flask.request_processing.req_logging [None req-2496ad4f-9ea5-4984-a0b7-d1d429670224 None admin] SCRIPT_NAME: `/identity` {{(pid=80098) log_request_info /opt/stack/keystone/keystone/server/flask/request_processing/req_logging.py:28}}
Aug 09 16:23:28.096275 dv-osbrick-852610-1-iscsi devstack@keystone.service[80098]: DEBUG keystone.server.flask.request_processing.req_logging [None req-2496ad4f-9ea5-4984-a0b7-d1d429670224 None admin] PATH_INFO: `/v3/roles` {{(pid=80098) log_request_info /opt/stack/keystone/keystone/server/flask/request_processing/req_logging.py:29}}
Aug 09 16:23:28.096384 dv-osbrick-852610-1-iscsi devstack@keystone.service[80097]: DEBUG keystone.common.rbac_enforcer.enforcer [None req-2e820b0b-c13a-4378-b8a9-a7de269d5fd5 None admin] RBAC: Authorizing `identity:validate_token()` {{(pid=80097) enforce_call /opt/stack/keystone/keystone/common/rbac_enforcer/enforcer.py:449}}
Aug 09 16:23:28.097322 dv-osbrick-852610-1-iscsi devstack@keystone.service[80098]: DEBUG keystone.common.rbac_enforcer.enforcer [None req-2496ad4f-9ea5-4984-a0b7-d1d429670224 None admin] RBAC: Adding query filter params (name=admin) {{(pid=80098) _extract_filter_values /opt/stack/keystone/keystone/common/rbac_enforcer/enforcer.py:167}}
Aug 09 16:23:28.097850 dv-osbrick-852610-1-iscsi devstack@keystone.service[80098]: DEBUG keystone.common.rbac_enforcer.enforcer [None req-2496ad4f-9ea5-4984-a0b7-d1d429670224 None admin] RBAC: Authorizing `identity:list_roles()` {{(pid=80098) enforce_call /opt/stack/keystone/keystone/common/rbac_enforcer/enforcer.py:449}}
Aug 09 16:23:28.099043 dv-osbrick-852610-1-iscsi devstack@keystone.service[80097]: DEBUG keystone.common.rbac_enforcer.enforcer [None req-2e820b0b-c13a-4378-b8a9-a7de269d5fd5 None admin] RBAC: Authorization granted {{(pid=80097) enforce_call /opt/stack/keystone/keystone/common/rbac_enforcer/enforcer.py:457}}
Aug 09 16:23:28.099656 dv-osbrick-852610-1-iscsi devstack@keystone.service[80098]: DEBUG keystone.common.rbac_enforcer.enforcer [None req-2496ad4f-9ea5-4984-a0b7-d1d429670224 None admin] RBAC: Authorization granted {{(pid=80098) enforce_call /opt/stack/keystone/keystone/common/rbac_enforcer/enforcer.py:457}}
Aug 09 16:23:28.123301 dv-osbrick-852610-1-iscsi devstack@keystone.service[80098]: [pid: 80098|app: 0|req: 198/368] 10.222.0.102 () {56 vars in 1104 bytes} [Tue Aug 9 16:23:27 2022] GET /identity/v3/roles?name=admin => generated 341 bytes in 261 msecs (HTTP/1.1 200) 5 headers in 177 bytes (1 switches on core 0)
Aug 09 16:23:28.124688 dv-osbrick-852610-1-iscsi devstack@keystone.service[80098]: DEBUG keystone.server.flask.request_processing.middleware.auth_context [None req-2496ad4f-9ea5-4984-a0b7-d1d429670224 None admin] Authenticating user token {{(pid=80098) process_request /usr/local/lib/python3.8/dist-packages/keystonemiddleware/auth_token/__init__.py:407}}
Aug 09 16:23:28.163903 dv-osbrick-852610-1-iscsi devstack@keystone.service[80098]: DEBUG dbcounter [-] [80098] Writing DB stats keystone:SELECT=100 {{(pid=80098) stat_writer /usr/local/lib/python3.8/dist-packages/dbcounter.py:114}}
Aug 09 16:23:28.255879 dv-osbrick-852610-1-iscsi devstack@keystone.service[80097]: [pid: 80097|app: 0|req: 171/369] 10.222.0.102 () {58 vars in 1287 bytes} [Tue Aug 9 16:23:27 2022] GET /identity/v3/auth/tokens => generated 800 bytes in 571 msecs (HTTP/1.1 200) 6 headers in 358 bytes (1 switches on core 0)
Aug 09 16:23:28.256795 dv-osbrick-852610-1-iscsi devstack@keystone.service[80097]: DEBUG keystone.server.flask.request_processing.middleware.auth_context [None req-2e820b0b-c13a-4378-b8a9-a7de269d5fd5 None admin] Authenticating user token {{(pid=80097) process_request /usr/local/lib/python3.8/dist-packages/keystonemiddleware/auth_token/__init__.py:407}}
Aug 09 16:23:28.295577 dv-osbrick-852610-1-iscsi devstack@keystone.service[80098]: DEBUG keystone.server.flask.request_processing.middleware.auth_context [None req-2496ad4f-9ea5-4984-a0b7-d1d429670224 None admin] Validating token access rules against request {{(pid=80098) validate_allowed_request /usr/local/lib/python3.8/dist-packages/keystonemiddleware/auth_token/__init__.py:545}}
Aug 09 16:23:28.309244 dv-osbrick-852610-1-iscsi devstack@keystone.service[80097]: DEBUG dbcounter [-] [80097] Writing DB stats keystone:SELECT=100 {{(pid=80097) stat_writer /usr/local/lib/python3.8/dist-packages/dbcounter.py:114}}
Aug 09 16:23:28.376120 dv-osbrick-852610-1-iscsi devstack@keystone.service[80098]: DEBUG keystone.server.flask.request_processing.middleware.auth_context [None req-35e8732d-9fed-4ad4-a795-0798a3a5f828 None admin] RBAC: auth_context: {'token': , 'domain_id': None, 'trust_id': None, 'trustor_id': None, 'trustee_id': None, 'domain_name': None, 'group_ids': [], 'user_id': '1c2772ab70ae44ff88cd1d114cb22081', 'user_domain_id': 'default', 'system_scope': 'all', 'project_id': None, 'project_domain_id': None, 'roles': ['admin', 'member', 'reader'], 'is_admin_project': True, 'service_user_id': None, 'service_user_domain_id': None, 'service_project_id': None, 'service_project_domain_id': None, 'service_roles': []} {{(pid=80098) fill_context /opt/stack/keystone/keystone/server/flask/request_processing/middleware/auth_context.py:478}}
Aug 09 16:23:28.379892 dv-osbrick-852610-1-iscsi devstack@keystone.service[80097]: DEBUG keystone.server.flask.request_processing.middleware.auth_context [None req-2e820b0b-c13a-4378-b8a9-a7de269d5fd5 None admin] Validating token access rules against request {{(pid=80097) validate_allowed_request /usr/local/lib/python3.8/dist-packages/keystonemiddleware/auth_token/__init__.py:545}}
Aug 09 16:23:28.380253 dv-osbrick-852610-1-iscsi devstack@keystone.service[80098]: DEBUG keystone.server.flask.request_processing.req_logging [None req-35e8732d-9fed-4ad4-a795-0798a3a5f828 None admin] REQUEST_METHOD: `GET` {{(pid=80098) log_request_info /opt/stack/keystone/keystone/server/flask/request_processing/req_logging.py:27}}
Aug 09 16:23:28.380956 dv-osbrick-852610-1-iscsi devstack@keystone.service[80098]: DEBUG keystone.server.flask.request_processing.req_logging [None req-35e8732d-9fed-4ad4-a795-0798a3a5f828 None admin] SCRIPT_NAME: `/identity` {{(pid=80098) log_request_info /opt/stack/keystone/keystone/server/flask/request_processing/req_logging.py:28}}
Aug 09 16:23:28.381788 dv-osbrick-852610-1-iscsi devstack@keystone.service[80098]: DEBUG keystone.server.flask.request_processing.req_logging [None req-35e8732d-9fed-4ad4-a795-0798a3a5f828 None admin] PATH_INFO: `/v3/users/552857448015418f908cf25031c4e7d5` {{(pid=80098) log_request_info /opt/stack/keystone/keystone/server/flask/request_processing/req_logging.py:29}}
Aug 09 16:23:28.389842 dv-osbrick-852610-1-iscsi devstack@keystone.service[80098]: DEBUG keystone.common.rbac_enforcer.enforcer [None req-35e8732d-9fed-4ad4-a795-0798a3a5f828 None admin] RBAC: Authorizing `identity:get_user(user_id=552857448015418f908cf25031c4e7d5)` {{(pid=80098) enforce_call /opt/stack/keystone/keystone/common/rbac_enforcer/enforcer.py:449}}
Aug 09 16:23:28.393952 dv-osbrick-852610-1-iscsi devstack@keystone.service[80098]: DEBUG keystone.common.rbac_enforcer.enforcer [None req-35e8732d-9fed-4ad4-a795-0798a3a5f828 None admin] RBAC: Authorization granted {{(pid=80098) enforce_call /opt/stack/keystone/keystone/common/rbac_enforcer/enforcer.py:457}}
Aug 09 16:23:28.397140 dv-osbrick-852610-1-iscsi devstack@keystone.service[80098]: [pid: 80098|app: 0|req: 199/370] 10.222.0.102 () {56 vars in 1182 bytes} [Tue Aug 9 16:23:28 2022] GET /identity/v3/users/552857448015418f908cf25031c4e7d5 => generated 294 bytes in 273 msecs (HTTP/1.1 200) 5 headers in 177 bytes (1 switches on core 0)
Aug 09 16:23:28.398935 dv-osbrick-852610-1-iscsi devstack@keystone.service[80098]: DEBUG keystone.server.flask.request_processing.middleware.auth_context [None req-35e8732d-9fed-4ad4-a795-0798a3a5f828 None admin] Authenticating user token {{(pid=80098) process_request /usr/local/lib/python3.8/dist-packages/keystonemiddleware/auth_token/__init__.py:407}}
Aug 09 16:23:28.422785 dv-osbrick-852610-1-iscsi devstack@keystone.service[80097]: DEBUG keystone.server.flask.request_processing.middleware.auth_context [None req-b0567238-7a04-4e29-939d-5949862cf29e None admin] RBAC: auth_context: {'token': , 'domain_id': None, 'trust_id': None, 'trustor_id': None, 'trustee_id': None, 'domain_name': None, 'group_ids': [], 'user_id': '1c2772ab70ae44ff88cd1d114cb22081', 'user_domain_id': 'default', 'system_scope': 'all', 'project_id': None, 'project_domain_id': None, 'roles': ['admin', 'member', 'reader'], 'is_admin_project': True, 'service_user_id': None, 'service_user_domain_id': None, 'service_project_id': None, 'service_project_domain_id': None, 'service_roles': []} {{(pid=80097) fill_context /opt/stack/keystone/keystone/server/flask/request_processing/middleware/auth_context.py:478}}
Aug 09 16:23:28.423545 dv-osbrick-852610-1-iscsi devstack@keystone.service[80097]: DEBUG keystone.server.flask.request_processing.req_logging [None req-b0567238-7a04-4e29-939d-5949862cf29e None admin] REQUEST_METHOD: `GET` {{(pid=80097) log_request_info /opt/stack/keystone/keystone/server/flask/request_processing/req_logging.py:27}}
Aug 09 16:23:28.423827 dv-osbrick-852610-1-iscsi devstack@keystone.service[80097]: DEBUG keystone.server.flask.request_processing.req_logging [None req-b0567238-7a04-4e29-939d-5949862cf29e None admin] SCRIPT_NAME: `/identity` {{(pid=80097) log_request_info /opt/stack/keystone/keystone/server/flask/request_processing/req_logging.py:28}}
Aug 09 16:23:28.424098 dv-osbrick-852610-1-iscsi devstack@keystone.service[80097]: DEBUG keystone.server.flask.request_processing.req_logging [None req-b0567238-7a04-4e29-939d-5949862cf29e None admin] PATH_INFO: `/v3/groups/821dd5baac44404099a395d0b777f992` {{(pid=80097) log_request_info /opt/stack/keystone/keystone/server/flask/request_processing/req_logging.py:29}}
Aug 09 16:23:28.425400 dv-osbrick-852610-1-iscsi devstack@keystone.service[80097]: DEBUG keystone.common.rbac_enforcer.enforcer [None req-b0567238-7a04-4e29-939d-5949862cf29e None admin] RBAC: Authorizing `identity:get_group(group_id=821dd5baac44404099a395d0b777f992)` {{(pid=80097) enforce_call /opt/stack/keystone/keystone/common/rbac_enforcer/enforcer.py:449}}
Aug 09 16:23:28.427112 dv-osbrick-852610-1-iscsi devstack@keystone.service[80097]: DEBUG keystone.common.rbac_enforcer.enforcer [None req-b0567238-7a04-4e29-939d-5949862cf29e None admin] RBAC: Authorization granted {{(pid=80097) enforce_call /opt/stack/keystone/keystone/common/rbac_enforcer/enforcer.py:457}}
Aug 09 16:23:28.429368 dv-osbrick-852610-1-iscsi devstack@keystone.service[80097]: [pid: 80097|app: 0|req: 172/371] 10.222.0.102 () {56 vars in 1185 bytes} [Tue Aug 9 16:23:28 2022] GET /identity/v3/groups/821dd5baac44404099a395d0b777f992 => generated 227 bytes in 173 msecs (HTTP/1.1 200) 5 headers in 177 bytes (1 switches on core 0)
Aug 09 16:23:28.430248 dv-osbrick-852610-1-iscsi devstack@keystone.service[80097]: DEBUG keystone.server.flask.request_processing.middleware.auth_context [None req-b0567238-7a04-4e29-939d-5949862cf29e None admin] Authenticating user token {{(pid=80097) process_request /usr/local/lib/python3.8/dist-packages/keystonemiddleware/auth_token/__init__.py:407}}
Aug 09 16:23:28.558256 dv-osbrick-852610-1-iscsi devstack@keystone.service[80097]: DEBUG keystone.server.flask.request_processing.middleware.auth_context [None req-b0567238-7a04-4e29-939d-5949862cf29e None admin] Validating token access rules against request {{(pid=80097) validate_allowed_request /usr/local/lib/python3.8/dist-packages/keystonemiddleware/auth_token/__init__.py:545}}
Aug 09 16:23:28.564193 dv-osbrick-852610-1-iscsi devstack@keystone.service[80098]: DEBUG dbcounter [-] [80098] Writing DB stats keystone:SELECT=100 {{(pid=80098) stat_writer /usr/local/lib/python3.8/dist-packages/dbcounter.py:114}}
Aug 09 16:23:28.573539 dv-osbrick-852610-1-iscsi devstack@keystone.service[80097]: DEBUG dbcounter [-] [80097] Writing DB stats keystone:SELECT=100 {{(pid=80097) stat_writer /usr/local/lib/python3.8/dist-packages/dbcounter.py:114}}
Aug 09 16:23:28.600724 dv-osbrick-852610-1-iscsi devstack@keystone.service[80098]: DEBUG keystone.server.flask.request_processing.middleware.auth_context [None req-35e8732d-9fed-4ad4-a795-0798a3a5f828 None admin] Validating token access rules against request {{(pid=80098) validate_allowed_request /usr/local/lib/python3.8/dist-packages/keystonemiddleware/auth_token/__init__.py:545}}
Aug 09 16:23:28.601437 dv-osbrick-852610-1-iscsi devstack@keystone.service[80097]: DEBUG keystone.server.flask.request_processing.middleware.auth_context [None req-ea4107d0-64b6-49f2-9636-8935b3f31f79 None admin] RBAC: auth_context: {'token': , 'domain_id': None, 'trust_id': None, 'trustor_id': None, 'trustee_id': None, 'domain_name': None, 'group_ids': [], 'user_id': '1c2772ab70ae44ff88cd1d114cb22081', 'user_domain_id': 'default', 'system_scope': 'all', 'project_id': None, 'project_domain_id': None, 'roles': ['admin', 'member', 'reader'], 'is_admin_project': True, 'service_user_id': None, 'service_user_domain_id': None, 'service_project_id': None, 'service_project_domain_id': None, 'service_roles': []} {{(pid=80097) fill_context /opt/stack/keystone/keystone/server/flask/request_processing/middleware/auth_context.py:478}}
Aug 09 16:23:28.602168 dv-osbrick-852610-1-iscsi devstack@keystone.service[80097]: DEBUG keystone.server.flask.request_processing.req_logging [None req-ea4107d0-64b6-49f2-9636-8935b3f31f79 None admin] REQUEST_METHOD: `GET` {{(pid=80097) log_request_info /opt/stack/keystone/keystone/server/flask/request_processing/req_logging.py:27}}
Aug 09 16:23:28.602453 dv-osbrick-852610-1-iscsi devstack@keystone.service[80097]: DEBUG keystone.server.flask.request_processing.req_logging [None req-ea4107d0-64b6-49f2-9636-8935b3f31f79 None admin] SCRIPT_NAME: `/identity` {{(pid=80097) log_request_info /opt/stack/keystone/keystone/server/flask/request_processing/req_logging.py:28}}
Aug 09 16:23:28.602756 dv-osbrick-852610-1-iscsi devstack@keystone.service[80097]: DEBUG keystone.server.flask.request_processing.req_logging [None req-ea4107d0-64b6-49f2-9636-8935b3f31f79 None admin] PATH_INFO: `/v3/projects/d49b750129b94406b17b5ace387de417` {{(pid=80097) log_request_info /opt/stack/keystone/keystone/server/flask/request_processing/req_logging.py:29}}
Aug 09 16:23:28.603913 dv-osbrick-852610-1-iscsi devstack@keystone.service[80097]: DEBUG keystone.common.rbac_enforcer.enforcer [None req-ea4107d0-64b6-49f2-9636-8935b3f31f79 None admin] RBAC: Authorizing `identity:get_project(project_id=d49b750129b94406b17b5ace387de417)` {{(pid=80097) enforce_call /opt/stack/keystone/keystone/common/rbac_enforcer/enforcer.py:449}}
Aug 09 16:23:28.605548 dv-osbrick-852610-1-iscsi devstack@keystone.service[80097]: DEBUG keystone.common.rbac_enforcer.enforcer [None req-ea4107d0-64b6-49f2-9636-8935b3f31f79 None admin] RBAC: Authorization granted {{(pid=80097) enforce_call /opt/stack/keystone/keystone/common/rbac_enforcer/enforcer.py:457}}
Aug 09 16:23:28.607660 dv-osbrick-852610-1-iscsi devstack@keystone.service[80097]: [pid: 80097|app: 0|req: 173/372] 10.222.0.102 () {56 vars in 1191 bytes} [Tue Aug 9 16:23:28 2022] GET /identity/v3/projects/d49b750129b94406b17b5ace387de417 => generated 303 bytes in 177 msecs (HTTP/1.1 200) 5 headers in 177 bytes (1 switches on core 0)
Aug 09 16:23:28.608168 dv-osbrick-852610-1-iscsi devstack@keystone.service[80097]: DEBUG keystone.server.flask.request_processing.middleware.auth_context [None req-ea4107d0-64b6-49f2-9636-8935b3f31f79 None admin] Authenticating user token {{(pid=80097) process_request /usr/local/lib/python3.8/dist-packages/keystonemiddleware/auth_token/__init__.py:407}}
Aug 09 16:23:28.668709 dv-osbrick-852610-1-iscsi devstack@keystone.service[80098]: DEBUG keystone.server.flask.request_processing.middleware.auth_context [None req-7069b22f-32f2-48bd-b55e-0e7e9a096299 None admin] RBAC: auth_context: {'token': , 'domain_id': None, 'trust_id': None, 'trustor_id': None, 'trustee_id': None, 'domain_name': None, 'group_ids': [], 'user_id': '1c2772ab70ae44ff88cd1d114cb22081', 'user_domain_id': 'default', 'system_scope': 'all', 'project_id': None, 'project_domain_id': None, 'roles': ['admin', 'member', 'reader'], 'is_admin_project': True, 'service_user_id': None, 'service_user_domain_id': None, 'service_project_id': None, 'service_project_domain_id': None, 'service_roles': []} {{(pid=80098) fill_context /opt/stack/keystone/keystone/server/flask/request_processing/middleware/auth_context.py:478}}
Aug 09 16:23:28.670371 dv-osbrick-852610-1-iscsi devstack@keystone.service[80098]: DEBUG keystone.server.flask.request_processing.req_logging [None req-7069b22f-32f2-48bd-b55e-0e7e9a096299 None admin] REQUEST_METHOD: `GET` {{(pid=80098) log_request_info /opt/stack/keystone/keystone/server/flask/request_processing/req_logging.py:27}}
Aug 09 16:23:28.671129 dv-osbrick-852610-1-iscsi devstack@keystone.service[80098]: DEBUG keystone.server.flask.request_processing.req_logging [None req-7069b22f-32f2-48bd-b55e-0e7e9a096299 None admin] SCRIPT_NAME: `/identity` {{(pid=80098) log_request_info /opt/stack/keystone/keystone/server/flask/request_processing/req_logging.py:28}}
Aug 09 16:23:28.671888 dv-osbrick-852610-1-iscsi devstack@keystone.service[80098]: DEBUG keystone.server.flask.request_processing.req_logging [None req-7069b22f-32f2-48bd-b55e-0e7e9a096299 None admin] PATH_INFO: `/v3/auth/tokens` {{(pid=80098) log_request_info /opt/stack/keystone/keystone/server/flask/request_processing/req_logging.py:29}}
Aug 09 16:23:28.730360 dv-osbrick-852610-1-iscsi devstack@keystone.service[80097]: DEBUG keystone.server.flask.request_processing.middleware.auth_context [None req-ea4107d0-64b6-49f2-9636-8935b3f31f79 None admin] Validating token access rules against request {{(pid=80097) validate_allowed_request /usr/local/lib/python3.8/dist-packages/keystonemiddleware/auth_token/__init__.py:545}}
Aug 09 16:23:28.771522 dv-osbrick-852610-1-iscsi devstack@keystone.service[80097]: DEBUG keystone.server.flask.request_processing.middleware.auth_context [None req-4244380a-abf0-4fd1-aba8-2696ed9208da None admin] RBAC: auth_context: {'token': , 'domain_id': None, 'trust_id': None, 'trustor_id': None, 'trustee_id': None, 'domain_name': None, 'group_ids': [], 'user_id': '1c2772ab70ae44ff88cd1d114cb22081', 'user_domain_id': 'default', 'system_scope': 'all', 'project_id': None, 'project_domain_id': None, 'roles': ['admin', 'member', 'reader'], 'is_admin_project': True, 'service_user_id': None, 'service_user_domain_id': None, 'service_project_id': None, 'service_project_domain_id': None, 'service_roles': []} {{(pid=80097) fill_context /opt/stack/keystone/keystone/server/flask/request_processing/middleware/auth_context.py:478}}
Aug 09 16:23:28.772167 dv-osbrick-852610-1-iscsi devstack@keystone.service[80097]: DEBUG keystone.server.flask.request_processing.req_logging [None req-4244380a-abf0-4fd1-aba8-2696ed9208da None admin] REQUEST_METHOD: `GET` {{(pid=80097) log_request_info /opt/stack/keystone/keystone/server/flask/request_processing/req_logging.py:27}}
Aug 09 16:23:28.772446 dv-osbrick-852610-1-iscsi devstack@keystone.service[80097]: DEBUG keystone.server.flask.request_processing.req_logging [None req-4244380a-abf0-4fd1-aba8-2696ed9208da None admin] SCRIPT_NAME: `/identity` {{(pid=80097) log_request_info /opt/stack/keystone/keystone/server/flask/request_processing/req_logging.py:28}}
Aug 09 16:23:28.772721 dv-osbrick-852610-1-iscsi devstack@keystone.service[80097]: DEBUG keystone.server.flask.request_processing.req_logging [None req-4244380a-abf0-4fd1-aba8-2696ed9208da None admin] PATH_INFO: `/v3/role_assignments` {{(pid=80097) log_request_info /opt/stack/keystone/keystone/server/flask/request_processing/req_logging.py:29}}
Aug 09 16:23:28.773470 dv-osbrick-852610-1-iscsi devstack@keystone.service[80097]: DEBUG keystone.common.rbac_enforcer.enforcer [None req-4244380a-abf0-4fd1-aba8-2696ed9208da None admin] RBAC: Adding query filter params (role.id=5eec8e37632342a38432220d140f87d9, user.id=552857448015418f908cf25031c4e7d5, scope.system=all) {{(pid=80097) _extract_filter_values /opt/stack/keystone/keystone/common/rbac_enforcer/enforcer.py:167}}
Aug 09 16:23:28.773909 dv-osbrick-852610-1-iscsi devstack@keystone.service[80097]: DEBUG keystone.common.rbac_enforcer.enforcer [None req-4244380a-abf0-4fd1-aba8-2696ed9208da None admin] RBAC: Authorizing `identity:list_role_assignments()` {{(pid=80097) enforce_call /opt/stack/keystone/keystone/common/rbac_enforcer/enforcer.py:449}}
Aug 09 16:23:28.776060 dv-osbrick-852610-1-iscsi devstack@keystone.service[80097]: DEBUG keystone.common.rbac_enforcer.enforcer [None req-4244380a-abf0-4fd1-aba8-2696ed9208da None admin] RBAC: Authorization granted {{(pid=80097) enforce_call /opt/stack/keystone/keystone/common/rbac_enforcer/enforcer.py:457}}
Aug 09 16:23:28.781310 dv-osbrick-852610-1-iscsi devstack@keystone.service[80098]: DEBUG keystone.common.rbac_enforcer.enforcer [None req-7069b22f-32f2-48bd-b55e-0e7e9a096299 None admin] RBAC: Authorizing `identity:validate_token()` {{(pid=80098) enforce_call /opt/stack/keystone/keystone/common/rbac_enforcer/enforcer.py:449}}
Aug 09 16:23:28.783969 dv-osbrick-852610-1-iscsi devstack@keystone.service[80098]: DEBUG keystone.common.rbac_enforcer.enforcer [None req-7069b22f-32f2-48bd-b55e-0e7e9a096299 None admin] RBAC: Authorization granted {{(pid=80098) enforce_call /opt/stack/keystone/keystone/common/rbac_enforcer/enforcer.py:457}}
Aug 09 16:23:28.790956 dv-osbrick-852610-1-iscsi devstack@keystone.service[80097]: [pid: 80097|app: 0|req: 174/373] 10.222.0.102 () {56 vars in 1313 bytes} [Tue Aug 9 16:23:28 2022] GET /identity/v3/role_assignments?user.id=552857448015418f908cf25031c4e7d5&scope.system=all&role.id=5eec8e37632342a38432220d140f87d9 => generated 512 bytes in 183 msecs (HTTP/1.1 200) 5 headers in 177 bytes (1 switches on core 0)
Aug 09 16:23:28.791883 dv-osbrick-852610-1-iscsi devstack@keystone.service[80097]: DEBUG keystone.server.flask.request_processing.middleware.auth_context [None req-4244380a-abf0-4fd1-aba8-2696ed9208da None admin] Authenticating user token {{(pid=80097) process_request /usr/local/lib/python3.8/dist-packages/keystonemiddleware/auth_token/__init__.py:407}}
Aug 09 16:23:28.853740 dv-osbrick-852610-1-iscsi devstack@keystone.service[80097]: DEBUG dbcounter [-] [80097] Writing DB stats keystone:SELECT=100 {{(pid=80097) stat_writer /usr/local/lib/python3.8/dist-packages/dbcounter.py:114}}
Aug 09 16:23:28.953651 dv-osbrick-852610-1-iscsi devstack@keystone.service[80097]: DEBUG keystone.server.flask.request_processing.middleware.auth_context [None req-4244380a-abf0-4fd1-aba8-2696ed9208da None admin] Validating token access rules against request {{(pid=80097) validate_allowed_request /usr/local/lib/python3.8/dist-packages/keystonemiddleware/auth_token/__init__.py:545}}
Aug 09 16:23:28.990866 dv-osbrick-852610-1-iscsi devstack@keystone.service[80098]: DEBUG dbcounter [-] [80098] Writing DB stats keystone:SELECT=100 {{(pid=80098) stat_writer /usr/local/lib/python3.8/dist-packages/dbcounter.py:114}}
Aug 09 16:23:29.004199 dv-osbrick-852610-1-iscsi devstack@keystone.service[80097]: DEBUG keystone.server.flask.request_processing.middleware.auth_context [None req-915dfb95-4681-44c7-8c8e-d5f77b02e18b None admin] RBAC: auth_context: {'token': , 'domain_id': None, 'trust_id': None, 'trustor_id': None, 'trustee_id': None, 'domain_name': None, 'group_ids': [], 'user_id': '1c2772ab70ae44ff88cd1d114cb22081', 'user_domain_id': 'default', 'system_scope': 'all', 'project_id': None, 'project_domain_id': None, 'roles': ['admin', 'member', 'reader'], 'is_admin_project': True, 'service_user_id': None, 'service_user_domain_id': None, 'service_project_id': None, 'service_project_domain_id': None, 'service_roles': []} {{(pid=80097) fill_context /opt/stack/keystone/keystone/server/flask/request_processing/middleware/auth_context.py:478}}
Aug 09 16:23:29.005172 dv-osbrick-852610-1-iscsi devstack@keystone.service[80097]: DEBUG keystone.server.flask.request_processing.req_logging [None req-915dfb95-4681-44c7-8c8e-d5f77b02e18b None admin] REQUEST_METHOD: `GET` {{(pid=80097) log_request_info /opt/stack/keystone/keystone/server/flask/request_processing/req_logging.py:27}}
Aug 09 16:23:29.005654 dv-osbrick-852610-1-iscsi devstack@keystone.service[80097]: DEBUG keystone.server.flask.request_processing.req_logging [None req-915dfb95-4681-44c7-8c8e-d5f77b02e18b None admin] SCRIPT_NAME: `/identity` {{(pid=80097) log_request_info /opt/stack/keystone/keystone/server/flask/request_processing/req_logging.py:28}}
Aug 09 16:23:29.006103 dv-osbrick-852610-1-iscsi devstack@keystone.service[80097]: DEBUG keystone.server.flask.request_processing.req_logging [None req-915dfb95-4681-44c7-8c8e-d5f77b02e18b None admin] PATH_INFO: `/v3/role_assignments` {{(pid=80097) log_request_info /opt/stack/keystone/keystone/server/flask/request_processing/req_logging.py:29}}
Aug 09 16:23:29.006989 dv-osbrick-852610-1-iscsi devstack@keystone.service[80097]: DEBUG keystone.common.rbac_enforcer.enforcer [None req-915dfb95-4681-44c7-8c8e-d5f77b02e18b None admin] RBAC: Adding query filter params (group.id=821dd5baac44404099a395d0b777f992, role.id=93b4c10176f349fba0b439977b8bc26d, scope.project.id=d49b750129b94406b17b5ace387de417) {{(pid=80097) _extract_filter_values /opt/stack/keystone/keystone/common/rbac_enforcer/enforcer.py:167}}
Aug 09 16:23:29.007457 dv-osbrick-852610-1-iscsi devstack@keystone.service[80097]: DEBUG keystone.common.rbac_enforcer.enforcer [None req-915dfb95-4681-44c7-8c8e-d5f77b02e18b None admin] RBAC: Authorizing `identity:list_role_assignments()` {{(pid=80097) enforce_call /opt/stack/keystone/keystone/common/rbac_enforcer/enforcer.py:449}}
Aug 09 16:23:29.009137 dv-osbrick-852610-1-iscsi devstack@keystone.service[80097]: DEBUG keystone.common.rbac_enforcer.enforcer [None req-915dfb95-4681-44c7-8c8e-d5f77b02e18b None admin] RBAC: Authorization granted {{(pid=80097) enforce_call /opt/stack/keystone/keystone/common/rbac_enforcer/enforcer.py:457}}
Aug 09 16:23:29.016533 dv-osbrick-852610-1-iscsi devstack@keystone.service[80097]: [pid: 80097|app: 0|req: 175/374] 10.222.0.102 () {56 vars in 1381 bytes} [Tue Aug 9 16:23:28 2022] GET /identity/v3/role_assignments?group.id=821dd5baac44404099a395d0b777f992&scope.project.id=d49b750129b94406b17b5ace387de417&role.id=93b4c10176f349fba0b439977b8bc26d => generated 261 bytes in 225 msecs (HTTP/1.1 200) 5 headers in 177 bytes (1 switches on core 0)
Aug 09 16:23:29.017982 dv-osbrick-852610-1-iscsi devstack@keystone.service[80097]: DEBUG keystone.server.flask.request_processing.middleware.auth_context [None req-915dfb95-4681-44c7-8c8e-d5f77b02e18b None admin] Authenticating user token {{(pid=80097) process_request /usr/local/lib/python3.8/dist-packages/keystonemiddleware/auth_token/__init__.py:407}}
Aug 09 16:23:29.035698 dv-osbrick-852610-1-iscsi devstack@keystone.service[80098]: [pid: 80098|app: 0|req: 200/375] 10.222.0.102 () {58 vars in 1287 bytes} [Tue Aug 9 16:23:28 2022] GET /identity/v3/auth/tokens => generated 800 bytes in 638 msecs (HTTP/1.1 200) 6 headers in 358 bytes (1 switches on core 0)
Aug 09 16:23:29.037444 dv-osbrick-852610-1-iscsi devstack@keystone.service[80098]: DEBUG keystone.server.flask.request_processing.req_logging [None req-300b7703-6ead-482a-ab5e-c76c6f5ecf5f None None] REQUEST_METHOD: `GET` {{(pid=80098) log_request_info /opt/stack/keystone/keystone/server/flask/request_processing/req_logging.py:27}}
Aug 09 16:23:29.037754 dv-osbrick-852610-1-iscsi devstack@keystone.service[80098]: DEBUG keystone.server.flask.request_processing.req_logging [None req-300b7703-6ead-482a-ab5e-c76c6f5ecf5f None None] SCRIPT_NAME: `/identity` {{(pid=80098) log_request_info /opt/stack/keystone/keystone/server/flask/request_processing/req_logging.py:28}}
Aug 09 16:23:29.038063 dv-osbrick-852610-1-iscsi devstack@keystone.service[80098]: DEBUG keystone.server.flask.request_processing.req_logging [None req-300b7703-6ead-482a-ab5e-c76c6f5ecf5f None None] PATH_INFO: `/` {{(pid=80098) log_request_info /opt/stack/keystone/keystone/server/flask/request_processing/req_logging.py:29}}
Aug 09 16:23:29.039865 dv-osbrick-852610-1-iscsi devstack@keystone.service[80098]: [pid: 80098|app: 0|req: 201/376] 10.222.0.102 () {54 vars in 932 bytes} [Tue Aug 9 16:23:29 2022] GET /identity => generated 271 bytes in 3 msecs (HTTP/1.1 300) 6 headers in 235 bytes (1 switches on core 0)
