Jul 14 14:27:04.874014 dv-osbrick-849858-1-smb devstack@keystone.service[80478]: DEBUG keystone.server.flask.request_processing.middleware.auth_context [None req-3e9e3c70-fe5d-4e1e-b847-964c56669721 None None] Validating token access rules against request {{(pid=80478) validate_allowed_request /usr/local/lib/python3.8/dist-packages/keystonemiddleware/auth_token/__init__.py:545}}
Jul 14 14:27:04.912922 dv-osbrick-849858-1-smb devstack@keystone.service[80478]: DEBUG keystone.server.flask.request_processing.middleware.auth_context [None req-3a22f0fa-b26a-4d57-9dd8-2feac7139b67 None admin] RBAC: auth_context: {'token': , 'domain_id': None, 'trust_id': None, 'trustor_id': None, 'trustee_id': None, 'domain_name': None, 'group_ids': [], 'user_id': 'e54b75925e0d406f90a86046fdfcf63e', 'user_domain_id': 'default', 'system_scope': 'all', 'project_id': None, 'project_domain_id': None, 'roles': ['admin', 'member', 'reader'], 'is_admin_project': True, 'service_user_id': None, 'service_user_domain_id': None, 'service_project_id': None, 'service_project_domain_id': None, 'service_roles': []} {{(pid=80478) fill_context /opt/stack/keystone/keystone/server/flask/request_processing/middleware/auth_context.py:478}}
Jul 14 14:27:04.913667 dv-osbrick-849858-1-smb devstack@keystone.service[80478]: DEBUG keystone.server.flask.request_processing.req_logging [None req-3a22f0fa-b26a-4d57-9dd8-2feac7139b67 None admin] REQUEST_METHOD: `GET` {{(pid=80478) log_request_info /opt/stack/keystone/keystone/server/flask/request_processing/req_logging.py:27}}
Jul 14 14:27:04.913859 dv-osbrick-849858-1-smb devstack@keystone.service[80478]: DEBUG keystone.server.flask.request_processing.req_logging [None req-3a22f0fa-b26a-4d57-9dd8-2feac7139b67 None admin] SCRIPT_NAME: `/identity` {{(pid=80478) log_request_info /opt/stack/keystone/keystone/server/flask/request_processing/req_logging.py:28}}
Jul 14 14:27:04.914136 dv-osbrick-849858-1-smb devstack@keystone.service[80478]: DEBUG keystone.server.flask.request_processing.req_logging [None req-3a22f0fa-b26a-4d57-9dd8-2feac7139b67 None admin] PATH_INFO: `/v3/auth/tokens` {{(pid=80478) log_request_info /opt/stack/keystone/keystone/server/flask/request_processing/req_logging.py:29}}
Jul 14 14:27:04.942452 dv-osbrick-849858-1-smb devstack@keystone.service[80479]: [pid: 80479|app: 0|req: 82/176] 10.222.0.60 () {58 vars in 1282 bytes} [Thu Jul 14 14:27:04 2022] GET /identity/v3/auth/tokens => generated 799 bytes in 660 msecs (HTTP/1.1 200) 6 headers in 358 bytes (1 switches on core 0)
Jul 14 14:27:04.944306 dv-osbrick-849858-1-smb devstack@keystone.service[80479]: DEBUG keystone.server.flask.request_processing.req_logging [None req-3346e226-4649-492a-adfb-a46793482c5a None None] REQUEST_METHOD: `POST` {{(pid=80479) log_request_info /opt/stack/keystone/keystone/server/flask/request_processing/req_logging.py:27}}
Jul 14 14:27:04.944920 dv-osbrick-849858-1-smb devstack@keystone.service[80479]: DEBUG keystone.server.flask.request_processing.req_logging [None req-3346e226-4649-492a-adfb-a46793482c5a None None] SCRIPT_NAME: `/identity` {{(pid=80479) log_request_info /opt/stack/keystone/keystone/server/flask/request_processing/req_logging.py:28}}
Jul 14 14:27:04.945421 dv-osbrick-849858-1-smb devstack@keystone.service[80479]: DEBUG keystone.server.flask.request_processing.req_logging [None req-3346e226-4649-492a-adfb-a46793482c5a None None] PATH_INFO: `/v3/auth/tokens` {{(pid=80479) log_request_info /opt/stack/keystone/keystone/server/flask/request_processing/req_logging.py:29}}
Jul 14 14:27:04.963828 dv-osbrick-849858-1-smb devstack@keystone.service[80479]: DEBUG keystone.auth.core [None req-3346e226-4649-492a-adfb-a46793482c5a None None] MFA Rules not processed for user `e54b75925e0d406f90a86046fdfcf63e`. Rule list: `[]` (Enabled: `True`). {{(pid=80479) check_auth_methods_against_rules /opt/stack/keystone/keystone/auth/core.py:438}}
Jul 14 14:27:04.965643 dv-osbrick-849858-1-smb devstack@keystone.service[80479]: DEBUG keystone.common.fernet_utils [None req-3346e226-4649-492a-adfb-a46793482c5a None None] Loaded 2 Fernet keys from /etc/keystone/fernet-keys/, but `[fernet_tokens] max_active_keys = 3`; perhaps there have not been enough key rotations to reach `max_active_keys` yet? {{(pid=80479) load_keys /opt/stack/keystone/keystone/common/fernet_utils.py:286}}
Jul 14 14:27:04.988147 dv-osbrick-849858-1-smb devstack@keystone.service[80478]: DEBUG keystone.common.rbac_enforcer.enforcer [None req-3a22f0fa-b26a-4d57-9dd8-2feac7139b67 None admin] RBAC: Authorizing `identity:validate_token()` {{(pid=80478) enforce_call /opt/stack/keystone/keystone/common/rbac_enforcer/enforcer.py:449}}
Jul 14 14:27:04.989651 dv-osbrick-849858-1-smb devstack@keystone.service[80478]: DEBUG keystone.common.rbac_enforcer.enforcer [None req-3a22f0fa-b26a-4d57-9dd8-2feac7139b67 None admin] RBAC: Authorization granted {{(pid=80478) enforce_call /opt/stack/keystone/keystone/common/rbac_enforcer/enforcer.py:457}}
Jul 14 14:27:05.039493 dv-osbrick-849858-1-smb devstack@keystone.service[80479]: [pid: 80479|app: 0|req: 83/177] 10.222.0.60 () {58 vars in 1023 bytes} [Thu Jul 14 14:27:04 2022] POST /identity/v3/auth/tokens => generated 799 bytes in 96 msecs (HTTP/1.1 201) 6 headers in 363 bytes (1 switches on core 0)
Jul 14 14:27:05.045337 dv-osbrick-849858-1-smb devstack@keystone.service[80479]: DEBUG keystone.server.flask.request_processing.req_logging [None req-a9433916-96b9-4ebf-a294-3f4cf841aad6 None None] REQUEST_METHOD: `GET` {{(pid=80479) log_request_info /opt/stack/keystone/keystone/server/flask/request_processing/req_logging.py:27}}
Jul 14 14:27:05.045863 dv-osbrick-849858-1-smb devstack@keystone.service[80479]: DEBUG keystone.server.flask.request_processing.req_logging [None req-a9433916-96b9-4ebf-a294-3f4cf841aad6 None None] SCRIPT_NAME: `/identity` {{(pid=80479) log_request_info /opt/stack/keystone/keystone/server/flask/request_processing/req_logging.py:28}}
Jul 14 14:27:05.046344 dv-osbrick-849858-1-smb devstack@keystone.service[80479]: DEBUG keystone.server.flask.request_processing.req_logging [None req-a9433916-96b9-4ebf-a294-3f4cf841aad6 None None] PATH_INFO: `/` {{(pid=80479) log_request_info /opt/stack/keystone/keystone/server/flask/request_processing/req_logging.py:29}}
Jul 14 14:27:05.048248 dv-osbrick-849858-1-smb devstack@keystone.service[80479]: [pid: 80479|app: 0|req: 84/178] 10.222.0.60 () {54 vars in 926 bytes} [Thu Jul 14 14:27:05 2022] GET /identity => generated 270 bytes in 8 msecs (HTTP/1.1 300) 6 headers in 234 bytes (1 switches on core 0)
Jul 14 14:27:05.052675 dv-osbrick-849858-1-smb devstack@keystone.service[80479]: DEBUG keystone.server.flask.request_processing.middleware.auth_context [None req-a9433916-96b9-4ebf-a294-3f4cf841aad6 None None] Authenticating user token {{(pid=80479) process_request /usr/local/lib/python3.8/dist-packages/keystonemiddleware/auth_token/__init__.py:407}}
Jul 14 14:27:05.072998 dv-osbrick-849858-1-smb devstack@keystone.service[80478]: DEBUG dbcounter [-] [80478] Writing DB stats keystone:SELECT=100 {{(pid=80478) stat_writer /usr/local/lib/python3.8/dist-packages/dbcounter.py:114}}
Jul 14 14:27:05.078838 dv-osbrick-849858-1-smb devstack@keystone.service[80479]: DEBUG dbcounter [-] [80479] Writing DB stats keystone:SELECT=100 {{(pid=80479) stat_writer /usr/local/lib/python3.8/dist-packages/dbcounter.py:114}}
Jul 14 14:27:05.096371 dv-osbrick-849858-1-smb devstack@keystone.service[80478]: [pid: 80478|app: 0|req: 95/179] 10.222.0.60 () {58 vars in 1282 bytes} [Thu Jul 14 14:27:04 2022] GET /identity/v3/auth/tokens => generated 799 bytes in 471 msecs (HTTP/1.1 200) 6 headers in 358 bytes (1 switches on core 0)
Jul 14 14:27:05.097981 dv-osbrick-849858-1-smb devstack@keystone.service[80478]: DEBUG keystone.server.flask.request_processing.req_logging [None req-7c9c9167-cd9c-41d2-86c7-6044a8e20523 None None] REQUEST_METHOD: `POST` {{(pid=80478) log_request_info /opt/stack/keystone/keystone/server/flask/request_processing/req_logging.py:27}}
Jul 14 14:27:05.098423 dv-osbrick-849858-1-smb devstack@keystone.service[80478]: DEBUG keystone.server.flask.request_processing.req_logging [None req-7c9c9167-cd9c-41d2-86c7-6044a8e20523 None None] SCRIPT_NAME: `/identity` {{(pid=80478) log_request_info /opt/stack/keystone/keystone/server/flask/request_processing/req_logging.py:28}}
Jul 14 14:27:05.098827 dv-osbrick-849858-1-smb devstack@keystone.service[80478]: DEBUG keystone.server.flask.request_processing.req_logging [None req-7c9c9167-cd9c-41d2-86c7-6044a8e20523 None None] PATH_INFO: `/v3/auth/tokens` {{(pid=80478) log_request_info /opt/stack/keystone/keystone/server/flask/request_processing/req_logging.py:29}}
Jul 14 14:27:05.115706 dv-osbrick-849858-1-smb devstack@keystone.service[80478]: DEBUG keystone.auth.core [None req-7c9c9167-cd9c-41d2-86c7-6044a8e20523 None None] MFA Rules not processed for user `e54b75925e0d406f90a86046fdfcf63e`. Rule list: `[]` (Enabled: `True`). {{(pid=80478) check_auth_methods_against_rules /opt/stack/keystone/keystone/auth/core.py:438}}
Jul 14 14:27:05.117121 dv-osbrick-849858-1-smb devstack@keystone.service[80478]: DEBUG keystone.common.fernet_utils [None req-7c9c9167-cd9c-41d2-86c7-6044a8e20523 None None] Loaded 2 Fernet keys from /etc/keystone/fernet-keys/, but `[fernet_tokens] max_active_keys = 3`; perhaps there have not been enough key rotations to reach `max_active_keys` yet? {{(pid=80478) load_keys /opt/stack/keystone/keystone/common/fernet_utils.py:286}}
Jul 14 14:27:05.178154 dv-osbrick-849858-1-smb devstack@keystone.service[80479]: DEBUG keystone.server.flask.request_processing.middleware.auth_context [None req-a9433916-96b9-4ebf-a294-3f4cf841aad6 None None] Validating token access rules against request {{(pid=80479) validate_allowed_request /usr/local/lib/python3.8/dist-packages/keystonemiddleware/auth_token/__init__.py:545}}
Jul 14 14:27:05.187024 dv-osbrick-849858-1-smb devstack@keystone.service[80478]: [pid: 80478|app: 0|req: 96/180] 10.222.0.60 () {58 vars in 1023 bytes} [Thu Jul 14 14:27:05 2022] POST /identity/v3/auth/tokens => generated 799 bytes in 90 msecs (HTTP/1.1 201) 6 headers in 363 bytes (1 switches on core 0)
Jul 14 14:27:05.188471 dv-osbrick-849858-1-smb devstack@keystone.service[80478]: DEBUG keystone.server.flask.request_processing.req_logging [None req-e51e433e-24ed-4d61-ad6c-10634a82a281 None None] REQUEST_METHOD: `GET` {{(pid=80478) log_request_info /opt/stack/keystone/keystone/server/flask/request_processing/req_logging.py:27}}
Jul 14 14:27:05.188792 dv-osbrick-849858-1-smb devstack@keystone.service[80478]: DEBUG keystone.server.flask.request_processing.req_logging [None req-e51e433e-24ed-4d61-ad6c-10634a82a281 None None] SCRIPT_NAME: `/identity` {{(pid=80478) log_request_info /opt/stack/keystone/keystone/server/flask/request_processing/req_logging.py:28}}
Jul 14 14:27:05.189078 dv-osbrick-849858-1-smb devstack@keystone.service[80478]: DEBUG keystone.server.flask.request_processing.req_logging [None req-e51e433e-24ed-4d61-ad6c-10634a82a281 None None] PATH_INFO: `/` {{(pid=80478) log_request_info /opt/stack/keystone/keystone/server/flask/request_processing/req_logging.py:29}}
Jul 14 14:27:05.190554 dv-osbrick-849858-1-smb devstack@keystone.service[80478]: [pid: 80478|app: 0|req: 97/181] 10.222.0.60 () {54 vars in 926 bytes} [Thu Jul 14 14:27:05 2022] GET /identity => generated 270 bytes in 3 msecs (HTTP/1.1 300) 6 headers in 234 bytes (1 switches on core 0)
Jul 14 14:27:05.195675 dv-osbrick-849858-1-smb devstack@keystone.service[80478]: DEBUG keystone.server.flask.request_processing.middleware.auth_context [None req-e51e433e-24ed-4d61-ad6c-10634a82a281 None None] Authenticating user token {{(pid=80478) process_request /usr/local/lib/python3.8/dist-packages/keystonemiddleware/auth_token/__init__.py:407}}
Jul 14 14:27:05.223197 dv-osbrick-849858-1-smb devstack@keystone.service[80479]: DEBUG keystone.server.flask.request_processing.middleware.auth_context [None req-1cc34efe-67f7-4726-80ba-b1d5295d7eab None admin] RBAC: auth_context: {'token': , 'domain_id': None, 'trust_id': None, 'trustor_id': None, 'trustee_id': None, 'domain_name': None, 'group_ids': [], 'user_id': 'e54b75925e0d406f90a86046fdfcf63e', 'user_domain_id': 'default', 'system_scope': 'all', 'project_id': None, 'project_domain_id': None, 'roles': ['admin', 'member', 'reader'], 'is_admin_project': True, 'service_user_id': None, 'service_user_domain_id': None, 'service_project_id': None, 'service_project_domain_id': None, 'service_roles': []} {{(pid=80479) fill_context /opt/stack/keystone/keystone/server/flask/request_processing/middleware/auth_context.py:478}}
Jul 14 14:27:05.224078 dv-osbrick-849858-1-smb devstack@keystone.service[80479]: DEBUG keystone.server.flask.request_processing.req_logging [None req-1cc34efe-67f7-4726-80ba-b1d5295d7eab None admin] REQUEST_METHOD: `GET` {{(pid=80479) log_request_info /opt/stack/keystone/keystone/server/flask/request_processing/req_logging.py:27}}
Jul 14 14:27:05.224385 dv-osbrick-849858-1-smb devstack@keystone.service[80479]: DEBUG keystone.server.flask.request_processing.req_logging [None req-1cc34efe-67f7-4726-80ba-b1d5295d7eab None admin] SCRIPT_NAME: `/identity` {{(pid=80479) log_request_info /opt/stack/keystone/keystone/server/flask/request_processing/req_logging.py:28}}
Jul 14 14:27:05.224677 dv-osbrick-849858-1-smb devstack@keystone.service[80479]: DEBUG keystone.server.flask.request_processing.req_logging [None req-1cc34efe-67f7-4726-80ba-b1d5295d7eab None admin] PATH_INFO: `/v3/projects/a4a0ac9fe27146ef971276cc1cd7c507` {{(pid=80479) log_request_info /opt/stack/keystone/keystone/server/flask/request_processing/req_logging.py:29}}
Jul 14 14:27:05.225890 dv-osbrick-849858-1-smb devstack@keystone.service[80479]: DEBUG keystone.common.rbac_enforcer.enforcer [None req-1cc34efe-67f7-4726-80ba-b1d5295d7eab None admin] RBAC: Authorizing `identity:get_project(project_id=a4a0ac9fe27146ef971276cc1cd7c507)` {{(pid=80479) enforce_call /opt/stack/keystone/keystone/common/rbac_enforcer/enforcer.py:449}}
Jul 14 14:27:05.227346 dv-osbrick-849858-1-smb devstack@keystone.service[80479]: DEBUG keystone.common.rbac_enforcer.enforcer [None req-1cc34efe-67f7-4726-80ba-b1d5295d7eab None admin] RBAC: Authorization granted {{(pid=80479) enforce_call /opt/stack/keystone/keystone/common/rbac_enforcer/enforcer.py:457}}
Jul 14 14:27:05.229101 dv-osbrick-849858-1-smb devstack@keystone.service[80479]: [pid: 80479|app: 0|req: 85/182] 10.222.0.60 () {56 vars in 1186 bytes} [Thu Jul 14 14:27:05 2022] GET /identity/v3/projects/a4a0ac9fe27146ef971276cc1cd7c507 => generated 312 bytes in 180 msecs (HTTP/1.1 200) 5 headers in 177 bytes (1 switches on core 0)
Jul 14 14:27:05.229926 dv-osbrick-849858-1-smb devstack@keystone.service[80479]: DEBUG keystone.server.flask.request_processing.middleware.auth_context [None req-1cc34efe-67f7-4726-80ba-b1d5295d7eab None admin] Authenticating user token {{(pid=80479) process_request /usr/local/lib/python3.8/dist-packages/keystonemiddleware/auth_token/__init__.py:407}}
Jul 14 14:27:05.310291 dv-osbrick-849858-1-smb devstack@keystone.service[80478]: DEBUG keystone.server.flask.request_processing.middleware.auth_context [None req-e51e433e-24ed-4d61-ad6c-10634a82a281 None None] Validating token access rules against request {{(pid=80478) validate_allowed_request /usr/local/lib/python3.8/dist-packages/keystonemiddleware/auth_token/__init__.py:545}}
Jul 14 14:27:05.312572 dv-osbrick-849858-1-smb devstack@keystone.service[80479]: DEBUG dbcounter [-] [80479] Writing DB stats keystone:SELECT=100 {{(pid=80479) stat_writer /usr/local/lib/python3.8/dist-packages/dbcounter.py:114}}
Jul 14 14:27:05.321601 dv-osbrick-849858-1-smb devstack@keystone.service[80478]: DEBUG dbcounter [-] [80478] Writing DB stats keystone:SELECT=100 {{(pid=80478) stat_writer /usr/local/lib/python3.8/dist-packages/dbcounter.py:114}}
Jul 14 14:27:05.332293 dv-osbrick-849858-1-smb devstack@keystone.service[80479]: DEBUG keystone.server.flask.request_processing.middleware.auth_context [None req-1cc34efe-67f7-4726-80ba-b1d5295d7eab None admin] Validating token access rules against request {{(pid=80479) validate_allowed_request /usr/local/lib/python3.8/dist-packages/keystonemiddleware/auth_token/__init__.py:545}}
Jul 14 14:27:05.347382 dv-osbrick-849858-1-smb devstack@keystone.service[80478]: DEBUG keystone.server.flask.request_processing.middleware.auth_context [None req-9d0e97ac-ca04-4d42-bd34-cfac486a187b None admin] RBAC: auth_context: {'token': , 'domain_id': None, 'trust_id': None, 'trustor_id': None, 'trustee_id': None, 'domain_name': None, 'group_ids': [], 'user_id': 'e54b75925e0d406f90a86046fdfcf63e', 'user_domain_id': 'default', 'system_scope': 'all', 'project_id': None, 'project_domain_id': None, 'roles': ['admin', 'member', 'reader'], 'is_admin_project': True, 'service_user_id': None, 'service_user_domain_id': None, 'service_project_id': None, 'service_project_domain_id': None, 'service_roles': []} {{(pid=80478) fill_context /opt/stack/keystone/keystone/server/flask/request_processing/middleware/auth_context.py:478}}
Jul 14 14:27:05.348238 dv-osbrick-849858-1-smb devstack@keystone.service[80478]: DEBUG keystone.server.flask.request_processing.req_logging [None req-9d0e97ac-ca04-4d42-bd34-cfac486a187b None admin] REQUEST_METHOD: `GET` {{(pid=80478) log_request_info /opt/stack/keystone/keystone/server/flask/request_processing/req_logging.py:27}}
Jul 14 14:27:05.348562 dv-osbrick-849858-1-smb devstack@keystone.service[80478]: DEBUG keystone.server.flask.request_processing.req_logging [None req-9d0e97ac-ca04-4d42-bd34-cfac486a187b None admin] SCRIPT_NAME: `/identity` {{(pid=80478) log_request_info /opt/stack/keystone/keystone/server/flask/request_processing/req_logging.py:28}}
Jul 14 14:27:05.348860 dv-osbrick-849858-1-smb devstack@keystone.service[80478]: DEBUG keystone.server.flask.request_processing.req_logging [None req-9d0e97ac-ca04-4d42-bd34-cfac486a187b None admin] PATH_INFO: `/v3/roles/admin` {{(pid=80478) log_request_info /opt/stack/keystone/keystone/server/flask/request_processing/req_logging.py:29}}
Jul 14 14:27:05.358902 dv-osbrick-849858-1-smb devstack@keystone.service[80478]: DEBUG keystone.common.rbac_enforcer.enforcer [None req-9d0e97ac-ca04-4d42-bd34-cfac486a187b None admin] Extracting inferred target data resulted in "NOT FOUND (404)". {{(pid=80478) enforce_call /opt/stack/keystone/keystone/common/rbac_enforcer/enforcer.py:409}}
Jul 14 14:27:05.367396 dv-osbrick-849858-1-smb devstack@keystone.service[80478]: ERROR keystone.server.flask.application [None req-9d0e97ac-ca04-4d42-bd34-cfac486a187b None admin] Could not find role: admin.: keystone.exception.RoleNotFound: Could not find role: admin.
Jul 14 14:27:05.367396 dv-osbrick-849858-1-smb devstack@keystone.service[80478]: ERROR keystone.server.flask.application
Traceback (most recent call last):
Jul 14 14:27:05.367396 dv-osbrick-849858-1-smb devstack@keystone.service[80478]: ERROR keystone.server.flask.application
File "/usr/local/lib/python3.8/dist-packages/flask/app.py", line 1523, in full_dispatch_request
Jul 14 14:27:05.367396 dv-osbrick-849858-1-smb devstack@keystone.service[80478]: ERROR keystone.server.flask.application rv = self.dispatch_request()
Jul 14 14:27:05.367396 dv-osbrick-849858-1-smb devstack@keystone.service[80478]: ERROR keystone.server.flask.application
File "/usr/local/lib/python3.8/dist-packages/flask/app.py", line 1509, in dispatch_request
Jul 14 14:27:05.367396 dv-osbrick-849858-1-smb devstack@keystone.service[80478]: ERROR keystone.server.flask.application return self.ensure_sync(self.view_functions[rule.endpoint])(**req.view_args)
Jul 14 14:27:05.367396 dv-osbrick-849858-1-smb devstack@keystone.service[80478]: ERROR keystone.server.flask.application
File "/usr/local/lib/python3.8/dist-packages/flask_restful/__init__.py", line 467, in wrapper
Jul 14 14:27:05.367396 dv-osbrick-849858-1-smb devstack@keystone.service[80478]: ERROR keystone.server.flask.application resp = resource(*args, **kwargs)
Jul 14 14:27:05.367396 dv-osbrick-849858-1-smb devstack@keystone.service[80478]: ERROR keystone.server.flask.application
File "/usr/local/lib/python3.8/dist-packages/flask/views.py", line 84, in view
Jul 14 14:27:05.367396 dv-osbrick-849858-1-smb devstack@keystone.service[80478]: ERROR keystone.server.flask.application return current_app.ensure_sync(self.dispatch_request)(*args, **kwargs)
Jul 14 14:27:05.367396 dv-osbrick-849858-1-smb devstack@keystone.service[80478]: ERROR keystone.server.flask.application
File "/usr/local/lib/python3.8/dist-packages/flask_restful/__init__.py", line 582, in dispatch_request
Jul 14 14:27:05.367396 dv-osbrick-849858-1-smb devstack@keystone.service[80478]: ERROR keystone.server.flask.application resp = meth(*args, **kwargs)
Jul 14 14:27:05.367396 dv-osbrick-849858-1-smb devstack@keystone.service[80478]: ERROR keystone.server.flask.application
File "/opt/stack/keystone/keystone/api/roles.py", line 50, in get
Jul 14 14:27:05.367396 dv-osbrick-849858-1-smb devstack@keystone.service[80478]: ERROR keystone.server.flask.application return self._get_role(role_id)
Jul 14 14:27:05.367396 dv-osbrick-849858-1-smb devstack@keystone.service[80478]: ERROR keystone.server.flask.application
File "/opt/stack/keystone/keystone/api/roles.py", line 70, in _get_role
Jul 14 14:27:05.367396 dv-osbrick-849858-1-smb devstack@keystone.service[80478]: ERROR keystone.server.flask.application ENFORCER.enforce_call(action='identity:get_role')
Jul 14 14:27:05.371673 dv-osbrick-849858-1-smb devstack@keystone.service[80478]: ERROR keystone.server.flask.application
File "/opt/stack/keystone/keystone/common/rbac_enforcer/enforcer.py", line 402, in enforce_call
Jul 14 14:27:05.371673 dv-osbrick-849858-1-smb devstack@keystone.service[80478]: ERROR keystone.server.flask.application policy_dict.update(cls._extract_member_target_data(
Jul 14 14:27:05.371673 dv-osbrick-849858-1-smb devstack@keystone.service[80478]: ERROR keystone.server.flask.application
File "/opt/stack/keystone/keystone/common/rbac_enforcer/enforcer.py", line 234, in _extract_member_target_data
Jul 14 14:27:05.371673 dv-osbrick-849858-1-smb devstack@keystone.service[80478]: ERROR keystone.server.flask.application member_name: func(flask.request.view_args[key])
Jul 14 14:27:05.371673 dv-osbrick-849858-1-smb devstack@keystone.service[80478]: ERROR keystone.server.flask.application
File "/opt/stack/keystone/keystone/common/manager.py", line 115, in wrapped
Jul 14 14:27:05.371673 dv-osbrick-849858-1-smb devstack@keystone.service[80478]: ERROR keystone.server.flask.application __ret_val = __f(*args, **kwargs)
Jul 14 14:27:05.371673 dv-osbrick-849858-1-smb devstack@keystone.service[80478]: ERROR keystone.server.flask.application
File "/usr/local/lib/python3.8/dist-packages/decorator.py", line 232, in fun
Jul 14 14:27:05.371673 dv-osbrick-849858-1-smb devstack@keystone.service[80478]: ERROR keystone.server.flask.application return caller(func, *(extras + args), **kw)
Jul 14 14:27:05.371673 dv-osbrick-849858-1-smb devstack@keystone.service[80478]: ERROR keystone.server.flask.application
File "/usr/local/lib/python3.8/dist-packages/dogpile/cache/region.py", line 1577, in get_or_create_for_user_func
Jul 14 14:27:05.371673 dv-osbrick-849858-1-smb devstack@keystone.service[80478]: ERROR keystone.server.flask.application return self.get_or_create(
Jul 14 14:27:05.371673 dv-osbrick-849858-1-smb devstack@keystone.service[80478]: ERROR keystone.server.flask.application
File "/usr/local/lib/python3.8/dist-packages/dogpile/cache/region.py", line 1042, in get_or_create
Jul 14 14:27:05.371673 dv-osbrick-849858-1-smb devstack@keystone.service[80478]: ERROR keystone.server.flask.application with Lock(
Jul 14 14:27:05.371673 dv-osbrick-849858-1-smb devstack@keystone.service[80478]: ERROR keystone.server.flask.application
File "/usr/local/lib/python3.8/dist-packages/dogpile/lock.py", line 185, in __enter__
Jul 14 14:27:05.371673 dv-osbrick-849858-1-smb devstack@keystone.service[80478]: ERROR keystone.server.flask.application return self._enter()
Jul 14 14:27:05.371673 dv-osbrick-849858-1-smb devstack@keystone.service[80478]: ERROR keystone.server.flask.application
File "/usr/local/lib/python3.8/dist-packages/dogpile/lock.py", line 94, in _enter
Jul 14 14:27:05.371673 dv-osbrick-849858-1-smb devstack@keystone.service[80478]: ERROR keystone.server.flask.application generated = self._enter_create(value, createdtime)
Jul 14 14:27:05.372589 dv-osbrick-849858-1-smb devstack@keystone.service[80478]: ERROR keystone.server.flask.application
File "/usr/local/lib/python3.8/dist-packages/dogpile/lock.py", line 178, in _enter_create
Jul 14 14:27:05.372589 dv-osbrick-849858-1-smb devstack@keystone.service[80478]: ERROR keystone.server.flask.application return self.creator()
Jul 14 14:27:05.372589 dv-osbrick-849858-1-smb devstack@keystone.service[80478]: ERROR keystone.server.flask.application
File "/usr/local/lib/python3.8/dist-packages/dogpile/cache/region.py", line 995, in gen_value
Jul 14 14:27:05.372589 dv-osbrick-849858-1-smb devstack@keystone.service[80478]: ERROR keystone.server.flask.application created_value = creator(
Jul 14 14:27:05.372589 dv-osbrick-849858-1-smb devstack@keystone.service[80478]: ERROR keystone.server.flask.application
File "/opt/stack/keystone/keystone/assignment/core.py", line 1276, in get_role
Jul 14 14:27:05.372589 dv-osbrick-849858-1-smb devstack@keystone.service[80478]: ERROR keystone.server.flask.application return self.driver.get_role(role_id)
Jul 14 14:27:05.372589 dv-osbrick-849858-1-smb devstack@keystone.service[80478]: ERROR keystone.server.flask.application
File "/opt/stack/keystone/keystone/assignment/role_backends/sql.py", line 70, in get_role
Jul 14 14:27:05.372589 dv-osbrick-849858-1-smb devstack@keystone.service[80478]: ERROR keystone.server.flask.application return self._get_role(session, role_id).to_dict()
Jul 14 14:27:05.372589 dv-osbrick-849858-1-smb devstack@keystone.service[80478]: ERROR keystone.server.flask.application
File "/opt/stack/keystone/keystone/assignment/role_backends/sql.py", line 65, in _get_role
Jul 14 14:27:05.372589 dv-osbrick-849858-1-smb devstack@keystone.service[80478]: ERROR keystone.server.flask.application raise exception.RoleNotFound(role_id=role_id)
Jul 14 14:27:05.372589 dv-osbrick-849858-1-smb devstack@keystone.service[80478]: ERROR keystone.server.flask.application keystone.exception.RoleNotFound: Could not find role: admin.
Jul 14 14:27:05.372589 dv-osbrick-849858-1-smb devstack@keystone.service[80478]: ERROR keystone.server.flask.application
Jul 14 14:27:05.373376 dv-osbrick-849858-1-smb devstack@keystone.service[80479]: DEBUG keystone.server.flask.request_processing.middleware.auth_context [None req-edafdee4-c7b3-48d1-aa75-c07ceca22387 None admin] RBAC: auth_context: {'token': , 'domain_id': None, 'trust_id': None, 'trustor_id': None, 'trustee_id': None, 'domain_name': None, 'group_ids': [], 'user_id': 'e54b75925e0d406f90a86046fdfcf63e', 'user_domain_id': 'default', 'system_scope': 'all', 'project_id': None, 'project_domain_id': None, 'roles': ['admin', 'member', 'reader'], 'is_admin_project': True, 'service_user_id': None, 'service_user_domain_id': None, 'service_project_id': None, 'service_project_domain_id': None, 'service_roles': []} {{(pid=80479) fill_context /opt/stack/keystone/keystone/server/flask/request_processing/middleware/auth_context.py:478}}
Jul 14 14:27:05.373462 dv-osbrick-849858-1-smb devstack@keystone.service[80478]: [pid: 80478|app: 0|req: 98/183] 10.222.0.60 () {56 vars in 1096 bytes} [Thu Jul 14 14:27:05 2022] GET /identity/v3/roles/admin => generated 83 bytes in 178 msecs (HTTP/1.1 404) 5 headers in 183 bytes (1 switches on core 0)
Jul 14 14:27:05.373538 dv-osbrick-849858-1-smb devstack@keystone.service[80479]: DEBUG keystone.server.flask.request_processing.req_logging [None req-edafdee4-c7b3-48d1-aa75-c07ceca22387 None admin] REQUEST_METHOD: `GET` {{(pid=80479) log_request_info /opt/stack/keystone/keystone/server/flask/request_processing/req_logging.py:27}}
Jul 14 14:27:05.373538 dv-osbrick-849858-1-smb devstack@keystone.service[80479]: DEBUG keystone.server.flask.request_processing.req_logging [None req-edafdee4-c7b3-48d1-aa75-c07ceca22387 None admin] SCRIPT_NAME: `/identity` {{(pid=80479) log_request_info /opt/stack/keystone/keystone/server/flask/request_processing/req_logging.py:28}}
Jul 14 14:27:05.373661 dv-osbrick-849858-1-smb devstack@keystone.service[80478]: DEBUG keystone.server.flask.request_processing.req_logging [None req-1fa2b51c-af69-4a9f-a886-77f1afb0d9fb None None] REQUEST_METHOD: `POST` {{(pid=80478) log_request_info /opt/stack/keystone/keystone/server/flask/request_processing/req_logging.py:27}}
Jul 14 14:27:05.373727 dv-osbrick-849858-1-smb devstack@keystone.service[80479]: DEBUG keystone.server.flask.request_processing.req_logging [None req-edafdee4-c7b3-48d1-aa75-c07ceca22387 None admin] PATH_INFO: `/v3/projects/d670adf6e5ea4cefae2be2935398f69a` {{(pid=80479) log_request_info /opt/stack/keystone/keystone/server/flask/request_processing/req_logging.py:29}}
Jul 14 14:27:05.373797 dv-osbrick-849858-1-smb devstack@keystone.service[80478]: DEBUG keystone.server.flask.request_processing.req_logging [None req-1fa2b51c-af69-4a9f-a886-77f1afb0d9fb None None] SCRIPT_NAME: `/identity` {{(pid=80478) log_request_info /opt/stack/keystone/keystone/server/flask/request_processing/req_logging.py:28}}
Jul 14 14:27:05.373797 dv-osbrick-849858-1-smb devstack@keystone.service[80478]: DEBUG keystone.server.flask.request_processing.req_logging [None req-1fa2b51c-af69-4a9f-a886-77f1afb0d9fb None None] PATH_INFO: `/v3/auth/tokens` {{(pid=80478) log_request_info /opt/stack/keystone/keystone/server/flask/request_processing/req_logging.py:29}}
Jul 14 14:27:05.374759 dv-osbrick-849858-1-smb devstack@keystone.service[80479]: DEBUG keystone.common.rbac_enforcer.enforcer [None req-edafdee4-c7b3-48d1-aa75-c07ceca22387 None admin] RBAC: Authorizing `identity:get_project(project_id=d670adf6e5ea4cefae2be2935398f69a)` {{(pid=80479) enforce_call /opt/stack/keystone/keystone/common/rbac_enforcer/enforcer.py:449}}
Jul 14 14:27:05.376265 dv-osbrick-849858-1-smb devstack@keystone.service[80479]: DEBUG keystone.common.rbac_enforcer.enforcer [None req-edafdee4-c7b3-48d1-aa75-c07ceca22387 None admin] RBAC: Authorization granted {{(pid=80479) enforce_call /opt/stack/keystone/keystone/common/rbac_enforcer/enforcer.py:457}}
Jul 14 14:27:05.382616 dv-osbrick-849858-1-smb devstack@keystone.service[80479]: [pid: 80479|app: 0|req: 86/184] 10.222.0.60 () {56 vars in 1186 bytes} [Thu Jul 14 14:27:05 2022] GET /identity/v3/projects/d670adf6e5ea4cefae2be2935398f69a => generated 298 bytes in 151 msecs (HTTP/1.1 200) 5 headers in 177 bytes (1 switches on core 0)
Jul 14 14:27:05.382616 dv-osbrick-849858-1-smb devstack@keystone.service[80479]: DEBUG keystone.server.flask.request_processing.middleware.auth_context [None req-edafdee4-c7b3-48d1-aa75-c07ceca22387 None admin] Authenticating user token {{(pid=80479) process_request /usr/local/lib/python3.8/dist-packages/keystonemiddleware/auth_token/__init__.py:407}}
Jul 14 14:27:05.390839 dv-osbrick-849858-1-smb devstack@keystone.service[80478]: DEBUG keystone.auth.core [None req-1fa2b51c-af69-4a9f-a886-77f1afb0d9fb None None] MFA Rules not processed for user `e54b75925e0d406f90a86046fdfcf63e`. Rule list: `[]` (Enabled: `True`). {{(pid=80478) check_auth_methods_against_rules /opt/stack/keystone/keystone/auth/core.py:438}}
Jul 14 14:27:05.392038 dv-osbrick-849858-1-smb devstack@keystone.service[80478]: DEBUG keystone.common.fernet_utils [None req-1fa2b51c-af69-4a9f-a886-77f1afb0d9fb None None] Loaded 2 Fernet keys from /etc/keystone/fernet-keys/, but `[fernet_tokens] max_active_keys = 3`; perhaps there have not been enough key rotations to reach `max_active_keys` yet? {{(pid=80478) load_keys /opt/stack/keystone/keystone/common/fernet_utils.py:286}}
Jul 14 14:27:05.471169 dv-osbrick-849858-1-smb devstack@keystone.service[80478]: [pid: 80478|app: 0|req: 99/185] 10.222.0.60 () {58 vars in 1023 bytes} [Thu Jul 14 14:27:05 2022] POST /identity/v3/auth/tokens => generated 799 bytes in 101 msecs (HTTP/1.1 201) 6 headers in 363 bytes (1 switches on core 0)
Jul 14 14:27:05.472031 dv-osbrick-849858-1-smb devstack@keystone.service[80478]: DEBUG keystone.server.flask.request_processing.middleware.auth_context [None req-1fa2b51c-af69-4a9f-a886-77f1afb0d9fb None None] Authenticating user token {{(pid=80478) process_request /usr/local/lib/python3.8/dist-packages/keystonemiddleware/auth_token/__init__.py:407}}
Jul 14 14:27:05.501556 dv-osbrick-849858-1-smb devstack@keystone.service[80479]: DEBUG keystone.server.flask.request_processing.middleware.auth_context [None req-edafdee4-c7b3-48d1-aa75-c07ceca22387 None admin] Validating token access rules against request {{(pid=80479) validate_allowed_request /usr/local/lib/python3.8/dist-packages/keystonemiddleware/auth_token/__init__.py:545}}
Jul 14 14:27:05.539462 dv-osbrick-849858-1-smb devstack@keystone.service[80479]: DEBUG keystone.server.flask.request_processing.middleware.auth_context [None req-2038ebb7-91ca-42ce-ba35-4ffdf24a96da None admin] RBAC: auth_context: {'token': , 'domain_id': None, 'trust_id': None, 'trustor_id': None, 'trustee_id': None, 'domain_name': None, 'group_ids': [], 'user_id': 'e54b75925e0d406f90a86046fdfcf63e', 'user_domain_id': 'default', 'system_scope': 'all', 'project_id': None, 'project_domain_id': None, 'roles': ['admin', 'member', 'reader'], 'is_admin_project': True, 'service_user_id': None, 'service_user_domain_id': None, 'service_project_id': None, 'service_project_domain_id': None, 'service_roles': []} {{(pid=80479) fill_context /opt/stack/keystone/keystone/server/flask/request_processing/middleware/auth_context.py:478}}
Jul 14 14:27:05.540267 dv-osbrick-849858-1-smb devstack@keystone.service[80479]: DEBUG keystone.server.flask.request_processing.req_logging [None req-2038ebb7-91ca-42ce-ba35-4ffdf24a96da None admin] REQUEST_METHOD: `GET` {{(pid=80479) log_request_info /opt/stack/keystone/keystone/server/flask/request_processing/req_logging.py:27}}
Jul 14 14:27:05.540549 dv-osbrick-849858-1-smb devstack@keystone.service[80479]: DEBUG keystone.server.flask.request_processing.req_logging [None req-2038ebb7-91ca-42ce-ba35-4ffdf24a96da None admin] SCRIPT_NAME: `/identity` {{(pid=80479) log_request_info /opt/stack/keystone/keystone/server/flask/request_processing/req_logging.py:28}}
Jul 14 14:27:05.540852 dv-osbrick-849858-1-smb devstack@keystone.service[80479]: DEBUG keystone.server.flask.request_processing.req_logging [None req-2038ebb7-91ca-42ce-ba35-4ffdf24a96da None admin] PATH_INFO: `/v3/domains/default` {{(pid=80479) log_request_info /opt/stack/keystone/keystone/server/flask/request_processing/req_logging.py:29}}
Jul 14 14:27:05.542020 dv-osbrick-849858-1-smb devstack@keystone.service[80479]: DEBUG keystone.common.rbac_enforcer.enforcer [None req-2038ebb7-91ca-42ce-ba35-4ffdf24a96da None admin] RBAC: Authorizing `identity:get_domain(domain_id=default)` {{(pid=80479) enforce_call /opt/stack/keystone/keystone/common/rbac_enforcer/enforcer.py:449}}
Jul 14 14:27:05.543470 dv-osbrick-849858-1-smb devstack@keystone.service[80479]: DEBUG keystone.common.rbac_enforcer.enforcer [None req-2038ebb7-91ca-42ce-ba35-4ffdf24a96da None admin] RBAC: Authorization granted {{(pid=80479) enforce_call /opt/stack/keystone/keystone/common/rbac_enforcer/enforcer.py:457}}
Jul 14 14:27:05.550023 dv-osbrick-849858-1-smb devstack@keystone.service[80479]: [pid: 80479|app: 0|req: 87/186] 10.222.0.60 () {56 vars in 1108 bytes} [Thu Jul 14 14:27:05 2022] GET /identity/v3/domains/default => generated 199 bytes in 163 msecs (HTTP/1.1 200) 5 headers in 177 bytes (1 switches on core 0)
Jul 14 14:27:05.550023 dv-osbrick-849858-1-smb devstack@keystone.service[80479]: DEBUG keystone.server.flask.request_processing.middleware.auth_context [None req-2038ebb7-91ca-42ce-ba35-4ffdf24a96da None admin] Authenticating user token {{(pid=80479) process_request /usr/local/lib/python3.8/dist-packages/keystonemiddleware/auth_token/__init__.py:407}}
Jul 14 14:27:05.563884 dv-osbrick-849858-1-smb devstack@keystone.service[80479]: DEBUG dbcounter [-] [80479] Writing DB stats keystone:SELECT=100 {{(pid=80479) stat_writer /usr/local/lib/python3.8/dist-packages/dbcounter.py:114}}
Jul 14 14:27:05.580709 dv-osbrick-849858-1-smb devstack@keystone.service[80478]: DEBUG dbcounter [-] [80478] Writing DB stats keystone:SELECT=100 {{(pid=80478) stat_writer /usr/local/lib/python3.8/dist-packages/dbcounter.py:114}}
Jul 14 14:27:05.585167 dv-osbrick-849858-1-smb devstack@keystone.service[80478]: DEBUG keystone.server.flask.request_processing.middleware.auth_context [None req-1fa2b51c-af69-4a9f-a886-77f1afb0d9fb None None] Validating token access rules against request {{(pid=80478) validate_allowed_request /usr/local/lib/python3.8/dist-packages/keystonemiddleware/auth_token/__init__.py:545}}
Jul 14 14:27:05.619270 dv-osbrick-849858-1-smb devstack@keystone.service[80478]: DEBUG keystone.server.flask.request_processing.middleware.auth_context [None req-bfdab149-4f37-408c-9ad0-7b245939b894 None admin] RBAC: auth_context: {'token': , 'domain_id': None, 'trust_id': None, 'trustor_id': None, 'trustee_id': None, 'domain_name': None, 'group_ids': [], 'user_id': 'e54b75925e0d406f90a86046fdfcf63e', 'user_domain_id': 'default', 'system_scope': 'all', 'project_id': None, 'project_domain_id': None, 'roles': ['admin', 'member', 'reader'], 'is_admin_project': True, 'service_user_id': None, 'service_user_domain_id': None, 'service_project_id': None, 'service_project_domain_id': None, 'service_roles': []} {{(pid=80478) fill_context /opt/stack/keystone/keystone/server/flask/request_processing/middleware/auth_context.py:478}}
Jul 14 14:27:05.620023 dv-osbrick-849858-1-smb devstack@keystone.service[80478]: DEBUG keystone.server.flask.request_processing.req_logging [None req-bfdab149-4f37-408c-9ad0-7b245939b894 None admin] REQUEST_METHOD: `GET` {{(pid=80478) log_request_info /opt/stack/keystone/keystone/server/flask/request_processing/req_logging.py:27}}
Jul 14 14:27:05.620322 dv-osbrick-849858-1-smb devstack@keystone.service[80478]: DEBUG keystone.server.flask.request_processing.req_logging [None req-bfdab149-4f37-408c-9ad0-7b245939b894 None admin] SCRIPT_NAME: `/identity` {{(pid=80478) log_request_info /opt/stack/keystone/keystone/server/flask/request_processing/req_logging.py:28}}
Jul 14 14:27:05.620611 dv-osbrick-849858-1-smb devstack@keystone.service[80478]: DEBUG keystone.server.flask.request_processing.req_logging [None req-bfdab149-4f37-408c-9ad0-7b245939b894 None admin] PATH_INFO: `/v3/role_assignments` {{(pid=80478) log_request_info /opt/stack/keystone/keystone/server/flask/request_processing/req_logging.py:29}}
Jul 14 14:27:05.621482 dv-osbrick-849858-1-smb devstack@keystone.service[80478]: DEBUG keystone.common.rbac_enforcer.enforcer [None req-bfdab149-4f37-408c-9ad0-7b245939b894 None admin] RBAC: Adding query filter params (role.id=bb961c7bf20140c68a848d2fc9686497, scope.project.id=a4a0ac9fe27146ef971276cc1cd7c507, user.id=a0b9683a799b4071bb8cab0d9380d7ad) {{(pid=80478) _extract_filter_values /opt/stack/keystone/keystone/common/rbac_enforcer/enforcer.py:167}}
Jul 14 14:27:05.621805 dv-osbrick-849858-1-smb devstack@keystone.service[80478]: DEBUG keystone.common.rbac_enforcer.enforcer [None req-bfdab149-4f37-408c-9ad0-7b245939b894 None admin] RBAC: Authorizing `identity:list_role_assignments()` {{(pid=80478) enforce_call /opt/stack/keystone/keystone/common/rbac_enforcer/enforcer.py:449}}
Jul 14 14:27:05.623276 dv-osbrick-849858-1-smb devstack@keystone.service[80478]: DEBUG keystone.common.rbac_enforcer.enforcer [None req-bfdab149-4f37-408c-9ad0-7b245939b894 None admin] RBAC: Authorization granted {{(pid=80478) enforce_call /opt/stack/keystone/keystone/common/rbac_enforcer/enforcer.py:457}}
Jul 14 14:27:05.629497 dv-osbrick-849858-1-smb devstack@keystone.service[80478]: [pid: 80478|app: 0|req: 100/187] 10.222.0.60 () {56 vars in 1374 bytes} [Thu Jul 14 14:27:05 2022] GET /identity/v3/role_assignments?user.id=a0b9683a799b4071bb8cab0d9380d7ad&scope.project.id=a4a0ac9fe27146ef971276cc1cd7c507&role.id=bb961c7bf20140c68a848d2fc9686497 => generated 608 bytes in 158 msecs (HTTP/1.1 200) 5 headers in 177 bytes (1 switches on core 0)
Jul 14 14:27:05.635413 dv-osbrick-849858-1-smb devstack@keystone.service[80478]: DEBUG keystone.server.flask.request_processing.middleware.auth_context [None req-bfdab149-4f37-408c-9ad0-7b245939b894 None admin] Authenticating user token {{(pid=80478) process_request /usr/local/lib/python3.8/dist-packages/keystonemiddleware/auth_token/__init__.py:407}}
Jul 14 14:27:05.673929 dv-osbrick-849858-1-smb devstack@keystone.service[80479]: DEBUG keystone.server.flask.request_processing.middleware.auth_context [None req-2038ebb7-91ca-42ce-ba35-4ffdf24a96da None admin] Validating token access rules against request {{(pid=80479) validate_allowed_request /usr/local/lib/python3.8/dist-packages/keystonemiddleware/auth_token/__init__.py:545}}
Jul 14 14:27:05.733648 dv-osbrick-849858-1-smb devstack@keystone.service[80479]: DEBUG keystone.server.flask.request_processing.middleware.auth_context [None req-10547566-33d9-4bc4-bb7b-6537d4e5fb1b None admin] RBAC: auth_context: {'token': , 'domain_id': None, 'trust_id': None, 'trustor_id': None, 'trustee_id': None, 'domain_name': None, 'group_ids': [], 'user_id': 'e54b75925e0d406f90a86046fdfcf63e', 'user_domain_id': 'default', 'system_scope': 'all', 'project_id': None, 'project_domain_id': None, 'roles': ['admin', 'member', 'reader'], 'is_admin_project': True, 'service_user_id': None, 'service_user_domain_id': None, 'service_project_id': None, 'service_project_domain_id': None, 'service_roles': []} {{(pid=80479) fill_context /opt/stack/keystone/keystone/server/flask/request_processing/middleware/auth_context.py:478}}
Jul 14 14:27:05.734633 dv-osbrick-849858-1-smb devstack@keystone.service[80479]: DEBUG keystone.server.flask.request_processing.req_logging [None req-10547566-33d9-4bc4-bb7b-6537d4e5fb1b None admin] REQUEST_METHOD: `GET` {{(pid=80479) log_request_info /opt/stack/keystone/keystone/server/flask/request_processing/req_logging.py:27}}
Jul 14 14:27:05.735133 dv-osbrick-849858-1-smb devstack@keystone.service[80479]: DEBUG keystone.server.flask.request_processing.req_logging [None req-10547566-33d9-4bc4-bb7b-6537d4e5fb1b None admin] SCRIPT_NAME: `/identity` {{(pid=80479) log_request_info /opt/stack/keystone/keystone/server/flask/request_processing/req_logging.py:28}}
Jul 14 14:27:05.735550 dv-osbrick-849858-1-smb devstack@keystone.service[80479]: DEBUG keystone.server.flask.request_processing.req_logging [None req-10547566-33d9-4bc4-bb7b-6537d4e5fb1b None admin] PATH_INFO: `/v3/roles` {{(pid=80479) log_request_info /opt/stack/keystone/keystone/server/flask/request_processing/req_logging.py:29}}
Jul 14 14:27:05.736490 dv-osbrick-849858-1-smb devstack@keystone.service[80479]: DEBUG keystone.common.rbac_enforcer.enforcer [None req-10547566-33d9-4bc4-bb7b-6537d4e5fb1b None admin] RBAC: Adding query filter params (name=admin) {{(pid=80479) _extract_filter_values /opt/stack/keystone/keystone/common/rbac_enforcer/enforcer.py:167}}
Jul 14 14:27:05.736965 dv-osbrick-849858-1-smb devstack@keystone.service[80479]: DEBUG keystone.common.rbac_enforcer.enforcer [None req-10547566-33d9-4bc4-bb7b-6537d4e5fb1b None admin] RBAC: Authorizing `identity:list_roles()` {{(pid=80479) enforce_call /opt/stack/keystone/keystone/common/rbac_enforcer/enforcer.py:449}}
Jul 14 14:27:05.739302 dv-osbrick-849858-1-smb devstack@keystone.service[80479]: DEBUG keystone.common.rbac_enforcer.enforcer [None req-10547566-33d9-4bc4-bb7b-6537d4e5fb1b None admin] RBAC: Authorization granted {{(pid=80479) enforce_call /opt/stack/keystone/keystone/common/rbac_enforcer/enforcer.py:457}}
Jul 14 14:27:05.752611 dv-osbrick-849858-1-smb devstack@keystone.service[80479]: [pid: 80479|app: 0|req: 88/188] 10.222.0.60 () {56 vars in 1099 bytes} [Thu Jul 14 14:27:05 2022] GET /identity/v3/roles?name=admin => generated 339 bytes in 207 msecs (HTTP/1.1 200) 5 headers in 177 bytes (1 switches on core 0)
Jul 14 14:27:05.754744 dv-osbrick-849858-1-smb devstack@keystone.service[80479]: DEBUG keystone.server.flask.request_processing.middleware.auth_context [None req-10547566-33d9-4bc4-bb7b-6537d4e5fb1b None admin] Authenticating user token {{(pid=80479) process_request /usr/local/lib/python3.8/dist-packages/keystonemiddleware/auth_token/__init__.py:407}}
Jul 14 14:27:05.769001 dv-osbrick-849858-1-smb devstack@keystone.service[80478]: DEBUG keystone.server.flask.request_processing.middleware.auth_context [None req-bfdab149-4f37-408c-9ad0-7b245939b894 None admin] Validating token access rules against request {{(pid=80478) validate_allowed_request /usr/local/lib/python3.8/dist-packages/keystonemiddleware/auth_token/__init__.py:545}}
Jul 14 14:27:05.816938 dv-osbrick-849858-1-smb devstack@keystone.service[80478]: DEBUG keystone.server.flask.request_processing.middleware.auth_context [None req-ce5e4934-d792-40bd-9443-53302499c08b None admin] RBAC: auth_context: {'token': , 'domain_id': None, 'trust_id': None, 'trustor_id': None, 'trustee_id': None, 'domain_name': None, 'group_ids': [], 'user_id': 'e54b75925e0d406f90a86046fdfcf63e', 'user_domain_id': 'default', 'system_scope': 'all', 'project_id': None, 'project_domain_id': None, 'roles': ['admin', 'member', 'reader'], 'is_admin_project': True, 'service_user_id': None, 'service_user_domain_id': None, 'service_project_id': None, 'service_project_domain_id': None, 'service_roles': []} {{(pid=80478) fill_context /opt/stack/keystone/keystone/server/flask/request_processing/middleware/auth_context.py:478}}
Jul 14 14:27:05.817528 dv-osbrick-849858-1-smb devstack@keystone.service[80478]: DEBUG keystone.server.flask.request_processing.req_logging [None req-ce5e4934-d792-40bd-9443-53302499c08b None admin] REQUEST_METHOD: `GET` {{(pid=80478) log_request_info /opt/stack/keystone/keystone/server/flask/request_processing/req_logging.py:27}}
Jul 14 14:27:05.817812 dv-osbrick-849858-1-smb devstack@keystone.service[80478]: DEBUG keystone.server.flask.request_processing.req_logging [None req-ce5e4934-d792-40bd-9443-53302499c08b None admin] SCRIPT_NAME: `/identity` {{(pid=80478) log_request_info /opt/stack/keystone/keystone/server/flask/request_processing/req_logging.py:28}}
Jul 14 14:27:05.818633 dv-osbrick-849858-1-smb devstack@keystone.service[80478]: DEBUG keystone.server.flask.request_processing.req_logging [None req-ce5e4934-d792-40bd-9443-53302499c08b None admin] PATH_INFO: `/v3/role_assignments` {{(pid=80478) log_request_info /opt/stack/keystone/keystone/server/flask/request_processing/req_logging.py:29}}
Jul 14 14:27:05.819540 dv-osbrick-849858-1-smb devstack@keystone.service[80478]: DEBUG keystone.common.rbac_enforcer.enforcer [None req-ce5e4934-d792-40bd-9443-53302499c08b None admin] RBAC: Adding query filter params (role.id=138df326128446b2ba44dd58b36f84f8, scope.project.id=d670adf6e5ea4cefae2be2935398f69a, user.id=e54b75925e0d406f90a86046fdfcf63e) {{(pid=80478) _extract_filter_values /opt/stack/keystone/keystone/common/rbac_enforcer/enforcer.py:167}}
Jul 14 14:27:05.819852 dv-osbrick-849858-1-smb devstack@keystone.service[80478]: DEBUG keystone.common.rbac_enforcer.enforcer [None req-ce5e4934-d792-40bd-9443-53302499c08b None admin] RBAC: Authorizing `identity:list_role_assignments()` {{(pid=80478) enforce_call /opt/stack/keystone/keystone/common/rbac_enforcer/enforcer.py:449}}
Jul 14 14:27:05.821375 dv-osbrick-849858-1-smb devstack@keystone.service[80478]: DEBUG keystone.common.rbac_enforcer.enforcer [None req-ce5e4934-d792-40bd-9443-53302499c08b None admin] RBAC: Authorization granted {{(pid=80478) enforce_call /opt/stack/keystone/keystone/common/rbac_enforcer/enforcer.py:457}}
Jul 14 14:27:05.827695 dv-osbrick-849858-1-smb devstack@keystone.service[80478]: [pid: 80478|app: 0|req: 101/189] 10.222.0.60 () {56 vars in 1374 bytes} [Thu Jul 14 14:27:05 2022] GET /identity/v3/role_assignments?user.id=e54b75925e0d406f90a86046fdfcf63e&scope.project.id=d670adf6e5ea4cefae2be2935398f69a&role.id=138df326128446b2ba44dd58b36f84f8 => generated 608 bytes in 198 msecs (HTTP/1.1 200) 5 headers in 177 bytes (1 switches on core 0)
Jul 14 14:27:05.828487 dv-osbrick-849858-1-smb devstack@keystone.service[80478]: DEBUG keystone.server.flask.request_processing.middleware.auth_context [None req-ce5e4934-d792-40bd-9443-53302499c08b None admin] Authenticating user token {{(pid=80478) process_request /usr/local/lib/python3.8/dist-packages/keystonemiddleware/auth_token/__init__.py:407}}
Jul 14 14:27:05.869024 dv-osbrick-849858-1-smb devstack@keystone.service[80479]: DEBUG dbcounter [-] [80479] Writing DB stats keystone:SELECT=100 {{(pid=80479) stat_writer /usr/local/lib/python3.8/dist-packages/dbcounter.py:114}}
Jul 14 14:27:05.871014 dv-osbrick-849858-1-smb devstack@keystone.service[80478]: DEBUG dbcounter [-] [80478] Writing DB stats keystone:SELECT=100 {{(pid=80478) stat_writer /usr/local/lib/python3.8/dist-packages/dbcounter.py:114}}
Jul 14 14:27:05.897574 dv-osbrick-849858-1-smb devstack@keystone.service[80479]: DEBUG keystone.server.flask.request_processing.middleware.auth_context [None req-10547566-33d9-4bc4-bb7b-6537d4e5fb1b None admin] Validating token access rules against request {{(pid=80479) validate_allowed_request /usr/local/lib/python3.8/dist-packages/keystonemiddleware/auth_token/__init__.py:545}}
