Jul 27 20:12:27.136048 dv-osbrick-849840-5-ceph devstack@keystone.service[87126]: DEBUG keystone.server.flask.request_processing.middleware.auth_context [None req-cab2b2de-a5b3-4b8c-9844-918e837c0e3b None admin] Authenticating user token {{(pid=87126) process_request /usr/local/lib/python3.8/dist-packages/keystonemiddleware/auth_token/__init__.py:407}}
Jul 27 20:12:27.228850 dv-osbrick-849840-5-ceph devstack@keystone.service[87126]: DEBUG dbcounter [-] [87126] Writing DB stats keystone:SELECT=99,keystone:INSERT=1 {{(pid=87126) stat_writer /usr/local/lib/python3.8/dist-packages/dbcounter.py:114}}
Jul 27 20:12:27.238422 dv-osbrick-849840-5-ceph devstack@keystone.service[87127]: DEBUG keystone.server.flask.request_processing.middleware.auth_context [None req-ba66e3a0-f740-4a85-b0a3-493e68971c8e None admin] Validating token access rules against request {{(pid=87127) validate_allowed_request /usr/local/lib/python3.8/dist-packages/keystonemiddleware/auth_token/__init__.py:545}}
Jul 27 20:12:27.281143 dv-osbrick-849840-5-ceph devstack@keystone.service[87126]: DEBUG keystone.server.flask.request_processing.middleware.auth_context [None req-cab2b2de-a5b3-4b8c-9844-918e837c0e3b None admin] Validating token access rules against request {{(pid=87126) validate_allowed_request /usr/local/lib/python3.8/dist-packages/keystonemiddleware/auth_token/__init__.py:545}}
Jul 27 20:12:27.284611 dv-osbrick-849840-5-ceph devstack@keystone.service[87127]: DEBUG keystone.server.flask.request_processing.middleware.auth_context [None req-d09d1269-a8c7-46bd-a015-9ab5e3058e75 None admin] RBAC: auth_context: {'token': , 'domain_id': None, 'trust_id': None, 'trustor_id': None, 'trustee_id': None, 'domain_name': None, 'group_ids': [], 'user_id': '5c55d2b6170e4e2782d526caffb1c6c0', 'user_domain_id': 'default', 'system_scope': 'all', 'project_id': None, 'project_domain_id': None, 'roles': ['admin', 'member', 'reader'], 'is_admin_project': True, 'service_user_id': None, 'service_user_domain_id': None, 'service_project_id': None, 'service_project_domain_id': None, 'service_roles': []} {{(pid=87127) fill_context /opt/stack/keystone/keystone/server/flask/request_processing/middleware/auth_context.py:478}}
Jul 27 20:12:27.285387 dv-osbrick-849840-5-ceph devstack@keystone.service[87127]: DEBUG keystone.server.flask.request_processing.req_logging [None req-d09d1269-a8c7-46bd-a015-9ab5e3058e75 None admin] REQUEST_METHOD: `POST` {{(pid=87127) log_request_info /opt/stack/keystone/keystone/server/flask/request_processing/req_logging.py:27}}
Jul 27 20:12:27.285789 dv-osbrick-849840-5-ceph devstack@keystone.service[87127]: DEBUG keystone.server.flask.request_processing.req_logging [None req-d09d1269-a8c7-46bd-a015-9ab5e3058e75 None admin] SCRIPT_NAME: `/identity` {{(pid=87127) log_request_info /opt/stack/keystone/keystone/server/flask/request_processing/req_logging.py:28}}
Jul 27 20:12:27.286142 dv-osbrick-849840-5-ceph devstack@keystone.service[87127]: DEBUG keystone.server.flask.request_processing.req_logging [None req-d09d1269-a8c7-46bd-a015-9ab5e3058e75 None admin] PATH_INFO: `/v3/roles` {{(pid=87127) log_request_info /opt/stack/keystone/keystone/server/flask/request_processing/req_logging.py:29}}
Jul 27 20:12:27.287029 dv-osbrick-849840-5-ceph devstack@keystone.service[87127]: DEBUG keystone.common.rbac_enforcer.enforcer [None req-d09d1269-a8c7-46bd-a015-9ab5e3058e75 None admin] RBAC: Authorizing `identity:create_role()` {{(pid=87127) enforce_call /opt/stack/keystone/keystone/common/rbac_enforcer/enforcer.py:449}}
Jul 27 20:12:27.288692 dv-osbrick-849840-5-ceph devstack@keystone.service[87127]: DEBUG keystone.common.rbac_enforcer.enforcer [None req-d09d1269-a8c7-46bd-a015-9ab5e3058e75 None admin] RBAC: Authorization granted {{(pid=87127) enforce_call /opt/stack/keystone/keystone/common/rbac_enforcer/enforcer.py:457}}
Jul 27 20:12:27.321821 dv-osbrick-849840-5-ceph devstack@keystone.service[87127]: [pid: 87127|app: 0|req: 20/41] 10.222.0.83 () {60 vars in 1131 bytes} [Wed Jul 27 20:12:27 2022] POST /identity/v3/roles => generated 223 bytes in 244 msecs (HTTP/1.1 201) 5 headers in 182 bytes (1 switches on core 0)
Jul 27 20:12:27.322913 dv-osbrick-849840-5-ceph devstack@keystone.service[87127]: DEBUG keystone.server.flask.request_processing.req_logging [None req-f306aac0-277d-42d7-9c8a-ffa9ee690435 None None] REQUEST_METHOD: `GET` {{(pid=87127) log_request_info /opt/stack/keystone/keystone/server/flask/request_processing/req_logging.py:27}}
Jul 27 20:12:27.324129 dv-osbrick-849840-5-ceph devstack@keystone.service[87127]: DEBUG keystone.server.flask.request_processing.req_logging [None req-f306aac0-277d-42d7-9c8a-ffa9ee690435 None None] SCRIPT_NAME: `/identity` {{(pid=87127) log_request_info /opt/stack/keystone/keystone/server/flask/request_processing/req_logging.py:28}}
Jul 27 20:12:27.324129 dv-osbrick-849840-5-ceph devstack@keystone.service[87127]: DEBUG keystone.server.flask.request_processing.req_logging [None req-f306aac0-277d-42d7-9c8a-ffa9ee690435 None None] PATH_INFO: `/` {{(pid=87127) log_request_info /opt/stack/keystone/keystone/server/flask/request_processing/req_logging.py:29}}
Jul 27 20:12:27.326657 dv-osbrick-849840-5-ceph devstack@keystone.service[87127]: [pid: 87127|app: 0|req: 21/42] 10.222.0.83 () {54 vars in 926 bytes} [Wed Jul 27 20:12:27 2022] GET /identity => generated 270 bytes in 4 msecs (HTTP/1.1 300) 6 headers in 234 bytes (1 switches on core 0)
Jul 27 20:12:27.330137 dv-osbrick-849840-5-ceph devstack@keystone.service[87126]: DEBUG keystone.server.flask.request_processing.middleware.auth_context [None req-4848158c-b2d9-4ee1-b011-8ad6b7940be1 None admin] RBAC: auth_context: {'token': , 'domain_id': None, 'trust_id': None, 'trustor_id': None, 'trustee_id': None, 'domain_name': None, 'group_ids': [], 'user_id': '5c55d2b6170e4e2782d526caffb1c6c0', 'user_domain_id': 'default', 'system_scope': 'all', 'project_id': None, 'project_domain_id': None, 'roles': ['admin', 'member', 'reader'], 'is_admin_project': True, 'service_user_id': None, 'service_user_domain_id': None, 'service_project_id': None, 'service_project_domain_id': None, 'service_roles': []} {{(pid=87126) fill_context /opt/stack/keystone/keystone/server/flask/request_processing/middleware/auth_context.py:478}}
Jul 27 20:12:27.331374 dv-osbrick-849840-5-ceph devstack@keystone.service[87126]: DEBUG keystone.server.flask.request_processing.req_logging [None req-4848158c-b2d9-4ee1-b011-8ad6b7940be1 None admin] REQUEST_METHOD: `PUT` {{(pid=87126) log_request_info /opt/stack/keystone/keystone/server/flask/request_processing/req_logging.py:27}}
Jul 27 20:12:27.331864 dv-osbrick-849840-5-ceph devstack@keystone.service[87126]: DEBUG keystone.server.flask.request_processing.req_logging [None req-4848158c-b2d9-4ee1-b011-8ad6b7940be1 None admin] SCRIPT_NAME: `/identity` {{(pid=87126) log_request_info /opt/stack/keystone/keystone/server/flask/request_processing/req_logging.py:28}}
Jul 27 20:12:27.332342 dv-osbrick-849840-5-ceph devstack@keystone.service[87126]: DEBUG keystone.server.flask.request_processing.req_logging [None req-4848158c-b2d9-4ee1-b011-8ad6b7940be1 None admin] PATH_INFO: `/v3/domains/default/users/5c55d2b6170e4e2782d526caffb1c6c0/roles/df8ec36d044b469d8854eba8394eb107` {{(pid=87126) log_request_info /opt/stack/keystone/keystone/server/flask/request_processing/req_logging.py:29}}
Jul 27 20:12:27.332902 dv-osbrick-849840-5-ceph devstack@keystone.service[87127]: DEBUG keystone.server.flask.request_processing.req_logging [None req-5060b1ad-fd14-4fb0-b423-3dd84b183408 None None] REQUEST_METHOD: `POST` {{(pid=87127) log_request_info /opt/stack/keystone/keystone/server/flask/request_processing/req_logging.py:27}}
Jul 27 20:12:27.333263 dv-osbrick-849840-5-ceph devstack@keystone.service[87127]: DEBUG keystone.server.flask.request_processing.req_logging [None req-5060b1ad-fd14-4fb0-b423-3dd84b183408 None None] SCRIPT_NAME: `/identity` {{(pid=87127) log_request_info /opt/stack/keystone/keystone/server/flask/request_processing/req_logging.py:28}}
Jul 27 20:12:27.333646 dv-osbrick-849840-5-ceph devstack@keystone.service[87127]: DEBUG keystone.server.flask.request_processing.req_logging [None req-5060b1ad-fd14-4fb0-b423-3dd84b183408 None None] PATH_INFO: `/v3/auth/tokens` {{(pid=87127) log_request_info /opt/stack/keystone/keystone/server/flask/request_processing/req_logging.py:29}}
Jul 27 20:12:27.335682 dv-osbrick-849840-5-ceph devstack@keystone.service[87126]: DEBUG keystone.common.rbac_enforcer.enforcer [None req-4848158c-b2d9-4ee1-b011-8ad6b7940be1 None admin] RBAC: Authorizing `identity:create_grant(domain_id=default, user_id=5c55d2b6170e4e2782d526caffb1c6c0, role_id=df8ec36d044b469d8854eba8394eb107)` {{(pid=87126) enforce_call /opt/stack/keystone/keystone/common/rbac_enforcer/enforcer.py:449}}
Jul 27 20:12:27.337638 dv-osbrick-849840-5-ceph devstack@keystone.service[87126]: DEBUG keystone.common.rbac_enforcer.enforcer [None req-4848158c-b2d9-4ee1-b011-8ad6b7940be1 None admin] RBAC: Authorization granted {{(pid=87126) enforce_call /opt/stack/keystone/keystone/common/rbac_enforcer/enforcer.py:457}}
Jul 27 20:12:27.358565 dv-osbrick-849840-5-ceph devstack@keystone.service[87126]: [pid: 87126|app: 0|req: 22/43] 10.222.0.83 () {58 vars in 1361 bytes} [Wed Jul 27 20:12:27 2022] PUT /identity/v3/domains/default/users/5c55d2b6170e4e2782d526caffb1c6c0/roles/df8ec36d044b469d8854eba8394eb107 => generated 0 bytes in 223 msecs (HTTP/1.1 204) 3 headers in 132 bytes (0 switches on core 0)
Jul 27 20:12:27.360840 dv-osbrick-849840-5-ceph devstack@keystone.service[87127]: DEBUG keystone.auth.core [None req-5060b1ad-fd14-4fb0-b423-3dd84b183408 None None] MFA Rules not processed for user `5c55d2b6170e4e2782d526caffb1c6c0`. Rule list: `[]` (Enabled: `True`). {{(pid=87127) check_auth_methods_against_rules /opt/stack/keystone/keystone/auth/core.py:438}}
Jul 27 20:12:27.360840 dv-osbrick-849840-5-ceph devstack@keystone.service[87127]: DEBUG keystone.common.fernet_utils [None req-5060b1ad-fd14-4fb0-b423-3dd84b183408 None None] Loaded 2 Fernet keys from /etc/keystone/fernet-keys/, but `[fernet_tokens] max_active_keys = 3`; perhaps there have not been enough key rotations to reach `max_active_keys` yet? {{(pid=87127) load_keys /opt/stack/keystone/keystone/common/fernet_utils.py:286}}
Jul 27 20:12:27.431425 dv-osbrick-849840-5-ceph devstack@keystone.service[87127]: DEBUG dbcounter [-] [87127] Writing DB stats keystone:INSERT=2,keystone:SELECT=98 {{(pid=87127) stat_writer /usr/local/lib/python3.8/dist-packages/dbcounter.py:114}}
Jul 27 20:12:27.454268 dv-osbrick-849840-5-ceph devstack@keystone.service[87127]: [pid: 87127|app: 0|req: 22/44] 10.222.0.83 () {58 vars in 1023 bytes} [Wed Jul 27 20:12:27 2022] POST /identity/v3/auth/tokens => generated 799 bytes in 123 msecs (HTTP/1.1 201) 6 headers in 363 bytes (1 switches on core 0)
Jul 27 20:12:27.478973 dv-osbrick-849840-5-ceph devstack@keystone.service[87126]: DEBUG keystone.server.flask.request_processing.middleware.auth_context [None req-4848158c-b2d9-4ee1-b011-8ad6b7940be1 None admin] Authenticating user token {{(pid=87126) process_request /usr/local/lib/python3.8/dist-packages/keystonemiddleware/auth_token/__init__.py:407}}
Jul 27 20:12:27.600331 dv-osbrick-849840-5-ceph devstack@keystone.service[87126]: DEBUG keystone.server.flask.request_processing.middleware.auth_context [None req-4848158c-b2d9-4ee1-b011-8ad6b7940be1 None admin] Validating token access rules against request {{(pid=87126) validate_allowed_request /usr/local/lib/python3.8/dist-packages/keystonemiddleware/auth_token/__init__.py:545}}
Jul 27 20:12:27.619110 dv-osbrick-849840-5-ceph devstack@keystone.service[87126]: DEBUG dbcounter [-] [87126] Writing DB stats keystone:SELECT=99,keystone:INSERT=1 {{(pid=87126) stat_writer /usr/local/lib/python3.8/dist-packages/dbcounter.py:114}}
Jul 27 20:12:27.636958 dv-osbrick-849840-5-ceph devstack@keystone.service[87126]: DEBUG keystone.server.flask.request_processing.middleware.auth_context [None req-4c8d6367-708d-40c6-96e3-245a281ebb89 None admin] RBAC: auth_context: {'token': , 'domain_id': None, 'trust_id': None, 'trustor_id': None, 'trustee_id': None, 'domain_name': None, 'group_ids': [], 'user_id': '5c55d2b6170e4e2782d526caffb1c6c0', 'user_domain_id': 'default', 'system_scope': 'all', 'project_id': None, 'project_domain_id': None, 'roles': ['admin', 'member', 'reader'], 'is_admin_project': True, 'service_user_id': None, 'service_user_domain_id': None, 'service_project_id': None, 'service_project_domain_id': None, 'service_roles': []} {{(pid=87126) fill_context /opt/stack/keystone/keystone/server/flask/request_processing/middleware/auth_context.py:478}}
Jul 27 20:12:27.637611 dv-osbrick-849840-5-ceph devstack@keystone.service[87126]: DEBUG keystone.server.flask.request_processing.req_logging [None req-4c8d6367-708d-40c6-96e3-245a281ebb89 None admin] REQUEST_METHOD: `GET` {{(pid=87126) log_request_info /opt/stack/keystone/keystone/server/flask/request_processing/req_logging.py:27}}
Jul 27 20:12:27.637894 dv-osbrick-849840-5-ceph devstack@keystone.service[87126]: DEBUG keystone.server.flask.request_processing.req_logging [None req-4c8d6367-708d-40c6-96e3-245a281ebb89 None admin] SCRIPT_NAME: `/identity` {{(pid=87126) log_request_info /opt/stack/keystone/keystone/server/flask/request_processing/req_logging.py:28}}
Jul 27 20:12:27.638172 dv-osbrick-849840-5-ceph devstack@keystone.service[87126]: DEBUG keystone.server.flask.request_processing.req_logging [None req-4c8d6367-708d-40c6-96e3-245a281ebb89 None admin] PATH_INFO: `/v3/domains/default` {{(pid=87126) log_request_info /opt/stack/keystone/keystone/server/flask/request_processing/req_logging.py:29}}
Jul 27 20:12:27.639488 dv-osbrick-849840-5-ceph devstack@keystone.service[87126]: DEBUG keystone.common.rbac_enforcer.enforcer [None req-4c8d6367-708d-40c6-96e3-245a281ebb89 None admin] RBAC: Authorizing `identity:get_domain(domain_id=default)` {{(pid=87126) enforce_call /opt/stack/keystone/keystone/common/rbac_enforcer/enforcer.py:449}}
Jul 27 20:12:27.640966 dv-osbrick-849840-5-ceph devstack@keystone.service[87126]: DEBUG keystone.common.rbac_enforcer.enforcer [None req-4c8d6367-708d-40c6-96e3-245a281ebb89 None admin] RBAC: Authorization granted {{(pid=87126) enforce_call /opt/stack/keystone/keystone/common/rbac_enforcer/enforcer.py:457}}
Jul 27 20:12:27.642592 dv-osbrick-849840-5-ceph devstack@keystone.service[87126]: [pid: 87126|app: 0|req: 23/45] 10.222.0.83 () {56 vars in 1108 bytes} [Wed Jul 27 20:12:27 2022] GET /identity/v3/domains/default => generated 199 bytes in 164 msecs (HTTP/1.1 200) 5 headers in 177 bytes (1 switches on core 0)
Jul 27 20:12:27.648148 dv-osbrick-849840-5-ceph devstack@keystone.service[87127]: DEBUG keystone.server.flask.request_processing.middleware.auth_context [None req-5060b1ad-fd14-4fb0-b423-3dd84b183408 None None] Authenticating user token {{(pid=87127) process_request /usr/local/lib/python3.8/dist-packages/keystonemiddleware/auth_token/__init__.py:407}}
Jul 27 20:12:27.749493 dv-osbrick-849840-5-ceph devstack@keystone.service[87127]: DEBUG keystone.server.flask.request_processing.middleware.auth_context [None req-5060b1ad-fd14-4fb0-b423-3dd84b183408 None None] Validating token access rules against request {{(pid=87127) validate_allowed_request /usr/local/lib/python3.8/dist-packages/keystonemiddleware/auth_token/__init__.py:545}}
Jul 27 20:12:27.783661 dv-osbrick-849840-5-ceph devstack@keystone.service[87127]: DEBUG keystone.server.flask.request_processing.middleware.auth_context [None req-b17bbcb3-663e-4b09-8494-aa234a0a6da6 None admin] RBAC: auth_context: {'token': , 'domain_id': None, 'trust_id': None, 'trustor_id': None, 'trustee_id': None, 'domain_name': None, 'group_ids': [], 'user_id': '5c55d2b6170e4e2782d526caffb1c6c0', 'user_domain_id': 'default', 'system_scope': 'all', 'project_id': None, 'project_domain_id': None, 'roles': ['admin', 'member', 'reader'], 'is_admin_project': True, 'service_user_id': None, 'service_user_domain_id': None, 'service_project_id': None, 'service_project_domain_id': None, 'service_roles': []} {{(pid=87127) fill_context /opt/stack/keystone/keystone/server/flask/request_processing/middleware/auth_context.py:478}}
Jul 27 20:12:27.784302 dv-osbrick-849840-5-ceph devstack@keystone.service[87127]: DEBUG keystone.server.flask.request_processing.req_logging [None req-b17bbcb3-663e-4b09-8494-aa234a0a6da6 None admin] REQUEST_METHOD: `POST` {{(pid=87127) log_request_info /opt/stack/keystone/keystone/server/flask/request_processing/req_logging.py:27}}
Jul 27 20:12:27.784591 dv-osbrick-849840-5-ceph devstack@keystone.service[87127]: DEBUG keystone.server.flask.request_processing.req_logging [None req-b17bbcb3-663e-4b09-8494-aa234a0a6da6 None admin] SCRIPT_NAME: `/identity` {{(pid=87127) log_request_info /opt/stack/keystone/keystone/server/flask/request_processing/req_logging.py:28}}
Jul 27 20:12:27.784868 dv-osbrick-849840-5-ceph devstack@keystone.service[87127]: DEBUG keystone.server.flask.request_processing.req_logging [None req-b17bbcb3-663e-4b09-8494-aa234a0a6da6 None admin] PATH_INFO: `/v3/projects` {{(pid=87127) log_request_info /opt/stack/keystone/keystone/server/flask/request_processing/req_logging.py:29}}
Jul 27 20:12:27.785544 dv-osbrick-849840-5-ceph devstack@keystone.service[87127]: DEBUG keystone.common.rbac_enforcer.enforcer [None req-b17bbcb3-663e-4b09-8494-aa234a0a6da6 None admin] RBAC: Authorizing `identity:create_project()` {{(pid=87127) enforce_call /opt/stack/keystone/keystone/common/rbac_enforcer/enforcer.py:449}}
Jul 27 20:12:27.787007 dv-osbrick-849840-5-ceph devstack@keystone.service[87127]: DEBUG keystone.common.rbac_enforcer.enforcer [None req-b17bbcb3-663e-4b09-8494-aa234a0a6da6 None admin] RBAC: Authorization granted {{(pid=87127) enforce_call /opt/stack/keystone/keystone/common/rbac_enforcer/enforcer.py:457}}
Jul 27 20:12:27.813616 dv-osbrick-849840-5-ceph devstack@keystone.service[87127]: [pid: 87127|app: 0|req: 23/46] 10.222.0.83 () {60 vars in 1141 bytes} [Wed Jul 27 20:12:27 2022] POST /identity/v3/projects => generated 312 bytes in 166 msecs (HTTP/1.1 201) 5 headers in 182 bytes (2 switches on core 0)
Jul 27 20:12:29.611029 dv-osbrick-849840-5-ceph devstack@keystone.service[87126]: DEBUG keystone.server.flask.request_processing.req_logging [None req-d54a35d6-1359-4726-b7a0-443de26650ca None None] REQUEST_METHOD: `GET` {{(pid=87126) log_request_info /opt/stack/keystone/keystone/server/flask/request_processing/req_logging.py:27}}
Jul 27 20:12:29.611573 dv-osbrick-849840-5-ceph devstack@keystone.service[87126]: DEBUG keystone.server.flask.request_processing.req_logging [None req-d54a35d6-1359-4726-b7a0-443de26650ca None None] SCRIPT_NAME: `/identity` {{(pid=87126) log_request_info /opt/stack/keystone/keystone/server/flask/request_processing/req_logging.py:28}}
Jul 27 20:12:29.611573 dv-osbrick-849840-5-ceph devstack@keystone.service[87126]: DEBUG keystone.server.flask.request_processing.req_logging [None req-d54a35d6-1359-4726-b7a0-443de26650ca None None] PATH_INFO: `/` {{(pid=87126) log_request_info /opt/stack/keystone/keystone/server/flask/request_processing/req_logging.py:29}}
Jul 27 20:12:29.612896 dv-osbrick-849840-5-ceph devstack@keystone.service[87126]: [pid: 87126|app: 0|req: 24/47] 10.222.0.83 () {54 vars in 926 bytes} [Wed Jul 27 20:12:29 2022] GET /identity => generated 270 bytes in 3 msecs (HTTP/1.1 300) 6 headers in 234 bytes (1 switches on core 0)
Jul 27 20:12:29.618029 dv-osbrick-849840-5-ceph devstack@keystone.service[87127]: DEBUG keystone.server.flask.request_processing.req_logging [None req-b2eb579b-1a86-4307-99dc-c20d1644c85e None None] REQUEST_METHOD: `POST` {{(pid=87127) log_request_info /opt/stack/keystone/keystone/server/flask/request_processing/req_logging.py:27}}
Jul 27 20:12:29.618441 dv-osbrick-849840-5-ceph devstack@keystone.service[87127]: DEBUG keystone.server.flask.request_processing.req_logging [None req-b2eb579b-1a86-4307-99dc-c20d1644c85e None None] SCRIPT_NAME: `/identity` {{(pid=87127) log_request_info /opt/stack/keystone/keystone/server/flask/request_processing/req_logging.py:28}}
Jul 27 20:12:29.618588 dv-osbrick-849840-5-ceph devstack@keystone.service[87127]: DEBUG keystone.server.flask.request_processing.req_logging [None req-b2eb579b-1a86-4307-99dc-c20d1644c85e None None] PATH_INFO: `/v3/auth/tokens` {{(pid=87127) log_request_info /opt/stack/keystone/keystone/server/flask/request_processing/req_logging.py:29}}
Jul 27 20:12:29.636513 dv-osbrick-849840-5-ceph devstack@keystone.service[87127]: DEBUG keystone.auth.core [None req-b2eb579b-1a86-4307-99dc-c20d1644c85e None None] MFA Rules not processed for user `5c55d2b6170e4e2782d526caffb1c6c0`. Rule list: `[]` (Enabled: `True`). {{(pid=87127) check_auth_methods_against_rules /opt/stack/keystone/keystone/auth/core.py:438}}
Jul 27 20:12:29.637776 dv-osbrick-849840-5-ceph devstack@keystone.service[87127]: DEBUG keystone.common.fernet_utils [None req-b2eb579b-1a86-4307-99dc-c20d1644c85e None None] Loaded 2 Fernet keys from /etc/keystone/fernet-keys/, but `[fernet_tokens] max_active_keys = 3`; perhaps there have not been enough key rotations to reach `max_active_keys` yet? {{(pid=87127) load_keys /opt/stack/keystone/keystone/common/fernet_utils.py:286}}
Jul 27 20:12:29.666557 dv-osbrick-849840-5-ceph devstack@keystone.service[87127]: DEBUG dbcounter [-] [87127] Writing DB stats keystone:SELECT=99,keystone:INSERT=1 {{(pid=87127) stat_writer /usr/local/lib/python3.8/dist-packages/dbcounter.py:114}}
Jul 27 20:12:29.709882 dv-osbrick-849840-5-ceph devstack@keystone.service[87127]: [pid: 87127|app: 0|req: 24/48] 10.222.0.83 () {58 vars in 1023 bytes} [Wed Jul 27 20:12:29 2022] POST /identity/v3/auth/tokens => generated 799 bytes in 93 msecs (HTTP/1.1 201) 6 headers in 363 bytes (1 switches on core 0)
Jul 27 20:12:29.734382 dv-osbrick-849840-5-ceph devstack@keystone.service[87126]: DEBUG keystone.server.flask.request_processing.middleware.auth_context [None req-d54a35d6-1359-4726-b7a0-443de26650ca None None] Authenticating user token {{(pid=87126) process_request /usr/local/lib/python3.8/dist-packages/keystonemiddleware/auth_token/__init__.py:407}}
Jul 27 20:12:29.836370 dv-osbrick-849840-5-ceph devstack@keystone.service[87126]: DEBUG keystone.server.flask.request_processing.middleware.auth_context [None req-d54a35d6-1359-4726-b7a0-443de26650ca None None] Validating token access rules against request {{(pid=87126) validate_allowed_request /usr/local/lib/python3.8/dist-packages/keystonemiddleware/auth_token/__init__.py:545}}
Jul 27 20:12:29.868638 dv-osbrick-849840-5-ceph devstack@keystone.service[87126]: DEBUG keystone.server.flask.request_processing.middleware.auth_context [None req-d4cafc1c-b228-4880-95f9-0ff5ce543dd7 None admin] RBAC: auth_context: {'token': , 'domain_id': None, 'trust_id': None, 'trustor_id': None, 'trustee_id': None, 'domain_name': None, 'group_ids': [], 'user_id': '5c55d2b6170e4e2782d526caffb1c6c0', 'user_domain_id': 'default', 'system_scope': 'all', 'project_id': None, 'project_domain_id': None, 'roles': ['admin', 'member', 'reader'], 'is_admin_project': True, 'service_user_id': None, 'service_user_domain_id': None, 'service_project_id': None, 'service_project_domain_id': None, 'service_roles': []} {{(pid=87126) fill_context /opt/stack/keystone/keystone/server/flask/request_processing/middleware/auth_context.py:478}}
Jul 27 20:12:29.869219 dv-osbrick-849840-5-ceph devstack@keystone.service[87126]: DEBUG keystone.server.flask.request_processing.req_logging [None req-d4cafc1c-b228-4880-95f9-0ff5ce543dd7 None admin] REQUEST_METHOD: `GET` {{(pid=87126) log_request_info /opt/stack/keystone/keystone/server/flask/request_processing/req_logging.py:27}}
Jul 27 20:12:29.869499 dv-osbrick-849840-5-ceph devstack@keystone.service[87126]: DEBUG keystone.server.flask.request_processing.req_logging [None req-d4cafc1c-b228-4880-95f9-0ff5ce543dd7 None admin] SCRIPT_NAME: `/identity` {{(pid=87126) log_request_info /opt/stack/keystone/keystone/server/flask/request_processing/req_logging.py:28}}
Jul 27 20:12:29.869773 dv-osbrick-849840-5-ceph devstack@keystone.service[87126]: DEBUG keystone.server.flask.request_processing.req_logging [None req-d4cafc1c-b228-4880-95f9-0ff5ce543dd7 None admin] PATH_INFO: `/v3/roles/admin` {{(pid=87126) log_request_info /opt/stack/keystone/keystone/server/flask/request_processing/req_logging.py:29}}
Jul 27 20:12:29.883956 dv-osbrick-849840-5-ceph devstack@keystone.service[87126]: DEBUG keystone.common.rbac_enforcer.enforcer [None req-d4cafc1c-b228-4880-95f9-0ff5ce543dd7 None admin] Extracting inferred target data resulted in "NOT FOUND (404)". {{(pid=87126) enforce_call /opt/stack/keystone/keystone/common/rbac_enforcer/enforcer.py:409}}
Jul 27 20:12:29.890820 dv-osbrick-849840-5-ceph devstack@keystone.service[87126]: ERROR keystone.server.flask.application [None req-d4cafc1c-b228-4880-95f9-0ff5ce543dd7 None admin] Could not find role: admin.: keystone.exception.RoleNotFound: Could not find role: admin.
Jul 27 20:12:29.890820 dv-osbrick-849840-5-ceph devstack@keystone.service[87126]: ERROR keystone.server.flask.application
Traceback (most recent call last):
Jul 27 20:12:29.890820 dv-osbrick-849840-5-ceph devstack@keystone.service[87126]: ERROR keystone.server.flask.application
File "/usr/local/lib/python3.8/dist-packages/flask/app.py", line 1517, in full_dispatch_request
Jul 27 20:12:29.890820 dv-osbrick-849840-5-ceph devstack@keystone.service[87126]: ERROR keystone.server.flask.application rv = self.dispatch_request()
Jul 27 20:12:29.890820 dv-osbrick-849840-5-ceph devstack@keystone.service[87126]: ERROR keystone.server.flask.application
File "/usr/local/lib/python3.8/dist-packages/flask/app.py", line 1503, in dispatch_request
Jul 27 20:12:29.890820 dv-osbrick-849840-5-ceph devstack@keystone.service[87126]: ERROR keystone.server.flask.application return self.ensure_sync(self.view_functions[rule.endpoint])(**req.view_args)
Jul 27 20:12:29.890820 dv-osbrick-849840-5-ceph devstack@keystone.service[87126]: ERROR keystone.server.flask.application
File "/usr/local/lib/python3.8/dist-packages/flask_restful/__init__.py", line 467, in wrapper
Jul 27 20:12:29.890820 dv-osbrick-849840-5-ceph devstack@keystone.service[87126]: ERROR keystone.server.flask.application resp = resource(*args, **kwargs)
Jul 27 20:12:29.890820 dv-osbrick-849840-5-ceph devstack@keystone.service[87126]: ERROR keystone.server.flask.application
File "/usr/local/lib/python3.8/dist-packages/flask/views.py", line 84, in view
Jul 27 20:12:29.890820 dv-osbrick-849840-5-ceph devstack@keystone.service[87126]: ERROR keystone.server.flask.application return current_app.ensure_sync(self.dispatch_request)(*args, **kwargs)
Jul 27 20:12:29.890820 dv-osbrick-849840-5-ceph devstack@keystone.service[87126]: ERROR keystone.server.flask.application
File "/usr/local/lib/python3.8/dist-packages/flask_restful/__init__.py", line 582, in dispatch_request
Jul 27 20:12:29.890820 dv-osbrick-849840-5-ceph devstack@keystone.service[87126]: ERROR keystone.server.flask.application resp = meth(*args, **kwargs)
Jul 27 20:12:29.890820 dv-osbrick-849840-5-ceph devstack@keystone.service[87126]: ERROR keystone.server.flask.application
File "/opt/stack/keystone/keystone/api/roles.py", line 50, in get
Jul 27 20:12:29.890820 dv-osbrick-849840-5-ceph devstack@keystone.service[87126]: ERROR keystone.server.flask.application return self._get_role(role_id)
Jul 27 20:12:29.890820 dv-osbrick-849840-5-ceph devstack@keystone.service[87126]: ERROR keystone.server.flask.application
File "/opt/stack/keystone/keystone/api/roles.py", line 70, in _get_role
Jul 27 20:12:29.890820 dv-osbrick-849840-5-ceph devstack@keystone.service[87126]: ERROR keystone.server.flask.application ENFORCER.enforce_call(action='identity:get_role')
Jul 27 20:12:29.891768 dv-osbrick-849840-5-ceph devstack@keystone.service[87126]: ERROR keystone.server.flask.application
File "/opt/stack/keystone/keystone/common/rbac_enforcer/enforcer.py", line 402, in enforce_call
Jul 27 20:12:29.891768 dv-osbrick-849840-5-ceph devstack@keystone.service[87126]: ERROR keystone.server.flask.application policy_dict.update(cls._extract_member_target_data(
Jul 27 20:12:29.891768 dv-osbrick-849840-5-ceph devstack@keystone.service[87126]: ERROR keystone.server.flask.application
File "/opt/stack/keystone/keystone/common/rbac_enforcer/enforcer.py", line 234, in _extract_member_target_data
Jul 27 20:12:29.891768 dv-osbrick-849840-5-ceph devstack@keystone.service[87126]: ERROR keystone.server.flask.application member_name: func(flask.request.view_args[key])
Jul 27 20:12:29.891768 dv-osbrick-849840-5-ceph devstack@keystone.service[87126]: ERROR keystone.server.flask.application
File "/opt/stack/keystone/keystone/common/manager.py", line 115, in wrapped
Jul 27 20:12:29.891768 dv-osbrick-849840-5-ceph devstack@keystone.service[87126]: ERROR keystone.server.flask.application __ret_val = __f(*args, **kwargs)
Jul 27 20:12:29.891768 dv-osbrick-849840-5-ceph devstack@keystone.service[87126]: ERROR keystone.server.flask.application
File "/usr/local/lib/python3.8/dist-packages/decorator.py", line 232, in fun
Jul 27 20:12:29.891768 dv-osbrick-849840-5-ceph devstack@keystone.service[87126]: ERROR keystone.server.flask.application return caller(func, *(extras + args), **kw)
Jul 27 20:12:29.891768 dv-osbrick-849840-5-ceph devstack@keystone.service[87126]: ERROR keystone.server.flask.application
File "/usr/local/lib/python3.8/dist-packages/dogpile/cache/region.py", line 1577, in get_or_create_for_user_func
Jul 27 20:12:29.891768 dv-osbrick-849840-5-ceph devstack@keystone.service[87126]: ERROR keystone.server.flask.application return self.get_or_create(
Jul 27 20:12:29.891768 dv-osbrick-849840-5-ceph devstack@keystone.service[87126]: ERROR keystone.server.flask.application
File "/usr/local/lib/python3.8/dist-packages/dogpile/cache/region.py", line 1042, in get_or_create
Jul 27 20:12:29.891768 dv-osbrick-849840-5-ceph devstack@keystone.service[87126]: ERROR keystone.server.flask.application with Lock(
Jul 27 20:12:29.891768 dv-osbrick-849840-5-ceph devstack@keystone.service[87126]: ERROR keystone.server.flask.application
File "/usr/local/lib/python3.8/dist-packages/dogpile/lock.py", line 185, in __enter__
Jul 27 20:12:29.891768 dv-osbrick-849840-5-ceph devstack@keystone.service[87126]: ERROR keystone.server.flask.application return self._enter()
Jul 27 20:12:29.891768 dv-osbrick-849840-5-ceph devstack@keystone.service[87126]: ERROR keystone.server.flask.application
File "/usr/local/lib/python3.8/dist-packages/dogpile/lock.py", line 94, in _enter
Jul 27 20:12:29.891768 dv-osbrick-849840-5-ceph devstack@keystone.service[87126]: ERROR keystone.server.flask.application generated = self._enter_create(value, createdtime)
Jul 27 20:12:29.893465 dv-osbrick-849840-5-ceph devstack@keystone.service[87126]: ERROR keystone.server.flask.application
File "/usr/local/lib/python3.8/dist-packages/dogpile/lock.py", line 178, in _enter_create
Jul 27 20:12:29.893465 dv-osbrick-849840-5-ceph devstack@keystone.service[87126]: ERROR keystone.server.flask.application return self.creator()
Jul 27 20:12:29.893465 dv-osbrick-849840-5-ceph devstack@keystone.service[87126]: ERROR keystone.server.flask.application
File "/usr/local/lib/python3.8/dist-packages/dogpile/cache/region.py", line 995, in gen_value
Jul 27 20:12:29.893465 dv-osbrick-849840-5-ceph devstack@keystone.service[87126]: ERROR keystone.server.flask.application created_value = creator(
Jul 27 20:12:29.893465 dv-osbrick-849840-5-ceph devstack@keystone.service[87126]: ERROR keystone.server.flask.application
File "/opt/stack/keystone/keystone/assignment/core.py", line 1276, in get_role
Jul 27 20:12:29.893465 dv-osbrick-849840-5-ceph devstack@keystone.service[87126]: ERROR keystone.server.flask.application return self.driver.get_role(role_id)
Jul 27 20:12:29.893465 dv-osbrick-849840-5-ceph devstack@keystone.service[87126]: ERROR keystone.server.flask.application
File "/opt/stack/keystone/keystone/assignment/role_backends/sql.py", line 70, in get_role
Jul 27 20:12:29.893465 dv-osbrick-849840-5-ceph devstack@keystone.service[87126]: ERROR keystone.server.flask.application return self._get_role(session, role_id).to_dict()
Jul 27 20:12:29.893465 dv-osbrick-849840-5-ceph devstack@keystone.service[87126]: ERROR keystone.server.flask.application
File "/opt/stack/keystone/keystone/assignment/role_backends/sql.py", line 65, in _get_role
Jul 27 20:12:29.893465 dv-osbrick-849840-5-ceph devstack@keystone.service[87126]: ERROR keystone.server.flask.application raise exception.RoleNotFound(role_id=role_id)
Jul 27 20:12:29.893465 dv-osbrick-849840-5-ceph devstack@keystone.service[87126]: ERROR keystone.server.flask.application keystone.exception.RoleNotFound: Could not find role: admin.
Jul 27 20:12:29.893465 dv-osbrick-849840-5-ceph devstack@keystone.service[87126]: ERROR keystone.server.flask.application
Jul 27 20:12:29.893465 dv-osbrick-849840-5-ceph devstack@keystone.service[87126]: [pid: 87126|app: 0|req: 25/49] 10.222.0.83 () {56 vars in 1096 bytes} [Wed Jul 27 20:12:29 2022] GET /identity/v3/roles/admin => generated 83 bytes in 158 msecs (HTTP/1.1 404) 5 headers in 183 bytes (1 switches on core 0)
Jul 27 20:12:29.899990 dv-osbrick-849840-5-ceph devstack@keystone.service[87127]: DEBUG keystone.server.flask.request_processing.middleware.auth_context [None req-b2eb579b-1a86-4307-99dc-c20d1644c85e None None] Authenticating user token {{(pid=87127) process_request /usr/local/lib/python3.8/dist-packages/keystonemiddleware/auth_token/__init__.py:407}}
Jul 27 20:12:29.997457 dv-osbrick-849840-5-ceph devstack@keystone.service[87127]: DEBUG keystone.server.flask.request_processing.middleware.auth_context [None req-b2eb579b-1a86-4307-99dc-c20d1644c85e None None] Validating token access rules against request {{(pid=87127) validate_allowed_request /usr/local/lib/python3.8/dist-packages/keystonemiddleware/auth_token/__init__.py:545}}
Jul 27 20:12:30.025969 dv-osbrick-849840-5-ceph devstack@keystone.service[87126]: DEBUG keystone.server.flask.request_processing.req_logging [None req-08ca2106-b938-415c-83f0-5a3c3d9325a0 None None] REQUEST_METHOD: `GET` {{(pid=87126) log_request_info /opt/stack/keystone/keystone/server/flask/request_processing/req_logging.py:27}}
Jul 27 20:12:30.026257 dv-osbrick-849840-5-ceph devstack@keystone.service[87126]: DEBUG keystone.server.flask.request_processing.req_logging [None req-08ca2106-b938-415c-83f0-5a3c3d9325a0 None None] SCRIPT_NAME: `/identity` {{(pid=87126) log_request_info /opt/stack/keystone/keystone/server/flask/request_processing/req_logging.py:28}}
Jul 27 20:12:30.026543 dv-osbrick-849840-5-ceph devstack@keystone.service[87126]: DEBUG keystone.server.flask.request_processing.req_logging [None req-08ca2106-b938-415c-83f0-5a3c3d9325a0 None None] PATH_INFO: `/` {{(pid=87126) log_request_info /opt/stack/keystone/keystone/server/flask/request_processing/req_logging.py:29}}
Jul 27 20:12:30.027932 dv-osbrick-849840-5-ceph devstack@keystone.service[87126]: [pid: 87126|app: 0|req: 26/50] 10.222.0.83 () {54 vars in 926 bytes} [Wed Jul 27 20:12:30 2022] GET /identity => generated 270 bytes in 3 msecs (HTTP/1.1 300) 6 headers in 234 bytes (2 switches on core 0)
Jul 27 20:12:30.032306 dv-osbrick-849840-5-ceph devstack@keystone.service[87127]: DEBUG keystone.server.flask.request_processing.middleware.auth_context [None req-fbfbd4a8-9fd3-4faa-ba3d-769cc5c89c28 None admin] RBAC: auth_context: {'token': , 'domain_id': None, 'trust_id': None, 'trustor_id': None, 'trustee_id': None, 'domain_name': None, 'group_ids': [], 'user_id': '5c55d2b6170e4e2782d526caffb1c6c0', 'user_domain_id': 'default', 'system_scope': 'all', 'project_id': None, 'project_domain_id': None, 'roles': ['admin', 'member', 'reader'], 'is_admin_project': True, 'service_user_id': None, 'service_user_domain_id': None, 'service_project_id': None, 'service_project_domain_id': None, 'service_roles': []} {{(pid=87127) fill_context /opt/stack/keystone/keystone/server/flask/request_processing/middleware/auth_context.py:478}}
Jul 27 20:12:30.032936 dv-osbrick-849840-5-ceph devstack@keystone.service[87127]: DEBUG keystone.server.flask.request_processing.req_logging [None req-fbfbd4a8-9fd3-4faa-ba3d-769cc5c89c28 None admin] REQUEST_METHOD: `GET` {{(pid=87127) log_request_info /opt/stack/keystone/keystone/server/flask/request_processing/req_logging.py:27}}
Jul 27 20:12:30.033023 dv-osbrick-849840-5-ceph devstack@keystone.service[87126]: DEBUG keystone.server.flask.request_processing.req_logging [None req-6c03d1cd-e91b-484e-972a-5bb220edb4f1 None None] REQUEST_METHOD: `POST` {{(pid=87126) log_request_info /opt/stack/keystone/keystone/server/flask/request_processing/req_logging.py:27}}
Jul 27 20:12:30.033221 dv-osbrick-849840-5-ceph devstack@keystone.service[87127]: DEBUG keystone.server.flask.request_processing.req_logging [None req-fbfbd4a8-9fd3-4faa-ba3d-769cc5c89c28 None admin] SCRIPT_NAME: `/identity` {{(pid=87127) log_request_info /opt/stack/keystone/keystone/server/flask/request_processing/req_logging.py:28}}
Jul 27 20:12:30.033316 dv-osbrick-849840-5-ceph devstack@keystone.service[87126]: DEBUG keystone.server.flask.request_processing.req_logging [None req-6c03d1cd-e91b-484e-972a-5bb220edb4f1 None None] SCRIPT_NAME: `/identity` {{(pid=87126) log_request_info /opt/stack/keystone/keystone/server/flask/request_processing/req_logging.py:28}}
Jul 27 20:12:30.033500 dv-osbrick-849840-5-ceph devstack@keystone.service[87127]: DEBUG keystone.server.flask.request_processing.req_logging [None req-fbfbd4a8-9fd3-4faa-ba3d-769cc5c89c28 None admin] PATH_INFO: `/v3/roles` {{(pid=87127) log_request_info /opt/stack/keystone/keystone/server/flask/request_processing/req_logging.py:29}}
Jul 27 20:12:30.033592 dv-osbrick-849840-5-ceph devstack@keystone.service[87126]: DEBUG keystone.server.flask.request_processing.req_logging [None req-6c03d1cd-e91b-484e-972a-5bb220edb4f1 None None] PATH_INFO: `/v3/auth/tokens` {{(pid=87126) log_request_info /opt/stack/keystone/keystone/server/flask/request_processing/req_logging.py:29}}
Jul 27 20:12:30.034216 dv-osbrick-849840-5-ceph devstack@keystone.service[87127]: DEBUG keystone.common.rbac_enforcer.enforcer [None req-fbfbd4a8-9fd3-4faa-ba3d-769cc5c89c28 None admin] RBAC: Adding query filter params (name=admin) {{(pid=87127) _extract_filter_values /opt/stack/keystone/keystone/common/rbac_enforcer/enforcer.py:167}}
Jul 27 20:12:30.034523 dv-osbrick-849840-5-ceph devstack@keystone.service[87127]: DEBUG keystone.common.rbac_enforcer.enforcer [None req-fbfbd4a8-9fd3-4faa-ba3d-769cc5c89c28 None admin] RBAC: Authorizing `identity:list_roles()` {{(pid=87127) enforce_call /opt/stack/keystone/keystone/common/rbac_enforcer/enforcer.py:449}}
Jul 27 20:12:30.035936 dv-osbrick-849840-5-ceph devstack@keystone.service[87127]: DEBUG keystone.common.rbac_enforcer.enforcer [None req-fbfbd4a8-9fd3-4faa-ba3d-769cc5c89c28 None admin] RBAC: Authorization granted {{(pid=87127) enforce_call /opt/stack/keystone/keystone/common/rbac_enforcer/enforcer.py:457}}
Jul 27 20:12:30.044450 dv-osbrick-849840-5-ceph devstack@keystone.service[87127]: [pid: 87127|app: 0|req: 25/51] 10.222.0.83 () {56 vars in 1099 bytes} [Wed Jul 27 20:12:29 2022] GET /identity/v3/roles?name=admin => generated 339 bytes in 145 msecs (HTTP/1.1 200) 5 headers in 177 bytes (1 switches on core 0)
Jul 27 20:12:30.049960 dv-osbrick-849840-5-ceph devstack@keystone.service[87127]: DEBUG keystone.server.flask.request_processing.middleware.auth_context [None req-fbfbd4a8-9fd3-4faa-ba3d-769cc5c89c28 None admin] Authenticating user token {{(pid=87127) process_request /usr/local/lib/python3.8/dist-packages/keystonemiddleware/auth_token/__init__.py:407}}
Jul 27 20:12:30.051309 dv-osbrick-849840-5-ceph devstack@keystone.service[87126]: DEBUG keystone.auth.core [None req-6c03d1cd-e91b-484e-972a-5bb220edb4f1 None None] MFA Rules not processed for user `5c55d2b6170e4e2782d526caffb1c6c0`. Rule list: `[]` (Enabled: `True`). {{(pid=87126) check_auth_methods_against_rules /opt/stack/keystone/keystone/auth/core.py:438}}
Jul 27 20:12:30.052858 dv-osbrick-849840-5-ceph devstack@keystone.service[87126]: DEBUG keystone.common.fernet_utils [None req-6c03d1cd-e91b-484e-972a-5bb220edb4f1 None None] Loaded 2 Fernet keys from /etc/keystone/fernet-keys/, but `[fernet_tokens] max_active_keys = 3`; perhaps there have not been enough key rotations to reach `max_active_keys` yet? {{(pid=87126) load_keys /opt/stack/keystone/keystone/common/fernet_utils.py:286}}
Jul 27 20:12:30.077946 dv-osbrick-849840-5-ceph devstack@keystone.service[87127]: DEBUG dbcounter [-] [87127] Writing DB stats keystone:SELECT=100 {{(pid=87127) stat_writer /usr/local/lib/python3.8/dist-packages/dbcounter.py:114}}
Jul 27 20:12:30.097071 dv-osbrick-849840-5-ceph devstack@keystone.service[87126]: DEBUG dbcounter [-] [87126] Writing DB stats keystone:SELECT=100 {{(pid=87126) stat_writer /usr/local/lib/python3.8/dist-packages/dbcounter.py:114}}
Jul 27 20:12:30.121275 dv-osbrick-849840-5-ceph devstack@keystone.service[87126]: [pid: 87126|app: 0|req: 27/52] 10.222.0.83 () {58 vars in 1023 bytes} [Wed Jul 27 20:12:30 2022] POST /identity/v3/auth/tokens => generated 799 bytes in 89 msecs (HTTP/1.1 201) 6 headers in 363 bytes (2 switches on core 0)
Jul 27 20:12:30.145899 dv-osbrick-849840-5-ceph devstack@keystone.service[87126]: DEBUG keystone.server.flask.request_processing.middleware.auth_context [None req-6c03d1cd-e91b-484e-972a-5bb220edb4f1 None None] Authenticating user token {{(pid=87126) process_request /usr/local/lib/python3.8/dist-packages/keystonemiddleware/auth_token/__init__.py:407}}
Jul 27 20:12:30.152410 dv-osbrick-849840-5-ceph devstack@keystone.service[87127]: DEBUG keystone.server.flask.request_processing.middleware.auth_context [None req-fbfbd4a8-9fd3-4faa-ba3d-769cc5c89c28 None admin] Validating token access rules against request {{(pid=87127) validate_allowed_request /usr/local/lib/python3.8/dist-packages/keystonemiddleware/auth_token/__init__.py:545}}
Jul 27 20:12:30.185635 dv-osbrick-849840-5-ceph devstack@keystone.service[87127]: DEBUG keystone.server.flask.request_processing.middleware.auth_context [None req-3882595b-39ba-4e90-ad6d-b0203abfbaa6 None admin] RBAC: auth_context: {'token': , 'domain_id': None, 'trust_id': None, 'trustor_id': None, 'trustee_id': None, 'domain_name': None, 'group_ids': [], 'user_id': '5c55d2b6170e4e2782d526caffb1c6c0', 'user_domain_id': 'default', 'system_scope': 'all', 'project_id': None, 'project_domain_id': None, 'roles': ['admin', 'member', 'reader'], 'is_admin_project': True, 'service_user_id': None, 'service_user_domain_id': None, 'service_project_id': None, 'service_project_domain_id': None, 'service_roles': []} {{(pid=87127) fill_context /opt/stack/keystone/keystone/server/flask/request_processing/middleware/auth_context.py:478}}
Jul 27 20:12:30.186283 dv-osbrick-849840-5-ceph devstack@keystone.service[87127]: DEBUG keystone.server.flask.request_processing.req_logging [None req-3882595b-39ba-4e90-ad6d-b0203abfbaa6 None admin] REQUEST_METHOD: `GET` {{(pid=87127) log_request_info /opt/stack/keystone/keystone/server/flask/request_processing/req_logging.py:27}}
Jul 27 20:12:30.186576 dv-osbrick-849840-5-ceph devstack@keystone.service[87127]: DEBUG keystone.server.flask.request_processing.req_logging [None req-3882595b-39ba-4e90-ad6d-b0203abfbaa6 None admin] SCRIPT_NAME: `/identity` {{(pid=87127) log_request_info /opt/stack/keystone/keystone/server/flask/request_processing/req_logging.py:28}}
Jul 27 20:12:30.186849 dv-osbrick-849840-5-ceph devstack@keystone.service[87127]: DEBUG keystone.server.flask.request_processing.req_logging [None req-3882595b-39ba-4e90-ad6d-b0203abfbaa6 None admin] PATH_INFO: `/v3/users/5c55d2b6170e4e2782d526caffb1c6c0` {{(pid=87127) log_request_info /opt/stack/keystone/keystone/server/flask/request_processing/req_logging.py:29}}
Jul 27 20:12:30.188073 dv-osbrick-849840-5-ceph devstack@keystone.service[87127]: DEBUG keystone.common.rbac_enforcer.enforcer [None req-3882595b-39ba-4e90-ad6d-b0203abfbaa6 None admin] RBAC: Authorizing `identity:get_user(user_id=5c55d2b6170e4e2782d526caffb1c6c0)` {{(pid=87127) enforce_call /opt/stack/keystone/keystone/common/rbac_enforcer/enforcer.py:449}}
Jul 27 20:12:30.189506 dv-osbrick-849840-5-ceph devstack@keystone.service[87127]: DEBUG keystone.common.rbac_enforcer.enforcer [None req-3882595b-39ba-4e90-ad6d-b0203abfbaa6 None admin] RBAC: Authorization granted {{(pid=87127) enforce_call /opt/stack/keystone/keystone/common/rbac_enforcer/enforcer.py:457}}
Jul 27 20:12:30.191339 dv-osbrick-849840-5-ceph devstack@keystone.service[87127]: [pid: 87127|app: 0|req: 26/53] 10.222.0.83 () {56 vars in 1177 bytes} [Wed Jul 27 20:12:30 2022] GET /identity/v3/users/5c55d2b6170e4e2782d526caffb1c6c0 => generated 247 bytes in 141 msecs (HTTP/1.1 200) 5 headers in 177 bytes (2 switches on core 0)
Jul 27 20:12:30.196554 dv-osbrick-849840-5-ceph devstack@keystone.service[87127]: DEBUG keystone.server.flask.request_processing.middleware.auth_context [None req-3882595b-39ba-4e90-ad6d-b0203abfbaa6 None admin] Authenticating user token {{(pid=87127) process_request /usr/local/lib/python3.8/dist-packages/keystonemiddleware/auth_token/__init__.py:407}}
Jul 27 20:12:30.244601 dv-osbrick-849840-5-ceph devstack@keystone.service[87126]: DEBUG keystone.server.flask.request_processing.middleware.auth_context [None req-6c03d1cd-e91b-484e-972a-5bb220edb4f1 None None] Validating token access rules against request {{(pid=87126) validate_allowed_request /usr/local/lib/python3.8/dist-packages/keystonemiddleware/auth_token/__init__.py:545}}
Jul 27 20:12:30.277661 dv-osbrick-849840-5-ceph devstack@keystone.service[87126]: DEBUG keystone.server.flask.request_processing.middleware.auth_context [None req-ae3ccbec-666a-4d27-a63d-624ec2a4c428 None admin] RBAC: auth_context: {'token': , 'domain_id': None, 'trust_id': None, 'trustor_id': None, 'trustee_id': None, 'domain_name': None, 'group_ids': [], 'user_id': '5c55d2b6170e4e2782d526caffb1c6c0', 'user_domain_id': 'default', 'system_scope': 'all', 'project_id': None, 'project_domain_id': None, 'roles': ['admin', 'member', 'reader'], 'is_admin_project': True, 'service_user_id': None, 'service_user_domain_id': None, 'service_project_id': None, 'service_project_domain_id': None, 'service_roles': []} {{(pid=87126) fill_context /opt/stack/keystone/keystone/server/flask/request_processing/middleware/auth_context.py:478}}
Jul 27 20:12:30.278296 dv-osbrick-849840-5-ceph devstack@keystone.service[87126]: DEBUG keystone.server.flask.request_processing.req_logging [None req-ae3ccbec-666a-4d27-a63d-624ec2a4c428 None admin] REQUEST_METHOD: `GET` {{(pid=87126) log_request_info /opt/stack/keystone/keystone/server/flask/request_processing/req_logging.py:27}}
Jul 27 20:12:30.278584 dv-osbrick-849840-5-ceph devstack@keystone.service[87126]: DEBUG keystone.server.flask.request_processing.req_logging [None req-ae3ccbec-666a-4d27-a63d-624ec2a4c428 None admin] SCRIPT_NAME: `/identity` {{(pid=87126) log_request_info /opt/stack/keystone/keystone/server/flask/request_processing/req_logging.py:28}}
Jul 27 20:12:30.278860 dv-osbrick-849840-5-ceph devstack@keystone.service[87126]: DEBUG keystone.server.flask.request_processing.req_logging [None req-ae3ccbec-666a-4d27-a63d-624ec2a4c428 None admin] PATH_INFO: `/v3/domains/default` {{(pid=87126) log_request_info /opt/stack/keystone/keystone/server/flask/request_processing/req_logging.py:29}}
Jul 27 20:12:30.280162 dv-osbrick-849840-5-ceph devstack@keystone.service[87126]: DEBUG keystone.common.rbac_enforcer.enforcer [None req-ae3ccbec-666a-4d27-a63d-624ec2a4c428 None admin] RBAC: Authorizing `identity:get_domain(domain_id=default)` {{(pid=87126) enforce_call /opt/stack/keystone/keystone/common/rbac_enforcer/enforcer.py:449}}
Jul 27 20:12:30.281618 dv-osbrick-849840-5-ceph devstack@keystone.service[87126]: DEBUG keystone.common.rbac_enforcer.enforcer [None req-ae3ccbec-666a-4d27-a63d-624ec2a4c428 None admin] RBAC: Authorization granted {{(pid=87126) enforce_call /opt/stack/keystone/keystone/common/rbac_enforcer/enforcer.py:457}}
Jul 27 20:12:30.283220 dv-osbrick-849840-5-ceph devstack@keystone.service[87126]: [pid: 87126|app: 0|req: 28/54] 10.222.0.83 () {56 vars in 1108 bytes} [Wed Jul 27 20:12:30 2022] GET /identity/v3/domains/default => generated 199 bytes in 138 msecs (HTTP/1.1 200) 5 headers in 177 bytes (2 switches on core 0)
Jul 27 20:12:30.288603 dv-osbrick-849840-5-ceph devstack@keystone.service[87127]: DEBUG dbcounter [-] [87127] Writing DB stats keystone:SELECT=100 {{(pid=87127) stat_writer /usr/local/lib/python3.8/dist-packages/dbcounter.py:114}}
Jul 27 20:12:30.288763 dv-osbrick-849840-5-ceph devstack@keystone.service[87126]: DEBUG keystone.server.flask.request_processing.middleware.auth_context [None req-ae3ccbec-666a-4d27-a63d-624ec2a4c428 None admin] Authenticating user token {{(pid=87126) process_request /usr/local/lib/python3.8/dist-packages/keystonemiddleware/auth_token/__init__.py:407}}
Jul 27 20:12:30.295394 dv-osbrick-849840-5-ceph devstack@keystone.service[87127]: DEBUG keystone.server.flask.request_processing.middleware.auth_context [None req-3882595b-39ba-4e90-ad6d-b0203abfbaa6 None admin] Validating token access rules against request {{(pid=87127) validate_allowed_request /usr/local/lib/python3.8/dist-packages/keystonemiddleware/auth_token/__init__.py:545}}
