Jul 26 00:15:09.295620 dv-osbrick-849840-4-smb devstack@keystone.service[86590]: DEBUG keystone.server.flask.request_processing.middleware.auth_context [None req-1550fb99-30ad-48fa-b568-18a03f767b46 None admin] RBAC: auth_context: {'token': , 'domain_id': None, 'trust_id': None, 'trustor_id': None, 'trustee_id': None, 'domain_name': None, 'group_ids': [], 'user_id': 'a8190645227b4d64b73b9a7bcba9e23d', 'user_domain_id': 'default', 'system_scope': 'all', 'project_id': None, 'project_domain_id': None, 'roles': ['admin', 'member', 'reader'], 'is_admin_project': True, 'service_user_id': None, 'service_user_domain_id': None, 'service_project_id': None, 'service_project_domain_id': None, 'service_roles': []} {{(pid=86590) fill_context /opt/stack/keystone/keystone/server/flask/request_processing/middleware/auth_context.py:478}}
Jul 26 00:15:09.296637 dv-osbrick-849840-4-smb devstack@keystone.service[86590]: DEBUG keystone.server.flask.request_processing.req_logging [None req-1550fb99-30ad-48fa-b568-18a03f767b46 None admin] REQUEST_METHOD: `GET` {{(pid=86590) log_request_info /opt/stack/keystone/keystone/server/flask/request_processing/req_logging.py:27}}
Jul 26 00:15:09.297405 dv-osbrick-849840-4-smb devstack@keystone.service[86590]: DEBUG keystone.server.flask.request_processing.req_logging [None req-1550fb99-30ad-48fa-b568-18a03f767b46 None admin] SCRIPT_NAME: `/identity` {{(pid=86590) log_request_info /opt/stack/keystone/keystone/server/flask/request_processing/req_logging.py:28}}
Jul 26 00:15:09.297925 dv-osbrick-849840-4-smb devstack@keystone.service[86590]: DEBUG keystone.server.flask.request_processing.req_logging [None req-1550fb99-30ad-48fa-b568-18a03f767b46 None admin] PATH_INFO: `/v3/roles/admin` {{(pid=86590) log_request_info /opt/stack/keystone/keystone/server/flask/request_processing/req_logging.py:29}}
Jul 26 00:15:09.313729 dv-osbrick-849840-4-smb devstack@keystone.service[86590]: DEBUG keystone.common.rbac_enforcer.enforcer [None req-1550fb99-30ad-48fa-b568-18a03f767b46 None admin] Extracting inferred target data resulted in "NOT FOUND (404)". {{(pid=86590) enforce_call /opt/stack/keystone/keystone/common/rbac_enforcer/enforcer.py:409}}
Jul 26 00:15:09.320532 dv-osbrick-849840-4-smb devstack@keystone.service[86590]: ERROR keystone.server.flask.application [None req-1550fb99-30ad-48fa-b568-18a03f767b46 None admin] Could not find role: admin.: keystone.exception.RoleNotFound: Could not find role: admin.
Jul 26 00:15:09.320532 dv-osbrick-849840-4-smb devstack@keystone.service[86590]: ERROR keystone.server.flask.application
Traceback (most recent call last):
Jul 26 00:15:09.320532 dv-osbrick-849840-4-smb devstack@keystone.service[86590]: ERROR keystone.server.flask.application
File "/usr/local/lib/python3.8/dist-packages/flask/app.py", line 1517, in full_dispatch_request
Jul 26 00:15:09.320532 dv-osbrick-849840-4-smb devstack@keystone.service[86590]: ERROR keystone.server.flask.application rv = self.dispatch_request()
Jul 26 00:15:09.320532 dv-osbrick-849840-4-smb devstack@keystone.service[86590]: ERROR keystone.server.flask.application
File "/usr/local/lib/python3.8/dist-packages/flask/app.py", line 1503, in dispatch_request
Jul 26 00:15:09.320532 dv-osbrick-849840-4-smb devstack@keystone.service[86590]: ERROR keystone.server.flask.application return self.ensure_sync(self.view_functions[rule.endpoint])(**req.view_args)
Jul 26 00:15:09.320532 dv-osbrick-849840-4-smb devstack@keystone.service[86590]: ERROR keystone.server.flask.application
File "/usr/local/lib/python3.8/dist-packages/flask_restful/__init__.py", line 467, in wrapper
Jul 26 00:15:09.320532 dv-osbrick-849840-4-smb devstack@keystone.service[86590]: ERROR keystone.server.flask.application resp = resource(*args, **kwargs)
Jul 26 00:15:09.320532 dv-osbrick-849840-4-smb devstack@keystone.service[86590]: ERROR keystone.server.flask.application
File "/usr/local/lib/python3.8/dist-packages/flask/views.py", line 84, in view
Jul 26 00:15:09.320532 dv-osbrick-849840-4-smb devstack@keystone.service[86590]: ERROR keystone.server.flask.application return current_app.ensure_sync(self.dispatch_request)(*args, **kwargs)
Jul 26 00:15:09.320532 dv-osbrick-849840-4-smb devstack@keystone.service[86590]: ERROR keystone.server.flask.application
File "/usr/local/lib/python3.8/dist-packages/flask_restful/__init__.py", line 582, in dispatch_request
Jul 26 00:15:09.320532 dv-osbrick-849840-4-smb devstack@keystone.service[86590]: ERROR keystone.server.flask.application resp = meth(*args, **kwargs)
Jul 26 00:15:09.320532 dv-osbrick-849840-4-smb devstack@keystone.service[86590]: ERROR keystone.server.flask.application
File "/opt/stack/keystone/keystone/api/roles.py", line 50, in get
Jul 26 00:15:09.320532 dv-osbrick-849840-4-smb devstack@keystone.service[86590]: ERROR keystone.server.flask.application return self._get_role(role_id)
Jul 26 00:15:09.320532 dv-osbrick-849840-4-smb devstack@keystone.service[86590]: ERROR keystone.server.flask.application
File "/opt/stack/keystone/keystone/api/roles.py", line 70, in _get_role
Jul 26 00:15:09.320532 dv-osbrick-849840-4-smb devstack@keystone.service[86590]: ERROR keystone.server.flask.application ENFORCER.enforce_call(action='identity:get_role')
Jul 26 00:15:09.321411 dv-osbrick-849840-4-smb devstack@keystone.service[86590]: ERROR keystone.server.flask.application
File "/opt/stack/keystone/keystone/common/rbac_enforcer/enforcer.py", line 402, in enforce_call
Jul 26 00:15:09.321411 dv-osbrick-849840-4-smb devstack@keystone.service[86590]: ERROR keystone.server.flask.application policy_dict.update(cls._extract_member_target_data(
Jul 26 00:15:09.321411 dv-osbrick-849840-4-smb devstack@keystone.service[86590]: ERROR keystone.server.flask.application
File "/opt/stack/keystone/keystone/common/rbac_enforcer/enforcer.py", line 234, in _extract_member_target_data
Jul 26 00:15:09.321411 dv-osbrick-849840-4-smb devstack@keystone.service[86590]: ERROR keystone.server.flask.application member_name: func(flask.request.view_args[key])
Jul 26 00:15:09.321411 dv-osbrick-849840-4-smb devstack@keystone.service[86590]: ERROR keystone.server.flask.application
File "/opt/stack/keystone/keystone/common/manager.py", line 115, in wrapped
Jul 26 00:15:09.321411 dv-osbrick-849840-4-smb devstack@keystone.service[86590]: ERROR keystone.server.flask.application __ret_val = __f(*args, **kwargs)
Jul 26 00:15:09.321411 dv-osbrick-849840-4-smb devstack@keystone.service[86590]: ERROR keystone.server.flask.application
File "/usr/local/lib/python3.8/dist-packages/decorator.py", line 232, in fun
Jul 26 00:15:09.321411 dv-osbrick-849840-4-smb devstack@keystone.service[86590]: ERROR keystone.server.flask.application return caller(func, *(extras + args), **kw)
Jul 26 00:15:09.321411 dv-osbrick-849840-4-smb devstack@keystone.service[86590]: ERROR keystone.server.flask.application
File "/usr/local/lib/python3.8/dist-packages/dogpile/cache/region.py", line 1577, in get_or_create_for_user_func
Jul 26 00:15:09.321411 dv-osbrick-849840-4-smb devstack@keystone.service[86590]: ERROR keystone.server.flask.application return self.get_or_create(
Jul 26 00:15:09.321411 dv-osbrick-849840-4-smb devstack@keystone.service[86590]: ERROR keystone.server.flask.application
File "/usr/local/lib/python3.8/dist-packages/dogpile/cache/region.py", line 1042, in get_or_create
Jul 26 00:15:09.321411 dv-osbrick-849840-4-smb devstack@keystone.service[86590]: ERROR keystone.server.flask.application with Lock(
Jul 26 00:15:09.321411 dv-osbrick-849840-4-smb devstack@keystone.service[86590]: ERROR keystone.server.flask.application
File "/usr/local/lib/python3.8/dist-packages/dogpile/lock.py", line 185, in __enter__
Jul 26 00:15:09.321411 dv-osbrick-849840-4-smb devstack@keystone.service[86590]: ERROR keystone.server.flask.application return self._enter()
Jul 26 00:15:09.321411 dv-osbrick-849840-4-smb devstack@keystone.service[86590]: ERROR keystone.server.flask.application
File "/usr/local/lib/python3.8/dist-packages/dogpile/lock.py", line 94, in _enter
Jul 26 00:15:09.321411 dv-osbrick-849840-4-smb devstack@keystone.service[86590]: ERROR keystone.server.flask.application generated = self._enter_create(value, createdtime)
Jul 26 00:15:09.322174 dv-osbrick-849840-4-smb devstack@keystone.service[86590]: ERROR keystone.server.flask.application
File "/usr/local/lib/python3.8/dist-packages/dogpile/lock.py", line 178, in _enter_create
Jul 26 00:15:09.322174 dv-osbrick-849840-4-smb devstack@keystone.service[86590]: ERROR keystone.server.flask.application return self.creator()
Jul 26 00:15:09.322174 dv-osbrick-849840-4-smb devstack@keystone.service[86590]: ERROR keystone.server.flask.application
File "/usr/local/lib/python3.8/dist-packages/dogpile/cache/region.py", line 995, in gen_value
Jul 26 00:15:09.322174 dv-osbrick-849840-4-smb devstack@keystone.service[86590]: ERROR keystone.server.flask.application created_value = creator(
Jul 26 00:15:09.322174 dv-osbrick-849840-4-smb devstack@keystone.service[86590]: ERROR keystone.server.flask.application
File "/opt/stack/keystone/keystone/assignment/core.py", line 1276, in get_role
Jul 26 00:15:09.322174 dv-osbrick-849840-4-smb devstack@keystone.service[86590]: ERROR keystone.server.flask.application return self.driver.get_role(role_id)
Jul 26 00:15:09.322174 dv-osbrick-849840-4-smb devstack@keystone.service[86590]: ERROR keystone.server.flask.application
File "/opt/stack/keystone/keystone/assignment/role_backends/sql.py", line 70, in get_role
Jul 26 00:15:09.322174 dv-osbrick-849840-4-smb devstack@keystone.service[86590]: ERROR keystone.server.flask.application return self._get_role(session, role_id).to_dict()
Jul 26 00:15:09.322174 dv-osbrick-849840-4-smb devstack@keystone.service[86590]: ERROR keystone.server.flask.application
File "/opt/stack/keystone/keystone/assignment/role_backends/sql.py", line 65, in _get_role
Jul 26 00:15:09.322174 dv-osbrick-849840-4-smb devstack@keystone.service[86590]: ERROR keystone.server.flask.application raise exception.RoleNotFound(role_id=role_id)
Jul 26 00:15:09.322174 dv-osbrick-849840-4-smb devstack@keystone.service[86590]: ERROR keystone.server.flask.application keystone.exception.RoleNotFound: Could not find role: admin.
Jul 26 00:15:09.322174 dv-osbrick-849840-4-smb devstack@keystone.service[86590]: ERROR keystone.server.flask.application
Jul 26 00:15:09.329578 dv-osbrick-849840-4-smb devstack@keystone.service[86590]: [pid: 86590|app: 0|req: 94/188] 10.222.0.42 () {56 vars in 1096 bytes} [Tue Jul 26 00:15:09 2022] GET /identity/v3/roles/admin => generated 83 bytes in 301 msecs (HTTP/1.1 404) 5 headers in 183 bytes (1 switches on core 0)
Jul 26 00:15:09.331579 dv-osbrick-849840-4-smb devstack@keystone.service[86589]: DEBUG dbcounter [-] [86589] Writing DB stats keystone:SELECT=100 {{(pid=86589) stat_writer /usr/local/lib/python3.8/dist-packages/dbcounter.py:114}}
Jul 26 00:15:09.331926 dv-osbrick-849840-4-smb devstack@keystone.service[86590]: DEBUG keystone.server.flask.request_processing.middleware.auth_context [None req-1550fb99-30ad-48fa-b568-18a03f767b46 None admin] Authenticating user token {{(pid=86590) process_request /usr/local/lib/python3.8/dist-packages/keystonemiddleware/auth_token/__init__.py:407}}
Jul 26 00:15:09.367209 dv-osbrick-849840-4-smb devstack@keystone.service[86589]: [pid: 86589|app: 0|req: 95/189] 10.222.0.42 () {58 vars in 1282 bytes} [Tue Jul 26 00:15:08 2022] GET /identity/v3/auth/tokens => generated 799 bytes in 444 msecs (HTTP/1.1 200) 6 headers in 358 bytes (1 switches on core 0)
Jul 26 00:15:09.372648 dv-osbrick-849840-4-smb devstack@keystone.service[86589]: DEBUG keystone.server.flask.request_processing.middleware.auth_context [None req-47e3f6b5-05e4-4d6a-813d-88f57109dfbe None admin] Authenticating user token {{(pid=86589) process_request /usr/local/lib/python3.8/dist-packages/keystonemiddleware/auth_token/__init__.py:407}}
Jul 26 00:15:09.464271 dv-osbrick-849840-4-smb devstack@keystone.service[86590]: DEBUG keystone.server.flask.request_processing.middleware.auth_context [None req-1550fb99-30ad-48fa-b568-18a03f767b46 None admin] Validating token access rules against request {{(pid=86590) validate_allowed_request /usr/local/lib/python3.8/dist-packages/keystonemiddleware/auth_token/__init__.py:545}}
Jul 26 00:15:09.495628 dv-osbrick-849840-4-smb devstack@keystone.service[86589]: DEBUG keystone.server.flask.request_processing.middleware.auth_context [None req-47e3f6b5-05e4-4d6a-813d-88f57109dfbe None admin] Validating token access rules against request {{(pid=86589) validate_allowed_request /usr/local/lib/python3.8/dist-packages/keystonemiddleware/auth_token/__init__.py:545}}
Jul 26 00:15:09.502250 dv-osbrick-849840-4-smb devstack@keystone.service[86590]: DEBUG keystone.server.flask.request_processing.middleware.auth_context [None req-e7daf254-948f-4696-b207-9d67b68fa62f None admin] RBAC: auth_context: {'token': , 'domain_id': None, 'trust_id': None, 'trustor_id': None, 'trustee_id': None, 'domain_name': None, 'group_ids': [], 'user_id': 'a8190645227b4d64b73b9a7bcba9e23d', 'user_domain_id': 'default', 'system_scope': 'all', 'project_id': None, 'project_domain_id': None, 'roles': ['admin', 'member', 'reader'], 'is_admin_project': True, 'service_user_id': None, 'service_user_domain_id': None, 'service_project_id': None, 'service_project_domain_id': None, 'service_roles': []} {{(pid=86590) fill_context /opt/stack/keystone/keystone/server/flask/request_processing/middleware/auth_context.py:478}}
Jul 26 00:15:09.502871 dv-osbrick-849840-4-smb devstack@keystone.service[86590]: DEBUG keystone.server.flask.request_processing.req_logging [None req-e7daf254-948f-4696-b207-9d67b68fa62f None admin] REQUEST_METHOD: `GET` {{(pid=86590) log_request_info /opt/stack/keystone/keystone/server/flask/request_processing/req_logging.py:27}}
Jul 26 00:15:09.503505 dv-osbrick-849840-4-smb devstack@keystone.service[86590]: DEBUG keystone.server.flask.request_processing.req_logging [None req-e7daf254-948f-4696-b207-9d67b68fa62f None admin] SCRIPT_NAME: `/identity` {{(pid=86590) log_request_info /opt/stack/keystone/keystone/server/flask/request_processing/req_logging.py:28}}
Jul 26 00:15:09.503505 dv-osbrick-849840-4-smb devstack@keystone.service[86590]: DEBUG keystone.server.flask.request_processing.req_logging [None req-e7daf254-948f-4696-b207-9d67b68fa62f None admin] PATH_INFO: `/v3/roles` {{(pid=86590) log_request_info /opt/stack/keystone/keystone/server/flask/request_processing/req_logging.py:29}}
Jul 26 00:15:09.504145 dv-osbrick-849840-4-smb devstack@keystone.service[86590]: DEBUG keystone.common.rbac_enforcer.enforcer [None req-e7daf254-948f-4696-b207-9d67b68fa62f None admin] RBAC: Adding query filter params (name=admin) {{(pid=86590) _extract_filter_values /opt/stack/keystone/keystone/common/rbac_enforcer/enforcer.py:167}}
Jul 26 00:15:09.504475 dv-osbrick-849840-4-smb devstack@keystone.service[86590]: DEBUG keystone.common.rbac_enforcer.enforcer [None req-e7daf254-948f-4696-b207-9d67b68fa62f None admin] RBAC: Authorizing `identity:list_roles()` {{(pid=86590) enforce_call /opt/stack/keystone/keystone/common/rbac_enforcer/enforcer.py:449}}
Jul 26 00:15:09.506005 dv-osbrick-849840-4-smb devstack@keystone.service[86590]: DEBUG keystone.common.rbac_enforcer.enforcer [None req-e7daf254-948f-4696-b207-9d67b68fa62f None admin] RBAC: Authorization granted {{(pid=86590) enforce_call /opt/stack/keystone/keystone/common/rbac_enforcer/enforcer.py:457}}
Jul 26 00:15:09.518276 dv-osbrick-849840-4-smb devstack@keystone.service[86590]: [pid: 86590|app: 0|req: 95/190] 10.222.0.42 () {56 vars in 1099 bytes} [Tue Jul 26 00:15:09 2022] GET /identity/v3/roles?name=admin => generated 339 bytes in 187 msecs (HTTP/1.1 200) 5 headers in 177 bytes (1 switches on core 0)
Jul 26 00:15:09.520475 dv-osbrick-849840-4-smb devstack@keystone.service[86590]: DEBUG keystone.server.flask.request_processing.req_logging [None req-48624ee9-3209-48a1-aae0-143112da79d9 None None] REQUEST_METHOD: `GET` {{(pid=86590) log_request_info /opt/stack/keystone/keystone/server/flask/request_processing/req_logging.py:27}}
Jul 26 00:15:09.520942 dv-osbrick-849840-4-smb devstack@keystone.service[86590]: DEBUG keystone.server.flask.request_processing.req_logging [None req-48624ee9-3209-48a1-aae0-143112da79d9 None None] SCRIPT_NAME: `/identity` {{(pid=86590) log_request_info /opt/stack/keystone/keystone/server/flask/request_processing/req_logging.py:28}}
Jul 26 00:15:09.521425 dv-osbrick-849840-4-smb devstack@keystone.service[86590]: DEBUG keystone.server.flask.request_processing.req_logging [None req-48624ee9-3209-48a1-aae0-143112da79d9 None None] PATH_INFO: `/` {{(pid=86590) log_request_info /opt/stack/keystone/keystone/server/flask/request_processing/req_logging.py:29}}
Jul 26 00:15:09.523577 dv-osbrick-849840-4-smb devstack@keystone.service[86590]: [pid: 86590|app: 0|req: 96/191] 10.222.0.42 () {54 vars in 926 bytes} [Tue Jul 26 00:15:09 2022] GET /identity => generated 270 bytes in 4 msecs (HTTP/1.1 300) 6 headers in 234 bytes (1 switches on core 0)
Jul 26 00:15:09.524646 dv-osbrick-849840-4-smb devstack@keystone.service[86590]: DEBUG keystone.server.flask.request_processing.middleware.auth_context [None req-48624ee9-3209-48a1-aae0-143112da79d9 None None] Authenticating user token {{(pid=86590) process_request /usr/local/lib/python3.8/dist-packages/keystonemiddleware/auth_token/__init__.py:407}}
Jul 26 00:15:09.539488 dv-osbrick-849840-4-smb devstack@keystone.service[86589]: DEBUG keystone.server.flask.request_processing.middleware.auth_context [None req-b07d668f-bcec-4d9a-bd39-8db27df85780 None admin] RBAC: auth_context: {'token': , 'domain_id': None, 'trust_id': None, 'trustor_id': None, 'trustee_id': None, 'domain_name': None, 'group_ids': [], 'user_id': 'a8190645227b4d64b73b9a7bcba9e23d', 'user_domain_id': 'default', 'system_scope': 'all', 'project_id': None, 'project_domain_id': None, 'roles': ['admin', 'member', 'reader'], 'is_admin_project': True, 'service_user_id': None, 'service_user_domain_id': None, 'service_project_id': None, 'service_project_domain_id': None, 'service_roles': []} {{(pid=86589) fill_context /opt/stack/keystone/keystone/server/flask/request_processing/middleware/auth_context.py:478}}
Jul 26 00:15:09.540414 dv-osbrick-849840-4-smb devstack@keystone.service[86589]: DEBUG keystone.server.flask.request_processing.req_logging [None req-b07d668f-bcec-4d9a-bd39-8db27df85780 None admin] REQUEST_METHOD: `GET` {{(pid=86589) log_request_info /opt/stack/keystone/keystone/server/flask/request_processing/req_logging.py:27}}
Jul 26 00:15:09.540697 dv-osbrick-849840-4-smb devstack@keystone.service[86589]: DEBUG keystone.server.flask.request_processing.req_logging [None req-b07d668f-bcec-4d9a-bd39-8db27df85780 None admin] SCRIPT_NAME: `/identity` {{(pid=86589) log_request_info /opt/stack/keystone/keystone/server/flask/request_processing/req_logging.py:28}}
Jul 26 00:15:09.540969 dv-osbrick-849840-4-smb devstack@keystone.service[86589]: DEBUG keystone.server.flask.request_processing.req_logging [None req-b07d668f-bcec-4d9a-bd39-8db27df85780 None admin] PATH_INFO: `/v3/projects/d8dbf3a8a7bd41b5892eb20ae3dd3f4f` {{(pid=86589) log_request_info /opt/stack/keystone/keystone/server/flask/request_processing/req_logging.py:29}}
Jul 26 00:15:09.542229 dv-osbrick-849840-4-smb devstack@keystone.service[86589]: DEBUG keystone.common.rbac_enforcer.enforcer [None req-b07d668f-bcec-4d9a-bd39-8db27df85780 None admin] RBAC: Authorizing `identity:get_project(project_id=d8dbf3a8a7bd41b5892eb20ae3dd3f4f)` {{(pid=86589) enforce_call /opt/stack/keystone/keystone/common/rbac_enforcer/enforcer.py:449}}
Jul 26 00:15:09.543771 dv-osbrick-849840-4-smb devstack@keystone.service[86589]: DEBUG keystone.common.rbac_enforcer.enforcer [None req-b07d668f-bcec-4d9a-bd39-8db27df85780 None admin] RBAC: Authorization granted {{(pid=86589) enforce_call /opt/stack/keystone/keystone/common/rbac_enforcer/enforcer.py:457}}
Jul 26 00:15:09.550218 dv-osbrick-849840-4-smb devstack@keystone.service[86589]: [pid: 86589|app: 0|req: 96/192] 10.222.0.42 () {56 vars in 1186 bytes} [Tue Jul 26 00:15:09 2022] GET /identity/v3/projects/d8dbf3a8a7bd41b5892eb20ae3dd3f4f => generated 298 bytes in 173 msecs (HTTP/1.1 200) 5 headers in 177 bytes (1 switches on core 0)
Jul 26 00:15:09.550218 dv-osbrick-849840-4-smb devstack@keystone.service[86589]: DEBUG keystone.server.flask.request_processing.req_logging [None req-12df0d2b-a2a3-45e6-b51f-ba08987ace1e None None] REQUEST_METHOD: `POST` {{(pid=86589) log_request_info /opt/stack/keystone/keystone/server/flask/request_processing/req_logging.py:27}}
Jul 26 00:15:09.550218 dv-osbrick-849840-4-smb devstack@keystone.service[86589]: DEBUG keystone.server.flask.request_processing.req_logging [None req-12df0d2b-a2a3-45e6-b51f-ba08987ace1e None None] SCRIPT_NAME: `/identity` {{(pid=86589) log_request_info /opt/stack/keystone/keystone/server/flask/request_processing/req_logging.py:28}}
Jul 26 00:15:09.550218 dv-osbrick-849840-4-smb devstack@keystone.service[86589]: DEBUG keystone.server.flask.request_processing.req_logging [None req-12df0d2b-a2a3-45e6-b51f-ba08987ace1e None None] PATH_INFO: `/v3/auth/tokens` {{(pid=86589) log_request_info /opt/stack/keystone/keystone/server/flask/request_processing/req_logging.py:29}}
Jul 26 00:15:09.551248 dv-osbrick-849840-4-smb devstack@keystone.service[86590]: DEBUG dbcounter [-] [86590] Writing DB stats keystone:SELECT=100 {{(pid=86590) stat_writer /usr/local/lib/python3.8/dist-packages/dbcounter.py:114}}
Jul 26 00:15:09.566091 dv-osbrick-849840-4-smb devstack@keystone.service[86589]: DEBUG keystone.auth.core [None req-12df0d2b-a2a3-45e6-b51f-ba08987ace1e None None] MFA Rules not processed for user `a8190645227b4d64b73b9a7bcba9e23d`. Rule list: `[]` (Enabled: `True`). {{(pid=86589) check_auth_methods_against_rules /opt/stack/keystone/keystone/auth/core.py:438}}
Jul 26 00:15:09.567304 dv-osbrick-849840-4-smb devstack@keystone.service[86589]: DEBUG keystone.common.fernet_utils [None req-12df0d2b-a2a3-45e6-b51f-ba08987ace1e None None] Loaded 2 Fernet keys from /etc/keystone/fernet-keys/, but `[fernet_tokens] max_active_keys = 3`; perhaps there have not been enough key rotations to reach `max_active_keys` yet? {{(pid=86589) load_keys /opt/stack/keystone/keystone/common/fernet_utils.py:286}}
Jul 26 00:15:09.610043 dv-osbrick-849840-4-smb devstack@keystone.service[86589]: DEBUG dbcounter [-] [86589] Writing DB stats keystone:SELECT=100 {{(pid=86589) stat_writer /usr/local/lib/python3.8/dist-packages/dbcounter.py:114}}
Jul 26 00:15:09.637867 dv-osbrick-849840-4-smb devstack@keystone.service[86589]: [pid: 86589|app: 0|req: 97/193] 10.222.0.42 () {58 vars in 1023 bytes} [Tue Jul 26 00:15:09 2022] POST /identity/v3/auth/tokens => generated 799 bytes in 92 msecs (HTTP/1.1 201) 6 headers in 363 bytes (1 switches on core 0)
Jul 26 00:15:09.638719 dv-osbrick-849840-4-smb devstack@keystone.service[86589]: DEBUG keystone.server.flask.request_processing.middleware.auth_context [None req-12df0d2b-a2a3-45e6-b51f-ba08987ace1e None None] Authenticating user token {{(pid=86589) process_request /usr/local/lib/python3.8/dist-packages/keystonemiddleware/auth_token/__init__.py:407}}
Jul 26 00:15:09.647373 dv-osbrick-849840-4-smb devstack@keystone.service[86590]: DEBUG keystone.server.flask.request_processing.middleware.auth_context [None req-48624ee9-3209-48a1-aae0-143112da79d9 None None] Validating token access rules against request {{(pid=86590) validate_allowed_request /usr/local/lib/python3.8/dist-packages/keystonemiddleware/auth_token/__init__.py:545}}
Jul 26 00:15:09.682653 dv-osbrick-849840-4-smb devstack@keystone.service[86590]: DEBUG keystone.server.flask.request_processing.middleware.auth_context [None req-9df896ab-6f2c-4a9e-95f8-c5ad9bc9b534 None admin] RBAC: auth_context: {'token': , 'domain_id': None, 'trust_id': None, 'trustor_id': None, 'trustee_id': None, 'domain_name': None, 'group_ids': [], 'user_id': 'a8190645227b4d64b73b9a7bcba9e23d', 'user_domain_id': 'default', 'system_scope': 'all', 'project_id': None, 'project_domain_id': None, 'roles': ['admin', 'member', 'reader'], 'is_admin_project': True, 'service_user_id': None, 'service_user_domain_id': None, 'service_project_id': None, 'service_project_domain_id': None, 'service_roles': []} {{(pid=86590) fill_context /opt/stack/keystone/keystone/server/flask/request_processing/middleware/auth_context.py:478}}
Jul 26 00:15:09.683322 dv-osbrick-849840-4-smb devstack@keystone.service[86590]: DEBUG keystone.server.flask.request_processing.req_logging [None req-9df896ab-6f2c-4a9e-95f8-c5ad9bc9b534 None admin] REQUEST_METHOD: `GET` {{(pid=86590) log_request_info /opt/stack/keystone/keystone/server/flask/request_processing/req_logging.py:27}}
Jul 26 00:15:09.683598 dv-osbrick-849840-4-smb devstack@keystone.service[86590]: DEBUG keystone.server.flask.request_processing.req_logging [None req-9df896ab-6f2c-4a9e-95f8-c5ad9bc9b534 None admin] SCRIPT_NAME: `/identity` {{(pid=86590) log_request_info /opt/stack/keystone/keystone/server/flask/request_processing/req_logging.py:28}}
Jul 26 00:15:09.683865 dv-osbrick-849840-4-smb devstack@keystone.service[86590]: DEBUG keystone.server.flask.request_processing.req_logging [None req-9df896ab-6f2c-4a9e-95f8-c5ad9bc9b534 None admin] PATH_INFO: `/v3/users/6b87a79b303c4f2784222e2fb493978b` {{(pid=86590) log_request_info /opt/stack/keystone/keystone/server/flask/request_processing/req_logging.py:29}}
Jul 26 00:15:09.697585 dv-osbrick-849840-4-smb devstack@keystone.service[86590]: DEBUG keystone.common.rbac_enforcer.enforcer [None req-9df896ab-6f2c-4a9e-95f8-c5ad9bc9b534 None admin] RBAC: Authorizing `identity:get_user(user_id=6b87a79b303c4f2784222e2fb493978b)` {{(pid=86590) enforce_call /opt/stack/keystone/keystone/common/rbac_enforcer/enforcer.py:449}}
Jul 26 00:15:09.699047 dv-osbrick-849840-4-smb devstack@keystone.service[86590]: DEBUG keystone.common.rbac_enforcer.enforcer [None req-9df896ab-6f2c-4a9e-95f8-c5ad9bc9b534 None admin] RBAC: Authorization granted {{(pid=86590) enforce_call /opt/stack/keystone/keystone/common/rbac_enforcer/enforcer.py:457}}
Jul 26 00:15:09.700675 dv-osbrick-849840-4-smb devstack@keystone.service[86590]: [pid: 86590|app: 0|req: 97/194] 10.222.0.42 () {56 vars in 1177 bytes} [Tue Jul 26 00:15:09 2022] GET /identity/v3/users/6b87a79b303c4f2784222e2fb493978b => generated 283 bytes in 177 msecs (HTTP/1.1 200) 5 headers in 177 bytes (2 switches on core 0)
Jul 26 00:15:09.701795 dv-osbrick-849840-4-smb devstack@keystone.service[86590]: DEBUG keystone.server.flask.request_processing.req_logging [None req-aceafa63-2202-4653-841c-1cd0a6308bd7 None None] REQUEST_METHOD: `GET` {{(pid=86590) log_request_info /opt/stack/keystone/keystone/server/flask/request_processing/req_logging.py:27}}
Jul 26 00:15:09.702069 dv-osbrick-849840-4-smb devstack@keystone.service[86590]: DEBUG keystone.server.flask.request_processing.req_logging [None req-aceafa63-2202-4653-841c-1cd0a6308bd7 None None] SCRIPT_NAME: `/identity` {{(pid=86590) log_request_info /opt/stack/keystone/keystone/server/flask/request_processing/req_logging.py:28}}
Jul 26 00:15:09.702334 dv-osbrick-849840-4-smb devstack@keystone.service[86590]: DEBUG keystone.server.flask.request_processing.req_logging [None req-aceafa63-2202-4653-841c-1cd0a6308bd7 None None] PATH_INFO: `/` {{(pid=86590) log_request_info /opt/stack/keystone/keystone/server/flask/request_processing/req_logging.py:29}}
Jul 26 00:15:09.703553 dv-osbrick-849840-4-smb devstack@keystone.service[86590]: [pid: 86590|app: 0|req: 98/195] 10.222.0.42 () {54 vars in 926 bytes} [Tue Jul 26 00:15:09 2022] GET /identity => generated 270 bytes in 2 msecs (HTTP/1.1 300) 6 headers in 234 bytes (1 switches on core 0)
Jul 26 00:15:09.704232 dv-osbrick-849840-4-smb devstack@keystone.service[86590]: DEBUG keystone.server.flask.request_processing.middleware.auth_context [None req-aceafa63-2202-4653-841c-1cd0a6308bd7 None None] Authenticating user token {{(pid=86590) process_request /usr/local/lib/python3.8/dist-packages/keystonemiddleware/auth_token/__init__.py:407}}
Jul 26 00:15:09.741462 dv-osbrick-849840-4-smb devstack@keystone.service[86589]: DEBUG keystone.server.flask.request_processing.middleware.auth_context [None req-12df0d2b-a2a3-45e6-b51f-ba08987ace1e None None] Validating token access rules against request {{(pid=86589) validate_allowed_request /usr/local/lib/python3.8/dist-packages/keystonemiddleware/auth_token/__init__.py:545}}
Jul 26 00:15:09.773706 dv-osbrick-849840-4-smb devstack@keystone.service[86589]: DEBUG keystone.server.flask.request_processing.middleware.auth_context [None req-0cf81e1b-0873-4eaa-b871-02fd1e9551fe None admin] RBAC: auth_context: {'token': , 'domain_id': None, 'trust_id': None, 'trustor_id': None, 'trustee_id': None, 'domain_name': None, 'group_ids': [], 'user_id': 'a8190645227b4d64b73b9a7bcba9e23d', 'user_domain_id': 'default', 'system_scope': 'all', 'project_id': None, 'project_domain_id': None, 'roles': ['admin', 'member', 'reader'], 'is_admin_project': True, 'service_user_id': None, 'service_user_domain_id': None, 'service_project_id': None, 'service_project_domain_id': None, 'service_roles': []} {{(pid=86589) fill_context /opt/stack/keystone/keystone/server/flask/request_processing/middleware/auth_context.py:478}}
Jul 26 00:15:09.774325 dv-osbrick-849840-4-smb devstack@keystone.service[86589]: DEBUG keystone.server.flask.request_processing.req_logging [None req-0cf81e1b-0873-4eaa-b871-02fd1e9551fe None admin] REQUEST_METHOD: `GET` {{(pid=86589) log_request_info /opt/stack/keystone/keystone/server/flask/request_processing/req_logging.py:27}}
Jul 26 00:15:09.774592 dv-osbrick-849840-4-smb devstack@keystone.service[86589]: DEBUG keystone.server.flask.request_processing.req_logging [None req-0cf81e1b-0873-4eaa-b871-02fd1e9551fe None admin] SCRIPT_NAME: `/identity` {{(pid=86589) log_request_info /opt/stack/keystone/keystone/server/flask/request_processing/req_logging.py:28}}
Jul 26 00:15:09.774854 dv-osbrick-849840-4-smb devstack@keystone.service[86589]: DEBUG keystone.server.flask.request_processing.req_logging [None req-0cf81e1b-0873-4eaa-b871-02fd1e9551fe None admin] PATH_INFO: `/v3/role_assignments` {{(pid=86589) log_request_info /opt/stack/keystone/keystone/server/flask/request_processing/req_logging.py:29}}
Jul 26 00:15:09.775669 dv-osbrick-849840-4-smb devstack@keystone.service[86589]: DEBUG keystone.common.rbac_enforcer.enforcer [None req-0cf81e1b-0873-4eaa-b871-02fd1e9551fe None admin] RBAC: Adding query filter params (role.id=d8dc9e7ee0574a42b8e14e95e00dfc6b, scope.project.id=d8dbf3a8a7bd41b5892eb20ae3dd3f4f, user.id=554cd69498dd490fb27edc7a41ff01d5) {{(pid=86589) _extract_filter_values /opt/stack/keystone/keystone/common/rbac_enforcer/enforcer.py:167}}
Jul 26 00:15:09.775971 dv-osbrick-849840-4-smb devstack@keystone.service[86589]: DEBUG keystone.common.rbac_enforcer.enforcer [None req-0cf81e1b-0873-4eaa-b871-02fd1e9551fe None admin] RBAC: Authorizing `identity:list_role_assignments()` {{(pid=86589) enforce_call /opt/stack/keystone/keystone/common/rbac_enforcer/enforcer.py:449}}
Jul 26 00:15:09.777408 dv-osbrick-849840-4-smb devstack@keystone.service[86589]: DEBUG keystone.common.rbac_enforcer.enforcer [None req-0cf81e1b-0873-4eaa-b871-02fd1e9551fe None admin] RBAC: Authorization granted {{(pid=86589) enforce_call /opt/stack/keystone/keystone/common/rbac_enforcer/enforcer.py:457}}
Jul 26 00:15:09.781144 dv-osbrick-849840-4-smb devstack@keystone.service[86590]: DEBUG dbcounter [-] [86590] Writing DB stats keystone:SELECT=100 {{(pid=86590) stat_writer /usr/local/lib/python3.8/dist-packages/dbcounter.py:114}}
Jul 26 00:15:09.791190 dv-osbrick-849840-4-smb devstack@keystone.service[86589]: [pid: 86589|app: 0|req: 98/196] 10.222.0.42 () {56 vars in 1374 bytes} [Tue Jul 26 00:15:09 2022] GET /identity/v3/role_assignments?user.id=554cd69498dd490fb27edc7a41ff01d5&scope.project.id=d8dbf3a8a7bd41b5892eb20ae3dd3f4f&role.id=d8dc9e7ee0574a42b8e14e95e00dfc6b => generated 608 bytes in 145 msecs (HTTP/1.1 200) 5 headers in 177 bytes (1 switches on core 0)
Jul 26 00:15:09.791190 dv-osbrick-849840-4-smb devstack@keystone.service[86589]: DEBUG keystone.server.flask.request_processing.middleware.auth_context [None req-0cf81e1b-0873-4eaa-b871-02fd1e9551fe None admin] Authenticating user token {{(pid=86589) process_request /usr/local/lib/python3.8/dist-packages/keystonemiddleware/auth_token/__init__.py:407}}
Jul 26 00:15:09.805123 dv-osbrick-849840-4-smb devstack@keystone.service[86590]: DEBUG keystone.server.flask.request_processing.middleware.auth_context [None req-aceafa63-2202-4653-841c-1cd0a6308bd7 None None] Validating token access rules against request {{(pid=86590) validate_allowed_request /usr/local/lib/python3.8/dist-packages/keystonemiddleware/auth_token/__init__.py:545}}
Jul 26 00:15:09.836754 dv-osbrick-849840-4-smb devstack@keystone.service[86589]: DEBUG dbcounter [-] [86589] Writing DB stats keystone:SELECT=100 {{(pid=86589) stat_writer /usr/local/lib/python3.8/dist-packages/dbcounter.py:114}}
Jul 26 00:15:09.845690 dv-osbrick-849840-4-smb devstack@keystone.service[86590]: DEBUG keystone.server.flask.request_processing.middleware.auth_context [None req-72ddf8fb-134d-48f9-952e-0ed87b639359 None admin] RBAC: auth_context: {'token': , 'domain_id': None, 'trust_id': None, 'trustor_id': None, 'trustee_id': None, 'domain_name': None, 'group_ids': [], 'user_id': 'a8190645227b4d64b73b9a7bcba9e23d', 'user_domain_id': 'default', 'system_scope': 'all', 'project_id': None, 'project_domain_id': None, 'roles': ['admin', 'member', 'reader'], 'is_admin_project': True, 'service_user_id': None, 'service_user_domain_id': None, 'service_project_id': None, 'service_project_domain_id': None, 'service_roles': []} {{(pid=86590) fill_context /opt/stack/keystone/keystone/server/flask/request_processing/middleware/auth_context.py:478}}
Jul 26 00:15:09.846348 dv-osbrick-849840-4-smb devstack@keystone.service[86590]: DEBUG keystone.server.flask.request_processing.req_logging [None req-72ddf8fb-134d-48f9-952e-0ed87b639359 None admin] REQUEST_METHOD: `GET` {{(pid=86590) log_request_info /opt/stack/keystone/keystone/server/flask/request_processing/req_logging.py:27}}
Jul 26 00:15:09.846626 dv-osbrick-849840-4-smb devstack@keystone.service[86590]: DEBUG keystone.server.flask.request_processing.req_logging [None req-72ddf8fb-134d-48f9-952e-0ed87b639359 None admin] SCRIPT_NAME: `/identity` {{(pid=86590) log_request_info /opt/stack/keystone/keystone/server/flask/request_processing/req_logging.py:28}}
Jul 26 00:15:09.846915 dv-osbrick-849840-4-smb devstack@keystone.service[86590]: DEBUG keystone.server.flask.request_processing.req_logging [None req-72ddf8fb-134d-48f9-952e-0ed87b639359 None admin] PATH_INFO: `/v3/domains/default` {{(pid=86590) log_request_info /opt/stack/keystone/keystone/server/flask/request_processing/req_logging.py:29}}
Jul 26 00:15:09.848089 dv-osbrick-849840-4-smb devstack@keystone.service[86590]: DEBUG keystone.common.rbac_enforcer.enforcer [None req-72ddf8fb-134d-48f9-952e-0ed87b639359 None admin] RBAC: Authorizing `identity:get_domain(domain_id=default)` {{(pid=86590) enforce_call /opt/stack/keystone/keystone/common/rbac_enforcer/enforcer.py:449}}
Jul 26 00:15:09.849640 dv-osbrick-849840-4-smb devstack@keystone.service[86590]: DEBUG keystone.common.rbac_enforcer.enforcer [None req-72ddf8fb-134d-48f9-952e-0ed87b639359 None admin] RBAC: Authorization granted {{(pid=86590) enforce_call /opt/stack/keystone/keystone/common/rbac_enforcer/enforcer.py:457}}
Jul 26 00:15:09.851468 dv-osbrick-849840-4-smb devstack@keystone.service[86590]: [pid: 86590|app: 0|req: 99/197] 10.222.0.42 () {56 vars in 1108 bytes} [Tue Jul 26 00:15:09 2022] GET /identity/v3/domains/default => generated 199 bytes in 147 msecs (HTTP/1.1 200) 5 headers in 177 bytes (1 switches on core 0)
Jul 26 00:15:09.852564 dv-osbrick-849840-4-smb devstack@keystone.service[86590]: DEBUG keystone.server.flask.request_processing.req_logging [None req-ac2f1ea2-129c-44b7-bf36-1ddec2e45007 None None] REQUEST_METHOD: `POST` {{(pid=86590) log_request_info /opt/stack/keystone/keystone/server/flask/request_processing/req_logging.py:27}}
Jul 26 00:15:09.853177 dv-osbrick-849840-4-smb devstack@keystone.service[86590]: DEBUG keystone.server.flask.request_processing.req_logging [None req-ac2f1ea2-129c-44b7-bf36-1ddec2e45007 None None] SCRIPT_NAME: `/identity` {{(pid=86590) log_request_info /opt/stack/keystone/keystone/server/flask/request_processing/req_logging.py:28}}
Jul 26 00:15:09.853177 dv-osbrick-849840-4-smb devstack@keystone.service[86590]: DEBUG keystone.server.flask.request_processing.req_logging [None req-ac2f1ea2-129c-44b7-bf36-1ddec2e45007 None None] PATH_INFO: `/v3/auth/tokens` {{(pid=86590) log_request_info /opt/stack/keystone/keystone/server/flask/request_processing/req_logging.py:29}}
Jul 26 00:15:09.873109 dv-osbrick-849840-4-smb devstack@keystone.service[86590]: DEBUG keystone.auth.core [None req-ac2f1ea2-129c-44b7-bf36-1ddec2e45007 None None] MFA Rules not processed for user `a8190645227b4d64b73b9a7bcba9e23d`. Rule list: `[]` (Enabled: `True`). {{(pid=86590) check_auth_methods_against_rules /opt/stack/keystone/keystone/auth/core.py:438}}
Jul 26 00:15:09.873797 dv-osbrick-849840-4-smb devstack@keystone.service[86590]: DEBUG keystone.common.fernet_utils [None req-ac2f1ea2-129c-44b7-bf36-1ddec2e45007 None None] Loaded 2 Fernet keys from /etc/keystone/fernet-keys/, but `[fernet_tokens] max_active_keys = 3`; perhaps there have not been enough key rotations to reach `max_active_keys` yet? {{(pid=86590) load_keys /opt/stack/keystone/keystone/common/fernet_utils.py:286}}
Jul 26 00:15:09.904884 dv-osbrick-849840-4-smb devstack@keystone.service[86589]: DEBUG keystone.server.flask.request_processing.middleware.auth_context [None req-0cf81e1b-0873-4eaa-b871-02fd1e9551fe None admin] Validating token access rules against request {{(pid=86589) validate_allowed_request /usr/local/lib/python3.8/dist-packages/keystonemiddleware/auth_token/__init__.py:545}}
Jul 26 00:15:09.944551 dv-osbrick-849840-4-smb devstack@keystone.service[86589]: DEBUG keystone.server.flask.request_processing.middleware.auth_context [None req-251fcb6a-08a2-4eae-9660-0f9c1a19372d None admin] RBAC: auth_context: {'token': , 'domain_id': None, 'trust_id': None, 'trustor_id': None, 'trustee_id': None, 'domain_name': None, 'group_ids': [], 'user_id': 'a8190645227b4d64b73b9a7bcba9e23d', 'user_domain_id': 'default', 'system_scope': 'all', 'project_id': None, 'project_domain_id': None, 'roles': ['admin', 'member', 'reader'], 'is_admin_project': True, 'service_user_id': None, 'service_user_domain_id': None, 'service_project_id': None, 'service_project_domain_id': None, 'service_roles': []} {{(pid=86589) fill_context /opt/stack/keystone/keystone/server/flask/request_processing/middleware/auth_context.py:478}}
Jul 26 00:15:09.945364 dv-osbrick-849840-4-smb devstack@keystone.service[86589]: DEBUG keystone.server.flask.request_processing.req_logging [None req-251fcb6a-08a2-4eae-9660-0f9c1a19372d None admin] REQUEST_METHOD: `GET` {{(pid=86589) log_request_info /opt/stack/keystone/keystone/server/flask/request_processing/req_logging.py:27}}
Jul 26 00:15:09.945644 dv-osbrick-849840-4-smb devstack@keystone.service[86589]: DEBUG keystone.server.flask.request_processing.req_logging [None req-251fcb6a-08a2-4eae-9660-0f9c1a19372d None admin] SCRIPT_NAME: `/identity` {{(pid=86589) log_request_info /opt/stack/keystone/keystone/server/flask/request_processing/req_logging.py:28}}
Jul 26 00:15:09.945912 dv-osbrick-849840-4-smb devstack@keystone.service[86589]: DEBUG keystone.server.flask.request_processing.req_logging [None req-251fcb6a-08a2-4eae-9660-0f9c1a19372d None admin] PATH_INFO: `/v3/auth/tokens` {{(pid=86589) log_request_info /opt/stack/keystone/keystone/server/flask/request_processing/req_logging.py:29}}
Jul 26 00:15:09.956655 dv-osbrick-849840-4-smb devstack@keystone.service[86590]: [pid: 86590|app: 0|req: 100/198] 10.222.0.42 () {58 vars in 1023 bytes} [Tue Jul 26 00:15:09 2022] POST /identity/v3/auth/tokens => generated 799 bytes in 105 msecs (HTTP/1.1 201) 6 headers in 363 bytes (1 switches on core 0)
Jul 26 00:15:09.957614 dv-osbrick-849840-4-smb devstack@keystone.service[86590]: DEBUG keystone.server.flask.request_processing.middleware.auth_context [None req-ac2f1ea2-129c-44b7-bf36-1ddec2e45007 None None] Authenticating user token {{(pid=86590) process_request /usr/local/lib/python3.8/dist-packages/keystonemiddleware/auth_token/__init__.py:407}}
Jul 26 00:15:10.027098 dv-osbrick-849840-4-smb devstack@keystone.service[86589]: DEBUG keystone.common.rbac_enforcer.enforcer [None req-251fcb6a-08a2-4eae-9660-0f9c1a19372d None admin] RBAC: Authorizing `identity:validate_token()` {{(pid=86589) enforce_call /opt/stack/keystone/keystone/common/rbac_enforcer/enforcer.py:449}}
Jul 26 00:15:10.029027 dv-osbrick-849840-4-smb devstack@keystone.service[86589]: DEBUG keystone.common.rbac_enforcer.enforcer [None req-251fcb6a-08a2-4eae-9660-0f9c1a19372d None admin] RBAC: Authorization granted {{(pid=86589) enforce_call /opt/stack/keystone/keystone/common/rbac_enforcer/enforcer.py:457}}
Jul 26 00:15:10.047901 dv-osbrick-849840-4-smb devstack@keystone.service[86590]: DEBUG dbcounter [-] [86590] Writing DB stats keystone:SELECT=100 {{(pid=86590) stat_writer /usr/local/lib/python3.8/dist-packages/dbcounter.py:114}}
Jul 26 00:15:10.066115 dv-osbrick-849840-4-smb devstack@keystone.service[86589]: DEBUG dbcounter [-] [86589] Writing DB stats keystone:SELECT=100 {{(pid=86589) stat_writer /usr/local/lib/python3.8/dist-packages/dbcounter.py:114}}
Jul 26 00:15:10.070109 dv-osbrick-849840-4-smb devstack@keystone.service[86590]: DEBUG keystone.server.flask.request_processing.middleware.auth_context [None req-ac2f1ea2-129c-44b7-bf36-1ddec2e45007 None None] Validating token access rules against request {{(pid=86590) validate_allowed_request /usr/local/lib/python3.8/dist-packages/keystonemiddleware/auth_token/__init__.py:545}}
Jul 26 00:15:10.102046 dv-osbrick-849840-4-smb devstack@keystone.service[86590]: DEBUG keystone.server.flask.request_processing.middleware.auth_context [None req-bd6983e8-40b3-4d0c-98c4-9c57d7f5a9b4 None admin] RBAC: auth_context: {'token': , 'domain_id': None, 'trust_id': None, 'trustor_id': None, 'trustee_id': None, 'domain_name': None, 'group_ids': [], 'user_id': 'a8190645227b4d64b73b9a7bcba9e23d', 'user_domain_id': 'default', 'system_scope': 'all', 'project_id': None, 'project_domain_id': None, 'roles': ['admin', 'member', 'reader'], 'is_admin_project': True, 'service_user_id': None, 'service_user_domain_id': None, 'service_project_id': None, 'service_project_domain_id': None, 'service_roles': []} {{(pid=86590) fill_context /opt/stack/keystone/keystone/server/flask/request_processing/middleware/auth_context.py:478}}
Jul 26 00:15:10.102690 dv-osbrick-849840-4-smb devstack@keystone.service[86590]: DEBUG keystone.server.flask.request_processing.req_logging [None req-bd6983e8-40b3-4d0c-98c4-9c57d7f5a9b4 None admin] REQUEST_METHOD: `POST` {{(pid=86590) log_request_info /opt/stack/keystone/keystone/server/flask/request_processing/req_logging.py:27}}
Jul 26 00:15:10.102941 dv-osbrick-849840-4-smb devstack@keystone.service[86590]: DEBUG keystone.server.flask.request_processing.req_logging [None req-bd6983e8-40b3-4d0c-98c4-9c57d7f5a9b4 None admin] SCRIPT_NAME: `/identity` {{(pid=86590) log_request_info /opt/stack/keystone/keystone/server/flask/request_processing/req_logging.py:28}}
Jul 26 00:15:10.103263 dv-osbrick-849840-4-smb devstack@keystone.service[86590]: DEBUG keystone.server.flask.request_processing.req_logging [None req-bd6983e8-40b3-4d0c-98c4-9c57d7f5a9b4 None admin] PATH_INFO: `/v3/users` {{(pid=86590) log_request_info /opt/stack/keystone/keystone/server/flask/request_processing/req_logging.py:29}}
Jul 26 00:15:10.103925 dv-osbrick-849840-4-smb devstack@keystone.service[86590]: DEBUG keystone.common.rbac_enforcer.enforcer [None req-bd6983e8-40b3-4d0c-98c4-9c57d7f5a9b4 None admin] RBAC: Authorizing `identity:create_user()` {{(pid=86590) enforce_call /opt/stack/keystone/keystone/common/rbac_enforcer/enforcer.py:449}}
Jul 26 00:15:10.105357 dv-osbrick-849840-4-smb devstack@keystone.service[86590]: DEBUG keystone.common.rbac_enforcer.enforcer [None req-bd6983e8-40b3-4d0c-98c4-9c57d7f5a9b4 None admin] RBAC: Authorization granted {{(pid=86590) enforce_call /opt/stack/keystone/keystone/common/rbac_enforcer/enforcer.py:457}}
Jul 26 00:15:10.127487 dv-osbrick-849840-4-smb devstack@keystone.service[86589]: [pid: 86589|app: 0|req: 99/199] 10.222.0.42 () {58 vars in 1282 bytes} [Tue Jul 26 00:15:09 2022] GET /identity/v3/auth/tokens => generated 799 bytes in 344 msecs (HTTP/1.1 200) 6 headers in 358 bytes (1 switches on core 0)
Jul 26 00:15:10.128364 dv-osbrick-849840-4-smb devstack@keystone.service[86589]: DEBUG keystone.server.flask.request_processing.middleware.auth_context [None req-251fcb6a-08a2-4eae-9660-0f9c1a19372d None admin] Authenticating user token {{(pid=86589) process_request /usr/local/lib/python3.8/dist-packages/keystonemiddleware/auth_token/__init__.py:407}}
Jul 26 00:15:10.133362 dv-osbrick-849840-4-smb devstack@keystone.service[86590]: [pid: 86590|app: 0|req: 101/200] 10.222.0.42 () {60 vars in 1132 bytes} [Tue Jul 26 00:15:09 2022] POST /identity/v3/users => generated 297 bytes in 176 msecs (HTTP/1.1 201) 5 headers in 182 bytes (1 switches on core 0)
Jul 26 00:15:10.142069 dv-osbrick-849840-4-smb devstack@keystone.service[86590]: DEBUG keystone.server.flask.request_processing.middleware.auth_context [None req-bd6983e8-40b3-4d0c-98c4-9c57d7f5a9b4 None admin] Authenticating user token {{(pid=86590) process_request /usr/local/lib/python3.8/dist-packages/keystonemiddleware/auth_token/__init__.py:407}}
Jul 26 00:15:10.240931 dv-osbrick-849840-4-smb devstack@keystone.service[86589]: DEBUG keystone.server.flask.request_processing.middleware.auth_context [None req-251fcb6a-08a2-4eae-9660-0f9c1a19372d None admin] Validating token access rules against request {{(pid=86589) validate_allowed_request /usr/local/lib/python3.8/dist-packages/keystonemiddleware/auth_token/__init__.py:545}}
Jul 26 00:15:10.247843 dv-osbrick-849840-4-smb devstack@keystone.service[86590]: DEBUG keystone.server.flask.request_processing.middleware.auth_context [None req-bd6983e8-40b3-4d0c-98c4-9c57d7f5a9b4 None admin] Validating token access rules against request {{(pid=86590) validate_allowed_request /usr/local/lib/python3.8/dist-packages/keystonemiddleware/auth_token/__init__.py:545}}
Jul 26 00:15:10.277404 dv-osbrick-849840-4-smb devstack@keystone.service[86589]: DEBUG keystone.server.flask.request_processing.middleware.auth_context [None req-4d56efaa-168d-4700-bb2b-f9d477c1e7d3 None admin] RBAC: auth_context: {'token': , 'domain_id': None, 'trust_id': None, 'trustor_id': None, 'trustee_id': None, 'domain_name': None, 'group_ids': [], 'user_id': 'a8190645227b4d64b73b9a7bcba9e23d', 'user_domain_id': 'default', 'system_scope': 'all', 'project_id': None, 'project_domain_id': None, 'roles': ['admin', 'member', 'reader'], 'is_admin_project': True, 'service_user_id': None, 'service_user_domain_id': None, 'service_project_id': None, 'service_project_domain_id': None, 'service_roles': []} {{(pid=86589) fill_context /opt/stack/keystone/keystone/server/flask/request_processing/middleware/auth_context.py:478}}
Jul 26 00:15:10.277961 dv-osbrick-849840-4-smb devstack@keystone.service[86589]: DEBUG keystone.server.flask.request_processing.req_logging [None req-4d56efaa-168d-4700-bb2b-f9d477c1e7d3 None admin] REQUEST_METHOD: `GET` {{(pid=86589) log_request_info /opt/stack/keystone/keystone/server/flask/request_processing/req_logging.py:27}}
Jul 26 00:15:10.278232 dv-osbrick-849840-4-smb devstack@keystone.service[86589]: DEBUG keystone.server.flask.request_processing.req_logging [None req-4d56efaa-168d-4700-bb2b-f9d477c1e7d3 None admin] SCRIPT_NAME: `/identity` {{(pid=86589) log_request_info /opt/stack/keystone/keystone/server/flask/request_processing/req_logging.py:28}}
Jul 26 00:15:10.278500 dv-osbrick-849840-4-smb devstack@keystone.service[86589]: DEBUG keystone.server.flask.request_processing.req_logging [None req-4d56efaa-168d-4700-bb2b-f9d477c1e7d3 None admin] PATH_INFO: `/v3/roles/anotherrole` {{(pid=86589) log_request_info /opt/stack/keystone/keystone/server/flask/request_processing/req_logging.py:29}}
Jul 26 00:15:10.279913 dv-osbrick-849840-4-smb devstack@keystone.service[86590]: DEBUG dbcounter [-] [86590] Writing DB stats keystone:SELECT=97,keystone:INSERT=3 {{(pid=86590) stat_writer /usr/local/lib/python3.8/dist-packages/dbcounter.py:114}}
Jul 26 00:15:10.286744 dv-osbrick-849840-4-smb devstack@keystone.service[86589]: DEBUG dbcounter [-] [86589] Writing DB stats keystone:SELECT=100 {{(pid=86589) stat_writer /usr/local/lib/python3.8/dist-packages/dbcounter.py:114}}
Jul 26 00:15:10.286938 dv-osbrick-849840-4-smb devstack@keystone.service[86590]: DEBUG keystone.server.flask.request_processing.middleware.auth_context [None req-3f4fa81c-2459-435a-959a-4a7d925a4f57 None admin] RBAC: auth_context: {'token': , 'domain_id': None, 'trust_id': None, 'trustor_id': None, 'trustee_id': None, 'domain_name': None, 'group_ids': [], 'user_id': 'a8190645227b4d64b73b9a7bcba9e23d', 'user_domain_id': 'default', 'system_scope': 'all', 'project_id': None, 'project_domain_id': None, 'roles': ['admin', 'member', 'reader'], 'is_admin_project': True, 'service_user_id': None, 'service_user_domain_id': None, 'service_project_id': None, 'service_project_domain_id': None, 'service_roles': []} {{(pid=86590) fill_context /opt/stack/keystone/keystone/server/flask/request_processing/middleware/auth_context.py:478}}
