Jul 12 15:13:39.352197 dv-osbrick-849542-1-iscsi devstack@keystone.service[80136]: DEBUG keystone.server.flask.request_processing.middleware.auth_context [None req-f933e4a5-9b20-4b8c-9383-1e433d1607c4 None admin] RBAC: auth_context: {'token': , 'domain_id': None, 'trust_id': None, 'trustor_id': None, 'trustee_id': None, 'domain_name': None, 'group_ids': [], 'user_id': '6e4a4047e25d45e99e8e70c1c1c9a791', 'user_domain_id': 'default', 'system_scope': 'all', 'project_id': None, 'project_domain_id': None, 'roles': ['admin', 'member', 'reader'], 'is_admin_project': True, 'service_user_id': None, 'service_user_domain_id': None, 'service_project_id': None, 'service_project_domain_id': None, 'service_roles': []} {{(pid=80136) fill_context /opt/stack/keystone/keystone/server/flask/request_processing/middleware/auth_context.py:478}}
Jul 12 15:13:39.352995 dv-osbrick-849542-1-iscsi devstack@keystone.service[80136]: DEBUG keystone.server.flask.request_processing.req_logging [None req-f933e4a5-9b20-4b8c-9383-1e433d1607c4 None admin] REQUEST_METHOD: `GET` {{(pid=80136) log_request_info /opt/stack/keystone/keystone/server/flask/request_processing/req_logging.py:27}}
Jul 12 15:13:39.353282 dv-osbrick-849542-1-iscsi devstack@keystone.service[80136]: DEBUG keystone.server.flask.request_processing.req_logging [None req-f933e4a5-9b20-4b8c-9383-1e433d1607c4 None admin] SCRIPT_NAME: `/identity` {{(pid=80136) log_request_info /opt/stack/keystone/keystone/server/flask/request_processing/req_logging.py:28}}
Jul 12 15:13:39.353562 dv-osbrick-849542-1-iscsi devstack@keystone.service[80136]: DEBUG keystone.server.flask.request_processing.req_logging [None req-f933e4a5-9b20-4b8c-9383-1e433d1607c4 None admin] PATH_INFO: `/v3/users/bfb891a015df46129185380c9c8f87ac` {{(pid=80136) log_request_info /opt/stack/keystone/keystone/server/flask/request_processing/req_logging.py:29}}
Jul 12 15:13:39.369280 dv-osbrick-849542-1-iscsi devstack@keystone.service[80136]: DEBUG keystone.common.rbac_enforcer.enforcer [None req-f933e4a5-9b20-4b8c-9383-1e433d1607c4 None admin] RBAC: Authorizing `identity:get_user(user_id=bfb891a015df46129185380c9c8f87ac)` {{(pid=80136) enforce_call /opt/stack/keystone/keystone/common/rbac_enforcer/enforcer.py:449}}
Jul 12 15:13:39.370833 dv-osbrick-849542-1-iscsi devstack@keystone.service[80136]: DEBUG keystone.common.rbac_enforcer.enforcer [None req-f933e4a5-9b20-4b8c-9383-1e433d1607c4 None admin] RBAC: Authorization granted {{(pid=80136) enforce_call /opt/stack/keystone/keystone/common/rbac_enforcer/enforcer.py:457}}
Jul 12 15:13:39.372553 dv-osbrick-849542-1-iscsi devstack@keystone.service[80136]: [pid: 80136|app: 0|req: 41/81] 10.222.0.81 () {56 vars in 1177 bytes} [Tue Jul 12 15:13:39 2022] GET /identity/v3/users/bfb891a015df46129185380c9c8f87ac => generated 275 bytes in 168 msecs (HTTP/1.1 200) 5 headers in 177 bytes (1 switches on core 0)
Jul 12 15:13:39.373349 dv-osbrick-849542-1-iscsi devstack@keystone.service[80136]: DEBUG keystone.server.flask.request_processing.middleware.auth_context [None req-f933e4a5-9b20-4b8c-9383-1e433d1607c4 None admin] Authenticating user token {{(pid=80136) process_request /usr/local/lib/python3.8/dist-packages/keystonemiddleware/auth_token/__init__.py:407}}
Jul 12 15:13:39.378110 dv-osbrick-849542-1-iscsi devstack@keystone.service[80137]: DEBUG keystone.server.flask.request_processing.middleware.auth_context [None req-ab9ecc8c-628a-4497-8a97-e94b89de2c88 None None] Validating token access rules against request {{(pid=80137) validate_allowed_request /usr/local/lib/python3.8/dist-packages/keystonemiddleware/auth_token/__init__.py:545}}
Jul 12 15:13:39.412471 dv-osbrick-849542-1-iscsi devstack@keystone.service[80137]: DEBUG keystone.server.flask.request_processing.middleware.auth_context [None req-082b523a-99ad-4299-a5f6-4ecd60dcf41f None admin] RBAC: auth_context: {'token': , 'domain_id': None, 'trust_id': None, 'trustor_id': None, 'trustee_id': None, 'domain_name': None, 'group_ids': [], 'user_id': '6e4a4047e25d45e99e8e70c1c1c9a791', 'user_domain_id': 'default', 'system_scope': 'all', 'project_id': None, 'project_domain_id': None, 'roles': ['admin', 'member', 'reader'], 'is_admin_project': True, 'service_user_id': None, 'service_user_domain_id': None, 'service_project_id': None, 'service_project_domain_id': None, 'service_roles': []} {{(pid=80137) fill_context /opt/stack/keystone/keystone/server/flask/request_processing/middleware/auth_context.py:478}}
Jul 12 15:13:39.413349 dv-osbrick-849542-1-iscsi devstack@keystone.service[80137]: DEBUG keystone.server.flask.request_processing.req_logging [None req-082b523a-99ad-4299-a5f6-4ecd60dcf41f None admin] REQUEST_METHOD: `GET` {{(pid=80137) log_request_info /opt/stack/keystone/keystone/server/flask/request_processing/req_logging.py:27}}
Jul 12 15:13:39.413644 dv-osbrick-849542-1-iscsi devstack@keystone.service[80137]: DEBUG keystone.server.flask.request_processing.req_logging [None req-082b523a-99ad-4299-a5f6-4ecd60dcf41f None admin] SCRIPT_NAME: `/identity` {{(pid=80137) log_request_info /opt/stack/keystone/keystone/server/flask/request_processing/req_logging.py:28}}
Jul 12 15:13:39.413922 dv-osbrick-849542-1-iscsi devstack@keystone.service[80137]: DEBUG keystone.server.flask.request_processing.req_logging [None req-082b523a-99ad-4299-a5f6-4ecd60dcf41f None admin] PATH_INFO: `/v3/users/bfb891a015df46129185380c9c8f87ac` {{(pid=80137) log_request_info /opt/stack/keystone/keystone/server/flask/request_processing/req_logging.py:29}}
Jul 12 15:13:39.415399 dv-osbrick-849542-1-iscsi devstack@keystone.service[80137]: DEBUG keystone.common.rbac_enforcer.enforcer [None req-082b523a-99ad-4299-a5f6-4ecd60dcf41f None admin] RBAC: Authorizing `identity:get_user(user_id=bfb891a015df46129185380c9c8f87ac)` {{(pid=80137) enforce_call /opt/stack/keystone/keystone/common/rbac_enforcer/enforcer.py:449}}
Jul 12 15:13:39.416913 dv-osbrick-849542-1-iscsi devstack@keystone.service[80137]: DEBUG keystone.common.rbac_enforcer.enforcer [None req-082b523a-99ad-4299-a5f6-4ecd60dcf41f None admin] RBAC: Authorization granted {{(pid=80137) enforce_call /opt/stack/keystone/keystone/common/rbac_enforcer/enforcer.py:457}}
Jul 12 15:13:39.418821 dv-osbrick-849542-1-iscsi devstack@keystone.service[80137]: [pid: 80137|app: 0|req: 41/82] 10.222.0.81 () {56 vars in 1177 bytes} [Tue Jul 12 15:13:39 2022] GET /identity/v3/users/bfb891a015df46129185380c9c8f87ac => generated 275 bytes in 139 msecs (HTTP/1.1 200) 5 headers in 177 bytes (1 switches on core 0)
Jul 12 15:13:39.419583 dv-osbrick-849542-1-iscsi devstack@keystone.service[80137]: DEBUG keystone.server.flask.request_processing.middleware.auth_context [None req-082b523a-99ad-4299-a5f6-4ecd60dcf41f None admin] Authenticating user token {{(pid=80137) process_request /usr/local/lib/python3.8/dist-packages/keystonemiddleware/auth_token/__init__.py:407}}
Jul 12 15:13:39.450492 dv-osbrick-849542-1-iscsi devstack@keystone.service[80137]: DEBUG dbcounter [-] [80137] Writing DB stats keystone:SELECT=100 {{(pid=80137) stat_writer /usr/local/lib/python3.8/dist-packages/dbcounter.py:114}}
Jul 12 15:13:39.470280 dv-osbrick-849542-1-iscsi devstack@keystone.service[80136]: DEBUG keystone.server.flask.request_processing.middleware.auth_context [None req-f933e4a5-9b20-4b8c-9383-1e433d1607c4 None admin] Validating token access rules against request {{(pid=80136) validate_allowed_request /usr/local/lib/python3.8/dist-packages/keystonemiddleware/auth_token/__init__.py:545}}
Jul 12 15:13:39.497023 dv-osbrick-849542-1-iscsi devstack@keystone.service[80136]: DEBUG dbcounter [-] [80136] Writing DB stats keystone:SELECT=100 {{(pid=80136) stat_writer /usr/local/lib/python3.8/dist-packages/dbcounter.py:114}}
Jul 12 15:13:39.505898 dv-osbrick-849542-1-iscsi devstack@keystone.service[80136]: DEBUG keystone.server.flask.request_processing.middleware.auth_context [None req-7d03ad92-d3b6-4284-999a-54b2e85ac69e None admin] RBAC: auth_context: {'token': , 'domain_id': None, 'trust_id': None, 'trustor_id': None, 'trustee_id': None, 'domain_name': None, 'group_ids': [], 'user_id': '6e4a4047e25d45e99e8e70c1c1c9a791', 'user_domain_id': 'default', 'system_scope': 'all', 'project_id': None, 'project_domain_id': None, 'roles': ['admin', 'member', 'reader'], 'is_admin_project': True, 'service_user_id': None, 'service_user_domain_id': None, 'service_project_id': None, 'service_project_domain_id': None, 'service_roles': []} {{(pid=80136) fill_context /opt/stack/keystone/keystone/server/flask/request_processing/middleware/auth_context.py:478}}
Jul 12 15:13:39.506695 dv-osbrick-849542-1-iscsi devstack@keystone.service[80136]: DEBUG keystone.server.flask.request_processing.req_logging [None req-7d03ad92-d3b6-4284-999a-54b2e85ac69e None admin] REQUEST_METHOD: `GET` {{(pid=80136) log_request_info /opt/stack/keystone/keystone/server/flask/request_processing/req_logging.py:27}}
Jul 12 15:13:39.506984 dv-osbrick-849542-1-iscsi devstack@keystone.service[80136]: DEBUG keystone.server.flask.request_processing.req_logging [None req-7d03ad92-d3b6-4284-999a-54b2e85ac69e None admin] SCRIPT_NAME: `/identity` {{(pid=80136) log_request_info /opt/stack/keystone/keystone/server/flask/request_processing/req_logging.py:28}}
Jul 12 15:13:39.507267 dv-osbrick-849542-1-iscsi devstack@keystone.service[80136]: DEBUG keystone.server.flask.request_processing.req_logging [None req-7d03ad92-d3b6-4284-999a-54b2e85ac69e None admin] PATH_INFO: `/v3/roles/member` {{(pid=80136) log_request_info /opt/stack/keystone/keystone/server/flask/request_processing/req_logging.py:29}}
Jul 12 15:13:39.517890 dv-osbrick-849542-1-iscsi devstack@keystone.service[80136]: DEBUG keystone.common.rbac_enforcer.enforcer [None req-7d03ad92-d3b6-4284-999a-54b2e85ac69e None admin] Extracting inferred target data resulted in "NOT FOUND (404)". {{(pid=80136) enforce_call /opt/stack/keystone/keystone/common/rbac_enforcer/enforcer.py:409}}
Jul 12 15:13:39.519423 dv-osbrick-849542-1-iscsi devstack@keystone.service[80137]: DEBUG keystone.server.flask.request_processing.middleware.auth_context [None req-082b523a-99ad-4299-a5f6-4ecd60dcf41f None admin] Validating token access rules against request {{(pid=80137) validate_allowed_request /usr/local/lib/python3.8/dist-packages/keystonemiddleware/auth_token/__init__.py:545}}
Jul 12 15:13:39.525513 dv-osbrick-849542-1-iscsi devstack@keystone.service[80136]: ERROR keystone.server.flask.application [None req-7d03ad92-d3b6-4284-999a-54b2e85ac69e None admin] Could not find role: member.: keystone.exception.RoleNotFound: Could not find role: member.
Jul 12 15:13:39.525513 dv-osbrick-849542-1-iscsi devstack@keystone.service[80136]: ERROR keystone.server.flask.application
Traceback (most recent call last):
Jul 12 15:13:39.525513 dv-osbrick-849542-1-iscsi devstack@keystone.service[80136]: ERROR keystone.server.flask.application
File "/usr/local/lib/python3.8/dist-packages/flask/app.py", line 1523, in full_dispatch_request
Jul 12 15:13:39.525513 dv-osbrick-849542-1-iscsi devstack@keystone.service[80136]: ERROR keystone.server.flask.application rv = self.dispatch_request()
Jul 12 15:13:39.525513 dv-osbrick-849542-1-iscsi devstack@keystone.service[80136]: ERROR keystone.server.flask.application
File "/usr/local/lib/python3.8/dist-packages/flask/app.py", line 1509, in dispatch_request
Jul 12 15:13:39.525513 dv-osbrick-849542-1-iscsi devstack@keystone.service[80136]: ERROR keystone.server.flask.application return self.ensure_sync(self.view_functions[rule.endpoint])(**req.view_args)
Jul 12 15:13:39.525513 dv-osbrick-849542-1-iscsi devstack@keystone.service[80136]: ERROR keystone.server.flask.application
File "/usr/local/lib/python3.8/dist-packages/flask_restful/__init__.py", line 467, in wrapper
Jul 12 15:13:39.525513 dv-osbrick-849542-1-iscsi devstack@keystone.service[80136]: ERROR keystone.server.flask.application resp = resource(*args, **kwargs)
Jul 12 15:13:39.525513 dv-osbrick-849542-1-iscsi devstack@keystone.service[80136]: ERROR keystone.server.flask.application
File "/usr/local/lib/python3.8/dist-packages/flask/views.py", line 84, in view
Jul 12 15:13:39.525513 dv-osbrick-849542-1-iscsi devstack@keystone.service[80136]: ERROR keystone.server.flask.application return current_app.ensure_sync(self.dispatch_request)(*args, **kwargs)
Jul 12 15:13:39.525513 dv-osbrick-849542-1-iscsi devstack@keystone.service[80136]: ERROR keystone.server.flask.application
File "/usr/local/lib/python3.8/dist-packages/flask_restful/__init__.py", line 582, in dispatch_request
Jul 12 15:13:39.525513 dv-osbrick-849542-1-iscsi devstack@keystone.service[80136]: ERROR keystone.server.flask.application resp = meth(*args, **kwargs)
Jul 12 15:13:39.525513 dv-osbrick-849542-1-iscsi devstack@keystone.service[80136]: ERROR keystone.server.flask.application
File "/opt/stack/keystone/keystone/api/roles.py", line 50, in get
Jul 12 15:13:39.525513 dv-osbrick-849542-1-iscsi devstack@keystone.service[80136]: ERROR keystone.server.flask.application return self._get_role(role_id)
Jul 12 15:13:39.525513 dv-osbrick-849542-1-iscsi devstack@keystone.service[80136]: ERROR keystone.server.flask.application
File "/opt/stack/keystone/keystone/api/roles.py", line 70, in _get_role
Jul 12 15:13:39.525513 dv-osbrick-849542-1-iscsi devstack@keystone.service[80136]: ERROR keystone.server.flask.application ENFORCER.enforce_call(action='identity:get_role')
Jul 12 15:13:39.526371 dv-osbrick-849542-1-iscsi devstack@keystone.service[80136]: ERROR keystone.server.flask.application
File "/opt/stack/keystone/keystone/common/rbac_enforcer/enforcer.py", line 402, in enforce_call
Jul 12 15:13:39.526371 dv-osbrick-849542-1-iscsi devstack@keystone.service[80136]: ERROR keystone.server.flask.application policy_dict.update(cls._extract_member_target_data(
Jul 12 15:13:39.526371 dv-osbrick-849542-1-iscsi devstack@keystone.service[80136]: ERROR keystone.server.flask.application
File "/opt/stack/keystone/keystone/common/rbac_enforcer/enforcer.py", line 234, in _extract_member_target_data
Jul 12 15:13:39.526371 dv-osbrick-849542-1-iscsi devstack@keystone.service[80136]: ERROR keystone.server.flask.application member_name: func(flask.request.view_args[key])
Jul 12 15:13:39.526371 dv-osbrick-849542-1-iscsi devstack@keystone.service[80136]: ERROR keystone.server.flask.application
File "/opt/stack/keystone/keystone/common/manager.py", line 115, in wrapped
Jul 12 15:13:39.526371 dv-osbrick-849542-1-iscsi devstack@keystone.service[80136]: ERROR keystone.server.flask.application __ret_val = __f(*args, **kwargs)
Jul 12 15:13:39.526371 dv-osbrick-849542-1-iscsi devstack@keystone.service[80136]: ERROR keystone.server.flask.application
File "/usr/local/lib/python3.8/dist-packages/decorator.py", line 232, in fun
Jul 12 15:13:39.526371 dv-osbrick-849542-1-iscsi devstack@keystone.service[80136]: ERROR keystone.server.flask.application return caller(func, *(extras + args), **kw)
Jul 12 15:13:39.526371 dv-osbrick-849542-1-iscsi devstack@keystone.service[80136]: ERROR keystone.server.flask.application
File "/usr/local/lib/python3.8/dist-packages/dogpile/cache/region.py", line 1577, in get_or_create_for_user_func
Jul 12 15:13:39.526371 dv-osbrick-849542-1-iscsi devstack@keystone.service[80136]: ERROR keystone.server.flask.application return self.get_or_create(
Jul 12 15:13:39.526371 dv-osbrick-849542-1-iscsi devstack@keystone.service[80136]: ERROR keystone.server.flask.application
File "/usr/local/lib/python3.8/dist-packages/dogpile/cache/region.py", line 1042, in get_or_create
Jul 12 15:13:39.526371 dv-osbrick-849542-1-iscsi devstack@keystone.service[80136]: ERROR keystone.server.flask.application with Lock(
Jul 12 15:13:39.526371 dv-osbrick-849542-1-iscsi devstack@keystone.service[80136]: ERROR keystone.server.flask.application
File "/usr/local/lib/python3.8/dist-packages/dogpile/lock.py", line 185, in __enter__
Jul 12 15:13:39.526371 dv-osbrick-849542-1-iscsi devstack@keystone.service[80136]: ERROR keystone.server.flask.application return self._enter()
Jul 12 15:13:39.526371 dv-osbrick-849542-1-iscsi devstack@keystone.service[80136]: ERROR keystone.server.flask.application
File "/usr/local/lib/python3.8/dist-packages/dogpile/lock.py", line 94, in _enter
Jul 12 15:13:39.526371 dv-osbrick-849542-1-iscsi devstack@keystone.service[80136]: ERROR keystone.server.flask.application generated = self._enter_create(value, createdtime)
Jul 12 15:13:39.527131 dv-osbrick-849542-1-iscsi devstack@keystone.service[80136]: ERROR keystone.server.flask.application
File "/usr/local/lib/python3.8/dist-packages/dogpile/lock.py", line 178, in _enter_create
Jul 12 15:13:39.527131 dv-osbrick-849542-1-iscsi devstack@keystone.service[80136]: ERROR keystone.server.flask.application return self.creator()
Jul 12 15:13:39.527131 dv-osbrick-849542-1-iscsi devstack@keystone.service[80136]: ERROR keystone.server.flask.application
File "/usr/local/lib/python3.8/dist-packages/dogpile/cache/region.py", line 995, in gen_value
Jul 12 15:13:39.527131 dv-osbrick-849542-1-iscsi devstack@keystone.service[80136]: ERROR keystone.server.flask.application created_value = creator(
Jul 12 15:13:39.527131 dv-osbrick-849542-1-iscsi devstack@keystone.service[80136]: ERROR keystone.server.flask.application
File "/opt/stack/keystone/keystone/assignment/core.py", line 1276, in get_role
Jul 12 15:13:39.527131 dv-osbrick-849542-1-iscsi devstack@keystone.service[80136]: ERROR keystone.server.flask.application return self.driver.get_role(role_id)
Jul 12 15:13:39.527131 dv-osbrick-849542-1-iscsi devstack@keystone.service[80136]: ERROR keystone.server.flask.application
File "/opt/stack/keystone/keystone/assignment/role_backends/sql.py", line 70, in get_role
Jul 12 15:13:39.527131 dv-osbrick-849542-1-iscsi devstack@keystone.service[80136]: ERROR keystone.server.flask.application return self._get_role(session, role_id).to_dict()
Jul 12 15:13:39.527131 dv-osbrick-849542-1-iscsi devstack@keystone.service[80136]: ERROR keystone.server.flask.application
File "/opt/stack/keystone/keystone/assignment/role_backends/sql.py", line 65, in _get_role
Jul 12 15:13:39.527131 dv-osbrick-849542-1-iscsi devstack@keystone.service[80136]: ERROR keystone.server.flask.application raise exception.RoleNotFound(role_id=role_id)
Jul 12 15:13:39.527131 dv-osbrick-849542-1-iscsi devstack@keystone.service[80136]: ERROR keystone.server.flask.application keystone.exception.RoleNotFound: Could not find role: member.
Jul 12 15:13:39.527131 dv-osbrick-849542-1-iscsi devstack@keystone.service[80136]: ERROR keystone.server.flask.application
Jul 12 15:13:39.527131 dv-osbrick-849542-1-iscsi devstack@keystone.service[80136]: [pid: 80136|app: 0|req: 42/83] 10.222.0.81 () {56 vars in 1099 bytes} [Tue Jul 12 15:13:39 2022] GET /identity/v3/roles/member => generated 84 bytes in 154 msecs (HTTP/1.1 404) 5 headers in 183 bytes (1 switches on core 0)
Jul 12 15:13:39.527756 dv-osbrick-849542-1-iscsi devstack@keystone.service[80136]: DEBUG keystone.server.flask.request_processing.middleware.auth_context [None req-7d03ad92-d3b6-4284-999a-54b2e85ac69e None admin] Authenticating user token {{(pid=80136) process_request /usr/local/lib/python3.8/dist-packages/keystonemiddleware/auth_token/__init__.py:407}}
Jul 12 15:13:39.558653 dv-osbrick-849542-1-iscsi devstack@keystone.service[80137]: DEBUG keystone.server.flask.request_processing.middleware.auth_context [None req-84eedaf5-070c-4e8f-8059-563017e52818 None admin] RBAC: auth_context: {'token': , 'domain_id': None, 'trust_id': None, 'trustor_id': None, 'trustee_id': None, 'domain_name': None, 'group_ids': [], 'user_id': '6e4a4047e25d45e99e8e70c1c1c9a791', 'user_domain_id': 'default', 'system_scope': 'all', 'project_id': None, 'project_domain_id': None, 'roles': ['admin', 'member', 'reader'], 'is_admin_project': True, 'service_user_id': None, 'service_user_domain_id': None, 'service_project_id': None, 'service_project_domain_id': None, 'service_roles': []} {{(pid=80137) fill_context /opt/stack/keystone/keystone/server/flask/request_processing/middleware/auth_context.py:478}}
Jul 12 15:13:39.559313 dv-osbrick-849542-1-iscsi devstack@keystone.service[80137]: DEBUG keystone.server.flask.request_processing.req_logging [None req-84eedaf5-070c-4e8f-8059-563017e52818 None admin] REQUEST_METHOD: `GET` {{(pid=80137) log_request_info /opt/stack/keystone/keystone/server/flask/request_processing/req_logging.py:27}}
Jul 12 15:13:39.559608 dv-osbrick-849542-1-iscsi devstack@keystone.service[80137]: DEBUG keystone.server.flask.request_processing.req_logging [None req-84eedaf5-070c-4e8f-8059-563017e52818 None admin] SCRIPT_NAME: `/identity` {{(pid=80137) log_request_info /opt/stack/keystone/keystone/server/flask/request_processing/req_logging.py:28}}
Jul 12 15:13:39.559922 dv-osbrick-849542-1-iscsi devstack@keystone.service[80137]: DEBUG keystone.server.flask.request_processing.req_logging [None req-84eedaf5-070c-4e8f-8059-563017e52818 None admin] PATH_INFO: `/v3/role_assignments` {{(pid=80137) log_request_info /opt/stack/keystone/keystone/server/flask/request_processing/req_logging.py:29}}
Jul 12 15:13:39.560787 dv-osbrick-849542-1-iscsi devstack@keystone.service[80137]: DEBUG keystone.common.rbac_enforcer.enforcer [None req-84eedaf5-070c-4e8f-8059-563017e52818 None admin] RBAC: Adding query filter params (role.id=45e091dc49904b299307ae1314bf7260, scope.project.id=4ec7e91858bf4776b9542af24f852dcc, user.id=6e4a4047e25d45e99e8e70c1c1c9a791) {{(pid=80137) _extract_filter_values /opt/stack/keystone/keystone/common/rbac_enforcer/enforcer.py:167}}
Jul 12 15:13:39.561109 dv-osbrick-849542-1-iscsi devstack@keystone.service[80137]: DEBUG keystone.common.rbac_enforcer.enforcer [None req-84eedaf5-070c-4e8f-8059-563017e52818 None admin] RBAC: Authorizing `identity:list_role_assignments()` {{(pid=80137) enforce_call /opt/stack/keystone/keystone/common/rbac_enforcer/enforcer.py:449}}
Jul 12 15:13:39.562590 dv-osbrick-849542-1-iscsi devstack@keystone.service[80137]: DEBUG keystone.common.rbac_enforcer.enforcer [None req-84eedaf5-070c-4e8f-8059-563017e52818 None admin] RBAC: Authorization granted {{(pid=80137) enforce_call /opt/stack/keystone/keystone/common/rbac_enforcer/enforcer.py:457}}
Jul 12 15:13:39.568527 dv-osbrick-849542-1-iscsi devstack@keystone.service[80137]: [pid: 80137|app: 0|req: 42/84] 10.222.0.81 () {56 vars in 1374 bytes} [Tue Jul 12 15:13:39 2022] GET /identity/v3/role_assignments?user.id=6e4a4047e25d45e99e8e70c1c1c9a791&scope.project.id=4ec7e91858bf4776b9542af24f852dcc&role.id=45e091dc49904b299307ae1314bf7260 => generated 259 bytes in 149 msecs (HTTP/1.1 200) 5 headers in 177 bytes (1 switches on core 0)
Jul 12 15:13:39.569299 dv-osbrick-849542-1-iscsi devstack@keystone.service[80137]: DEBUG keystone.server.flask.request_processing.middleware.auth_context [None req-84eedaf5-070c-4e8f-8059-563017e52818 None admin] Authenticating user token {{(pid=80137) process_request /usr/local/lib/python3.8/dist-packages/keystonemiddleware/auth_token/__init__.py:407}}
Jul 12 15:13:39.645400 dv-osbrick-849542-1-iscsi devstack@keystone.service[80136]: DEBUG keystone.server.flask.request_processing.middleware.auth_context [None req-7d03ad92-d3b6-4284-999a-54b2e85ac69e None admin] Validating token access rules against request {{(pid=80136) validate_allowed_request /usr/local/lib/python3.8/dist-packages/keystonemiddleware/auth_token/__init__.py:545}}
Jul 12 15:13:39.686087 dv-osbrick-849542-1-iscsi devstack@keystone.service[80136]: DEBUG keystone.server.flask.request_processing.middleware.auth_context [None req-10b7317c-343b-4f67-9d87-785f0bda8e99 None admin] RBAC: auth_context: {'token': , 'domain_id': None, 'trust_id': None, 'trustor_id': None, 'trustee_id': None, 'domain_name': None, 'group_ids': [], 'user_id': '6e4a4047e25d45e99e8e70c1c1c9a791', 'user_domain_id': 'default', 'system_scope': 'all', 'project_id': None, 'project_domain_id': None, 'roles': ['admin', 'member', 'reader'], 'is_admin_project': True, 'service_user_id': None, 'service_user_domain_id': None, 'service_project_id': None, 'service_project_domain_id': None, 'service_roles': []} {{(pid=80136) fill_context /opt/stack/keystone/keystone/server/flask/request_processing/middleware/auth_context.py:478}}
Jul 12 15:13:39.686913 dv-osbrick-849542-1-iscsi devstack@keystone.service[80136]: DEBUG keystone.server.flask.request_processing.req_logging [None req-10b7317c-343b-4f67-9d87-785f0bda8e99 None admin] REQUEST_METHOD: `GET` {{(pid=80136) log_request_info /opt/stack/keystone/keystone/server/flask/request_processing/req_logging.py:27}}
Jul 12 15:13:39.687206 dv-osbrick-849542-1-iscsi devstack@keystone.service[80136]: DEBUG keystone.server.flask.request_processing.req_logging [None req-10b7317c-343b-4f67-9d87-785f0bda8e99 None admin] SCRIPT_NAME: `/identity` {{(pid=80136) log_request_info /opt/stack/keystone/keystone/server/flask/request_processing/req_logging.py:28}}
Jul 12 15:13:39.687483 dv-osbrick-849542-1-iscsi devstack@keystone.service[80136]: DEBUG keystone.server.flask.request_processing.req_logging [None req-10b7317c-343b-4f67-9d87-785f0bda8e99 None admin] PATH_INFO: `/v3/domains/default` {{(pid=80136) log_request_info /opt/stack/keystone/keystone/server/flask/request_processing/req_logging.py:29}}
Jul 12 15:13:39.688777 dv-osbrick-849542-1-iscsi devstack@keystone.service[80136]: DEBUG keystone.common.rbac_enforcer.enforcer [None req-10b7317c-343b-4f67-9d87-785f0bda8e99 None admin] RBAC: Authorizing `identity:get_domain(domain_id=default)` {{(pid=80136) enforce_call /opt/stack/keystone/keystone/common/rbac_enforcer/enforcer.py:449}}
Jul 12 15:13:39.689543 dv-osbrick-849542-1-iscsi devstack@keystone.service[80137]: DEBUG dbcounter [-] [80137] Writing DB stats keystone:SELECT=100 {{(pid=80137) stat_writer /usr/local/lib/python3.8/dist-packages/dbcounter.py:114}}
Jul 12 15:13:39.690651 dv-osbrick-849542-1-iscsi devstack@keystone.service[80136]: DEBUG keystone.common.rbac_enforcer.enforcer [None req-10b7317c-343b-4f67-9d87-785f0bda8e99 None admin] RBAC: Authorization granted {{(pid=80136) enforce_call /opt/stack/keystone/keystone/common/rbac_enforcer/enforcer.py:457}}
Jul 12 15:13:39.692508 dv-osbrick-849542-1-iscsi devstack@keystone.service[80136]: [pid: 80136|app: 0|req: 43/85] 10.222.0.81 () {56 vars in 1108 bytes} [Tue Jul 12 15:13:39 2022] GET /identity/v3/domains/default => generated 199 bytes in 165 msecs (HTTP/1.1 200) 5 headers in 177 bytes (1 switches on core 0)
Jul 12 15:13:39.693351 dv-osbrick-849542-1-iscsi devstack@keystone.service[80136]: DEBUG keystone.server.flask.request_processing.middleware.auth_context [None req-10b7317c-343b-4f67-9d87-785f0bda8e99 None admin] Authenticating user token {{(pid=80136) process_request /usr/local/lib/python3.8/dist-packages/keystonemiddleware/auth_token/__init__.py:407}}
Jul 12 15:13:39.698044 dv-osbrick-849542-1-iscsi devstack@keystone.service[80137]: DEBUG keystone.server.flask.request_processing.middleware.auth_context [None req-84eedaf5-070c-4e8f-8059-563017e52818 None admin] Validating token access rules against request {{(pid=80137) validate_allowed_request /usr/local/lib/python3.8/dist-packages/keystonemiddleware/auth_token/__init__.py:545}}
Jul 12 15:13:39.734246 dv-osbrick-849542-1-iscsi devstack@keystone.service[80137]: DEBUG keystone.server.flask.request_processing.middleware.auth_context [None req-34e3225c-aaab-4a80-be82-ac20791be966 None admin] RBAC: auth_context: {'token': , 'domain_id': None, 'trust_id': None, 'trustor_id': None, 'trustee_id': None, 'domain_name': None, 'group_ids': [], 'user_id': '6e4a4047e25d45e99e8e70c1c1c9a791', 'user_domain_id': 'default', 'system_scope': 'all', 'project_id': None, 'project_domain_id': None, 'roles': ['admin', 'member', 'reader'], 'is_admin_project': True, 'service_user_id': None, 'service_user_domain_id': None, 'service_project_id': None, 'service_project_domain_id': None, 'service_roles': []} {{(pid=80137) fill_context /opt/stack/keystone/keystone/server/flask/request_processing/middleware/auth_context.py:478}}
Jul 12 15:13:39.734910 dv-osbrick-849542-1-iscsi devstack@keystone.service[80137]: DEBUG keystone.server.flask.request_processing.req_logging [None req-34e3225c-aaab-4a80-be82-ac20791be966 None admin] REQUEST_METHOD: `GET` {{(pid=80137) log_request_info /opt/stack/keystone/keystone/server/flask/request_processing/req_logging.py:27}}
Jul 12 15:13:39.735205 dv-osbrick-849542-1-iscsi devstack@keystone.service[80137]: DEBUG keystone.server.flask.request_processing.req_logging [None req-34e3225c-aaab-4a80-be82-ac20791be966 None admin] SCRIPT_NAME: `/identity` {{(pid=80137) log_request_info /opt/stack/keystone/keystone/server/flask/request_processing/req_logging.py:28}}
Jul 12 15:13:39.735743 dv-osbrick-849542-1-iscsi devstack@keystone.service[80137]: DEBUG keystone.server.flask.request_processing.req_logging [None req-34e3225c-aaab-4a80-be82-ac20791be966 None admin] PATH_INFO: `/v3/auth/tokens` {{(pid=80137) log_request_info /opt/stack/keystone/keystone/server/flask/request_processing/req_logging.py:29}}
Jul 12 15:13:39.759860 dv-osbrick-849542-1-iscsi devstack@keystone.service[80136]: DEBUG dbcounter [-] [80136] Writing DB stats keystone:SELECT=100 {{(pid=80136) stat_writer /usr/local/lib/python3.8/dist-packages/dbcounter.py:114}}
Jul 12 15:13:39.811991 dv-osbrick-849542-1-iscsi devstack@keystone.service[80137]: DEBUG keystone.common.rbac_enforcer.enforcer [None req-34e3225c-aaab-4a80-be82-ac20791be966 None admin] RBAC: Authorizing `identity:validate_token()` {{(pid=80137) enforce_call /opt/stack/keystone/keystone/common/rbac_enforcer/enforcer.py:449}}
Jul 12 15:13:39.813498 dv-osbrick-849542-1-iscsi devstack@keystone.service[80137]: DEBUG keystone.common.rbac_enforcer.enforcer [None req-34e3225c-aaab-4a80-be82-ac20791be966 None admin] RBAC: Authorization granted {{(pid=80137) enforce_call /opt/stack/keystone/keystone/common/rbac_enforcer/enforcer.py:457}}
Jul 12 15:13:39.813690 dv-osbrick-849542-1-iscsi devstack@keystone.service[80136]: DEBUG keystone.server.flask.request_processing.middleware.auth_context [None req-10b7317c-343b-4f67-9d87-785f0bda8e99 None admin] Validating token access rules against request {{(pid=80136) validate_allowed_request /usr/local/lib/python3.8/dist-packages/keystonemiddleware/auth_token/__init__.py:545}}
Jul 12 15:13:39.850936 dv-osbrick-849542-1-iscsi devstack@keystone.service[80136]: DEBUG keystone.server.flask.request_processing.middleware.auth_context [None req-08704c24-26f3-4b22-a26b-5703748612f2 None admin] RBAC: auth_context: {'token': , 'domain_id': None, 'trust_id': None, 'trustor_id': None, 'trustee_id': None, 'domain_name': None, 'group_ids': [], 'user_id': '6e4a4047e25d45e99e8e70c1c1c9a791', 'user_domain_id': 'default', 'system_scope': 'all', 'project_id': None, 'project_domain_id': None, 'roles': ['admin', 'member', 'reader'], 'is_admin_project': True, 'service_user_id': None, 'service_user_domain_id': None, 'service_project_id': None, 'service_project_domain_id': None, 'service_roles': []} {{(pid=80136) fill_context /opt/stack/keystone/keystone/server/flask/request_processing/middleware/auth_context.py:478}}
Jul 12 15:13:39.851582 dv-osbrick-849542-1-iscsi devstack@keystone.service[80136]: DEBUG keystone.server.flask.request_processing.req_logging [None req-08704c24-26f3-4b22-a26b-5703748612f2 None admin] REQUEST_METHOD: `GET` {{(pid=80136) log_request_info /opt/stack/keystone/keystone/server/flask/request_processing/req_logging.py:27}}
Jul 12 15:13:39.851901 dv-osbrick-849542-1-iscsi devstack@keystone.service[80136]: DEBUG keystone.server.flask.request_processing.req_logging [None req-08704c24-26f3-4b22-a26b-5703748612f2 None admin] SCRIPT_NAME: `/identity` {{(pid=80136) log_request_info /opt/stack/keystone/keystone/server/flask/request_processing/req_logging.py:28}}
Jul 12 15:13:39.852183 dv-osbrick-849542-1-iscsi devstack@keystone.service[80136]: DEBUG keystone.server.flask.request_processing.req_logging [None req-08704c24-26f3-4b22-a26b-5703748612f2 None admin] PATH_INFO: `/v3/auth/tokens` {{(pid=80136) log_request_info /opt/stack/keystone/keystone/server/flask/request_processing/req_logging.py:29}}
Jul 12 15:13:39.916589 dv-osbrick-849542-1-iscsi devstack@keystone.service[80137]: DEBUG dbcounter [-] [80137] Writing DB stats keystone:SELECT=100 {{(pid=80137) stat_writer /usr/local/lib/python3.8/dist-packages/dbcounter.py:114}}
Jul 12 15:13:39.925121 dv-osbrick-849542-1-iscsi devstack@keystone.service[80137]: [pid: 80137|app: 0|req: 43/86] 10.222.0.81 () {58 vars in 1282 bytes} [Tue Jul 12 15:13:39 2022] GET /identity/v3/auth/tokens => generated 799 bytes in 356 msecs (HTTP/1.1 200) 6 headers in 358 bytes (1 switches on core 0)
Jul 12 15:13:39.925244 dv-osbrick-849542-1-iscsi devstack@keystone.service[80136]: DEBUG keystone.common.rbac_enforcer.enforcer [None req-08704c24-26f3-4b22-a26b-5703748612f2 None admin] RBAC: Authorizing `identity:validate_token()` {{(pid=80136) enforce_call /opt/stack/keystone/keystone/common/rbac_enforcer/enforcer.py:449}}
Jul 12 15:13:39.926480 dv-osbrick-849542-1-iscsi devstack@keystone.service[80137]: DEBUG keystone.server.flask.request_processing.middleware.auth_context [None req-34e3225c-aaab-4a80-be82-ac20791be966 None admin] Authenticating user token {{(pid=80137) process_request /usr/local/lib/python3.8/dist-packages/keystonemiddleware/auth_token/__init__.py:407}}
Jul 12 15:13:39.930697 dv-osbrick-849542-1-iscsi devstack@keystone.service[80136]: DEBUG keystone.common.rbac_enforcer.enforcer [None req-08704c24-26f3-4b22-a26b-5703748612f2 None admin] RBAC: Authorization granted {{(pid=80136) enforce_call /opt/stack/keystone/keystone/common/rbac_enforcer/enforcer.py:457}}
Jul 12 15:13:39.995696 dv-osbrick-849542-1-iscsi devstack@keystone.service[80136]: DEBUG dbcounter [-] [80136] Writing DB stats keystone:SELECT=100 {{(pid=80136) stat_writer /usr/local/lib/python3.8/dist-packages/dbcounter.py:114}}
Jul 12 15:13:40.035975 dv-osbrick-849542-1-iscsi devstack@keystone.service[80137]: DEBUG keystone.server.flask.request_processing.middleware.auth_context [None req-34e3225c-aaab-4a80-be82-ac20791be966 None admin] Validating token access rules against request {{(pid=80137) validate_allowed_request /usr/local/lib/python3.8/dist-packages/keystonemiddleware/auth_token/__init__.py:545}}
Jul 12 15:13:40.046603 dv-osbrick-849542-1-iscsi devstack@keystone.service[80136]: [pid: 80136|app: 0|req: 44/87] 10.222.0.81 () {58 vars in 1282 bytes} [Tue Jul 12 15:13:39 2022] GET /identity/v3/auth/tokens => generated 799 bytes in 354 msecs (HTTP/1.1 200) 6 headers in 358 bytes (1 switches on core 0)
Jul 12 15:13:40.047681 dv-osbrick-849542-1-iscsi devstack@keystone.service[80136]: DEBUG keystone.server.flask.request_processing.middleware.auth_context [None req-08704c24-26f3-4b22-a26b-5703748612f2 None admin] Authenticating user token {{(pid=80136) process_request /usr/local/lib/python3.8/dist-packages/keystonemiddleware/auth_token/__init__.py:407}}
Jul 12 15:13:40.081158 dv-osbrick-849542-1-iscsi devstack@keystone.service[80137]: DEBUG keystone.server.flask.request_processing.middleware.auth_context [None req-32bcda2b-95e4-4a7e-8932-973d1c931129 None admin] RBAC: auth_context: {'token': , 'domain_id': None, 'trust_id': None, 'trustor_id': None, 'trustee_id': None, 'domain_name': None, 'group_ids': [], 'user_id': '6e4a4047e25d45e99e8e70c1c1c9a791', 'user_domain_id': 'default', 'system_scope': 'all', 'project_id': None, 'project_domain_id': None, 'roles': ['admin', 'member', 'reader'], 'is_admin_project': True, 'service_user_id': None, 'service_user_domain_id': None, 'service_project_id': None, 'service_project_domain_id': None, 'service_roles': []} {{(pid=80137) fill_context /opt/stack/keystone/keystone/server/flask/request_processing/middleware/auth_context.py:478}}
Jul 12 15:13:40.082165 dv-osbrick-849542-1-iscsi devstack@keystone.service[80137]: DEBUG keystone.server.flask.request_processing.req_logging [None req-32bcda2b-95e4-4a7e-8932-973d1c931129 None admin] REQUEST_METHOD: `GET` {{(pid=80137) log_request_info /opt/stack/keystone/keystone/server/flask/request_processing/req_logging.py:27}}
Jul 12 15:13:40.082611 dv-osbrick-849542-1-iscsi devstack@keystone.service[80137]: DEBUG keystone.server.flask.request_processing.req_logging [None req-32bcda2b-95e4-4a7e-8932-973d1c931129 None admin] SCRIPT_NAME: `/identity` {{(pid=80137) log_request_info /opt/stack/keystone/keystone/server/flask/request_processing/req_logging.py:28}}
Jul 12 15:13:40.082897 dv-osbrick-849542-1-iscsi devstack@keystone.service[80137]: DEBUG keystone.server.flask.request_processing.req_logging [None req-32bcda2b-95e4-4a7e-8932-973d1c931129 None admin] PATH_INFO: `/v3/roles` {{(pid=80137) log_request_info /opt/stack/keystone/keystone/server/flask/request_processing/req_logging.py:29}}
Jul 12 15:13:40.083678 dv-osbrick-849542-1-iscsi devstack@keystone.service[80137]: DEBUG keystone.common.rbac_enforcer.enforcer [None req-32bcda2b-95e4-4a7e-8932-973d1c931129 None admin] RBAC: Adding query filter params (name=member) {{(pid=80137) _extract_filter_values /opt/stack/keystone/keystone/common/rbac_enforcer/enforcer.py:167}}
Jul 12 15:13:40.084080 dv-osbrick-849542-1-iscsi devstack@keystone.service[80137]: DEBUG keystone.common.rbac_enforcer.enforcer [None req-32bcda2b-95e4-4a7e-8932-973d1c931129 None admin] RBAC: Authorizing `identity:list_roles()` {{(pid=80137) enforce_call /opt/stack/keystone/keystone/common/rbac_enforcer/enforcer.py:449}}
Jul 12 15:13:40.085483 dv-osbrick-849542-1-iscsi devstack@keystone.service[80137]: DEBUG keystone.common.rbac_enforcer.enforcer [None req-32bcda2b-95e4-4a7e-8932-973d1c931129 None admin] RBAC: Authorization granted {{(pid=80137) enforce_call /opt/stack/keystone/keystone/common/rbac_enforcer/enforcer.py:457}}
Jul 12 15:13:40.096338 dv-osbrick-849542-1-iscsi devstack@keystone.service[80137]: [pid: 80137|app: 0|req: 44/88] 10.222.0.81 () {56 vars in 1101 bytes} [Tue Jul 12 15:13:39 2022] GET /identity/v3/roles?name=member => generated 341 bytes in 170 msecs (HTTP/1.1 200) 5 headers in 177 bytes (1 switches on core 0)
Jul 12 15:13:40.097227 dv-osbrick-849542-1-iscsi devstack@keystone.service[80137]: DEBUG keystone.server.flask.request_processing.middleware.auth_context [None req-32bcda2b-95e4-4a7e-8932-973d1c931129 None admin] Authenticating user token {{(pid=80137) process_request /usr/local/lib/python3.8/dist-packages/keystonemiddleware/auth_token/__init__.py:407}}
Jul 12 15:13:40.154213 dv-osbrick-849542-1-iscsi devstack@keystone.service[80137]: DEBUG dbcounter [-] [80137] Writing DB stats keystone:SELECT=100 {{(pid=80137) stat_writer /usr/local/lib/python3.8/dist-packages/dbcounter.py:114}}
Jul 12 15:13:40.160853 dv-osbrick-849542-1-iscsi devstack@keystone.service[80136]: DEBUG keystone.server.flask.request_processing.middleware.auth_context [None req-08704c24-26f3-4b22-a26b-5703748612f2 None admin] Validating token access rules against request {{(pid=80136) validate_allowed_request /usr/local/lib/python3.8/dist-packages/keystonemiddleware/auth_token/__init__.py:545}}
Jul 12 15:13:40.196248 dv-osbrick-849542-1-iscsi devstack@keystone.service[80136]: DEBUG keystone.server.flask.request_processing.middleware.auth_context [None req-5d3dc7a4-fcbc-4169-9b8d-c69f4cbcc780 None admin] RBAC: auth_context: {'token': , 'domain_id': None, 'trust_id': None, 'trustor_id': None, 'trustee_id': None, 'domain_name': None, 'group_ids': [], 'user_id': '6e4a4047e25d45e99e8e70c1c1c9a791', 'user_domain_id': 'default', 'system_scope': 'all', 'project_id': None, 'project_domain_id': None, 'roles': ['admin', 'member', 'reader'], 'is_admin_project': True, 'service_user_id': None, 'service_user_domain_id': None, 'service_project_id': None, 'service_project_domain_id': None, 'service_roles': []} {{(pid=80136) fill_context /opt/stack/keystone/keystone/server/flask/request_processing/middleware/auth_context.py:478}}
Jul 12 15:13:40.197189 dv-osbrick-849542-1-iscsi devstack@keystone.service[80136]: DEBUG keystone.server.flask.request_processing.req_logging [None req-5d3dc7a4-fcbc-4169-9b8d-c69f4cbcc780 None admin] REQUEST_METHOD: `POST` {{(pid=80136) log_request_info /opt/stack/keystone/keystone/server/flask/request_processing/req_logging.py:27}}
Jul 12 15:13:40.197662 dv-osbrick-849542-1-iscsi devstack@keystone.service[80136]: DEBUG keystone.server.flask.request_processing.req_logging [None req-5d3dc7a4-fcbc-4169-9b8d-c69f4cbcc780 None admin] SCRIPT_NAME: `/identity` {{(pid=80136) log_request_info /opt/stack/keystone/keystone/server/flask/request_processing/req_logging.py:28}}
Jul 12 15:13:40.198018 dv-osbrick-849542-1-iscsi devstack@keystone.service[80136]: DEBUG keystone.server.flask.request_processing.req_logging [None req-5d3dc7a4-fcbc-4169-9b8d-c69f4cbcc780 None admin] PATH_INFO: `/v3/users` {{(pid=80136) log_request_info /opt/stack/keystone/keystone/server/flask/request_processing/req_logging.py:29}}
Jul 12 15:13:40.198743 dv-osbrick-849542-1-iscsi devstack@keystone.service[80136]: DEBUG keystone.common.rbac_enforcer.enforcer [None req-5d3dc7a4-fcbc-4169-9b8d-c69f4cbcc780 None admin] RBAC: Authorizing `identity:create_user()` {{(pid=80136) enforce_call /opt/stack/keystone/keystone/common/rbac_enforcer/enforcer.py:449}}
Jul 12 15:13:40.200237 dv-osbrick-849542-1-iscsi devstack@keystone.service[80136]: DEBUG keystone.common.rbac_enforcer.enforcer [None req-5d3dc7a4-fcbc-4169-9b8d-c69f4cbcc780 None admin] RBAC: Authorization granted {{(pid=80136) enforce_call /opt/stack/keystone/keystone/common/rbac_enforcer/enforcer.py:457}}
Jul 12 15:13:40.203507 dv-osbrick-849542-1-iscsi devstack@keystone.service[80137]: DEBUG keystone.server.flask.request_processing.middleware.auth_context [None req-32bcda2b-95e4-4a7e-8932-973d1c931129 None admin] Validating token access rules against request {{(pid=80137) validate_allowed_request /usr/local/lib/python3.8/dist-packages/keystonemiddleware/auth_token/__init__.py:545}}
Jul 12 15:13:40.221107 dv-osbrick-849542-1-iscsi devstack@keystone.service[80136]: [pid: 80136|app: 0|req: 45/89] 10.222.0.81 () {60 vars in 1132 bytes} [Tue Jul 12 15:13:40 2022] POST /identity/v3/users => generated 289 bytes in 174 msecs (HTTP/1.1 201) 5 headers in 182 bytes (1 switches on core 0)
Jul 12 15:13:40.229613 dv-osbrick-849542-1-iscsi devstack@keystone.service[80136]: DEBUG keystone.server.flask.request_processing.middleware.auth_context [None req-5d3dc7a4-fcbc-4169-9b8d-c69f4cbcc780 None admin] Authenticating user token {{(pid=80136) process_request /usr/local/lib/python3.8/dist-packages/keystonemiddleware/auth_token/__init__.py:407}}
Jul 12 15:13:40.242551 dv-osbrick-849542-1-iscsi devstack@keystone.service[80137]: DEBUG keystone.server.flask.request_processing.middleware.auth_context [None req-072577cc-707e-442d-98e8-9ec7c0eb2715 None admin] RBAC: auth_context: {'token': , 'domain_id': None, 'trust_id': None, 'trustor_id': None, 'trustee_id': None, 'domain_name': None, 'group_ids': [], 'user_id': '6e4a4047e25d45e99e8e70c1c1c9a791', 'user_domain_id': 'default', 'system_scope': 'all', 'project_id': None, 'project_domain_id': None, 'roles': ['admin', 'member', 'reader'], 'is_admin_project': True, 'service_user_id': None, 'service_user_domain_id': None, 'service_project_id': None, 'service_project_domain_id': None, 'service_roles': []} {{(pid=80137) fill_context /opt/stack/keystone/keystone/server/flask/request_processing/middleware/auth_context.py:478}}
Jul 12 15:13:40.243557 dv-osbrick-849542-1-iscsi devstack@keystone.service[80137]: DEBUG keystone.server.flask.request_processing.req_logging [None req-072577cc-707e-442d-98e8-9ec7c0eb2715 None admin] REQUEST_METHOD: `GET` {{(pid=80137) log_request_info /opt/stack/keystone/keystone/server/flask/request_processing/req_logging.py:27}}
Jul 12 15:13:40.243931 dv-osbrick-849542-1-iscsi devstack@keystone.service[80137]: DEBUG keystone.server.flask.request_processing.req_logging [None req-072577cc-707e-442d-98e8-9ec7c0eb2715 None admin] SCRIPT_NAME: `/identity` {{(pid=80137) log_request_info /opt/stack/keystone/keystone/server/flask/request_processing/req_logging.py:28}}
Jul 12 15:13:40.244840 dv-osbrick-849542-1-iscsi devstack@keystone.service[80137]: DEBUG keystone.server.flask.request_processing.req_logging [None req-072577cc-707e-442d-98e8-9ec7c0eb2715 None admin] PATH_INFO: `/v3/projects/4ec7e91858bf4776b9542af24f852dcc` {{(pid=80137) log_request_info /opt/stack/keystone/keystone/server/flask/request_processing/req_logging.py:29}}
Jul 12 15:13:40.245716 dv-osbrick-849542-1-iscsi devstack@keystone.service[80137]: DEBUG keystone.common.rbac_enforcer.enforcer [None req-072577cc-707e-442d-98e8-9ec7c0eb2715 None admin] RBAC: Authorizing `identity:get_project(project_id=4ec7e91858bf4776b9542af24f852dcc)` {{(pid=80137) enforce_call /opt/stack/keystone/keystone/common/rbac_enforcer/enforcer.py:449}}
Jul 12 15:13:40.247864 dv-osbrick-849542-1-iscsi devstack@keystone.service[80137]: DEBUG keystone.common.rbac_enforcer.enforcer [None req-072577cc-707e-442d-98e8-9ec7c0eb2715 None admin] RBAC: Authorization granted {{(pid=80137) enforce_call /opt/stack/keystone/keystone/common/rbac_enforcer/enforcer.py:457}}
Jul 12 15:13:40.249580 dv-osbrick-849542-1-iscsi devstack@keystone.service[80137]: [pid: 80137|app: 0|req: 45/90] 10.222.0.81 () {56 vars in 1186 bytes} [Tue Jul 12 15:13:40 2022] GET /identity/v3/projects/4ec7e91858bf4776b9542af24f852dcc => generated 298 bytes in 153 msecs (HTTP/1.1 200) 5 headers in 177 bytes (1 switches on core 0)
Jul 12 15:13:40.249830 dv-osbrick-849542-1-iscsi devstack@keystone.service[80136]: DEBUG dbcounter [-] [80136] Writing DB stats keystone:SELECT=97,keystone:INSERT=3 {{(pid=80136) stat_writer /usr/local/lib/python3.8/dist-packages/dbcounter.py:114}}
Jul 12 15:13:40.255708 dv-osbrick-849542-1-iscsi devstack@keystone.service[80137]: DEBUG keystone.server.flask.request_processing.middleware.auth_context [None req-072577cc-707e-442d-98e8-9ec7c0eb2715 None admin] Authenticating user token {{(pid=80137) process_request /usr/local/lib/python3.8/dist-packages/keystonemiddleware/auth_token/__init__.py:407}}
Jul 12 15:13:40.382827 dv-osbrick-849542-1-iscsi devstack@keystone.service[80136]: DEBUG keystone.server.flask.request_processing.middleware.auth_context [None req-5d3dc7a4-fcbc-4169-9b8d-c69f4cbcc780 None admin] Validating token access rules against request {{(pid=80136) validate_allowed_request /usr/local/lib/python3.8/dist-packages/keystonemiddleware/auth_token/__init__.py:545}}
Jul 12 15:13:40.384899 dv-osbrick-849542-1-iscsi devstack@keystone.service[80137]: DEBUG keystone.server.flask.request_processing.middleware.auth_context [None req-072577cc-707e-442d-98e8-9ec7c0eb2715 None admin] Validating token access rules against request {{(pid=80137) validate_allowed_request /usr/local/lib/python3.8/dist-packages/keystonemiddleware/auth_token/__init__.py:545}}
Jul 12 15:13:40.417683 dv-osbrick-849542-1-iscsi devstack@keystone.service[80137]: DEBUG dbcounter [-] [80137] Writing DB stats keystone:SELECT=100 {{(pid=80137) stat_writer /usr/local/lib/python3.8/dist-packages/dbcounter.py:114}}
Jul 12 15:13:40.426322 dv-osbrick-849542-1-iscsi devstack@keystone.service[80136]: DEBUG keystone.server.flask.request_processing.middleware.auth_context [None req-e103ebb8-a5e1-4a64-ab4d-21c9c59c5265 None admin] RBAC: auth_context: {'token': , 'domain_id': None, 'trust_id': None, 'trustor_id': None, 'trustee_id': None, 'domain_name': None, 'group_ids': [], 'user_id': '6e4a4047e25d45e99e8e70c1c1c9a791', 'user_domain_id': 'default', 'system_scope': 'all', 'project_id': None, 'project_domain_id': None, 'roles': ['admin', 'member', 'reader'], 'is_admin_project': True, 'service_user_id': None, 'service_user_domain_id': None, 'service_project_id': None, 'service_project_domain_id': None, 'service_roles': []} {{(pid=80136) fill_context /opt/stack/keystone/keystone/server/flask/request_processing/middleware/auth_context.py:478}}
Jul 12 15:13:40.427282 dv-osbrick-849542-1-iscsi devstack@keystone.service[80136]: DEBUG keystone.server.flask.request_processing.req_logging [None req-e103ebb8-a5e1-4a64-ab4d-21c9c59c5265 None admin] REQUEST_METHOD: `GET` {{(pid=80136) log_request_info /opt/stack/keystone/keystone/server/flask/request_processing/req_logging.py:27}}
Jul 12 15:13:40.427638 dv-osbrick-849542-1-iscsi devstack@keystone.service[80136]: DEBUG keystone.server.flask.request_processing.req_logging [None req-e103ebb8-a5e1-4a64-ab4d-21c9c59c5265 None admin] SCRIPT_NAME: `/identity` {{(pid=80136) log_request_info /opt/stack/keystone/keystone/server/flask/request_processing/req_logging.py:28}}
Jul 12 15:13:40.427984 dv-osbrick-849542-1-iscsi devstack@keystone.service[80136]: DEBUG keystone.server.flask.request_processing.req_logging [None req-e103ebb8-a5e1-4a64-ab4d-21c9c59c5265 None admin] PATH_INFO: `/v3/projects/4ec7e91858bf4776b9542af24f852dcc` {{(pid=80136) log_request_info /opt/stack/keystone/keystone/server/flask/request_processing/req_logging.py:29}}
Jul 12 15:13:40.429198 dv-osbrick-849542-1-iscsi devstack@keystone.service[80136]: DEBUG keystone.common.rbac_enforcer.enforcer [None req-e103ebb8-a5e1-4a64-ab4d-21c9c59c5265 None admin] RBAC: Authorizing `identity:get_project(project_id=4ec7e91858bf4776b9542af24f852dcc)` {{(pid=80136) enforce_call /opt/stack/keystone/keystone/common/rbac_enforcer/enforcer.py:449}}
Jul 12 15:13:40.431429 dv-osbrick-849542-1-iscsi devstack@keystone.service[80136]: DEBUG keystone.common.rbac_enforcer.enforcer [None req-e103ebb8-a5e1-4a64-ab4d-21c9c59c5265 None admin] RBAC: Authorization granted {{(pid=80136) enforce_call /opt/stack/keystone/keystone/common/rbac_enforcer/enforcer.py:457}}
Jul 12 15:13:40.432449 dv-osbrick-849542-1-iscsi devstack@keystone.service[80136]: [pid: 80136|app: 0|req: 46/91] 10.222.0.81 () {56 vars in 1186 bytes} [Tue Jul 12 15:13:40 2022] GET /identity/v3/projects/4ec7e91858bf4776b9542af24f852dcc => generated 298 bytes in 204 msecs (HTTP/1.1 200) 5 headers in 177 bytes (1 switches on core 0)
