Jul 14 22:30:26.328087 dv-osbrick-849324-5-smb devstack@keystone.service[80323]: DEBUG keystone.server.flask.request_processing.req_logging [None req-890a5b4f-ad11-4379-8d01-e439b182c8dd None admin] SCRIPT_NAME: `/identity` {{(pid=80323) log_request_info /opt/stack/keystone/keystone/server/flask/request_processing/req_logging.py:28}}
Jul 14 22:30:26.328497 dv-osbrick-849324-5-smb devstack@keystone.service[80323]: DEBUG keystone.server.flask.request_processing.req_logging [None req-890a5b4f-ad11-4379-8d01-e439b182c8dd None admin] PATH_INFO: `/v3/domains/default` {{(pid=80323) log_request_info /opt/stack/keystone/keystone/server/flask/request_processing/req_logging.py:29}}
Jul 14 22:30:26.330493 dv-osbrick-849324-5-smb devstack@keystone.service[80323]: DEBUG keystone.common.rbac_enforcer.enforcer [None req-890a5b4f-ad11-4379-8d01-e439b182c8dd None admin] RBAC: Authorizing `identity:get_domain(domain_id=default)` {{(pid=80323) enforce_call /opt/stack/keystone/keystone/common/rbac_enforcer/enforcer.py:449}}
Jul 14 22:30:26.332469 dv-osbrick-849324-5-smb devstack@keystone.service[80323]: DEBUG keystone.common.rbac_enforcer.enforcer [None req-890a5b4f-ad11-4379-8d01-e439b182c8dd None admin] RBAC: Authorization granted {{(pid=80323) enforce_call /opt/stack/keystone/keystone/common/rbac_enforcer/enforcer.py:457}}
Jul 14 22:30:26.334688 dv-osbrick-849324-5-smb devstack@keystone.service[80323]: [pid: 80323|app: 0|req: 104/213] 10.222.0.17 () {56 vars in 1108 bytes} [Thu Jul 14 22:30:26 2022] GET /identity/v3/domains/default => generated 199 bytes in 184 msecs (HTTP/1.1 200) 5 headers in 177 bytes (1 switches on core 0)
Jul 14 22:30:26.340482 dv-osbrick-849324-5-smb devstack@keystone.service[80323]: DEBUG keystone.server.flask.request_processing.middleware.auth_context [None req-890a5b4f-ad11-4379-8d01-e439b182c8dd None admin] Authenticating user token {{(pid=80323) process_request /usr/local/lib/python3.8/dist-packages/keystonemiddleware/auth_token/__init__.py:407}}
Jul 14 22:30:26.381864 dv-osbrick-849324-5-smb devstack@keystone.service[80322]: DEBUG keystone.server.flask.request_processing.middleware.auth_context [None req-a243df6b-7a82-4017-87de-e0161c1c2a88 None admin] Validating token access rules against request {{(pid=80322) validate_allowed_request /usr/local/lib/python3.8/dist-packages/keystonemiddleware/auth_token/__init__.py:545}}
Jul 14 22:30:26.419988 dv-osbrick-849324-5-smb devstack@keystone.service[80322]: DEBUG keystone.server.flask.request_processing.middleware.auth_context [None req-5fc1e5e1-4fcc-458c-856c-529941d9fa7a None admin] RBAC: auth_context: {'token': , 'domain_id': None, 'trust_id': None, 'trustor_id': None, 'trustee_id': None, 'domain_name': None, 'group_ids': [], 'user_id': 'bab8507dfa514194889a0eb68bc0198c', 'user_domain_id': 'default', 'system_scope': 'all', 'project_id': None, 'project_domain_id': None, 'roles': ['admin', 'member', 'reader'], 'is_admin_project': True, 'service_user_id': None, 'service_user_domain_id': None, 'service_project_id': None, 'service_project_domain_id': None, 'service_roles': []} {{(pid=80322) fill_context /opt/stack/keystone/keystone/server/flask/request_processing/middleware/auth_context.py:478}}
Jul 14 22:30:26.420951 dv-osbrick-849324-5-smb devstack@keystone.service[80322]: DEBUG keystone.server.flask.request_processing.req_logging [None req-5fc1e5e1-4fcc-458c-856c-529941d9fa7a None admin] REQUEST_METHOD: `GET` {{(pid=80322) log_request_info /opt/stack/keystone/keystone/server/flask/request_processing/req_logging.py:27}}
Jul 14 22:30:26.421451 dv-osbrick-849324-5-smb devstack@keystone.service[80322]: DEBUG keystone.server.flask.request_processing.req_logging [None req-5fc1e5e1-4fcc-458c-856c-529941d9fa7a None admin] SCRIPT_NAME: `/identity` {{(pid=80322) log_request_info /opt/stack/keystone/keystone/server/flask/request_processing/req_logging.py:28}}
Jul 14 22:30:26.421943 dv-osbrick-849324-5-smb devstack@keystone.service[80322]: DEBUG keystone.server.flask.request_processing.req_logging [None req-5fc1e5e1-4fcc-458c-856c-529941d9fa7a None admin] PATH_INFO: `/v3/roles` {{(pid=80322) log_request_info /opt/stack/keystone/keystone/server/flask/request_processing/req_logging.py:29}}
Jul 14 22:30:26.422891 dv-osbrick-849324-5-smb devstack@keystone.service[80322]: DEBUG keystone.common.rbac_enforcer.enforcer [None req-5fc1e5e1-4fcc-458c-856c-529941d9fa7a None admin] RBAC: Adding query filter params (name=member) {{(pid=80322) _extract_filter_values /opt/stack/keystone/keystone/common/rbac_enforcer/enforcer.py:167}}
Jul 14 22:30:26.423398 dv-osbrick-849324-5-smb devstack@keystone.service[80322]: DEBUG keystone.common.rbac_enforcer.enforcer [None req-5fc1e5e1-4fcc-458c-856c-529941d9fa7a None admin] RBAC: Authorizing `identity:list_roles()` {{(pid=80322) enforce_call /opt/stack/keystone/keystone/common/rbac_enforcer/enforcer.py:449}}
Jul 14 22:30:26.425177 dv-osbrick-849324-5-smb devstack@keystone.service[80322]: DEBUG keystone.common.rbac_enforcer.enforcer [None req-5fc1e5e1-4fcc-458c-856c-529941d9fa7a None admin] RBAC: Authorization granted {{(pid=80322) enforce_call /opt/stack/keystone/keystone/common/rbac_enforcer/enforcer.py:457}}
Jul 14 22:30:26.434139 dv-osbrick-849324-5-smb devstack@keystone.service[80322]: [pid: 80322|app: 0|req: 110/214] 10.222.0.17 () {56 vars in 1101 bytes} [Thu Jul 14 22:30:26 2022] GET /identity/v3/roles?name=member => generated 341 bytes in 188 msecs (HTTP/1.1 200) 5 headers in 177 bytes (1 switches on core 0)
Jul 14 22:30:26.435196 dv-osbrick-849324-5-smb devstack@keystone.service[80322]: DEBUG keystone.server.flask.request_processing.middleware.auth_context [None req-5fc1e5e1-4fcc-458c-856c-529941d9fa7a None admin] Authenticating user token {{(pid=80322) process_request /usr/local/lib/python3.8/dist-packages/keystonemiddleware/auth_token/__init__.py:407}}
Jul 14 22:30:26.475315 dv-osbrick-849324-5-smb devstack@keystone.service[80323]: DEBUG keystone.server.flask.request_processing.middleware.auth_context [None req-890a5b4f-ad11-4379-8d01-e439b182c8dd None admin] Validating token access rules against request {{(pid=80323) validate_allowed_request /usr/local/lib/python3.8/dist-packages/keystonemiddleware/auth_token/__init__.py:545}}
Jul 14 22:30:26.501283 dv-osbrick-849324-5-smb devstack@keystone.service[80322]: DEBUG dbcounter [-] [80322] Writing DB stats keystone:SELECT=100 {{(pid=80322) stat_writer /usr/local/lib/python3.8/dist-packages/dbcounter.py:114}}
Jul 14 22:30:26.516306 dv-osbrick-849324-5-smb devstack@keystone.service[80323]: DEBUG keystone.server.flask.request_processing.middleware.auth_context [None req-bf14d2c6-4899-4370-b389-b78bf440e3c1 None admin] RBAC: auth_context: {'token': , 'domain_id': None, 'trust_id': None, 'trustor_id': None, 'trustee_id': None, 'domain_name': None, 'group_ids': [], 'user_id': 'bab8507dfa514194889a0eb68bc0198c', 'user_domain_id': 'default', 'system_scope': 'all', 'project_id': None, 'project_domain_id': None, 'roles': ['admin', 'member', 'reader'], 'is_admin_project': True, 'service_user_id': None, 'service_user_domain_id': None, 'service_project_id': None, 'service_project_domain_id': None, 'service_roles': []} {{(pid=80323) fill_context /opt/stack/keystone/keystone/server/flask/request_processing/middleware/auth_context.py:478}}
Jul 14 22:30:26.520022 dv-osbrick-849324-5-smb devstack@keystone.service[80323]: DEBUG keystone.server.flask.request_processing.req_logging [None req-bf14d2c6-4899-4370-b389-b78bf440e3c1 None admin] REQUEST_METHOD: `GET` {{(pid=80323) log_request_info /opt/stack/keystone/keystone/server/flask/request_processing/req_logging.py:27}}
Jul 14 22:30:26.520567 dv-osbrick-849324-5-smb devstack@keystone.service[80323]: DEBUG keystone.server.flask.request_processing.req_logging [None req-bf14d2c6-4899-4370-b389-b78bf440e3c1 None admin] SCRIPT_NAME: `/identity` {{(pid=80323) log_request_info /opt/stack/keystone/keystone/server/flask/request_processing/req_logging.py:28}}
Jul 14 22:30:26.521042 dv-osbrick-849324-5-smb devstack@keystone.service[80323]: DEBUG keystone.server.flask.request_processing.req_logging [None req-bf14d2c6-4899-4370-b389-b78bf440e3c1 None admin] PATH_INFO: `/v3/role_assignments` {{(pid=80323) log_request_info /opt/stack/keystone/keystone/server/flask/request_processing/req_logging.py:29}}
Jul 14 22:30:26.522152 dv-osbrick-849324-5-smb devstack@keystone.service[80323]: DEBUG keystone.common.rbac_enforcer.enforcer [None req-bf14d2c6-4899-4370-b389-b78bf440e3c1 None admin] RBAC: Adding query filter params (role.id=cc2e4ed5e1a040008af9f09045862a9a, scope.project.id=311b66baa53e48e59eb6207deb5f1285, user.id=43ce211e965d4ebfb3ea09f51cb06bd0) {{(pid=80323) _extract_filter_values /opt/stack/keystone/keystone/common/rbac_enforcer/enforcer.py:167}}
Jul 14 22:30:26.522666 dv-osbrick-849324-5-smb devstack@keystone.service[80323]: DEBUG keystone.common.rbac_enforcer.enforcer [None req-bf14d2c6-4899-4370-b389-b78bf440e3c1 None admin] RBAC: Authorizing `identity:list_role_assignments()` {{(pid=80323) enforce_call /opt/stack/keystone/keystone/common/rbac_enforcer/enforcer.py:449}}
Jul 14 22:30:26.524412 dv-osbrick-849324-5-smb devstack@keystone.service[80323]: DEBUG keystone.common.rbac_enforcer.enforcer [None req-bf14d2c6-4899-4370-b389-b78bf440e3c1 None admin] RBAC: Authorization granted {{(pid=80323) enforce_call /opt/stack/keystone/keystone/common/rbac_enforcer/enforcer.py:457}}
Jul 14 22:30:26.531554 dv-osbrick-849324-5-smb devstack@keystone.service[80323]: [pid: 80323|app: 0|req: 105/215] 10.222.0.17 () {56 vars in 1374 bytes} [Thu Jul 14 22:30:26 2022] GET /identity/v3/role_assignments?user.id=43ce211e965d4ebfb3ea09f51cb06bd0&scope.project.id=311b66baa53e48e59eb6207deb5f1285&role.id=cc2e4ed5e1a040008af9f09045862a9a => generated 608 bytes in 196 msecs (HTTP/1.1 200) 5 headers in 177 bytes (1 switches on core 0)
Jul 14 22:30:26.532649 dv-osbrick-849324-5-smb devstack@keystone.service[80323]: DEBUG keystone.server.flask.request_processing.middleware.auth_context [None req-bf14d2c6-4899-4370-b389-b78bf440e3c1 None admin] Authenticating user token {{(pid=80323) process_request /usr/local/lib/python3.8/dist-packages/keystonemiddleware/auth_token/__init__.py:407}}
Jul 14 22:30:26.569719 dv-osbrick-849324-5-smb devstack@keystone.service[80323]: DEBUG dbcounter [-] [80323] Writing DB stats keystone:SELECT=100 {{(pid=80323) stat_writer /usr/local/lib/python3.8/dist-packages/dbcounter.py:114}}
Jul 14 22:30:26.610811 dv-osbrick-849324-5-smb devstack@keystone.service[80322]: DEBUG keystone.server.flask.request_processing.middleware.auth_context [None req-5fc1e5e1-4fcc-458c-856c-529941d9fa7a None admin] Validating token access rules against request {{(pid=80322) validate_allowed_request /usr/local/lib/python3.8/dist-packages/keystonemiddleware/auth_token/__init__.py:545}}
Jul 14 22:30:26.661481 dv-osbrick-849324-5-smb devstack@keystone.service[80322]: DEBUG keystone.server.flask.request_processing.middleware.auth_context [None req-b0a2c87e-da81-48f2-9051-f916c4109adc None admin] RBAC: auth_context: {'token': , 'domain_id': None, 'trust_id': None, 'trustor_id': None, 'trustee_id': None, 'domain_name': None, 'group_ids': [], 'user_id': 'bab8507dfa514194889a0eb68bc0198c', 'user_domain_id': 'default', 'system_scope': 'all', 'project_id': None, 'project_domain_id': None, 'roles': ['admin', 'member', 'reader'], 'is_admin_project': True, 'service_user_id': None, 'service_user_domain_id': None, 'service_project_id': None, 'service_project_domain_id': None, 'service_roles': []} {{(pid=80322) fill_context /opt/stack/keystone/keystone/server/flask/request_processing/middleware/auth_context.py:478}}
Jul 14 22:30:26.662041 dv-osbrick-849324-5-smb devstack@keystone.service[80322]: DEBUG keystone.server.flask.request_processing.req_logging [None req-b0a2c87e-da81-48f2-9051-f916c4109adc None admin] REQUEST_METHOD: `POST` {{(pid=80322) log_request_info /opt/stack/keystone/keystone/server/flask/request_processing/req_logging.py:27}}
Jul 14 22:30:26.662322 dv-osbrick-849324-5-smb devstack@keystone.service[80322]: DEBUG keystone.server.flask.request_processing.req_logging [None req-b0a2c87e-da81-48f2-9051-f916c4109adc None admin] SCRIPT_NAME: `/identity` {{(pid=80322) log_request_info /opt/stack/keystone/keystone/server/flask/request_processing/req_logging.py:28}}
Jul 14 22:30:26.662595 dv-osbrick-849324-5-smb devstack@keystone.service[80322]: DEBUG keystone.server.flask.request_processing.req_logging [None req-b0a2c87e-da81-48f2-9051-f916c4109adc None admin] PATH_INFO: `/v3/users` {{(pid=80322) log_request_info /opt/stack/keystone/keystone/server/flask/request_processing/req_logging.py:29}}
Jul 14 22:30:26.663320 dv-osbrick-849324-5-smb devstack@keystone.service[80322]: DEBUG keystone.common.rbac_enforcer.enforcer [None req-b0a2c87e-da81-48f2-9051-f916c4109adc None admin] RBAC: Authorizing `identity:create_user()` {{(pid=80322) enforce_call /opt/stack/keystone/keystone/common/rbac_enforcer/enforcer.py:449}}
Jul 14 22:30:26.664767 dv-osbrick-849324-5-smb devstack@keystone.service[80323]: DEBUG keystone.server.flask.request_processing.middleware.auth_context [None req-bf14d2c6-4899-4370-b389-b78bf440e3c1 None admin] Validating token access rules against request {{(pid=80323) validate_allowed_request /usr/local/lib/python3.8/dist-packages/keystonemiddleware/auth_token/__init__.py:545}}
Jul 14 22:30:26.664882 dv-osbrick-849324-5-smb devstack@keystone.service[80322]: DEBUG keystone.common.rbac_enforcer.enforcer [None req-b0a2c87e-da81-48f2-9051-f916c4109adc None admin] RBAC: Authorization granted {{(pid=80322) enforce_call /opt/stack/keystone/keystone/common/rbac_enforcer/enforcer.py:457}}
Jul 14 22:30:26.694851 dv-osbrick-849324-5-smb devstack@keystone.service[80322]: [pid: 80322|app: 0|req: 111/216] 10.222.0.17 () {60 vars in 1132 bytes} [Thu Jul 14 22:30:26 2022] POST /identity/v3/users => generated 297 bytes in 260 msecs (HTTP/1.1 201) 5 headers in 182 bytes (1 switches on core 0)
Jul 14 22:30:26.697129 dv-osbrick-849324-5-smb devstack@keystone.service[80322]: DEBUG keystone.server.flask.request_processing.req_logging [None req-bc04b50e-859b-49c8-9ca0-7fc05332759e None None] REQUEST_METHOD: `GET` {{(pid=80322) log_request_info /opt/stack/keystone/keystone/server/flask/request_processing/req_logging.py:27}}
Jul 14 22:30:26.697470 dv-osbrick-849324-5-smb devstack@keystone.service[80322]: DEBUG keystone.server.flask.request_processing.req_logging [None req-bc04b50e-859b-49c8-9ca0-7fc05332759e None None] SCRIPT_NAME: `/identity` {{(pid=80322) log_request_info /opt/stack/keystone/keystone/server/flask/request_processing/req_logging.py:28}}
Jul 14 22:30:26.697748 dv-osbrick-849324-5-smb devstack@keystone.service[80322]: DEBUG keystone.server.flask.request_processing.req_logging [None req-bc04b50e-859b-49c8-9ca0-7fc05332759e None None] PATH_INFO: `/` {{(pid=80322) log_request_info /opt/stack/keystone/keystone/server/flask/request_processing/req_logging.py:29}}
Jul 14 22:30:26.704320 dv-osbrick-849324-5-smb devstack@keystone.service[80322]: [pid: 80322|app: 0|req: 112/217] 10.222.0.17 () {54 vars in 926 bytes} [Thu Jul 14 22:30:26 2022] GET /identity => generated 270 bytes in 5 msecs (HTTP/1.1 300) 6 headers in 234 bytes (1 switches on core 0)
Jul 14 22:30:26.707355 dv-osbrick-849324-5-smb devstack@keystone.service[80322]: DEBUG keystone.server.flask.request_processing.req_logging [None req-ebebb038-e532-4252-95b6-69edc6cba019 None None] REQUEST_METHOD: `POST` {{(pid=80322) log_request_info /opt/stack/keystone/keystone/server/flask/request_processing/req_logging.py:27}}
Jul 14 22:30:26.707636 dv-osbrick-849324-5-smb devstack@keystone.service[80322]: DEBUG keystone.server.flask.request_processing.req_logging [None req-ebebb038-e532-4252-95b6-69edc6cba019 None None] SCRIPT_NAME: `/identity` {{(pid=80322) log_request_info /opt/stack/keystone/keystone/server/flask/request_processing/req_logging.py:28}}
Jul 14 22:30:26.707908 dv-osbrick-849324-5-smb devstack@keystone.service[80322]: DEBUG keystone.server.flask.request_processing.req_logging [None req-ebebb038-e532-4252-95b6-69edc6cba019 None None] PATH_INFO: `/v3/auth/tokens` {{(pid=80322) log_request_info /opt/stack/keystone/keystone/server/flask/request_processing/req_logging.py:29}}
Jul 14 22:30:26.719762 dv-osbrick-849324-5-smb devstack@keystone.service[80323]: DEBUG keystone.server.flask.request_processing.middleware.auth_context [None req-00170048-5188-405c-a3eb-1deb599c76de None admin] RBAC: auth_context: {'token': , 'domain_id': None, 'trust_id': None, 'trustor_id': None, 'trustee_id': None, 'domain_name': None, 'group_ids': [], 'user_id': 'bab8507dfa514194889a0eb68bc0198c', 'user_domain_id': 'default', 'system_scope': 'all', 'project_id': None, 'project_domain_id': None, 'roles': ['admin', 'member', 'reader'], 'is_admin_project': True, 'service_user_id': None, 'service_user_domain_id': None, 'service_project_id': None, 'service_project_domain_id': None, 'service_roles': []} {{(pid=80323) fill_context /opt/stack/keystone/keystone/server/flask/request_processing/middleware/auth_context.py:478}}
Jul 14 22:30:26.721774 dv-osbrick-849324-5-smb devstack@keystone.service[80323]: DEBUG keystone.server.flask.request_processing.req_logging [None req-00170048-5188-405c-a3eb-1deb599c76de None admin] REQUEST_METHOD: `GET` {{(pid=80323) log_request_info /opt/stack/keystone/keystone/server/flask/request_processing/req_logging.py:27}}
Jul 14 22:30:26.723211 dv-osbrick-849324-5-smb devstack@keystone.service[80323]: DEBUG keystone.server.flask.request_processing.req_logging [None req-00170048-5188-405c-a3eb-1deb599c76de None admin] SCRIPT_NAME: `/identity` {{(pid=80323) log_request_info /opt/stack/keystone/keystone/server/flask/request_processing/req_logging.py:28}}
Jul 14 22:30:26.723747 dv-osbrick-849324-5-smb devstack@keystone.service[80323]: DEBUG keystone.server.flask.request_processing.req_logging [None req-00170048-5188-405c-a3eb-1deb599c76de None admin] PATH_INFO: `/v3/users/d2f4cc9fb294472eafc2a234d3f56f6f` {{(pid=80323) log_request_info /opt/stack/keystone/keystone/server/flask/request_processing/req_logging.py:29}}
Jul 14 22:30:26.728789 dv-osbrick-849324-5-smb devstack@keystone.service[80322]: DEBUG keystone.auth.core [None req-ebebb038-e532-4252-95b6-69edc6cba019 None None] MFA Rules not processed for user `bab8507dfa514194889a0eb68bc0198c`. Rule list: `[]` (Enabled: `True`). {{(pid=80322) check_auth_methods_against_rules /opt/stack/keystone/keystone/auth/core.py:438}}
Jul 14 22:30:26.730096 dv-osbrick-849324-5-smb devstack@keystone.service[80322]: DEBUG keystone.common.fernet_utils [None req-ebebb038-e532-4252-95b6-69edc6cba019 None None] Loaded 2 Fernet keys from /etc/keystone/fernet-keys/, but `[fernet_tokens] max_active_keys = 3`; perhaps there have not been enough key rotations to reach `max_active_keys` yet? {{(pid=80322) load_keys /opt/stack/keystone/keystone/common/fernet_utils.py:286}}
Jul 14 22:30:26.747882 dv-osbrick-849324-5-smb devstack@keystone.service[80323]: DEBUG keystone.common.rbac_enforcer.enforcer [None req-00170048-5188-405c-a3eb-1deb599c76de None admin] RBAC: Authorizing `identity:get_user(user_id=d2f4cc9fb294472eafc2a234d3f56f6f)` {{(pid=80323) enforce_call /opt/stack/keystone/keystone/common/rbac_enforcer/enforcer.py:449}}
Jul 14 22:30:26.752620 dv-osbrick-849324-5-smb devstack@keystone.service[80323]: DEBUG keystone.common.rbac_enforcer.enforcer [None req-00170048-5188-405c-a3eb-1deb599c76de None admin] RBAC: Authorization granted {{(pid=80323) enforce_call /opt/stack/keystone/keystone/common/rbac_enforcer/enforcer.py:457}}
Jul 14 22:30:26.755107 dv-osbrick-849324-5-smb devstack@keystone.service[80323]: [pid: 80323|app: 0|req: 106/218] 10.222.0.17 () {56 vars in 1177 bytes} [Thu Jul 14 22:30:26 2022] GET /identity/v3/users/d2f4cc9fb294472eafc2a234d3f56f6f => generated 297 bytes in 223 msecs (HTTP/1.1 200) 5 headers in 177 bytes (1 switches on core 0)
Jul 14 22:30:26.757116 dv-osbrick-849324-5-smb devstack@keystone.service[80323]: DEBUG keystone.server.flask.request_processing.req_logging [None req-7a6cd855-844a-4ed5-9380-b3318c07d217 None None] REQUEST_METHOD: `GET` {{(pid=80323) log_request_info /opt/stack/keystone/keystone/server/flask/request_processing/req_logging.py:27}}
Jul 14 22:30:26.757694 dv-osbrick-849324-5-smb devstack@keystone.service[80323]: DEBUG keystone.server.flask.request_processing.req_logging [None req-7a6cd855-844a-4ed5-9380-b3318c07d217 None None] SCRIPT_NAME: `/identity` {{(pid=80323) log_request_info /opt/stack/keystone/keystone/server/flask/request_processing/req_logging.py:28}}
Jul 14 22:30:26.758161 dv-osbrick-849324-5-smb devstack@keystone.service[80323]: DEBUG keystone.server.flask.request_processing.req_logging [None req-7a6cd855-844a-4ed5-9380-b3318c07d217 None None] PATH_INFO: `/` {{(pid=80323) log_request_info /opt/stack/keystone/keystone/server/flask/request_processing/req_logging.py:29}}
Jul 14 22:30:26.760002 dv-osbrick-849324-5-smb devstack@keystone.service[80323]: [pid: 80323|app: 0|req: 107/219] 10.222.0.17 () {54 vars in 926 bytes} [Thu Jul 14 22:30:26 2022] GET /identity => generated 270 bytes in 4 msecs (HTTP/1.1 300) 6 headers in 234 bytes (1 switches on core 0)
Jul 14 22:30:26.761079 dv-osbrick-849324-5-smb devstack@keystone.service[80323]: DEBUG keystone.server.flask.request_processing.middleware.auth_context [None req-7a6cd855-844a-4ed5-9380-b3318c07d217 None None] Authenticating user token {{(pid=80323) process_request /usr/local/lib/python3.8/dist-packages/keystonemiddleware/auth_token/__init__.py:407}}
Jul 14 22:30:26.844301 dv-osbrick-849324-5-smb devstack@keystone.service[80322]: [pid: 80322|app: 0|req: 113/220] 10.222.0.17 () {58 vars in 1023 bytes} [Thu Jul 14 22:30:26 2022] POST /identity/v3/auth/tokens => generated 799 bytes in 138 msecs (HTTP/1.1 201) 6 headers in 363 bytes (1 switches on core 0)
Jul 14 22:30:26.848642 dv-osbrick-849324-5-smb devstack@keystone.service[80322]: DEBUG keystone.server.flask.request_processing.req_logging [None req-3a2c17de-f96a-4b5b-91a4-d182820b5049 None None] REQUEST_METHOD: `POST` {{(pid=80322) log_request_info /opt/stack/keystone/keystone/server/flask/request_processing/req_logging.py:27}}
Jul 14 22:30:26.848642 dv-osbrick-849324-5-smb devstack@keystone.service[80322]: DEBUG keystone.server.flask.request_processing.req_logging [None req-3a2c17de-f96a-4b5b-91a4-d182820b5049 None None] SCRIPT_NAME: `/identity` {{(pid=80322) log_request_info /opt/stack/keystone/keystone/server/flask/request_processing/req_logging.py:28}}
Jul 14 22:30:26.848642 dv-osbrick-849324-5-smb devstack@keystone.service[80322]: DEBUG keystone.server.flask.request_processing.req_logging [None req-3a2c17de-f96a-4b5b-91a4-d182820b5049 None None] PATH_INFO: `/v3/auth/tokens` {{(pid=80322) log_request_info /opt/stack/keystone/keystone/server/flask/request_processing/req_logging.py:29}}
Jul 14 22:30:26.876534 dv-osbrick-849324-5-smb devstack@keystone.service[80322]: DEBUG keystone.auth.core [None req-3a2c17de-f96a-4b5b-91a4-d182820b5049 None None] MFA Rules not processed for user `bab8507dfa514194889a0eb68bc0198c`. Rule list: `[]` (Enabled: `True`). {{(pid=80322) check_auth_methods_against_rules /opt/stack/keystone/keystone/auth/core.py:438}}
Jul 14 22:30:26.877936 dv-osbrick-849324-5-smb devstack@keystone.service[80322]: DEBUG keystone.common.fernet_utils [None req-3a2c17de-f96a-4b5b-91a4-d182820b5049 None None] Loaded 2 Fernet keys from /etc/keystone/fernet-keys/, but `[fernet_tokens] max_active_keys = 3`; perhaps there have not been enough key rotations to reach `max_active_keys` yet? {{(pid=80322) load_keys /opt/stack/keystone/keystone/common/fernet_utils.py:286}}
Jul 14 22:30:26.889084 dv-osbrick-849324-5-smb devstack@keystone.service[80323]: DEBUG dbcounter [-] [80323] Writing DB stats keystone:SELECT=100 {{(pid=80323) stat_writer /usr/local/lib/python3.8/dist-packages/dbcounter.py:114}}
Jul 14 22:30:26.910928 dv-osbrick-849324-5-smb devstack@keystone.service[80323]: DEBUG keystone.server.flask.request_processing.middleware.auth_context [None req-7a6cd855-844a-4ed5-9380-b3318c07d217 None None] Validating token access rules against request {{(pid=80323) validate_allowed_request /usr/local/lib/python3.8/dist-packages/keystonemiddleware/auth_token/__init__.py:545}}
Jul 14 22:30:26.912973 dv-osbrick-849324-5-smb devstack@keystone.service[80322]: DEBUG dbcounter [-] [80322] Writing DB stats keystone:SELECT=97,keystone:INSERT=3 {{(pid=80322) stat_writer /usr/local/lib/python3.8/dist-packages/dbcounter.py:114}}
Jul 14 22:30:26.953787 dv-osbrick-849324-5-smb devstack@keystone.service[80323]: DEBUG keystone.server.flask.request_processing.middleware.auth_context [None req-a46f113f-ea80-4dee-93c8-e3aaed658fd8 None admin] RBAC: auth_context: {'token': , 'domain_id': None, 'trust_id': None, 'trustor_id': None, 'trustee_id': None, 'domain_name': None, 'group_ids': [], 'user_id': 'bab8507dfa514194889a0eb68bc0198c', 'user_domain_id': 'default', 'system_scope': 'all', 'project_id': None, 'project_domain_id': None, 'roles': ['admin', 'member', 'reader'], 'is_admin_project': True, 'service_user_id': None, 'service_user_domain_id': None, 'service_project_id': None, 'service_project_domain_id': None, 'service_roles': []} {{(pid=80323) fill_context /opt/stack/keystone/keystone/server/flask/request_processing/middleware/auth_context.py:478}}
Jul 14 22:30:26.954545 dv-osbrick-849324-5-smb devstack@keystone.service[80323]: DEBUG keystone.server.flask.request_processing.req_logging [None req-a46f113f-ea80-4dee-93c8-e3aaed658fd8 None admin] REQUEST_METHOD: `GET` {{(pid=80323) log_request_info /opt/stack/keystone/keystone/server/flask/request_processing/req_logging.py:27}}
Jul 14 22:30:26.954864 dv-osbrick-849324-5-smb devstack@keystone.service[80323]: DEBUG keystone.server.flask.request_processing.req_logging [None req-a46f113f-ea80-4dee-93c8-e3aaed658fd8 None admin] SCRIPT_NAME: `/identity` {{(pid=80323) log_request_info /opt/stack/keystone/keystone/server/flask/request_processing/req_logging.py:28}}
Jul 14 22:30:26.955150 dv-osbrick-849324-5-smb devstack@keystone.service[80323]: DEBUG keystone.server.flask.request_processing.req_logging [None req-a46f113f-ea80-4dee-93c8-e3aaed658fd8 None admin] PATH_INFO: `/v3/auth/tokens` {{(pid=80323) log_request_info /opt/stack/keystone/keystone/server/flask/request_processing/req_logging.py:29}}
Jul 14 22:30:26.976316 dv-osbrick-849324-5-smb devstack@keystone.service[80322]: [pid: 80322|app: 0|req: 114/221] 10.222.0.17 () {58 vars in 1023 bytes} [Thu Jul 14 22:30:26 2022] POST /identity/v3/auth/tokens => generated 799 bytes in 131 msecs (HTTP/1.1 201) 6 headers in 363 bytes (1 switches on core 0)
Jul 14 22:30:26.977022 dv-osbrick-849324-5-smb devstack@keystone.service[80322]: DEBUG keystone.server.flask.request_processing.middleware.auth_context [None req-3a2c17de-f96a-4b5b-91a4-d182820b5049 None None] Authenticating user token {{(pid=80322) process_request /usr/local/lib/python3.8/dist-packages/keystonemiddleware/auth_token/__init__.py:407}}
Jul 14 22:30:27.059011 dv-osbrick-849324-5-smb devstack@keystone.service[80323]: DEBUG keystone.common.rbac_enforcer.enforcer [None req-a46f113f-ea80-4dee-93c8-e3aaed658fd8 None admin] RBAC: Authorizing `identity:validate_token()` {{(pid=80323) enforce_call /opt/stack/keystone/keystone/common/rbac_enforcer/enforcer.py:449}}
Jul 14 22:30:27.060975 dv-osbrick-849324-5-smb devstack@keystone.service[80323]: DEBUG keystone.common.rbac_enforcer.enforcer [None req-a46f113f-ea80-4dee-93c8-e3aaed658fd8 None admin] RBAC: Authorization granted {{(pid=80323) enforce_call /opt/stack/keystone/keystone/common/rbac_enforcer/enforcer.py:457}}
Jul 14 22:30:27.110128 dv-osbrick-849324-5-smb devstack@keystone.service[80322]: DEBUG keystone.server.flask.request_processing.middleware.auth_context [None req-3a2c17de-f96a-4b5b-91a4-d182820b5049 None None] Validating token access rules against request {{(pid=80322) validate_allowed_request /usr/local/lib/python3.8/dist-packages/keystonemiddleware/auth_token/__init__.py:545}}
Jul 14 22:30:27.148076 dv-osbrick-849324-5-smb devstack@keystone.service[80322]: DEBUG keystone.server.flask.request_processing.middleware.auth_context [None req-222926c8-3b14-41d2-9e9f-9707bacb80c0 None admin] RBAC: auth_context: {'token': , 'domain_id': None, 'trust_id': None, 'trustor_id': None, 'trustee_id': None, 'domain_name': None, 'group_ids': [], 'user_id': 'bab8507dfa514194889a0eb68bc0198c', 'user_domain_id': 'default', 'system_scope': 'all', 'project_id': None, 'project_domain_id': None, 'roles': ['admin', 'member', 'reader'], 'is_admin_project': True, 'service_user_id': None, 'service_user_domain_id': None, 'service_project_id': None, 'service_project_domain_id': None, 'service_roles': []} {{(pid=80322) fill_context /opt/stack/keystone/keystone/server/flask/request_processing/middleware/auth_context.py:478}}
Jul 14 22:30:27.149237 dv-osbrick-849324-5-smb devstack@keystone.service[80322]: DEBUG keystone.server.flask.request_processing.req_logging [None req-222926c8-3b14-41d2-9e9f-9707bacb80c0 None admin] REQUEST_METHOD: `GET` {{(pid=80322) log_request_info /opt/stack/keystone/keystone/server/flask/request_processing/req_logging.py:27}}
Jul 14 22:30:27.149711 dv-osbrick-849324-5-smb devstack@keystone.service[80322]: DEBUG keystone.server.flask.request_processing.req_logging [None req-222926c8-3b14-41d2-9e9f-9707bacb80c0 None admin] SCRIPT_NAME: `/identity` {{(pid=80322) log_request_info /opt/stack/keystone/keystone/server/flask/request_processing/req_logging.py:28}}
Jul 14 22:30:27.150194 dv-osbrick-849324-5-smb devstack@keystone.service[80322]: DEBUG keystone.server.flask.request_processing.req_logging [None req-222926c8-3b14-41d2-9e9f-9707bacb80c0 None admin] PATH_INFO: `/v3/roles/anotherrole` {{(pid=80322) log_request_info /opt/stack/keystone/keystone/server/flask/request_processing/req_logging.py:29}}
Jul 14 22:30:27.162668 dv-osbrick-849324-5-smb devstack@keystone.service[80322]: DEBUG keystone.common.rbac_enforcer.enforcer [None req-222926c8-3b14-41d2-9e9f-9707bacb80c0 None admin] Extracting inferred target data resulted in "NOT FOUND (404)". {{(pid=80322) enforce_call /opt/stack/keystone/keystone/common/rbac_enforcer/enforcer.py:409}}
Jul 14 22:30:27.171635 dv-osbrick-849324-5-smb devstack@keystone.service[80322]: ERROR keystone.server.flask.application [None req-222926c8-3b14-41d2-9e9f-9707bacb80c0 None admin] Could not find role: anotherrole.: keystone.exception.RoleNotFound: Could not find role: anotherrole.
Jul 14 22:30:27.171635 dv-osbrick-849324-5-smb devstack@keystone.service[80322]: ERROR keystone.server.flask.application
Traceback (most recent call last):
Jul 14 22:30:27.171635 dv-osbrick-849324-5-smb devstack@keystone.service[80322]: ERROR keystone.server.flask.application
File "/usr/local/lib/python3.8/dist-packages/flask/app.py", line 1523, in full_dispatch_request
Jul 14 22:30:27.171635 dv-osbrick-849324-5-smb devstack@keystone.service[80322]: ERROR keystone.server.flask.application rv = self.dispatch_request()
Jul 14 22:30:27.171635 dv-osbrick-849324-5-smb devstack@keystone.service[80322]: ERROR keystone.server.flask.application
File "/usr/local/lib/python3.8/dist-packages/flask/app.py", line 1509, in dispatch_request
Jul 14 22:30:27.171635 dv-osbrick-849324-5-smb devstack@keystone.service[80322]: ERROR keystone.server.flask.application return self.ensure_sync(self.view_functions[rule.endpoint])(**req.view_args)
Jul 14 22:30:27.171635 dv-osbrick-849324-5-smb devstack@keystone.service[80322]: ERROR keystone.server.flask.application
File "/usr/local/lib/python3.8/dist-packages/flask_restful/__init__.py", line 467, in wrapper
Jul 14 22:30:27.171635 dv-osbrick-849324-5-smb devstack@keystone.service[80322]: ERROR keystone.server.flask.application resp = resource(*args, **kwargs)
Jul 14 22:30:27.171635 dv-osbrick-849324-5-smb devstack@keystone.service[80322]: ERROR keystone.server.flask.application
File "/usr/local/lib/python3.8/dist-packages/flask/views.py", line 84, in view
Jul 14 22:30:27.171635 dv-osbrick-849324-5-smb devstack@keystone.service[80322]: ERROR keystone.server.flask.application return current_app.ensure_sync(self.dispatch_request)(*args, **kwargs)
Jul 14 22:30:27.171635 dv-osbrick-849324-5-smb devstack@keystone.service[80322]: ERROR keystone.server.flask.application
File "/usr/local/lib/python3.8/dist-packages/flask_restful/__init__.py", line 582, in dispatch_request
Jul 14 22:30:27.171635 dv-osbrick-849324-5-smb devstack@keystone.service[80322]: ERROR keystone.server.flask.application resp = meth(*args, **kwargs)
Jul 14 22:30:27.171635 dv-osbrick-849324-5-smb devstack@keystone.service[80322]: ERROR keystone.server.flask.application
File "/opt/stack/keystone/keystone/api/roles.py", line 50, in get
Jul 14 22:30:27.171635 dv-osbrick-849324-5-smb devstack@keystone.service[80322]: ERROR keystone.server.flask.application return self._get_role(role_id)
Jul 14 22:30:27.171635 dv-osbrick-849324-5-smb devstack@keystone.service[80322]: ERROR keystone.server.flask.application
File "/opt/stack/keystone/keystone/api/roles.py", line 70, in _get_role
Jul 14 22:30:27.171635 dv-osbrick-849324-5-smb devstack@keystone.service[80322]: ERROR keystone.server.flask.application ENFORCER.enforce_call(action='identity:get_role')
Jul 14 22:30:27.172521 dv-osbrick-849324-5-smb devstack@keystone.service[80322]: ERROR keystone.server.flask.application
File "/opt/stack/keystone/keystone/common/rbac_enforcer/enforcer.py", line 402, in enforce_call
Jul 14 22:30:27.172521 dv-osbrick-849324-5-smb devstack@keystone.service[80322]: ERROR keystone.server.flask.application policy_dict.update(cls._extract_member_target_data(
Jul 14 22:30:27.172521 dv-osbrick-849324-5-smb devstack@keystone.service[80322]: ERROR keystone.server.flask.application
File "/opt/stack/keystone/keystone/common/rbac_enforcer/enforcer.py", line 234, in _extract_member_target_data
Jul 14 22:30:27.172521 dv-osbrick-849324-5-smb devstack@keystone.service[80322]: ERROR keystone.server.flask.application member_name: func(flask.request.view_args[key])
Jul 14 22:30:27.172521 dv-osbrick-849324-5-smb devstack@keystone.service[80322]: ERROR keystone.server.flask.application
File "/opt/stack/keystone/keystone/common/manager.py", line 115, in wrapped
Jul 14 22:30:27.172521 dv-osbrick-849324-5-smb devstack@keystone.service[80322]: ERROR keystone.server.flask.application __ret_val = __f(*args, **kwargs)
Jul 14 22:30:27.172521 dv-osbrick-849324-5-smb devstack@keystone.service[80322]: ERROR keystone.server.flask.application
File "/usr/local/lib/python3.8/dist-packages/decorator.py", line 232, in fun
Jul 14 22:30:27.172521 dv-osbrick-849324-5-smb devstack@keystone.service[80322]: ERROR keystone.server.flask.application return caller(func, *(extras + args), **kw)
Jul 14 22:30:27.172521 dv-osbrick-849324-5-smb devstack@keystone.service[80322]: ERROR keystone.server.flask.application
File "/usr/local/lib/python3.8/dist-packages/dogpile/cache/region.py", line 1577, in get_or_create_for_user_func
Jul 14 22:30:27.172521 dv-osbrick-849324-5-smb devstack@keystone.service[80322]: ERROR keystone.server.flask.application return self.get_or_create(
Jul 14 22:30:27.172521 dv-osbrick-849324-5-smb devstack@keystone.service[80322]: ERROR keystone.server.flask.application
File "/usr/local/lib/python3.8/dist-packages/dogpile/cache/region.py", line 1042, in get_or_create
Jul 14 22:30:27.172521 dv-osbrick-849324-5-smb devstack@keystone.service[80322]: ERROR keystone.server.flask.application with Lock(
Jul 14 22:30:27.172521 dv-osbrick-849324-5-smb devstack@keystone.service[80322]: ERROR keystone.server.flask.application
File "/usr/local/lib/python3.8/dist-packages/dogpile/lock.py", line 185, in __enter__
Jul 14 22:30:27.172521 dv-osbrick-849324-5-smb devstack@keystone.service[80322]: ERROR keystone.server.flask.application return self._enter()
Jul 14 22:30:27.172521 dv-osbrick-849324-5-smb devstack@keystone.service[80322]: ERROR keystone.server.flask.application
File "/usr/local/lib/python3.8/dist-packages/dogpile/lock.py", line 94, in _enter
Jul 14 22:30:27.172521 dv-osbrick-849324-5-smb devstack@keystone.service[80322]: ERROR keystone.server.flask.application generated = self._enter_create(value, createdtime)
Jul 14 22:30:27.173309 dv-osbrick-849324-5-smb devstack@keystone.service[80322]: ERROR keystone.server.flask.application
File "/usr/local/lib/python3.8/dist-packages/dogpile/lock.py", line 178, in _enter_create
Jul 14 22:30:27.173309 dv-osbrick-849324-5-smb devstack@keystone.service[80322]: ERROR keystone.server.flask.application return self.creator()
Jul 14 22:30:27.173309 dv-osbrick-849324-5-smb devstack@keystone.service[80322]: ERROR keystone.server.flask.application
File "/usr/local/lib/python3.8/dist-packages/dogpile/cache/region.py", line 995, in gen_value
Jul 14 22:30:27.173309 dv-osbrick-849324-5-smb devstack@keystone.service[80322]: ERROR keystone.server.flask.application created_value = creator(
Jul 14 22:30:27.173309 dv-osbrick-849324-5-smb devstack@keystone.service[80322]: ERROR keystone.server.flask.application
File "/opt/stack/keystone/keystone/assignment/core.py", line 1276, in get_role
Jul 14 22:30:27.173309 dv-osbrick-849324-5-smb devstack@keystone.service[80322]: ERROR keystone.server.flask.application return self.driver.get_role(role_id)
Jul 14 22:30:27.173309 dv-osbrick-849324-5-smb devstack@keystone.service[80322]: ERROR keystone.server.flask.application
File "/opt/stack/keystone/keystone/assignment/role_backends/sql.py", line 70, in get_role
Jul 14 22:30:27.173309 dv-osbrick-849324-5-smb devstack@keystone.service[80322]: ERROR keystone.server.flask.application return self._get_role(session, role_id).to_dict()
Jul 14 22:30:27.173309 dv-osbrick-849324-5-smb devstack@keystone.service[80322]: ERROR keystone.server.flask.application
File "/opt/stack/keystone/keystone/assignment/role_backends/sql.py", line 65, in _get_role
Jul 14 22:30:27.173309 dv-osbrick-849324-5-smb devstack@keystone.service[80322]: ERROR keystone.server.flask.application raise exception.RoleNotFound(role_id=role_id)
Jul 14 22:30:27.173309 dv-osbrick-849324-5-smb devstack@keystone.service[80322]: ERROR keystone.server.flask.application keystone.exception.RoleNotFound: Could not find role: anotherrole.
Jul 14 22:30:27.173309 dv-osbrick-849324-5-smb devstack@keystone.service[80322]: ERROR keystone.server.flask.application
Jul 14 22:30:27.176443 dv-osbrick-849324-5-smb devstack@keystone.service[80322]: [pid: 80322|app: 0|req: 115/222] 10.222.0.17 () {56 vars in 1114 bytes} [Thu Jul 14 22:30:26 2022] GET /identity/v3/roles/anotherrole => generated 89 bytes in 200 msecs (HTTP/1.1 404) 5 headers in 183 bytes (1 switches on core 0)
Jul 14 22:30:27.177790 dv-osbrick-849324-5-smb devstack@keystone.service[80322]: DEBUG keystone.server.flask.request_processing.middleware.auth_context [None req-222926c8-3b14-41d2-9e9f-9707bacb80c0 None admin] Authenticating user token {{(pid=80322) process_request /usr/local/lib/python3.8/dist-packages/keystonemiddleware/auth_token/__init__.py:407}}
Jul 14 22:30:27.177957 dv-osbrick-849324-5-smb devstack@keystone.service[80323]: DEBUG dbcounter [-] [80323] Writing DB stats keystone:SELECT=100 {{(pid=80323) stat_writer /usr/local/lib/python3.8/dist-packages/dbcounter.py:114}}
Jul 14 22:30:27.202187 dv-osbrick-849324-5-smb devstack@keystone.service[80323]: [pid: 80323|app: 0|req: 108/223] 10.222.0.17 () {58 vars in 1282 bytes} [Thu Jul 14 22:30:26 2022] GET /identity/v3/auth/tokens => generated 799 bytes in 441 msecs (HTTP/1.1 200) 6 headers in 358 bytes (1 switches on core 0)
Jul 14 22:30:27.207667 dv-osbrick-849324-5-smb devstack@keystone.service[80323]: DEBUG keystone.server.flask.request_processing.middleware.auth_context [None req-a46f113f-ea80-4dee-93c8-e3aaed658fd8 None admin] Authenticating user token {{(pid=80323) process_request /usr/local/lib/python3.8/dist-packages/keystonemiddleware/auth_token/__init__.py:407}}
Jul 14 22:30:27.211903 dv-osbrick-849324-5-smb devstack@keystone.service[80322]: DEBUG dbcounter [-] [80322] Writing DB stats keystone:SELECT=100 {{(pid=80322) stat_writer /usr/local/lib/python3.8/dist-packages/dbcounter.py:114}}
Jul 14 22:30:27.324885 dv-osbrick-849324-5-smb devstack@keystone.service[80323]: DEBUG keystone.server.flask.request_processing.middleware.auth_context [None req-a46f113f-ea80-4dee-93c8-e3aaed658fd8 None admin] Validating token access rules against request {{(pid=80323) validate_allowed_request /usr/local/lib/python3.8/dist-packages/keystonemiddleware/auth_token/__init__.py:545}}
Jul 14 22:30:27.325765 dv-osbrick-849324-5-smb devstack@keystone.service[80322]: DEBUG keystone.server.flask.request_processing.middleware.auth_context [None req-222926c8-3b14-41d2-9e9f-9707bacb80c0 None admin] Validating token access rules against request {{(pid=80322) validate_allowed_request /usr/local/lib/python3.8/dist-packages/keystonemiddleware/auth_token/__init__.py:545}}
Jul 14 22:30:27.375483 dv-osbrick-849324-5-smb devstack@keystone.service[80323]: DEBUG keystone.server.flask.request_processing.middleware.auth_context [None req-1fbf2d6e-59ca-4e0a-a62b-2840afbe352a None admin] RBAC: auth_context: {'token': , 'domain_id': None, 'trust_id': None, 'trustor_id': None, 'trustee_id': None, 'domain_name': None, 'group_ids': [], 'user_id': 'bab8507dfa514194889a0eb68bc0198c', 'user_domain_id': 'default', 'system_scope': 'all', 'project_id': None, 'project_domain_id': None, 'roles': ['admin', 'member', 'reader'], 'is_admin_project': True, 'service_user_id': None, 'service_user_domain_id': None, 'service_project_id': None, 'service_project_domain_id': None, 'service_roles': []} {{(pid=80323) fill_context /opt/stack/keystone/keystone/server/flask/request_processing/middleware/auth_context.py:478}}
Jul 14 22:30:27.376159 dv-osbrick-849324-5-smb devstack@keystone.service[80323]: DEBUG keystone.server.flask.request_processing.req_logging [None req-1fbf2d6e-59ca-4e0a-a62b-2840afbe352a None admin] REQUEST_METHOD: `GET` {{(pid=80323) log_request_info /opt/stack/keystone/keystone/server/flask/request_processing/req_logging.py:27}}
Jul 14 22:30:27.376461 dv-osbrick-849324-5-smb devstack@keystone.service[80323]: DEBUG keystone.server.flask.request_processing.req_logging [None req-1fbf2d6e-59ca-4e0a-a62b-2840afbe352a None admin] SCRIPT_NAME: `/identity` {{(pid=80323) log_request_info /opt/stack/keystone/keystone/server/flask/request_processing/req_logging.py:28}}
Jul 14 22:30:27.377466 dv-osbrick-849324-5-smb devstack@keystone.service[80323]: DEBUG keystone.server.flask.request_processing.req_logging [None req-1fbf2d6e-59ca-4e0a-a62b-2840afbe352a None admin] PATH_INFO: `/v3/roles` {{(pid=80323) log_request_info /opt/stack/keystone/keystone/server/flask/request_processing/req_logging.py:29}}
Jul 14 22:30:27.378221 dv-osbrick-849324-5-smb devstack@keystone.service[80323]: DEBUG keystone.common.rbac_enforcer.enforcer [None req-1fbf2d6e-59ca-4e0a-a62b-2840afbe352a None admin] RBAC: Adding query filter params (name=anotherrole) {{(pid=80323) _extract_filter_values /opt/stack/keystone/keystone/common/rbac_enforcer/enforcer.py:167}}
Jul 14 22:30:27.378525 dv-osbrick-849324-5-smb devstack@keystone.service[80323]: DEBUG keystone.common.rbac_enforcer.enforcer [None req-1fbf2d6e-59ca-4e0a-a62b-2840afbe352a None admin] RBAC: Authorizing `identity:list_roles()` {{(pid=80323) enforce_call /opt/stack/keystone/keystone/common/rbac_enforcer/enforcer.py:449}}
Jul 14 22:30:27.379919 dv-osbrick-849324-5-smb devstack@keystone.service[80323]: DEBUG keystone.common.rbac_enforcer.enforcer [None req-1fbf2d6e-59ca-4e0a-a62b-2840afbe352a None admin] RBAC: Authorization granted {{(pid=80323) enforce_call /opt/stack/keystone/keystone/common/rbac_enforcer/enforcer.py:457}}
Jul 14 22:30:27.386901 dv-osbrick-849324-5-smb devstack@keystone.service[80322]: DEBUG keystone.server.flask.request_processing.middleware.auth_context [None req-c109c292-2e87-4ecb-a917-e0e87df00f43 None admin] RBAC: auth_context: {'token': , 'domain_id': None, 'trust_id': None, 'trustor_id': None, 'trustee_id': None, 'domain_name': None, 'group_ids': [], 'user_id': 'bab8507dfa514194889a0eb68bc0198c', 'user_domain_id': 'default', 'system_scope': 'all', 'project_id': None, 'project_domain_id': None, 'roles': ['admin', 'member', 'reader'], 'is_admin_project': True, 'service_user_id': None, 'service_user_domain_id': None, 'service_project_id': None, 'service_project_domain_id': None, 'service_roles': []} {{(pid=80322) fill_context /opt/stack/keystone/keystone/server/flask/request_processing/middleware/auth_context.py:478}}
Jul 14 22:30:27.388343 dv-osbrick-849324-5-smb devstack@keystone.service[80322]: DEBUG keystone.server.flask.request_processing.req_logging [None req-c109c292-2e87-4ecb-a917-e0e87df00f43 None admin] REQUEST_METHOD: `GET` {{(pid=80322) log_request_info /opt/stack/keystone/keystone/server/flask/request_processing/req_logging.py:27}}
Jul 14 22:30:27.388969 dv-osbrick-849324-5-smb devstack@keystone.service[80323]: [pid: 80323|app: 0|req: 109/224] 10.222.0.17 () {56 vars in 1111 bytes} [Thu Jul 14 22:30:27 2022] GET /identity/v3/roles?name=anotherrole => generated 334 bytes in 186 msecs (HTTP/1.1 200) 5 headers in 177 bytes (1 switches on core 0)
Jul 14 22:30:27.389313 dv-osbrick-849324-5-smb devstack@keystone.service[80322]: DEBUG keystone.server.flask.request_processing.req_logging [None req-c109c292-2e87-4ecb-a917-e0e87df00f43 None admin] SCRIPT_NAME: `/identity` {{(pid=80322) log_request_info /opt/stack/keystone/keystone/server/flask/request_processing/req_logging.py:28}}
Jul 14 22:30:27.389607 dv-osbrick-849324-5-smb devstack@keystone.service[80323]: DEBUG keystone.server.flask.request_processing.middleware.auth_context [None req-1fbf2d6e-59ca-4e0a-a62b-2840afbe352a None admin] Authenticating user token {{(pid=80323) process_request /usr/local/lib/python3.8/dist-packages/keystonemiddleware/auth_token/__init__.py:407}}
Jul 14 22:30:27.390080 dv-osbrick-849324-5-smb devstack@keystone.service[80322]: DEBUG keystone.server.flask.request_processing.req_logging [None req-c109c292-2e87-4ecb-a917-e0e87df00f43 None admin] PATH_INFO: `/v3/roles/admin` {{(pid=80322) log_request_info /opt/stack/keystone/keystone/server/flask/request_processing/req_logging.py:29}}
Jul 14 22:30:27.411572 dv-osbrick-849324-5-smb devstack@keystone.service[80322]: DEBUG keystone.common.rbac_enforcer.enforcer [None req-c109c292-2e87-4ecb-a917-e0e87df00f43 None admin] Extracting inferred target data resulted in "NOT FOUND (404)". {{(pid=80322) enforce_call /opt/stack/keystone/keystone/common/rbac_enforcer/enforcer.py:409}}
Jul 14 22:30:27.421619 dv-osbrick-849324-5-smb devstack@keystone.service[80322]: ERROR keystone.server.flask.application [None req-c109c292-2e87-4ecb-a917-e0e87df00f43 None admin] Could not find role: admin.: keystone.exception.RoleNotFound: Could not find role: admin.
Jul 14 22:30:27.421619 dv-osbrick-849324-5-smb devstack@keystone.service[80322]: ERROR keystone.server.flask.application
Traceback (most recent call last):
Jul 14 22:30:27.421619 dv-osbrick-849324-5-smb devstack@keystone.service[80322]: ERROR keystone.server.flask.application
File "/usr/local/lib/python3.8/dist-packages/flask/app.py", line 1523, in full_dispatch_request
Jul 14 22:30:27.421619 dv-osbrick-849324-5-smb devstack@keystone.service[80322]: ERROR keystone.server.flask.application rv = self.dispatch_request()
Jul 14 22:30:27.421619 dv-osbrick-849324-5-smb devstack@keystone.service[80322]: ERROR keystone.server.flask.application
File "/usr/local/lib/python3.8/dist-packages/flask/app.py", line 1509, in dispatch_request
Jul 14 22:30:27.421619 dv-osbrick-849324-5-smb devstack@keystone.service[80322]: ERROR keystone.server.flask.application return self.ensure_sync(self.view_functions[rule.endpoint])(**req.view_args)
Jul 14 22:30:27.421619 dv-osbrick-849324-5-smb devstack@keystone.service[80322]: ERROR keystone.server.flask.application
File "/usr/local/lib/python3.8/dist-packages/flask_restful/__init__.py", line 467, in wrapper
Jul 14 22:30:27.421619 dv-osbrick-849324-5-smb devstack@keystone.service[80322]: ERROR keystone.server.flask.application resp = resource(*args, **kwargs)
Jul 14 22:30:27.421619 dv-osbrick-849324-5-smb devstack@keystone.service[80322]: ERROR keystone.server.flask.application
File "/usr/local/lib/python3.8/dist-packages/flask/views.py", line 84, in view
Jul 14 22:30:27.421619 dv-osbrick-849324-5-smb devstack@keystone.service[80322]: ERROR keystone.server.flask.application return current_app.ensure_sync(self.dispatch_request)(*args, **kwargs)
Jul 14 22:30:27.421619 dv-osbrick-849324-5-smb devstack@keystone.service[80322]: ERROR keystone.server.flask.application
File "/usr/local/lib/python3.8/dist-packages/flask_restful/__init__.py", line 582, in dispatch_request
Jul 14 22:30:27.421619 dv-osbrick-849324-5-smb devstack@keystone.service[80322]: ERROR keystone.server.flask.application resp = meth(*args, **kwargs)
Jul 14 22:30:27.421619 dv-osbrick-849324-5-smb devstack@keystone.service[80322]: ERROR keystone.server.flask.application
File "/opt/stack/keystone/keystone/api/roles.py", line 50, in get
Jul 14 22:30:27.421619 dv-osbrick-849324-5-smb devstack@keystone.service[80322]: ERROR keystone.server.flask.application return self._get_role(role_id)
Jul 14 22:30:27.421619 dv-osbrick-849324-5-smb devstack@keystone.service[80322]: ERROR keystone.server.flask.application
File "/opt/stack/keystone/keystone/api/roles.py", line 70, in _get_role
Jul 14 22:30:27.421619 dv-osbrick-849324-5-smb devstack@keystone.service[80322]: ERROR keystone.server.flask.application ENFORCER.enforce_call(action='identity:get_role')
Jul 14 22:30:27.422540 dv-osbrick-849324-5-smb devstack@keystone.service[80322]: ERROR keystone.server.flask.application
File "/opt/stack/keystone/keystone/common/rbac_enforcer/enforcer.py", line 402, in enforce_call
