Jul 13 17:11:33.212124 dv-osbrick-849324-3-iscsi neutron-server[104056]: DEBUG neutron.api.rpc.handlers.resources_rpc [None req-d00365a7-b7e0-47ce-a758-6b72bcd45ec2 None None] Pushing event updated for resources: {'Port': ['ID=be95e06d-961a-40eb-95c3-4982c9dc5169,revision_number=5']} {{(pid=104056) push /opt/stack/neutron/neutron/api/rpc/handlers/resources_rpc.py:237}}
Jul 13 17:11:33.344152 dv-osbrick-849324-3-iscsi neutron-server[104056]: DEBUG dbcounter [-] [104056] Writing DB stats neutron:SELECT=96,neutron:UPDATE=4 {{(pid=104056) stat_writer /usr/local/lib/python3.8/dist-packages/dbcounter.py:114}}
Jul 13 17:11:33.349030 dv-osbrick-849324-3-iscsi neutron-server[104054]: DEBUG neutron.wsgi [-] (104054) accepted ('10.222.0.33', 51076) {{(pid=104054) server /usr/local/lib/python3.8/dist-packages/eventlet/wsgi.py:1004}}
Jul 13 17:11:33.353488 dv-osbrick-849324-3-iscsi neutron-server[104054]: WARNING keystonemiddleware.auth_token [-] A valid token was submitted as a service token, but it was not a valid service token. This is incorrect but backwards compatible behaviour. This will be removed in future releases.
Jul 13 17:11:33.369473 dv-osbrick-849324-3-iscsi neutron-server[104056]: DEBUG neutron.plugins.ml2.rpc [None req-52b080a3-9be7-4811-9ceb-f3a86772a313 None None] Device be95e06d-961a-40eb-95c3-4982c9dc5169 up at agent ovs-agent-dv-osbrick-849324-3-iscsi {{(pid=104056) update_device_up /opt/stack/neutron/neutron/plugins/ml2/rpc.py:296}}
Jul 13 17:11:33.417390 dv-osbrick-849324-3-iscsi neutron-server[104056]: DEBUG neutron.plugins.ml2.db [None req-94616f8a-0c49-43f4-9514-93d710996575 None None] For port a8dea748-3263-40e3-83be-af3349ed4446, host dv-osbrick-849324-3-iscsi, cleared binding levels {{(pid=104056) clear_binding_levels /opt/stack/neutron/neutron/plugins/ml2/db.py:87}}
Jul 13 17:11:33.435077 dv-osbrick-849324-3-iscsi neutron-server[104056]: DEBUG dbcounter [-] [104056] Writing DB stats neutron:SELECT=96,neutron:UPDATE=3,neutron:INSERT=1 {{(pid=104056) stat_writer /usr/local/lib/python3.8/dist-packages/dbcounter.py:114}}
Jul 13 17:11:33.449725 dv-osbrick-849324-3-iscsi neutron-server[104056]: DEBUG neutron.plugins.ml2.db [None req-94616f8a-0c49-43f4-9514-93d710996575 None None] For port a8dea748-3263-40e3-83be-af3349ed4446, host dv-osbrick-849324-3-iscsi, set binding levels [PortBindingLevel(driver='openvswitch',host='dv-osbrick-849324-3-iscsi',level=0,port_id=a8dea748-3263-40e3-83be-af3349ed4446,segment=NetworkSegment(d5e81ce1-5d60-4a82-9ad8-d983827a3187),segment_id=d5e81ce1-5d60-4a82-9ad8-d983827a3187)] {{(pid=104056) set_binding_levels /opt/stack/neutron/neutron/plugins/ml2/db.py:59}}
Jul 13 17:11:33.483206 dv-osbrick-849324-3-iscsi neutron-server[104056]: DEBUG neutron_lib.callbacks.manager [None req-94616f8a-0c49-43f4-9514-93d710996575 None None] Publish callbacks ['neutron.plugins.ml2.plugin.SecurityGroupServerNotifierRpcMixin._notify_sg_on_port_change-16388543', 'neutron.plugins.ml2.ovo_rpc._ObjectChangeHandler.handle_event-203570', 'neutron.api.rpc.agentnotifiers.dhcp_rpc_agent_api.DhcpAgentNotifyAPI._native_event_send_dhcp_notification-996838', 'neutron.db.l3_db.L3RpcNotifierMixin._notify_gateway_port_ip_changed-8739226207757', 'neutron.db.l3_dvrscheduler_db._notify_l3_agent_port_update-8739225859575', 'neutron.db.l3_hascheduler_db._notify_l3_agent_ha_port_update-8739225859085'] for port (a8dea748-3263-40e3-83be-af3349ed4446), after_update {{(pid=104056) _notify_loop /usr/local/lib/python3.8/dist-packages/neutron_lib/callbacks/manager.py:176}}
Jul 13 17:11:33.485209 dv-osbrick-849324-3-iscsi neutron-server[104056]: DEBUG neutron.plugins.ml2.plugin [None req-54a0230e-06bd-41fc-92f3-2d80131e1863 None None] Current status of the port be95e06d-961a-40eb-95c3-4982c9dc5169 is: ACTIVE; New status is: ACTIVE {{(pid=104056) _update_individual_port_db_status /opt/stack/neutron/neutron/plugins/ml2/plugin.py:2292}}
Jul 13 17:11:33.553428 dv-osbrick-849324-3-iscsi neutron-server[104056]: DEBUG neutron.db.provisioning_blocks [None req-52b080a3-9be7-4811-9ceb-f3a86772a313 None None] Provisioning complete for port be95e06d-961a-40eb-95c3-4982c9dc5169 triggered by entity L2. {{(pid=104056) provisioning_complete /opt/stack/neutron/neutron/db/provisioning_blocks.py:145}}
Jul 13 17:11:33.553720 dv-osbrick-849324-3-iscsi neutron-server[104056]: DEBUG neutron_lib.callbacks.manager [None req-52b080a3-9be7-4811-9ceb-f3a86772a313 None None] Publish callbacks ['neutron.plugins.ml2.plugin.Ml2Plugin._port_provisioned-16362157'] for port (be95e06d-961a-40eb-95c3-4982c9dc5169), provisioning_complete {{(pid=104056) _notify_loop /usr/local/lib/python3.8/dist-packages/neutron_lib/callbacks/manager.py:176}}
Jul 13 17:11:33.565410 dv-osbrick-849324-3-iscsi neutron-server[104056]: DEBUG neutron.db.l3_dvrscheduler_db [None req-94616f8a-0c49-43f4-9514-93d710996575 None None] Routers {'30982a5c-8396-425c-861f-1357cf87c74d'} bound to L3 agent in host dv-osbrick-849324-3-iscsi {{(pid=104056) _get_router_ids_for_agent /opt/stack/neutron/neutron/db/l3_dvrscheduler_db.py:426}}
Jul 13 17:11:33.566045 dv-osbrick-849324-3-iscsi neutron-server[104056]: DEBUG neutron.db.l3_hamode_db [None req-94616f8a-0c49-43f4-9514-93d710996575 None None] neutron.services.l3_router.l3_router_plugin.L3RouterPlugin method get_ha_sync_data_for_host called with arguments (, 'dv-osbrick-849324-3-iscsi', Agent(admin_state_up=True,agent_type='L3 agent',availability_zone='nova',binary='neutron-l3-agent',configurations={"agent_mode": "legacy", "ex_gw_ports": 3, "extensions": [], "floating_ips": 0, "handle_internal_only_routers": true, "interface_driver": "openvswitch", "interfaces": 2, "log_agent_heartbeats": false, "routers": 3},created_at=2022-07-13T17:03:17Z,description=,heartbeat_timestamp=2022-07-13T17:11:17Z,host='dv-osbrick-849324-3-iscsi',id=a134e9ab-74d4-40fa-8c01-7113a2cb3447,load=0,resource_versions=,resources_synced=,started_at=2022-07-13T17:03:17Z,topic='l3_agent')) {'router_ids': ['30982a5c-8396-425c-861f-1357cf87c74d'], 'active': True} {{(pid=104056) wrapper /usr/local/lib/python3.8/dist-packages/oslo_log/helpers.py:65}}
Jul 13 17:11:33.581958 dv-osbrick-849324-3-iscsi neutron-server[104054]: DEBUG neutron.pecan_wsgi.hooks.policy_enforcement [req-320da080-b096-47e0-a3bd-c437bceb4eaf req-ed3010d3-1139-4b0a-ac92-50d3140e91b0 tempest-TestMinimumBasicScenario-958326247 tempest-TestMinimumBasicScenario-958326247-project] Attributes excluded by policy engine: ['standard_attr_id', 'vlan_transparent', 'provider:network_type', 'provider:physical_network', 'provider:segmentation_id'] {{(pid=104054) _exclude_attributes_by_policy /opt/stack/neutron/neutron/pecan_wsgi/hooks/policy_enforcement.py:259}}
Jul 13 17:11:33.585454 dv-osbrick-849324-3-iscsi neutron-server[104054]: INFO neutron.wsgi [req-320da080-b096-47e0-a3bd-c437bceb4eaf req-ed3010d3-1139-4b0a-ac92-50d3140e91b0 tempest-TestMinimumBasicScenario-958326247 tempest-TestMinimumBasicScenario-958326247-project] 10.222.0.33 "GET /v2.0/networks?id=e30d90d8-88fe-40f1-95ae-58049a33da22 HTTP/1.1" status: 200 len: 814 time: 0.2337413
Jul 13 17:11:33.607349 dv-osbrick-849324-3-iscsi neutron-server[104054]: INFO neutron.wsgi [req-320da080-b096-47e0-a3bd-c437bceb4eaf req-43af58dc-695a-4bcc-bd93-595db95c1b63 tempest-TestMinimumBasicScenario-958326247 tempest-TestMinimumBasicScenario-958326247-project] 10.222.0.33 "GET /v2.0/quotas/2b2b5d2cd98f4d24941fdf7d3822e7c1 HTTP/1.1" status: 200 len: 375 time: 0.0122292
Jul 13 17:11:33.655071 dv-osbrick-849324-3-iscsi neutron-server[104056]: DEBUG neutron.api.rpc.handlers.resources_rpc [None req-523f0383-d703-40bd-b400-56233bf86b8e None None] Pushing event updated for resources: {'Port': ['ID=a8dea748-3263-40e3-83be-af3349ed4446,revision_number=4']} {{(pid=104056) push /opt/stack/neutron/neutron/api/rpc/handlers/resources_rpc.py:237}}
Jul 13 17:11:33.661522 dv-osbrick-849324-3-iscsi neutron-server[104056]: DEBUG neutron.db.provisioning_blocks [None req-a495cd0a-406e-4a2a-893c-3638d001743a None None] Provisioning complete for port a8dea748-3263-40e3-83be-af3349ed4446 triggered by entity DHCP. {{(pid=104056) provisioning_complete /opt/stack/neutron/neutron/db/provisioning_blocks.py:145}}
Jul 13 17:11:33.661901 dv-osbrick-849324-3-iscsi neutron-server[104056]: DEBUG neutron_lib.callbacks.manager [None req-a495cd0a-406e-4a2a-893c-3638d001743a None None] Publish callbacks ['neutron.plugins.ml2.plugin.Ml2Plugin._port_provisioned-16362157'] for port (a8dea748-3263-40e3-83be-af3349ed4446), provisioning_complete {{(pid=104056) _notify_loop /usr/local/lib/python3.8/dist-packages/neutron_lib/callbacks/manager.py:176}}
Jul 13 17:11:33.740131 dv-osbrick-849324-3-iscsi neutron-server[104054]: INFO neutron.wsgi [req-320da080-b096-47e0-a3bd-c437bceb4eaf req-18b3a06a-0010-4139-8f4c-29a647ae6d3a tempest-TestMinimumBasicScenario-958326247 tempest-TestMinimumBasicScenario-958326247-project] 10.222.0.33 "GET /v2.0/ports?tenant_id=2b2b5d2cd98f4d24941fdf7d3822e7c1&fields=id HTTP/1.1" status: 200 len: 302 time: 0.1272495
Jul 13 17:11:33.843043 dv-osbrick-849324-3-iscsi neutron-server[104056]: DEBUG neutron.db.l3_dvr_db [None req-94616f8a-0c49-43f4-9514-93d710996575 None None] Set router 30982a5c-8396-425c-861f-1357cf87c74d gateway port host: dv-osbrick-849324-3-iscsi {{(pid=104056) _build_routers_list /opt/stack/neutron/neutron/db/l3_dvr_db.py:907}}
Jul 13 17:11:33.888564 dv-osbrick-849324-3-iscsi neutron-server[104056]: DEBUG neutron.plugins.ml2.plugin [None req-52b080a3-9be7-4811-9ceb-f3a86772a313 None None] Current status of the port be95e06d-961a-40eb-95c3-4982c9dc5169 is: ACTIVE; New status is: ACTIVE {{(pid=104056) _update_individual_port_db_status /opt/stack/neutron/neutron/plugins/ml2/plugin.py:2292}}
Jul 13 17:11:33.925072 dv-osbrick-849324-3-iscsi neutron-server[104056]: DEBUG neutron.plugins.ml2.plugin [None req-a495cd0a-406e-4a2a-893c-3638d001743a None None] Current status of the port a8dea748-3263-40e3-83be-af3349ed4446 is: DOWN; New status is: ACTIVE {{(pid=104056) _update_individual_port_db_status /opt/stack/neutron/neutron/plugins/ml2/plugin.py:2292}}
Jul 13 17:11:33.925459 dv-osbrick-849324-3-iscsi neutron-server[104056]: DEBUG neutron_lib.callbacks.manager [None req-a495cd0a-406e-4a2a-893c-3638d001743a None None] Publish callbacks ['neutron.plugins.ml2.plugin.SecurityGroupDbMixin._ensure_default_security_group_handler-16388988'] for port (a8dea748-3263-40e3-83be-af3349ed4446), before_update {{(pid=104056) _notify_loop /usr/local/lib/python3.8/dist-packages/neutron_lib/callbacks/manager.py:176}}
Jul 13 17:11:33.956968 dv-osbrick-849324-3-iscsi neutron-server[104054]: DEBUG neutron.wsgi [req-320da080-b096-47e0-a3bd-c437bceb4eaf req-7044c054-b0a5-414b-9c9e-e5f9d0af4777 service neutron] http://10.222.0.33:9696/v2.0/extensions returned with HTTP 200 {{(pid=104054) __call__ /opt/stack/neutron/neutron/wsgi.py:730}}
Jul 13 17:11:33.958044 dv-osbrick-849324-3-iscsi neutron-server[104054]: INFO neutron.wsgi [req-320da080-b096-47e0-a3bd-c437bceb4eaf req-7044c054-b0a5-414b-9c9e-e5f9d0af4777 service neutron] 10.222.0.33 "GET /v2.0/extensions HTTP/1.1" status: 200 len: 14320 time: 0.0541761
Jul 13 17:11:34.039862 dv-osbrick-849324-3-iscsi neutron-server[104056]: DEBUG neutron.plugins.ml2.db [None req-a495cd0a-406e-4a2a-893c-3638d001743a None None] For port a8dea748-3263-40e3-83be-af3349ed4446, host dv-osbrick-849324-3-iscsi, got binding levels [PortBindingLevel(driver='openvswitch',host='dv-osbrick-849324-3-iscsi',level=0,port_id=a8dea748-3263-40e3-83be-af3349ed4446,segment=NetworkSegment(d5e81ce1-5d60-4a82-9ad8-d983827a3187),segment_id=d5e81ce1-5d60-4a82-9ad8-d983827a3187)] {{(pid=104056) get_binding_level_objs /opt/stack/neutron/neutron/plugins/ml2/db.py:74}}
Jul 13 17:11:34.047084 dv-osbrick-849324-3-iscsi neutron-server[104056]: DEBUG neutron_lib.callbacks.manager [None req-a495cd0a-406e-4a2a-893c-3638d001743a None None] Publish callbacks ['neutron.plugins.ml2.plugin.SecurityGroupServerNotifierRpcMixin._notify_sg_on_port_change-16388543', 'neutron.plugins.ml2.ovo_rpc._ObjectChangeHandler.handle_event-203570', 'neutron.api.rpc.agentnotifiers.dhcp_rpc_agent_api.DhcpAgentNotifyAPI._native_event_send_dhcp_notification-996838', 'neutron.db.l3_db.L3RpcNotifierMixin._notify_gateway_port_ip_changed-8739226207757', 'neutron.db.l3_dvrscheduler_db._notify_l3_agent_port_update-8739225859575', 'neutron.db.l3_hascheduler_db._notify_l3_agent_ha_port_update-8739225859085'] for port (a8dea748-3263-40e3-83be-af3349ed4446), after_update {{(pid=104056) _notify_loop /usr/local/lib/python3.8/dist-packages/neutron_lib/callbacks/manager.py:176}}
Jul 13 17:11:34.060535 dv-osbrick-849324-3-iscsi neutron-server[104054]: INFO neutron.wsgi [req-320da080-b096-47e0-a3bd-c437bceb4eaf req-25783284-de14-4fff-85b4-20432748ba4a service neutron] 10.222.0.33 "GET /v2.0/networks/e30d90d8-88fe-40f1-95ae-58049a33da22?fields=segments HTTP/1.1" status: 200 len: 212 time: 0.0929348
Jul 13 17:11:34.150288 dv-osbrick-849324-3-iscsi neutron-server[104056]: DEBUG neutron.api.rpc.handlers.resources_rpc [None req-a495cd0a-406e-4a2a-893c-3638d001743a None None] Pushing event updated for resources: {'Port': ['ID=a8dea748-3263-40e3-83be-af3349ed4446,revision_number=5']} {{(pid=104056) push /opt/stack/neutron/neutron/api/rpc/handlers/resources_rpc.py:237}}
Jul 13 17:11:34.179759 dv-osbrick-849324-3-iscsi neutron-server[104056]: DEBUG neutron.db.provisioning_blocks [None req-e3ca5444-954e-455e-b4d5-e3cd72a92542 None None] Provisioning complete for port a8dea748-3263-40e3-83be-af3349ed4446 triggered by entity DHCP. {{(pid=104056) provisioning_complete /opt/stack/neutron/neutron/db/provisioning_blocks.py:145}}
Jul 13 17:11:34.180134 dv-osbrick-849324-3-iscsi neutron-server[104056]: DEBUG neutron_lib.callbacks.manager [None req-e3ca5444-954e-455e-b4d5-e3cd72a92542 None None] Publish callbacks ['neutron.plugins.ml2.plugin.Ml2Plugin._port_provisioned-16362157'] for port (a8dea748-3263-40e3-83be-af3349ed4446), provisioning_complete {{(pid=104056) _notify_loop /usr/local/lib/python3.8/dist-packages/neutron_lib/callbacks/manager.py:176}}
Jul 13 17:11:34.182159 dv-osbrick-849324-3-iscsi neutron-server[104056]: DEBUG neutron.db.l3_hamode_db [None req-94616f8a-0c49-43f4-9514-93d710996575 None None] neutron.services.l3_router.l3_router_plugin.L3RouterPlugin method _process_sync_ha_data called with arguments (, [{'id': '30982a5c-8396-425c-861f-1357cf87c74d', 'name': 'tempest-TestMinimumBasicScenario-732791175-router', 'tenant_id': '6662f38f825e4d5cb217eb0119dad12a', 'admin_state_up': True, 'status': 'ACTIVE', 'external_gateway_info': {'network_id': '7f4512c6-8dab-48af-82b0-a71e3f0915ac', 'external_fixed_ips': [{'subnet_id': '68e965a2-2342-49d4-bb1f-e39288720a9a', 'ip_address': '172.29.1.224'}], 'enable_snat': True}, 'gw_port_id': 'e3e401db-6b6c-428b-bfb4-9d2e36a37c9d', 'description': '', 'availability_zones': ['nova'], 'distributed': False, 'ha': False, 'ha_vr_id': 0, 'availability_zone_hints': [], 'routes': [], 'flavor_id': None, 'tags': [], 'created_at': '2022-07-13T17:11:16Z', 'updated_at': '2022-07-13T17:11:21Z', 'revision_number': 4, 'project_id': '6662f38f825e4d5cb217eb0119dad12a', 'gw_port': {'id': 'e3e401db-6b6c-428b-bfb4-9d2e36a37c9d', 'name': '', 'network_id': '7f4512c6-8dab-48af-82b0-a71e3f0915ac', 'tenant_id': '', 'mac_address': 'fa:16:3e:cf:e8:cf', 'admin_state_up': True, 'status': 'ACTIVE', 'device_id': '30982a5c-8396-425c-861f-1357cf87c74d', 'device_owner': 'network:router_gateway', 'standard_attr_id': 76, 'fixed_ips': [{'subnet_id': '68e965a2-2342-49d4-bb1f-e39288720a9a', 'ip_address': '172.29.1.224', 'prefixlen': 24}], 'allowed_address_pairs': [], 'extra_dhcp_opts': [], 'security_groups': [], 'description': '', 'binding:vnic_type': 'normal', 'binding:profile': {}, 'binding:host_id': 'dv-osbrick-849324-3-iscsi', 'binding:vif_type': 'ovs', 'binding:vif_details': {'connectivity': 'l2', 'port_filter': True, 'ovs_hybrid_plug': False, 'datapath_type': 'system', 'bridge_name': 'br-int', 'bound_drivers': {'0': 'openvswitch'}}, 'port_security_enabled': False, 'tags': [], 'created_at': '2022-07-13T17:11:17Z', 'updated_at': '2022-07-13T17:11:27Z', 'revision_number': 4, 'project_id': '', 'subnets': [{'id': '68e965a2-2342-49d4-bb1f-e39288720a9a', 'cidr': '172.29.1.0/24', 'gateway_ip': '172.29.1.1', 'dns_nameservers': [], 'ipv6_ra_mode': None, 'subnetpool_id': None}], 'extra_subnets': [], 'address_scopes': {4: None, 6: None}, 'mtu': 1500}, 'enable_snat': True, 'gw_port_host': 'dv-osbrick-849324-3-iscsi', '_interfaces': [{'id': 'a8dea748-3263-40e3-83be-af3349ed4446', 'name': '', 'network_id': 'be57f006-4bfd-4aac-be01-7b593a23f250', 'tenant_id': '6662f38f825e4d5cb217eb0119dad12a', 'mac_address': 'fa:16:3e:a3:00:00', 'admin_state_up': True, 'status': 'DOWN', 'device_id': '30982a5c-8396-425c-861f-1357cf87c74d', 'device_owner': 'network:router_interface', 'standard_attr_id': 78, 'fixed_ips': [{'subnet_id': '2e3273d7-2ad9-42d7-9294-3f63f1d57b64', 'ip_address': '172.20.0.1', 'prefixlen': 28}], 'allowed_address_pairs': [], 'extra_dhcp_opts': [], 'security_groups': [], 'description': '', 'binding:vnic_type': 'normal', 'binding:profile': {}, 'binding:host_id': 'dv-osbrick-849324-3-iscsi', 'binding:vif_type': 'ovs', 'binding:vif_details': {'connectivity': 'l2', 'port_filter': True, 'ovs_hybrid_plug': False, 'datapath_type': 'system', 'bridge_name': 'br-int', 'bound_drivers': {'0': 'openvswitch'}}, 'port_security_enabled': False, 'tags': [], 'created_at': '2022-07-13T17:11:20Z', 'updated_at': '2022-07-13T17:11:33Z', 'revision_number': 4, 'project_id': '6662f38f825e4d5cb217eb0119dad12a', 'subnets': [{'id': '2e3273d7-2ad9-42d7-9294-3f63f1d57b64', 'cidr': '172.20.0.0/28', 'gateway_ip': '172.20.0.1', 'dns_nameservers': [], 'ipv6_ra_mode': None, 'subnetpool_id': None}], 'extra_subnets': [], 'address_scopes': {4: None, 6: None}, 'mtu': 1500}]}], 'dv-osbrick-849324-3-iscsi', False) {} {{(pid=104056) wrapper /usr/local/lib/python3.8/dist-packages/oslo_log/helpers.py:65}}
Jul 13 17:11:34.184974 dv-osbrick-849324-3-iscsi neutron-server[104054]: INFO neutron.wsgi [req-320da080-b096-47e0-a3bd-c437bceb4eaf req-ca451d8d-97b7-4d66-a0b5-324456eefb25 service neutron] 10.222.0.33 "GET /v2.0/networks/e30d90d8-88fe-40f1-95ae-58049a33da22?fields=provider%3Aphysical_network&fields=provider%3Anetwork_type HTTP/1.1" status: 200 len: 281 time: 0.1178479
Jul 13 17:11:34.225107 dv-osbrick-849324-3-iscsi neutron-server[104056]: DEBUG neutron.api.rpc.handlers.l3_rpc [None req-94616f8a-0c49-43f4-9514-93d710996575 None None] The sync data for ids ['30982a5c-8396-425c-861f-1357cf87c74d'] in dv-osbrick-849324-3-iscsi is: [{'id': '30982a5c-8396-425c-861f-1357cf87c74d', 'name': 'tempest-TestMinimumBasicScenario-732791175-router', 'tenant_id': '6662f38f825e4d5cb217eb0119dad12a', 'admin_state_up': True, 'status': 'ACTIVE', 'external_gateway_info': {'network_id': '7f4512c6-8dab-48af-82b0-a71e3f0915ac', 'external_fixed_ips': [{'subnet_id': '68e965a2-2342-49d4-bb1f-e39288720a9a', 'ip_address': '172.29.1.224'}], 'enable_snat': True}, 'gw_port_id': 'e3e401db-6b6c-428b-bfb4-9d2e36a37c9d', 'description': '', 'availability_zones': ['nova'], 'distributed': False, 'ha': False, 'ha_vr_id': 0, 'availability_zone_hints': [], 'routes': [], 'flavor_id': None, 'tags': [], 'created_at': '2022-07-13T17:11:16Z', 'updated_at': '2022-07-13T17:11:21Z', 'revision_number': 4, 'project_id': '6662f38f825e4d5cb217eb0119dad12a', 'gw_port': {'id': 'e3e401db-6b6c-428b-bfb4-9d2e36a37c9d', 'name': '', 'network_id': '7f4512c6-8dab-48af-82b0-a71e3f0915ac', 'tenant_id': '', 'mac_address': 'fa:16:3e:cf:e8:cf', 'admin_state_up': True, 'status': 'ACTIVE', 'device_id': '30982a5c-8396-425c-861f-1357cf87c74d', 'device_owner': 'network:router_gateway', 'standard_attr_id': 76, 'fixed_ips': [{'subnet_id': '68e965a2-2342-49d4-bb1f-e39288720a9a', 'ip_address': '172.29.1.224', 'prefixlen': 24}], 'allowed_address_pairs': [], 'extra_dhcp_opts': [], 'security_groups': [], 'description': '', 'binding:vnic_type': 'normal', 'binding:profile': {}, 'binding:host_id': 'dv-osbrick-849324-3-iscsi', 'binding:vif_type': 'ovs', 'binding:vif_details': {'connectivity': 'l2', 'port_filter': True, 'ovs_hybrid_plug': False, 'datapath_type': 'system', 'bridge_name': 'br-int', 'bound_drivers': {'0': 'openvswitch'}}, 'port_security_enabled': False, 'tags': [], 'created_at': '2022-07-13T17:11:17Z', 'updated_at': '2022-07-13T17:11:27Z', 'revision_number': 4, 'project_id': '', 'subnets': [{'id': '68e965a2-2342-49d4-bb1f-e39288720a9a', 'cidr': '172.29.1.0/24', 'gateway_ip': '172.29.1.1', 'dns_nameservers': [], 'ipv6_ra_mode': None, 'subnetpool_id': None}], 'extra_subnets': [], 'address_scopes': {4: None, 6: None}, 'mtu': 1500}, 'enable_snat': True, 'gw_port_host': 'dv-osbrick-849324-3-iscsi', '_interfaces': [{'id': 'a8dea748-3263-40e3-83be-af3349ed4446', 'name': '', 'network_id': 'be57f006-4bfd-4aac-be01-7b593a23f250', 'tenant_id': '6662f38f825e4d5cb217eb0119dad12a', 'mac_address': 'fa:16:3e:a3:00:00', 'admin_state_up': True, 'status': 'DOWN', 'device_id': '30982a5c-8396-425c-861f-1357cf87c74d', 'device_owner': 'network:router_interface', 'standard_attr_id': 78, 'fixed_ips': [{'subnet_id': '2e3273d7-2ad9-42d7-9294-3f63f1d57b64', 'ip_address': '172.20.0.1', 'prefixlen': 28}], 'allowed_address_pairs': [], 'extra_dhcp_opts': [], 'security_groups': [], 'description': '', 'binding:vnic_type': 'normal', 'binding:profile': {}, 'binding:host_id': 'dv-osbrick-849324-3-iscsi', 'binding:vif_type': 'ovs', 'binding:vif_details': {'connectivity': 'l2', 'port_filter': True, 'ovs_hybrid_plug': False, 'datapath_type': 'system', 'bridge_name': 'br-int', 'bound_drivers': {'0': 'openvswitch'}}, 'port_security_enabled': False, 'tags': [], 'created_at': '2022-07-13T17:11:20Z', 'updated_at': '2022-07-13T17:11:33Z', 'revision_number': 4, 'project_id': '6662f38f825e4d5cb217eb0119dad12a', 'subnets': [{'id': '2e3273d7-2ad9-42d7-9294-3f63f1d57b64', 'cidr': '172.20.0.0/28', 'gateway_ip': '172.20.0.1', 'dns_nameservers': [], 'ipv6_ra_mode': None, 'subnetpool_id': None}], 'extra_subnets': [], 'address_scopes': {4: None, 6: None}, 'mtu': 1500}]}] {{(pid=104056) sync_routers /opt/stack/neutron/neutron/api/rpc/handlers/l3_rpc.py:137}}
Jul 13 17:11:34.245371 dv-osbrick-849324-3-iscsi neutron-server[104056]: DEBUG dbcounter [-] [104056] Writing DB stats neutron:SELECT=99,neutron:UPDATE=1 {{(pid=104056) stat_writer /usr/local/lib/python3.8/dist-packages/dbcounter.py:114}}
Jul 13 17:11:34.283717 dv-osbrick-849324-3-iscsi neutron-server[104056]: DEBUG neutron.plugins.ml2.plugin [None req-e3ca5444-954e-455e-b4d5-e3cd72a92542 None None] Current status of the port a8dea748-3263-40e3-83be-af3349ed4446 is: ACTIVE; New status is: ACTIVE {{(pid=104056) _update_individual_port_db_status /opt/stack/neutron/neutron/plugins/ml2/plugin.py:2292}}
Jul 13 17:11:34.298475 dv-osbrick-849324-3-iscsi neutron-server[104057]: DEBUG neutron.db.agents_db [None req-6e8d0dc3-8c02-4464-9f35-4362a73deaa4 None None] Agent healthcheck: found 6 active agents {{(pid=104057) agent_health_check /opt/stack/neutron/neutron/db/agents_db.py:317}}
Jul 13 17:11:34.502680 dv-osbrick-849324-3-iscsi neutron-server[104054]: DEBUG neutron.wsgi [-] (104054) accepted ('10.222.0.33', 51114) {{(pid=104054) server /usr/local/lib/python3.8/dist-packages/eventlet/wsgi.py:1004}}
Jul 13 17:11:34.597012 dv-osbrick-849324-3-iscsi neutron-server[104054]: INFO neutron.wsgi [req-fd9286d6-42e6-4566-84d0-a0b57d1755e6 req-65bcaeea-df58-4798-8bd7-14c61cdacc38 tempest-TestMinimumBasicScenario-958326247 tempest-TestMinimumBasicScenario-958326247-project] 10.222.0.33 "GET /v2.0/ports?device_id=afd041e5-b160-476c-a4aa-41f130e2eca2 HTTP/1.1" status: 200 len: 210 time: 0.0923645
Jul 13 17:11:35.300300 dv-osbrick-849324-3-iscsi neutron-server[104056]: DEBUG neutron.plugins.ml2.rpc [None req-52b080a3-9be7-4811-9ceb-f3a86772a313 None None] Device be95e06d-961a-40eb-95c3-4982c9dc5169 up at agent ovs-agent-dv-osbrick-849324-3-iscsi {{(pid=104056) update_device_up /opt/stack/neutron/neutron/plugins/ml2/rpc.py:296}}
Jul 13 17:11:35.456896 dv-osbrick-849324-3-iscsi neutron-server[104056]: DEBUG dbcounter [-] [104056] Writing DB stats neutron:SELECT=99,neutron:UPDATE=1 {{(pid=104056) stat_writer /usr/local/lib/python3.8/dist-packages/dbcounter.py:114}}
Jul 13 17:11:35.459377 dv-osbrick-849324-3-iscsi neutron-server[104056]: DEBUG neutron.db.provisioning_blocks [None req-52b080a3-9be7-4811-9ceb-f3a86772a313 None None] Provisioning complete for port be95e06d-961a-40eb-95c3-4982c9dc5169 triggered by entity L2. {{(pid=104056) provisioning_complete /opt/stack/neutron/neutron/db/provisioning_blocks.py:145}}
Jul 13 17:11:35.459798 dv-osbrick-849324-3-iscsi neutron-server[104056]: DEBUG neutron_lib.callbacks.manager [None req-52b080a3-9be7-4811-9ceb-f3a86772a313 None None] Publish callbacks ['neutron.plugins.ml2.plugin.Ml2Plugin._port_provisioned-16362157'] for port (be95e06d-961a-40eb-95c3-4982c9dc5169), provisioning_complete {{(pid=104056) _notify_loop /usr/local/lib/python3.8/dist-packages/neutron_lib/callbacks/manager.py:176}}
Jul 13 17:11:35.544076 dv-osbrick-849324-3-iscsi neutron-server[104056]: DEBUG neutron.plugins.ml2.plugin [None req-52b080a3-9be7-4811-9ceb-f3a86772a313 None None] Current status of the port be95e06d-961a-40eb-95c3-4982c9dc5169 is: ACTIVE; New status is: ACTIVE {{(pid=104056) _update_individual_port_db_status /opt/stack/neutron/neutron/plugins/ml2/plugin.py:2292}}
Jul 13 17:11:35.545137 dv-osbrick-849324-3-iscsi neutron-server[104056]: DEBUG neutron.plugins.ml2.rpc [None req-52b080a3-9be7-4811-9ceb-f3a86772a313 None None] Device a8dea748-3263-40e3-83be-af3349ed4446 up at agent ovs-agent-dv-osbrick-849324-3-iscsi {{(pid=104056) update_device_up /opt/stack/neutron/neutron/plugins/ml2/rpc.py:296}}
Jul 13 17:11:35.598555 dv-osbrick-849324-3-iscsi neutron-server[104056]: DEBUG neutron.db.provisioning_blocks [None req-52b080a3-9be7-4811-9ceb-f3a86772a313 None None] Provisioning complete for port a8dea748-3263-40e3-83be-af3349ed4446 triggered by entity L2. {{(pid=104056) provisioning_complete /opt/stack/neutron/neutron/db/provisioning_blocks.py:145}}
Jul 13 17:11:35.598923 dv-osbrick-849324-3-iscsi neutron-server[104056]: DEBUG neutron_lib.callbacks.manager [None req-52b080a3-9be7-4811-9ceb-f3a86772a313 None None] Publish callbacks ['neutron.plugins.ml2.plugin.Ml2Plugin._port_provisioned-16362157'] for port (a8dea748-3263-40e3-83be-af3349ed4446), provisioning_complete {{(pid=104056) _notify_loop /usr/local/lib/python3.8/dist-packages/neutron_lib/callbacks/manager.py:176}}
Jul 13 17:11:35.675171 dv-osbrick-849324-3-iscsi neutron-server[104056]: DEBUG neutron.plugins.ml2.plugin [None req-52b080a3-9be7-4811-9ceb-f3a86772a313 None None] Current status of the port a8dea748-3263-40e3-83be-af3349ed4446 is: ACTIVE; New status is: ACTIVE {{(pid=104056) _update_individual_port_db_status /opt/stack/neutron/neutron/plugins/ml2/plugin.py:2292}}
Jul 13 17:11:35.818849 dv-osbrick-849324-3-iscsi neutron-server[104054]: INFO neutron.wsgi [req-61cd0f6d-129c-4bd8-bfe0-04e6bea21009 req-986b4eec-54c6-4834-b885-a666cbe54b57 tempest-TestMinimumBasicScenario-958326247 tempest-TestMinimumBasicScenario-958326247-project] 10.222.0.33 "GET /v2.0/ports?device_id=afd041e5-b160-476c-a4aa-41f130e2eca2 HTTP/1.1" status: 200 len: 210 time: 0.0360942
Jul 13 17:11:36.120221 dv-osbrick-849324-3-iscsi neutron-server[104054]: DEBUG neutron.wsgi [-] (104054) accepted ('10.222.0.67', 58336) {{(pid=104054) server /usr/local/lib/python3.8/dist-packages/eventlet/wsgi.py:1004}}
Jul 13 17:11:36.229655 dv-osbrick-849324-3-iscsi neutron-server[104054]: DEBUG neutron.pecan_wsgi.hooks.policy_enforcement [req-320da080-b096-47e0-a3bd-c437bceb4eaf req-609f1827-e4cb-435e-9f43-c563a8d28c82 tempest-TestMinimumBasicScenario-958326247 tempest-TestMinimumBasicScenario-958326247-project] Attributes excluded by policy engine: ['standard_attr_id', 'vlan_transparent', 'provider:network_type', 'provider:physical_network', 'provider:segmentation_id'] {{(pid=104054) _exclude_attributes_by_policy /opt/stack/neutron/neutron/pecan_wsgi/hooks/policy_enforcement.py:259}}
Jul 13 17:11:36.231107 dv-osbrick-849324-3-iscsi neutron-server[104054]: INFO neutron.wsgi [req-320da080-b096-47e0-a3bd-c437bceb4eaf req-609f1827-e4cb-435e-9f43-c563a8d28c82 tempest-TestMinimumBasicScenario-958326247 tempest-TestMinimumBasicScenario-958326247-project] 10.222.0.67 "GET /v2.0/networks?id=e30d90d8-88fe-40f1-95ae-58049a33da22 HTTP/1.1" status: 200 len: 814 time: 0.1094508
Jul 13 17:11:36.303060 dv-osbrick-849324-3-iscsi neutron-server[104054]: DEBUG neutron.api.v2.base [req-320da080-b096-47e0-a3bd-c437bceb4eaf req-ce5d2d49-f9fa-4d81-a6f4-3dde8ab85b45 tempest-TestMinimumBasicScenario-958326247 tempest-TestMinimumBasicScenario-958326247-project] Request body: {'port': {'device_id': 'afd041e5-b160-476c-a4aa-41f130e2eca2', 'network_id': 'e30d90d8-88fe-40f1-95ae-58049a33da22', 'admin_state_up': True, 'tenant_id': '2b2b5d2cd98f4d24941fdf7d3822e7c1'}} {{(pid=104054) prepare_request_body /opt/stack/neutron/neutron/api/v2/base.py:730}}
Jul 13 17:11:36.632255 dv-osbrick-849324-3-iscsi neutron-server[104054]: DEBUG neutron.pecan_wsgi.hooks.quota_enforcement [req-320da080-b096-47e0-a3bd-c437bceb4eaf req-ce5d2d49-f9fa-4d81-a6f4-3dde8ab85b45 tempest-TestMinimumBasicScenario-958326247 tempest-TestMinimumBasicScenario-958326247-project] Made reservation on behalf of 2b2b5d2cd98f4d24941fdf7d3822e7c1 for: {'port': 1} {{(pid=104054) before /opt/stack/neutron/neutron/pecan_wsgi/hooks/quota_enforcement.py:53}}
Jul 13 17:11:36.636425 dv-osbrick-849324-3-iscsi neutron-server[104054]: DEBUG neutron_lib.callbacks.manager [req-320da080-b096-47e0-a3bd-c437bceb4eaf req-ce5d2d49-f9fa-4d81-a6f4-3dde8ab85b45 tempest-TestMinimumBasicScenario-958326247 tempest-TestMinimumBasicScenario-958326247-project] Publish callbacks ['neutron.plugins.ml2.plugin.SecurityGroupDbMixin._ensure_default_security_group_handler-16388988'] for port (None), before_create {{(pid=104054) _notify_loop /usr/local/lib/python3.8/dist-packages/neutron_lib/callbacks/manager.py:176}}
Jul 13 17:11:37.076782 dv-osbrick-849324-3-iscsi neutron-server[104054]: DEBUG neutron.db.db_base_plugin_common [req-320da080-b096-47e0-a3bd-c437bceb4eaf req-ce5d2d49-f9fa-4d81-a6f4-3dde8ab85b45 tempest-TestMinimumBasicScenario-958326247 tempest-TestMinimumBasicScenario-958326247-project] Allocated IP 172.20.0.7 (e30d90d8-88fe-40f1-95ae-58049a33da22/89c8e331-6a2c-4af3-8e23-a6f5cc13b571/0427bb13-3140-4a40-a5a6-b6b6a36c1d70) {{(pid=104054) _store_ip_allocation /opt/stack/neutron/neutron/db/db_base_plugin_common.py:131}}
Jul 13 17:11:37.294904 dv-osbrick-849324-3-iscsi neutron-server[104054]: DEBUG dbcounter [-] [104054] Writing DB stats neutron:SELECT=92,neutron:INSERT=5,neutron:UPDATE=3 {{(pid=104054) stat_writer /usr/local/lib/python3.8/dist-packages/dbcounter.py:114}}
Jul 13 17:11:37.307564 dv-osbrick-849324-3-iscsi neutron-server[104054]: INFO neutron.wsgi [req-e403d164-0d46-4482-be5a-8459f5d09757 req-6e565e3c-9f33-4baa-9053-370af55343d9 tempest-TestMinimumBasicScenario-958326247 tempest-TestMinimumBasicScenario-958326247-project] 10.222.0.33 "GET /v2.0/ports?device_id=afd041e5-b160-476c-a4aa-41f130e2eca2 HTTP/1.1" status: 200 len: 210 time: 0.0897105
Jul 13 17:11:37.476243 dv-osbrick-849324-3-iscsi neutron-server[104054]: DEBUG neutron_lib.callbacks.manager [req-320da080-b096-47e0-a3bd-c437bceb4eaf req-ce5d2d49-f9fa-4d81-a6f4-3dde8ab85b45 tempest-TestMinimumBasicScenario-958326247 tempest-TestMinimumBasicScenario-958326247-project] Publish callbacks [] for port (0427bb13-3140-4a40-a5a6-b6b6a36c1d70), precommit_create {{(pid=104054) _notify_loop /usr/local/lib/python3.8/dist-packages/neutron_lib/callbacks/manager.py:176}}
Jul 13 17:11:37.562481 dv-osbrick-849324-3-iscsi neutron-server[104054]: DEBUG neutron_lib.callbacks.manager [req-320da080-b096-47e0-a3bd-c437bceb4eaf req-ce5d2d49-f9fa-4d81-a6f4-3dde8ab85b45 tempest-TestMinimumBasicScenario-958326247 tempest-TestMinimumBasicScenario-958326247-project] Publish callbacks ['neutron.plugins.ml2.plugin.SecurityGroupServerNotifierRpcMixin._notify_sg_on_port_change-16388543', 'neutron.plugins.ml2.ovo_rpc._ObjectChangeHandler.handle_event-203570', 'neutron.api.rpc.agentnotifiers.dhcp_rpc_agent_api.DhcpAgentNotifyAPI._native_event_send_dhcp_notification-996838', 'neutron.db.l3_dvrscheduler_db._notify_l3_agent_new_port-8739225859557'] for port (0427bb13-3140-4a40-a5a6-b6b6a36c1d70), after_create {{(pid=104054) _notify_loop /usr/local/lib/python3.8/dist-packages/neutron_lib/callbacks/manager.py:176}}
Jul 13 17:11:37.587485 dv-osbrick-849324-3-iscsi neutron-server[104054]: DEBUG dbcounter [-] [104054] Writing DB stats neutron:SELECT=96,neutron:INSERT=3,neutron:UPDATE=1 {{(pid=104054) stat_writer /usr/local/lib/python3.8/dist-packages/dbcounter.py:114}}
Jul 13 17:11:37.665703 dv-osbrick-849324-3-iscsi neutron-server[104054]: DEBUG neutron.scheduler.dhcp_agent_scheduler [req-320da080-b096-47e0-a3bd-c437bceb4eaf req-ce5d2d49-f9fa-4d81-a6f4-3dde8ab85b45 tempest-TestMinimumBasicScenario-958326247 tempest-TestMinimumBasicScenario-958326247-project] Network e30d90d8-88fe-40f1-95ae-58049a33da22 is already hosted by enough agents. {{(pid=104054) _get_dhcp_agents_hosting_network /opt/stack/neutron/neutron/scheduler/dhcp_agent_scheduler.py:275}}
Jul 13 17:11:37.682248 dv-osbrick-849324-3-iscsi neutron-server[104054]: DEBUG neutron.scheduler.base_scheduler [req-320da080-b096-47e0-a3bd-c437bceb4eaf req-ce5d2d49-f9fa-4d81-a6f4-3dde8ab85b45 tempest-TestMinimumBasicScenario-958326247 tempest-TestMinimumBasicScenario-958326247-project] Resources bound (agent type, host, resource id): {{(pid=104054) schedule /opt/stack/neutron/neutron/scheduler/base_scheduler.py:57}}
Jul 13 17:11:37.690905 dv-osbrick-849324-3-iscsi neutron-server[104054]: DEBUG neutron.db.l3_dvrscheduler_db [req-320da080-b096-47e0-a3bd-c437bceb4eaf req-ce5d2d49-f9fa-4d81-a6f4-3dde8ab85b45 tempest-TestMinimumBasicScenario-958326247 tempest-TestMinimumBasicScenario-958326247-project] Received port after_create {{(pid=104054) _notify_l3_agent_new_port /opt/stack/neutron/neutron/db/l3_dvrscheduler_db.py:542}}
Jul 13 17:11:37.699130 dv-osbrick-849324-3-iscsi neutron-server[104054]: DEBUG neutron.pecan_wsgi.hooks.policy_enforcement [req-320da080-b096-47e0-a3bd-c437bceb4eaf req-ce5d2d49-f9fa-4d81-a6f4-3dde8ab85b45 tempest-TestMinimumBasicScenario-958326247 tempest-TestMinimumBasicScenario-958326247-project] Attributes excluded by policy engine: ['standard_attr_id', 'binding:profile', 'binding:host_id', 'binding:vif_type', 'binding:vif_details', 'network'] {{(pid=104054) _exclude_attributes_by_policy /opt/stack/neutron/neutron/pecan_wsgi/hooks/policy_enforcement.py:259}}
Jul 13 17:11:37.700074 dv-osbrick-849324-3-iscsi neutron-server[104054]: DEBUG neutron_lib.callbacks.manager [req-320da080-b096-47e0-a3bd-c437bceb4eaf req-ce5d2d49-f9fa-4d81-a6f4-3dde8ab85b45 tempest-TestMinimumBasicScenario-958326247 tempest-TestMinimumBasicScenario-958326247-project] Publish callbacks ['neutron.notifiers.nova.Notifier._send_nova_notification-133386', 'neutron.api.rpc.agentnotifiers.dhcp_rpc_agent_api.DhcpAgentNotifyAPI._send_dhcp_notification-996852'] for port (None), before_response {{(pid=104054) _notify_loop /usr/local/lib/python3.8/dist-packages/neutron_lib/callbacks/manager.py:176}}
Jul 13 17:11:37.754896 dv-osbrick-849324-3-iscsi neutron-server[104054]: INFO neutron.wsgi [req-320da080-b096-47e0-a3bd-c437bceb4eaf req-ce5d2d49-f9fa-4d81-a6f4-3dde8ab85b45 tempest-TestMinimumBasicScenario-958326247 tempest-TestMinimumBasicScenario-958326247-project] 10.222.0.67 "POST /v2.0/ports HTTP/1.1" status: 201 len: 933 time: 1.4554646
Jul 13 17:11:37.776211 dv-osbrick-849324-3-iscsi neutron-server[104054]: DEBUG neutron.api.rpc.handlers.resources_rpc [None req-ce5d2d49-f9fa-4d81-a6f4-3dde8ab85b45 tempest-TestMinimumBasicScenario-958326247 tempest-TestMinimumBasicScenario-958326247-project] Pushing event updated for resources: {'Port': ['ID=0427bb13-3140-4a40-a5a6-b6b6a36c1d70,revision_number=1']} {{(pid=104054) push /opt/stack/neutron/neutron/api/rpc/handlers/resources_rpc.py:237}}
Jul 13 17:11:38.043373 dv-osbrick-849324-3-iscsi neutron-server[104056]: DEBUG neutron.db.provisioning_blocks [None req-188bf743-dcf9-4360-8919-bd49e053b454 None None] Provisioning complete for port 0427bb13-3140-4a40-a5a6-b6b6a36c1d70 triggered by entity DHCP. {{(pid=104056) provisioning_complete /opt/stack/neutron/neutron/db/provisioning_blocks.py:145}}
Jul 13 17:11:38.044064 dv-osbrick-849324-3-iscsi neutron-server[104056]: DEBUG neutron_lib.callbacks.manager [None req-188bf743-dcf9-4360-8919-bd49e053b454 None None] Publish callbacks ['neutron.plugins.ml2.plugin.Ml2Plugin._port_provisioned-16362157'] for port (0427bb13-3140-4a40-a5a6-b6b6a36c1d70), provisioning_complete {{(pid=104056) _notify_loop /usr/local/lib/python3.8/dist-packages/neutron_lib/callbacks/manager.py:176}}
Jul 13 17:11:38.090260 dv-osbrick-849324-3-iscsi neutron-server[104056]: DEBUG neutron.plugins.ml2.plugin [None req-188bf743-dcf9-4360-8919-bd49e053b454 None None] Port 0427bb13-3140-4a40-a5a6-b6b6a36c1d70 cannot update to ACTIVE because it is not bound. {{(pid=104056) _port_provisioned /opt/stack/neutron/neutron/plugins/ml2/plugin.py:348}}
Jul 13 17:11:38.469077 dv-osbrick-849324-3-iscsi neutron-server[104054]: DEBUG neutron.pecan_wsgi.hooks.policy_enforcement [req-680c6c6d-99b8-42b3-8661-5bac8b10351b req-70c7883c-8016-4425-8fb8-b0dae66031fc tempest-TestMinimumBasicScenario-958326247 tempest-TestMinimumBasicScenario-958326247-project] Attributes excluded by policy engine: ['standard_attr_id', 'binding:profile', 'binding:host_id', 'binding:vif_type', 'binding:vif_details'] {{(pid=104054) _exclude_attributes_by_policy /opt/stack/neutron/neutron/pecan_wsgi/hooks/policy_enforcement.py:259}}
Jul 13 17:11:38.470882 dv-osbrick-849324-3-iscsi neutron-server[104054]: INFO neutron.wsgi [req-680c6c6d-99b8-42b3-8661-5bac8b10351b req-70c7883c-8016-4425-8fb8-b0dae66031fc tempest-TestMinimumBasicScenario-958326247 tempest-TestMinimumBasicScenario-958326247-project] 10.222.0.33 "GET /v2.0/ports?device_id=afd041e5-b160-476c-a4aa-41f130e2eca2 HTTP/1.1" status: 200 len: 931 time: 0.0712435
Jul 13 17:11:38.532186 dv-osbrick-849324-3-iscsi neutron-server[104054]: INFO neutron.wsgi [req-680c6c6d-99b8-42b3-8661-5bac8b10351b req-f478e55a-29f3-43eb-9e48-030d8b782e36 tempest-TestMinimumBasicScenario-958326247 tempest-TestMinimumBasicScenario-958326247-project] 10.222.0.33 "GET /v2.0/security-groups?id=81b908c6-5982-481e-b07d-a2acd9bd04f5&fields=id&fields=name HTTP/1.1" status: 200 len: 286 time: 0.0552244
Jul 13 17:11:39.669057 dv-osbrick-849324-3-iscsi neutron-server[104054]: DEBUG neutron.pecan_wsgi.hooks.policy_enforcement [req-f98709ac-e9d3-452b-a710-ac14b100e129 req-59ebc94a-7173-494d-8e12-bc02c451d401 tempest-TestMinimumBasicScenario-958326247 tempest-TestMinimumBasicScenario-958326247-project] Attributes excluded by policy engine: ['standard_attr_id', 'binding:profile', 'binding:host_id', 'binding:vif_type', 'binding:vif_details'] {{(pid=104054) _exclude_attributes_by_policy /opt/stack/neutron/neutron/pecan_wsgi/hooks/policy_enforcement.py:259}}
Jul 13 17:11:39.677118 dv-osbrick-849324-3-iscsi neutron-server[104054]: INFO neutron.wsgi [req-f98709ac-e9d3-452b-a710-ac14b100e129 req-59ebc94a-7173-494d-8e12-bc02c451d401 tempest-TestMinimumBasicScenario-958326247 tempest-TestMinimumBasicScenario-958326247-project] 10.222.0.33 "GET /v2.0/ports?device_id=afd041e5-b160-476c-a4aa-41f130e2eca2 HTTP/1.1" status: 200 len: 931 time: 0.0715790
Jul 13 17:11:39.744809 dv-osbrick-849324-3-iscsi neutron-server[104054]: INFO neutron.wsgi [req-f98709ac-e9d3-452b-a710-ac14b100e129 req-4e91adbf-aecd-4d17-b223-542adf250e39 tempest-TestMinimumBasicScenario-958326247 tempest-TestMinimumBasicScenario-958326247-project] 10.222.0.33 "GET /v2.0/security-groups?id=81b908c6-5982-481e-b07d-a2acd9bd04f5&fields=id&fields=name HTTP/1.1" status: 200 len: 286 time: 0.0667763
Jul 13 17:11:40.875770 dv-osbrick-849324-3-iscsi neutron-server[104054]: DEBUG neutron.pecan_wsgi.hooks.policy_enforcement [req-ec96dd75-4dde-49d2-99f2-b51398886f5c req-21f61223-f585-4b3a-bbb0-f34f2d8dd193 tempest-TestMinimumBasicScenario-958326247 tempest-TestMinimumBasicScenario-958326247-project] Attributes excluded by policy engine: ['standard_attr_id', 'binding:profile', 'binding:host_id', 'binding:vif_type', 'binding:vif_details'] {{(pid=104054) _exclude_attributes_by_policy /opt/stack/neutron/neutron/pecan_wsgi/hooks/policy_enforcement.py:259}}
Jul 13 17:11:40.877246 dv-osbrick-849324-3-iscsi neutron-server[104054]: INFO neutron.wsgi [req-ec96dd75-4dde-49d2-99f2-b51398886f5c req-21f61223-f585-4b3a-bbb0-f34f2d8dd193 tempest-TestMinimumBasicScenario-958326247 tempest-TestMinimumBasicScenario-958326247-project] 10.222.0.33 "GET /v2.0/ports?device_id=afd041e5-b160-476c-a4aa-41f130e2eca2 HTTP/1.1" status: 200 len: 931 time: 0.0586076
Jul 13 17:11:40.929630 dv-osbrick-849324-3-iscsi neutron-server[104054]: INFO neutron.wsgi [req-ec96dd75-4dde-49d2-99f2-b51398886f5c req-ed531ad3-e562-4d8e-8cfd-39477b4d930d tempest-TestMinimumBasicScenario-958326247 tempest-TestMinimumBasicScenario-958326247-project] 10.222.0.33 "GET /v2.0/security-groups?id=81b908c6-5982-481e-b07d-a2acd9bd04f5&fields=id&fields=name HTTP/1.1" status: 200 len: 286 time: 0.0462794
Jul 13 17:11:42.081846 dv-osbrick-849324-3-iscsi neutron-server[104054]: DEBUG neutron.pecan_wsgi.hooks.policy_enforcement [req-5b076b1d-ae99-4a75-bcae-151fbba675ff req-434da05e-545c-40ea-9313-4571b23734a8 tempest-TestMinimumBasicScenario-958326247 tempest-TestMinimumBasicScenario-958326247-project] Attributes excluded by policy engine: ['standard_attr_id', 'binding:profile', 'binding:host_id', 'binding:vif_type', 'binding:vif_details'] {{(pid=104054) _exclude_attributes_by_policy /opt/stack/neutron/neutron/pecan_wsgi/hooks/policy_enforcement.py:259}}
Jul 13 17:11:42.083507 dv-osbrick-849324-3-iscsi neutron-server[104054]: INFO neutron.wsgi [req-5b076b1d-ae99-4a75-bcae-151fbba675ff req-434da05e-545c-40ea-9313-4571b23734a8 tempest-TestMinimumBasicScenario-958326247 tempest-TestMinimumBasicScenario-958326247-project] 10.222.0.33 "GET /v2.0/ports?device_id=afd041e5-b160-476c-a4aa-41f130e2eca2 HTTP/1.1" status: 200 len: 931 time: 0.0599458
Jul 13 17:11:42.140129 dv-osbrick-849324-3-iscsi neutron-server[104054]: INFO neutron.wsgi [req-5b076b1d-ae99-4a75-bcae-151fbba675ff req-5d1cc9b0-dd64-459e-8720-5d0236a17080 tempest-TestMinimumBasicScenario-958326247 tempest-TestMinimumBasicScenario-958326247-project] 10.222.0.33 "GET /v2.0/security-groups?id=81b908c6-5982-481e-b07d-a2acd9bd04f5&fields=id&fields=name HTTP/1.1" status: 200 len: 286 time: 0.0496702
Jul 13 17:11:42.972170 dv-osbrick-849324-3-iscsi neutron-server[104057]: DEBUG dbcounter [-] [104057] Writing DB stats neutron:SELECT=11 {{(pid=104057) stat_writer /usr/local/lib/python3.8/dist-packages/dbcounter.py:114}}
Jul 13 17:11:43.264997 dv-osbrick-849324-3-iscsi neutron-server[104054]: DEBUG neutron.pecan_wsgi.hooks.policy_enforcement [req-2649f2f4-29f7-4839-b1d1-8f4f54ce9c94 req-7deac5aa-a9e1-47da-af17-5fec82c5ddff tempest-TestMinimumBasicScenario-958326247 tempest-TestMinimumBasicScenario-958326247-project] Attributes excluded by policy engine: ['standard_attr_id', 'binding:profile', 'binding:host_id', 'binding:vif_type', 'binding:vif_details'] {{(pid=104054) _exclude_attributes_by_policy /opt/stack/neutron/neutron/pecan_wsgi/hooks/policy_enforcement.py:259}}
Jul 13 17:11:43.266705 dv-osbrick-849324-3-iscsi neutron-server[104054]: INFO neutron.wsgi [req-2649f2f4-29f7-4839-b1d1-8f4f54ce9c94 req-7deac5aa-a9e1-47da-af17-5fec82c5ddff tempest-TestMinimumBasicScenario-958326247 tempest-TestMinimumBasicScenario-958326247-project] 10.222.0.33 "GET /v2.0/ports?device_id=afd041e5-b160-476c-a4aa-41f130e2eca2 HTTP/1.1" status: 200 len: 931 time: 0.0521398
Jul 13 17:11:43.319690 dv-osbrick-849324-3-iscsi neutron-server[104054]: INFO neutron.wsgi [req-2649f2f4-29f7-4839-b1d1-8f4f54ce9c94 req-ac3a172c-6585-44d3-b19e-6c7082320b72 tempest-TestMinimumBasicScenario-958326247 tempest-TestMinimumBasicScenario-958326247-project] 10.222.0.33 "GET /v2.0/security-groups?id=81b908c6-5982-481e-b07d-a2acd9bd04f5&fields=id&fields=name HTTP/1.1" status: 200 len: 286 time: 0.0463493
Jul 13 17:11:44.294096 dv-osbrick-849324-3-iscsi neutron-server[104057]: DEBUG dbcounter [-] [104057] Writing DB stats neutron:SELECT=37 {{(pid=104057) stat_writer /usr/local/lib/python3.8/dist-packages/dbcounter.py:114}}
Jul 13 17:11:44.433681 dv-osbrick-849324-3-iscsi neutron-server[104054]: DEBUG neutron.pecan_wsgi.hooks.policy_enforcement [req-35df654c-d3cb-4d12-931a-004227ca51b6 req-7ce75691-7fb4-4a69-96fe-01f4c5e40b6f tempest-TestMinimumBasicScenario-958326247 tempest-TestMinimumBasicScenario-958326247-project] Attributes excluded by policy engine: ['standard_attr_id', 'binding:profile', 'binding:host_id', 'binding:vif_type', 'binding:vif_details'] {{(pid=104054) _exclude_attributes_by_policy /opt/stack/neutron/neutron/pecan_wsgi/hooks/policy_enforcement.py:259}}
Jul 13 17:11:44.435058 dv-osbrick-849324-3-iscsi neutron-server[104054]: INFO neutron.wsgi [req-35df654c-d3cb-4d12-931a-004227ca51b6 req-7ce75691-7fb4-4a69-96fe-01f4c5e40b6f tempest-TestMinimumBasicScenario-958326247 tempest-TestMinimumBasicScenario-958326247-project] 10.222.0.33 "GET /v2.0/ports?device_id=afd041e5-b160-476c-a4aa-41f130e2eca2 HTTP/1.1" status: 200 len: 931 time: 0.0462749
Jul 13 17:11:44.483903 dv-osbrick-849324-3-iscsi neutron-server[104054]: INFO neutron.wsgi [req-35df654c-d3cb-4d12-931a-004227ca51b6 req-ca818462-f350-4337-8360-abb71f2a91d6 tempest-TestMinimumBasicScenario-958326247 tempest-TestMinimumBasicScenario-958326247-project] 10.222.0.33 "GET /v2.0/security-groups?id=81b908c6-5982-481e-b07d-a2acd9bd04f5&fields=id&fields=name HTTP/1.1" status: 200 len: 286 time: 0.0432377
Jul 13 17:11:44.526611 dv-osbrick-849324-3-iscsi neutron-server[104056]: DEBUG neutron_lib.callbacks.manager [None req-dd615906-cfca-48a9-8655-cd185e2a80bd None None] Publish callbacks ['neutron.services.segments.db._update_segment_host_mapping_for_agent-8739226292785', 'neutron.plugins.ml2.plugin.Ml2Plugin._retry_binding_revived_agents-16362183'] for agent (69e18ca2-0a63-4fe8-841c-ce960446290a), after_update {{(pid=104056) _notify_loop /usr/local/lib/python3.8/dist-packages/neutron_lib/callbacks/manager.py:176}}
Jul 13 17:11:44.824081 dv-osbrick-849324-3-iscsi neutron-server[104054]: DEBUG neutron.wsgi [req-320da080-b096-47e0-a3bd-c437bceb4eaf req-f9eb1c7e-0134-444b-bd02-b5fc891bad1f tempest-TestMinimumBasicScenario-958326247 tempest-TestMinimumBasicScenario-958326247-project] http://10.222.0.33:9696/v2.0/extensions returned with HTTP 200 {{(pid=104054) __call__ /opt/stack/neutron/neutron/wsgi.py:730}}
Jul 13 17:11:44.825453 dv-osbrick-849324-3-iscsi neutron-server[104054]: INFO neutron.wsgi [req-320da080-b096-47e0-a3bd-c437bceb4eaf req-f9eb1c7e-0134-444b-bd02-b5fc891bad1f tempest-TestMinimumBasicScenario-958326247 tempest-TestMinimumBasicScenario-958326247-project] 10.222.0.67 "GET /v2.0/extensions HTTP/1.1" status: 200 len: 14320 time: 0.0061874
Jul 13 17:11:44.925495 dv-osbrick-849324-3-iscsi neutron-server[104054]: DEBUG neutron.api.v2.base [req-320da080-b096-47e0-a3bd-c437bceb4eaf req-bae1a250-a97f-486b-9248-8ef936401e6c service neutron] Request body: {'port': {'device_id': 'afd041e5-b160-476c-a4aa-41f130e2eca2', 'device_owner': 'compute:nova', 'binding:host_id': 'hv-osbrick-8493'}} {{(pid=104054) prepare_request_body /opt/stack/neutron/neutron/api/v2/base.py:730}}
Jul 13 17:11:44.983405 dv-osbrick-849324-3-iscsi neutron-server[104054]: DEBUG neutron_lib.callbacks.manager [req-320da080-b096-47e0-a3bd-c437bceb4eaf req-bae1a250-a97f-486b-9248-8ef936401e6c service neutron] Publish callbacks ['neutron.plugins.ml2.plugin.SecurityGroupDbMixin._ensure_default_security_group_handler-16388988'] for port (0427bb13-3140-4a40-a5a6-b6b6a36c1d70), before_update {{(pid=104054) _notify_loop /usr/local/lib/python3.8/dist-packages/neutron_lib/callbacks/manager.py:176}}
Jul 13 17:11:45.027171 dv-osbrick-849324-3-iscsi neutron-server[104056]: DEBUG neutron_lib.callbacks.manager [None req-f807cccf-abb9-48c7-9428-949d1435c428 None None] Publish callbacks ['neutron.services.segments.db._update_segment_host_mapping_for_agent-8739226292785', 'neutron.plugins.ml2.plugin.Ml2Plugin._retry_binding_revived_agents-16362183'] for agent (3c9f780e-6700-47b2-b816-99e0583ccba8), after_update {{(pid=104056) _notify_loop /usr/local/lib/python3.8/dist-packages/neutron_lib/callbacks/manager.py:176}}
Jul 13 17:11:45.027500 dv-osbrick-849324-3-iscsi neutron-server[104054]: DEBUG dbcounter [-] [104054] Writing DB stats neutron:SELECT=97,neutron:INSERT=1,neutron:DELETE=2 {{(pid=104054) stat_writer /usr/local/lib/python3.8/dist-packages/dbcounter.py:114}}
Jul 13 17:11:45.287754 dv-osbrick-849324-3-iscsi neutron-server[104054]: DEBUG neutron.notifiers.nova [req-320da080-b096-47e0-a3bd-c437bceb4eaf req-bae1a250-a97f-486b-9248-8ef936401e6c service neutron] Ignoring state change previous_port_status: DOWN current_port_status: DOWN port_id 0427bb13-3140-4a40-a5a6-b6b6a36c1d70 {{(pid=104054) record_port_status_changed /opt/stack/neutron/neutron/notifiers/nova.py:233}}
Jul 13 17:11:45.295676 dv-osbrick-849324-3-iscsi neutron-server[104054]: DEBUG neutron_lib.callbacks.manager [req-320da080-b096-47e0-a3bd-c437bceb4eaf req-bae1a250-a97f-486b-9248-8ef936401e6c service neutron] Publish callbacks [] for port (0427bb13-3140-4a40-a5a6-b6b6a36c1d70), precommit_update {{(pid=104054) _notify_loop /usr/local/lib/python3.8/dist-packages/neutron_lib/callbacks/manager.py:176}}
