Traceback (most recent call last):
Jul 27 19:09:24.518169 dv-osbrick-849020-4-ceph devstack@keystone.service[87167]: ERROR keystone.server.flask.application
File "/usr/local/lib/python3.8/dist-packages/flask/app.py", line 1517, in full_dispatch_request
Jul 27 19:09:24.518169 dv-osbrick-849020-4-ceph devstack@keystone.service[87167]: ERROR keystone.server.flask.application rv = self.dispatch_request()
Jul 27 19:09:24.518169 dv-osbrick-849020-4-ceph devstack@keystone.service[87167]: ERROR keystone.server.flask.application
File "/usr/local/lib/python3.8/dist-packages/flask/app.py", line 1503, in dispatch_request
Jul 27 19:09:24.518169 dv-osbrick-849020-4-ceph devstack@keystone.service[87167]: ERROR keystone.server.flask.application return self.ensure_sync(self.view_functions[rule.endpoint])(**req.view_args)
Jul 27 19:09:24.518169 dv-osbrick-849020-4-ceph devstack@keystone.service[87167]: ERROR keystone.server.flask.application
File "/usr/local/lib/python3.8/dist-packages/flask_restful/__init__.py", line 467, in wrapper
Jul 27 19:09:24.518169 dv-osbrick-849020-4-ceph devstack@keystone.service[87167]: ERROR keystone.server.flask.application resp = resource(*args, **kwargs)
Jul 27 19:09:24.518169 dv-osbrick-849020-4-ceph devstack@keystone.service[87167]: ERROR keystone.server.flask.application
File "/usr/local/lib/python3.8/dist-packages/flask/views.py", line 84, in view
Jul 27 19:09:24.518169 dv-osbrick-849020-4-ceph devstack@keystone.service[87167]: ERROR keystone.server.flask.application return current_app.ensure_sync(self.dispatch_request)(*args, **kwargs)
Jul 27 19:09:24.518169 dv-osbrick-849020-4-ceph devstack@keystone.service[87167]: ERROR keystone.server.flask.application
File "/usr/local/lib/python3.8/dist-packages/flask_restful/__init__.py", line 582, in dispatch_request
Jul 27 19:09:24.518169 dv-osbrick-849020-4-ceph devstack@keystone.service[87167]: ERROR keystone.server.flask.application resp = meth(*args, **kwargs)
Jul 27 19:09:24.518169 dv-osbrick-849020-4-ceph devstack@keystone.service[87167]: ERROR keystone.server.flask.application
File "/opt/stack/keystone/keystone/api/roles.py", line 50, in get
Jul 27 19:09:24.518169 dv-osbrick-849020-4-ceph devstack@keystone.service[87167]: ERROR keystone.server.flask.application return self._get_role(role_id)
Jul 27 19:09:24.518169 dv-osbrick-849020-4-ceph devstack@keystone.service[87167]: ERROR keystone.server.flask.application
File "/opt/stack/keystone/keystone/api/roles.py", line 70, in _get_role
Jul 27 19:09:24.518169 dv-osbrick-849020-4-ceph devstack@keystone.service[87167]: ERROR keystone.server.flask.application ENFORCER.enforce_call(action='identity:get_role')
Jul 27 19:09:24.519106 dv-osbrick-849020-4-ceph devstack@keystone.service[87167]: ERROR keystone.server.flask.application
File "/opt/stack/keystone/keystone/common/rbac_enforcer/enforcer.py", line 402, in enforce_call
Jul 27 19:09:24.519106 dv-osbrick-849020-4-ceph devstack@keystone.service[87167]: ERROR keystone.server.flask.application policy_dict.update(cls._extract_member_target_data(
Jul 27 19:09:24.519106 dv-osbrick-849020-4-ceph devstack@keystone.service[87167]: ERROR keystone.server.flask.application
File "/opt/stack/keystone/keystone/common/rbac_enforcer/enforcer.py", line 234, in _extract_member_target_data
Jul 27 19:09:24.519106 dv-osbrick-849020-4-ceph devstack@keystone.service[87167]: ERROR keystone.server.flask.application member_name: func(flask.request.view_args[key])
Jul 27 19:09:24.519106 dv-osbrick-849020-4-ceph devstack@keystone.service[87167]: ERROR keystone.server.flask.application
File "/opt/stack/keystone/keystone/common/manager.py", line 115, in wrapped
Jul 27 19:09:24.519106 dv-osbrick-849020-4-ceph devstack@keystone.service[87167]: ERROR keystone.server.flask.application __ret_val = __f(*args, **kwargs)
Jul 27 19:09:24.519106 dv-osbrick-849020-4-ceph devstack@keystone.service[87167]: ERROR keystone.server.flask.application
File "/usr/local/lib/python3.8/dist-packages/decorator.py", line 232, in fun
Jul 27 19:09:24.519106 dv-osbrick-849020-4-ceph devstack@keystone.service[87167]: ERROR keystone.server.flask.application return caller(func, *(extras + args), **kw)
Jul 27 19:09:24.519106 dv-osbrick-849020-4-ceph devstack@keystone.service[87167]: ERROR keystone.server.flask.application
File "/usr/local/lib/python3.8/dist-packages/dogpile/cache/region.py", line 1577, in get_or_create_for_user_func
Jul 27 19:09:24.519106 dv-osbrick-849020-4-ceph devstack@keystone.service[87167]: ERROR keystone.server.flask.application return self.get_or_create(
Jul 27 19:09:24.519106 dv-osbrick-849020-4-ceph devstack@keystone.service[87167]: ERROR keystone.server.flask.application
File "/usr/local/lib/python3.8/dist-packages/dogpile/cache/region.py", line 1042, in get_or_create
Jul 27 19:09:24.519106 dv-osbrick-849020-4-ceph devstack@keystone.service[87167]: ERROR keystone.server.flask.application with Lock(
Jul 27 19:09:24.519106 dv-osbrick-849020-4-ceph devstack@keystone.service[87167]: ERROR keystone.server.flask.application
File "/usr/local/lib/python3.8/dist-packages/dogpile/lock.py", line 185, in __enter__
Jul 27 19:09:24.519106 dv-osbrick-849020-4-ceph devstack@keystone.service[87167]: ERROR keystone.server.flask.application return self._enter()
Jul 27 19:09:24.519106 dv-osbrick-849020-4-ceph devstack@keystone.service[87167]: ERROR keystone.server.flask.application
File "/usr/local/lib/python3.8/dist-packages/dogpile/lock.py", line 94, in _enter
Jul 27 19:09:24.519106 dv-osbrick-849020-4-ceph devstack@keystone.service[87167]: ERROR keystone.server.flask.application generated = self._enter_create(value, createdtime)
Jul 27 19:09:24.519901 dv-osbrick-849020-4-ceph devstack@keystone.service[87167]: ERROR keystone.server.flask.application
File "/usr/local/lib/python3.8/dist-packages/dogpile/lock.py", line 178, in _enter_create
Jul 27 19:09:24.519901 dv-osbrick-849020-4-ceph devstack@keystone.service[87167]: ERROR keystone.server.flask.application return self.creator()
Jul 27 19:09:24.519901 dv-osbrick-849020-4-ceph devstack@keystone.service[87167]: ERROR keystone.server.flask.application
File "/usr/local/lib/python3.8/dist-packages/dogpile/cache/region.py", line 995, in gen_value
Jul 27 19:09:24.519901 dv-osbrick-849020-4-ceph devstack@keystone.service[87167]: ERROR keystone.server.flask.application created_value = creator(
Jul 27 19:09:24.519901 dv-osbrick-849020-4-ceph devstack@keystone.service[87167]: ERROR keystone.server.flask.application
File "/opt/stack/keystone/keystone/assignment/core.py", line 1276, in get_role
Jul 27 19:09:24.519901 dv-osbrick-849020-4-ceph devstack@keystone.service[87167]: ERROR keystone.server.flask.application return self.driver.get_role(role_id)
Jul 27 19:09:24.519901 dv-osbrick-849020-4-ceph devstack@keystone.service[87167]: ERROR keystone.server.flask.application
File "/opt/stack/keystone/keystone/assignment/role_backends/sql.py", line 70, in get_role
Jul 27 19:09:24.519901 dv-osbrick-849020-4-ceph devstack@keystone.service[87167]: ERROR keystone.server.flask.application return self._get_role(session, role_id).to_dict()
Jul 27 19:09:24.519901 dv-osbrick-849020-4-ceph devstack@keystone.service[87167]: ERROR keystone.server.flask.application
File "/opt/stack/keystone/keystone/assignment/role_backends/sql.py", line 65, in _get_role
Jul 27 19:09:24.519901 dv-osbrick-849020-4-ceph devstack@keystone.service[87167]: ERROR keystone.server.flask.application raise exception.RoleNotFound(role_id=role_id)
Jul 27 19:09:24.519901 dv-osbrick-849020-4-ceph devstack@keystone.service[87167]: ERROR keystone.server.flask.application keystone.exception.RoleNotFound: Could not find role: member.
Jul 27 19:09:24.519901 dv-osbrick-849020-4-ceph devstack@keystone.service[87167]: ERROR keystone.server.flask.application
Jul 27 19:09:24.522552 dv-osbrick-849020-4-ceph devstack@keystone.service[87167]: [pid: 87167|app: 0|req: 136/273] 10.222.0.71 () {56 vars in 1099 bytes} [Wed Jul 27 19:09:24 2022] GET /identity/v3/roles/member => generated 84 bytes in 205 msecs (HTTP/1.1 404) 5 headers in 183 bytes (2 switches on core 0)
Jul 27 19:09:24.527678 dv-osbrick-849020-4-ceph devstack@keystone.service[87166]: [pid: 87166|app: 0|req: 138/274] 10.222.0.71 () {58 vars in 1023 bytes} [Wed Jul 27 19:09:24 2022] POST /identity/v3/auth/tokens => generated 799 bytes in 246 msecs (HTTP/1.1 201) 6 headers in 363 bytes (2 switches on core 0)
Jul 27 19:09:24.529705 dv-osbrick-849020-4-ceph devstack@keystone.service[87167]: DEBUG keystone.server.flask.request_processing.middleware.auth_context [None req-fd627cab-5042-4210-9972-a5a5233715f5 None admin] Authenticating user token {{(pid=87167) process_request /usr/local/lib/python3.8/dist-packages/keystonemiddleware/auth_token/__init__.py:407}}
Jul 27 19:09:24.547762 dv-osbrick-849020-4-ceph devstack@keystone.service[87167]: DEBUG dbcounter [-] [87167] Writing DB stats keystone:SELECT=100 {{(pid=87167) stat_writer /usr/local/lib/python3.8/dist-packages/dbcounter.py:114}}
Jul 27 19:09:24.557905 dv-osbrick-849020-4-ceph devstack@keystone.service[87166]: DEBUG keystone.server.flask.request_processing.middleware.auth_context [None req-bc7f3f07-c62a-4c69-973f-9e5d31a1a2ab None None] Authenticating user token {{(pid=87166) process_request /usr/local/lib/python3.8/dist-packages/keystonemiddleware/auth_token/__init__.py:407}}
Jul 27 19:09:24.646691 dv-osbrick-849020-4-ceph devstack@keystone.service[87167]: DEBUG keystone.server.flask.request_processing.middleware.auth_context [None req-fd627cab-5042-4210-9972-a5a5233715f5 None admin] Validating token access rules against request {{(pid=87167) validate_allowed_request /usr/local/lib/python3.8/dist-packages/keystonemiddleware/auth_token/__init__.py:545}}
Jul 27 19:09:24.663989 dv-osbrick-849020-4-ceph devstack@keystone.service[87166]: DEBUG keystone.server.flask.request_processing.middleware.auth_context [None req-bc7f3f07-c62a-4c69-973f-9e5d31a1a2ab None None] Validating token access rules against request {{(pid=87166) validate_allowed_request /usr/local/lib/python3.8/dist-packages/keystonemiddleware/auth_token/__init__.py:545}}
Jul 27 19:09:24.690895 dv-osbrick-849020-4-ceph devstack@keystone.service[87167]: DEBUG keystone.server.flask.request_processing.middleware.auth_context [None req-ece6c353-4b2c-4c47-a025-63b747c5520e None admin] RBAC: auth_context: {'token': , 'domain_id': None, 'trust_id': None, 'trustor_id': None, 'trustee_id': None, 'domain_name': None, 'group_ids': [], 'user_id': '9411e66c17864f3a88f0f7077545cca2', 'user_domain_id': 'default', 'system_scope': 'all', 'project_id': None, 'project_domain_id': None, 'roles': ['admin', 'member', 'reader'], 'is_admin_project': True, 'service_user_id': None, 'service_user_domain_id': None, 'service_project_id': None, 'service_project_domain_id': None, 'service_roles': []} {{(pid=87167) fill_context /opt/stack/keystone/keystone/server/flask/request_processing/middleware/auth_context.py:478}}
Jul 27 19:09:24.692063 dv-osbrick-849020-4-ceph devstack@keystone.service[87167]: DEBUG keystone.server.flask.request_processing.req_logging [None req-ece6c353-4b2c-4c47-a025-63b747c5520e None admin] REQUEST_METHOD: `GET` {{(pid=87167) log_request_info /opt/stack/keystone/keystone/server/flask/request_processing/req_logging.py:27}}
Jul 27 19:09:24.692642 dv-osbrick-849020-4-ceph devstack@keystone.service[87167]: DEBUG keystone.server.flask.request_processing.req_logging [None req-ece6c353-4b2c-4c47-a025-63b747c5520e None admin] SCRIPT_NAME: `/identity` {{(pid=87167) log_request_info /opt/stack/keystone/keystone/server/flask/request_processing/req_logging.py:28}}
Jul 27 19:09:24.693126 dv-osbrick-849020-4-ceph devstack@keystone.service[87167]: DEBUG keystone.server.flask.request_processing.req_logging [None req-ece6c353-4b2c-4c47-a025-63b747c5520e None admin] PATH_INFO: `/v3/roles` {{(pid=87167) log_request_info /opt/stack/keystone/keystone/server/flask/request_processing/req_logging.py:29}}
Jul 27 19:09:24.694117 dv-osbrick-849020-4-ceph devstack@keystone.service[87167]: DEBUG keystone.common.rbac_enforcer.enforcer [None req-ece6c353-4b2c-4c47-a025-63b747c5520e None admin] RBAC: Adding query filter params (name=member) {{(pid=87167) _extract_filter_values /opt/stack/keystone/keystone/common/rbac_enforcer/enforcer.py:167}}
Jul 27 19:09:24.694642 dv-osbrick-849020-4-ceph devstack@keystone.service[87167]: DEBUG keystone.common.rbac_enforcer.enforcer [None req-ece6c353-4b2c-4c47-a025-63b747c5520e None admin] RBAC: Authorizing `identity:list_roles()` {{(pid=87167) enforce_call /opt/stack/keystone/keystone/common/rbac_enforcer/enforcer.py:449}}
Jul 27 19:09:24.696452 dv-osbrick-849020-4-ceph devstack@keystone.service[87167]: DEBUG keystone.common.rbac_enforcer.enforcer [None req-ece6c353-4b2c-4c47-a025-63b747c5520e None admin] RBAC: Authorization granted {{(pid=87167) enforce_call /opt/stack/keystone/keystone/common/rbac_enforcer/enforcer.py:457}}
Jul 27 19:09:24.707906 dv-osbrick-849020-4-ceph devstack@keystone.service[87167]: [pid: 87167|app: 0|req: 137/275] 10.222.0.71 () {56 vars in 1101 bytes} [Wed Jul 27 19:09:24 2022] GET /identity/v3/roles?name=member => generated 341 bytes in 178 msecs (HTTP/1.1 200) 5 headers in 177 bytes (1 switches on core 0)
Jul 27 19:09:24.713194 dv-osbrick-849020-4-ceph devstack@keystone.service[87167]: DEBUG keystone.server.flask.request_processing.middleware.auth_context [None req-ece6c353-4b2c-4c47-a025-63b747c5520e None admin] Authenticating user token {{(pid=87167) process_request /usr/local/lib/python3.8/dist-packages/keystonemiddleware/auth_token/__init__.py:407}}
Jul 27 19:09:24.719182 dv-osbrick-849020-4-ceph devstack@keystone.service[87166]: DEBUG keystone.server.flask.request_processing.middleware.auth_context [None req-679a6516-2c5b-4783-bb13-61abfb99d4d5 None admin] RBAC: auth_context: {'token': , 'domain_id': None, 'trust_id': None, 'trustor_id': None, 'trustee_id': None, 'domain_name': None, 'group_ids': [], 'user_id': '9411e66c17864f3a88f0f7077545cca2', 'user_domain_id': 'default', 'system_scope': 'all', 'project_id': None, 'project_domain_id': None, 'roles': ['admin', 'member', 'reader'], 'is_admin_project': True, 'service_user_id': None, 'service_user_domain_id': None, 'service_project_id': None, 'service_project_domain_id': None, 'service_roles': []} {{(pid=87166) fill_context /opt/stack/keystone/keystone/server/flask/request_processing/middleware/auth_context.py:478}}
Jul 27 19:09:24.720013 dv-osbrick-849020-4-ceph devstack@keystone.service[87166]: DEBUG keystone.server.flask.request_processing.req_logging [None req-679a6516-2c5b-4783-bb13-61abfb99d4d5 None admin] REQUEST_METHOD: `GET` {{(pid=87166) log_request_info /opt/stack/keystone/keystone/server/flask/request_processing/req_logging.py:27}}
Jul 27 19:09:24.720390 dv-osbrick-849020-4-ceph devstack@keystone.service[87166]: DEBUG keystone.server.flask.request_processing.req_logging [None req-679a6516-2c5b-4783-bb13-61abfb99d4d5 None admin] SCRIPT_NAME: `/identity` {{(pid=87166) log_request_info /opt/stack/keystone/keystone/server/flask/request_processing/req_logging.py:28}}
Jul 27 19:09:24.720760 dv-osbrick-849020-4-ceph devstack@keystone.service[87166]: DEBUG keystone.server.flask.request_processing.req_logging [None req-679a6516-2c5b-4783-bb13-61abfb99d4d5 None admin] PATH_INFO: `/v3/domains/default` {{(pid=87166) log_request_info /opt/stack/keystone/keystone/server/flask/request_processing/req_logging.py:29}}
Jul 27 19:09:24.722212 dv-osbrick-849020-4-ceph devstack@keystone.service[87166]: DEBUG keystone.common.rbac_enforcer.enforcer [None req-679a6516-2c5b-4783-bb13-61abfb99d4d5 None admin] RBAC: Authorizing `identity:get_domain(domain_id=default)` {{(pid=87166) enforce_call /opt/stack/keystone/keystone/common/rbac_enforcer/enforcer.py:449}}
Jul 27 19:09:24.723909 dv-osbrick-849020-4-ceph devstack@keystone.service[87166]: DEBUG keystone.common.rbac_enforcer.enforcer [None req-679a6516-2c5b-4783-bb13-61abfb99d4d5 None admin] RBAC: Authorization granted {{(pid=87166) enforce_call /opt/stack/keystone/keystone/common/rbac_enforcer/enforcer.py:457}}
Jul 27 19:09:24.736966 dv-osbrick-849020-4-ceph devstack@keystone.service[87166]: [pid: 87166|app: 0|req: 139/276] 10.222.0.71 () {56 vars in 1108 bytes} [Wed Jul 27 19:09:24 2022] GET /identity/v3/domains/default => generated 199 bytes in 179 msecs (HTTP/1.1 200) 5 headers in 177 bytes (1 switches on core 0)
Jul 27 19:09:24.747341 dv-osbrick-849020-4-ceph devstack@keystone.service[87166]: DEBUG keystone.server.flask.request_processing.middleware.auth_context [None req-679a6516-2c5b-4783-bb13-61abfb99d4d5 None admin] Authenticating user token {{(pid=87166) process_request /usr/local/lib/python3.8/dist-packages/keystonemiddleware/auth_token/__init__.py:407}}
Jul 27 19:09:24.803399 dv-osbrick-849020-4-ceph devstack@keystone.service[87166]: DEBUG dbcounter [-] [87166] Writing DB stats keystone:SELECT=100 {{(pid=87166) stat_writer /usr/local/lib/python3.8/dist-packages/dbcounter.py:114}}
Jul 27 19:09:24.829541 dv-osbrick-849020-4-ceph devstack@keystone.service[87167]: DEBUG dbcounter [-] [87167] Writing DB stats keystone:SELECT=100 {{(pid=87167) stat_writer /usr/local/lib/python3.8/dist-packages/dbcounter.py:114}}
Jul 27 19:09:24.866228 dv-osbrick-849020-4-ceph devstack@keystone.service[87167]: DEBUG keystone.server.flask.request_processing.middleware.auth_context [None req-ece6c353-4b2c-4c47-a025-63b747c5520e None admin] Validating token access rules against request {{(pid=87167) validate_allowed_request /usr/local/lib/python3.8/dist-packages/keystonemiddleware/auth_token/__init__.py:545}}
Jul 27 19:09:24.875297 dv-osbrick-849020-4-ceph devstack@keystone.service[87166]: DEBUG keystone.server.flask.request_processing.middleware.auth_context [None req-679a6516-2c5b-4783-bb13-61abfb99d4d5 None admin] Validating token access rules against request {{(pid=87166) validate_allowed_request /usr/local/lib/python3.8/dist-packages/keystonemiddleware/auth_token/__init__.py:545}}
Jul 27 19:09:24.914417 dv-osbrick-849020-4-ceph devstack@keystone.service[87167]: DEBUG keystone.server.flask.request_processing.middleware.auth_context [None req-1ffd9225-b2d9-4407-bc2d-53a22d803489 None admin] RBAC: auth_context: {'token': , 'domain_id': None, 'trust_id': None, 'trustor_id': None, 'trustee_id': None, 'domain_name': None, 'group_ids': [], 'user_id': '9411e66c17864f3a88f0f7077545cca2', 'user_domain_id': 'default', 'system_scope': 'all', 'project_id': None, 'project_domain_id': None, 'roles': ['admin', 'member', 'reader'], 'is_admin_project': True, 'service_user_id': None, 'service_user_domain_id': None, 'service_project_id': None, 'service_project_domain_id': None, 'service_roles': []} {{(pid=87167) fill_context /opt/stack/keystone/keystone/server/flask/request_processing/middleware/auth_context.py:478}}
Jul 27 19:09:24.915173 dv-osbrick-849020-4-ceph devstack@keystone.service[87167]: DEBUG keystone.server.flask.request_processing.req_logging [None req-1ffd9225-b2d9-4407-bc2d-53a22d803489 None admin] REQUEST_METHOD: `GET` {{(pid=87167) log_request_info /opt/stack/keystone/keystone/server/flask/request_processing/req_logging.py:27}}
Jul 27 19:09:24.915463 dv-osbrick-849020-4-ceph devstack@keystone.service[87167]: DEBUG keystone.server.flask.request_processing.req_logging [None req-1ffd9225-b2d9-4407-bc2d-53a22d803489 None admin] SCRIPT_NAME: `/identity` {{(pid=87167) log_request_info /opt/stack/keystone/keystone/server/flask/request_processing/req_logging.py:28}}
Jul 27 19:09:24.915740 dv-osbrick-849020-4-ceph devstack@keystone.service[87167]: DEBUG keystone.server.flask.request_processing.req_logging [None req-1ffd9225-b2d9-4407-bc2d-53a22d803489 None admin] PATH_INFO: `/v3/users/66d1dd9a19434f83ac25e7f98ceed1db` {{(pid=87167) log_request_info /opt/stack/keystone/keystone/server/flask/request_processing/req_logging.py:29}}
Jul 27 19:09:24.917085 dv-osbrick-849020-4-ceph devstack@keystone.service[87166]: DEBUG keystone.server.flask.request_processing.middleware.auth_context [None req-5f30b037-3e56-4f8e-9aef-a0e0da5d2a3c None admin] RBAC: auth_context: {'token': , 'domain_id': None, 'trust_id': None, 'trustor_id': None, 'trustee_id': None, 'domain_name': None, 'group_ids': [], 'user_id': '9411e66c17864f3a88f0f7077545cca2', 'user_domain_id': 'default', 'system_scope': 'all', 'project_id': None, 'project_domain_id': None, 'roles': ['admin', 'member', 'reader'], 'is_admin_project': True, 'service_user_id': None, 'service_user_domain_id': None, 'service_project_id': None, 'service_project_domain_id': None, 'service_roles': []} {{(pid=87166) fill_context /opt/stack/keystone/keystone/server/flask/request_processing/middleware/auth_context.py:478}}
Jul 27 19:09:24.918244 dv-osbrick-849020-4-ceph devstack@keystone.service[87166]: DEBUG keystone.server.flask.request_processing.req_logging [None req-5f30b037-3e56-4f8e-9aef-a0e0da5d2a3c None admin] REQUEST_METHOD: `POST` {{(pid=87166) log_request_info /opt/stack/keystone/keystone/server/flask/request_processing/req_logging.py:27}}
Jul 27 19:09:24.918821 dv-osbrick-849020-4-ceph devstack@keystone.service[87166]: DEBUG keystone.server.flask.request_processing.req_logging [None req-5f30b037-3e56-4f8e-9aef-a0e0da5d2a3c None admin] SCRIPT_NAME: `/identity` {{(pid=87166) log_request_info /opt/stack/keystone/keystone/server/flask/request_processing/req_logging.py:28}}
Jul 27 19:09:24.919295 dv-osbrick-849020-4-ceph devstack@keystone.service[87166]: DEBUG keystone.server.flask.request_processing.req_logging [None req-5f30b037-3e56-4f8e-9aef-a0e0da5d2a3c None admin] PATH_INFO: `/v3/users` {{(pid=87166) log_request_info /opt/stack/keystone/keystone/server/flask/request_processing/req_logging.py:29}}
Jul 27 19:09:24.920183 dv-osbrick-849020-4-ceph devstack@keystone.service[87166]: DEBUG keystone.common.rbac_enforcer.enforcer [None req-5f30b037-3e56-4f8e-9aef-a0e0da5d2a3c None admin] RBAC: Authorizing `identity:create_user()` {{(pid=87166) enforce_call /opt/stack/keystone/keystone/common/rbac_enforcer/enforcer.py:449}}
Jul 27 19:09:24.921850 dv-osbrick-849020-4-ceph devstack@keystone.service[87166]: DEBUG keystone.common.rbac_enforcer.enforcer [None req-5f30b037-3e56-4f8e-9aef-a0e0da5d2a3c None admin] RBAC: Authorization granted {{(pid=87166) enforce_call /opt/stack/keystone/keystone/common/rbac_enforcer/enforcer.py:457}}
Jul 27 19:09:24.930822 dv-osbrick-849020-4-ceph devstack@keystone.service[87167]: DEBUG keystone.common.rbac_enforcer.enforcer [None req-1ffd9225-b2d9-4407-bc2d-53a22d803489 None admin] RBAC: Authorizing `identity:get_user(user_id=66d1dd9a19434f83ac25e7f98ceed1db)` {{(pid=87167) enforce_call /opt/stack/keystone/keystone/common/rbac_enforcer/enforcer.py:449}}
Jul 27 19:09:24.936358 dv-osbrick-849020-4-ceph devstack@keystone.service[87167]: DEBUG keystone.common.rbac_enforcer.enforcer [None req-1ffd9225-b2d9-4407-bc2d-53a22d803489 None admin] RBAC: Authorization granted {{(pid=87167) enforce_call /opt/stack/keystone/keystone/common/rbac_enforcer/enforcer.py:457}}
Jul 27 19:09:24.939332 dv-osbrick-849020-4-ceph devstack@keystone.service[87167]: [pid: 87167|app: 0|req: 138/277] 10.222.0.71 () {56 vars in 1177 bytes} [Wed Jul 27 19:09:24 2022] GET /identity/v3/users/66d1dd9a19434f83ac25e7f98ceed1db => generated 293 bytes in 226 msecs (HTTP/1.1 200) 5 headers in 177 bytes (2 switches on core 0)
Jul 27 19:09:24.945887 dv-osbrick-849020-4-ceph devstack@keystone.service[87167]: DEBUG keystone.server.flask.request_processing.middleware.auth_context [None req-1ffd9225-b2d9-4407-bc2d-53a22d803489 None admin] Authenticating user token {{(pid=87167) process_request /usr/local/lib/python3.8/dist-packages/keystonemiddleware/auth_token/__init__.py:407}}
Jul 27 19:09:24.957690 dv-osbrick-849020-4-ceph devstack@keystone.service[87166]: [pid: 87166|app: 0|req: 140/278] 10.222.0.71 () {60 vars in 1132 bytes} [Wed Jul 27 19:09:24 2022] POST /identity/v3/users => generated 293 bytes in 210 msecs (HTTP/1.1 201) 5 headers in 182 bytes (2 switches on core 0)
Jul 27 19:09:25.089624 dv-osbrick-849020-4-ceph devstack@keystone.service[87167]: DEBUG keystone.server.flask.request_processing.middleware.auth_context [None req-1ffd9225-b2d9-4407-bc2d-53a22d803489 None admin] Validating token access rules against request {{(pid=87167) validate_allowed_request /usr/local/lib/python3.8/dist-packages/keystonemiddleware/auth_token/__init__.py:545}}
Jul 27 19:09:25.124686 dv-osbrick-849020-4-ceph devstack@keystone.service[87166]: DEBUG keystone.server.flask.request_processing.req_logging [None req-8e9b523e-6435-4b58-aae6-f90e05d39650 None None] REQUEST_METHOD: `GET` {{(pid=87166) log_request_info /opt/stack/keystone/keystone/server/flask/request_processing/req_logging.py:27}}
Jul 27 19:09:25.125025 dv-osbrick-849020-4-ceph devstack@keystone.service[87166]: DEBUG keystone.server.flask.request_processing.req_logging [None req-8e9b523e-6435-4b58-aae6-f90e05d39650 None None] SCRIPT_NAME: `/identity` {{(pid=87166) log_request_info /opt/stack/keystone/keystone/server/flask/request_processing/req_logging.py:28}}
Jul 27 19:09:25.125254 dv-osbrick-849020-4-ceph devstack@keystone.service[87166]: DEBUG keystone.server.flask.request_processing.req_logging [None req-8e9b523e-6435-4b58-aae6-f90e05d39650 None None] PATH_INFO: `/` {{(pid=87166) log_request_info /opt/stack/keystone/keystone/server/flask/request_processing/req_logging.py:29}}
Jul 27 19:09:25.127087 dv-osbrick-849020-4-ceph devstack@keystone.service[87166]: [pid: 87166|app: 0|req: 141/279] 10.222.0.71 () {54 vars in 926 bytes} [Wed Jul 27 19:09:25 2022] GET /identity => generated 270 bytes in 3 msecs (HTTP/1.1 300) 6 headers in 234 bytes (2 switches on core 0)
Jul 27 19:09:25.130038 dv-osbrick-849020-4-ceph devstack@keystone.service[87167]: DEBUG dbcounter [-] [87167] Writing DB stats keystone:SELECT=100 {{(pid=87167) stat_writer /usr/local/lib/python3.8/dist-packages/dbcounter.py:114}}
Jul 27 19:09:25.131946 dv-osbrick-849020-4-ceph devstack@keystone.service[87167]: DEBUG keystone.server.flask.request_processing.middleware.auth_context [None req-4df64ab2-bcbb-427c-be1b-cee235f38271 None admin] RBAC: auth_context: {'token': , 'domain_id': None, 'trust_id': None, 'trustor_id': None, 'trustee_id': None, 'domain_name': None, 'group_ids': [], 'user_id': '9411e66c17864f3a88f0f7077545cca2', 'user_domain_id': 'default', 'system_scope': 'all', 'project_id': None, 'project_domain_id': None, 'roles': ['admin', 'member', 'reader'], 'is_admin_project': True, 'service_user_id': None, 'service_user_domain_id': None, 'service_project_id': None, 'service_project_domain_id': None, 'service_roles': []} {{(pid=87167) fill_context /opt/stack/keystone/keystone/server/flask/request_processing/middleware/auth_context.py:478}}
Jul 27 19:09:25.132606 dv-osbrick-849020-4-ceph devstack@keystone.service[87167]: DEBUG keystone.server.flask.request_processing.req_logging [None req-4df64ab2-bcbb-427c-be1b-cee235f38271 None admin] REQUEST_METHOD: `GET` {{(pid=87167) log_request_info /opt/stack/keystone/keystone/server/flask/request_processing/req_logging.py:27}}
Jul 27 19:09:25.132833 dv-osbrick-849020-4-ceph devstack@keystone.service[87166]: DEBUG keystone.server.flask.request_processing.req_logging [None req-36c8c6a5-6634-410e-bfd8-ad4299ddc47d None None] REQUEST_METHOD: `POST` {{(pid=87166) log_request_info /opt/stack/keystone/keystone/server/flask/request_processing/req_logging.py:27}}
Jul 27 19:09:25.132938 dv-osbrick-849020-4-ceph devstack@keystone.service[87167]: DEBUG keystone.server.flask.request_processing.req_logging [None req-4df64ab2-bcbb-427c-be1b-cee235f38271 None admin] SCRIPT_NAME: `/identity` {{(pid=87167) log_request_info /opt/stack/keystone/keystone/server/flask/request_processing/req_logging.py:28}}
Jul 27 19:09:25.133124 dv-osbrick-849020-4-ceph devstack@keystone.service[87166]: DEBUG keystone.server.flask.request_processing.req_logging [None req-36c8c6a5-6634-410e-bfd8-ad4299ddc47d None None] SCRIPT_NAME: `/identity` {{(pid=87166) log_request_info /opt/stack/keystone/keystone/server/flask/request_processing/req_logging.py:28}}
Jul 27 19:09:25.133236 dv-osbrick-849020-4-ceph devstack@keystone.service[87167]: DEBUG keystone.server.flask.request_processing.req_logging [None req-4df64ab2-bcbb-427c-be1b-cee235f38271 None admin] PATH_INFO: `/v3/role_assignments` {{(pid=87167) log_request_info /opt/stack/keystone/keystone/server/flask/request_processing/req_logging.py:29}}
Jul 27 19:09:25.133453 dv-osbrick-849020-4-ceph devstack@keystone.service[87166]: DEBUG keystone.server.flask.request_processing.req_logging [None req-36c8c6a5-6634-410e-bfd8-ad4299ddc47d None None] PATH_INFO: `/v3/auth/tokens` {{(pid=87166) log_request_info /opt/stack/keystone/keystone/server/flask/request_processing/req_logging.py:29}}
Jul 27 19:09:25.134104 dv-osbrick-849020-4-ceph devstack@keystone.service[87167]: DEBUG keystone.common.rbac_enforcer.enforcer [None req-4df64ab2-bcbb-427c-be1b-cee235f38271 None admin] RBAC: Adding query filter params (role.id=e01dafa93d884a19adb7866841e6ca91, user.id=66d1dd9a19434f83ac25e7f98ceed1db, scope.system=all) {{(pid=87167) _extract_filter_values /opt/stack/keystone/keystone/common/rbac_enforcer/enforcer.py:167}}
Jul 27 19:09:25.134425 dv-osbrick-849020-4-ceph devstack@keystone.service[87167]: DEBUG keystone.common.rbac_enforcer.enforcer [None req-4df64ab2-bcbb-427c-be1b-cee235f38271 None admin] RBAC: Authorizing `identity:list_role_assignments()` {{(pid=87167) enforce_call /opt/stack/keystone/keystone/common/rbac_enforcer/enforcer.py:449}}
Jul 27 19:09:25.136582 dv-osbrick-849020-4-ceph devstack@keystone.service[87167]: DEBUG keystone.common.rbac_enforcer.enforcer [None req-4df64ab2-bcbb-427c-be1b-cee235f38271 None admin] RBAC: Authorization granted {{(pid=87167) enforce_call /opt/stack/keystone/keystone/common/rbac_enforcer/enforcer.py:457}}
Jul 27 19:09:25.143106 dv-osbrick-849020-4-ceph devstack@keystone.service[87167]: [pid: 87167|app: 0|req: 139/280] 10.222.0.71 () {56 vars in 1308 bytes} [Wed Jul 27 19:09:24 2022] GET /identity/v3/role_assignments?user.id=66d1dd9a19434f83ac25e7f98ceed1db&scope.system=all&role.id=e01dafa93d884a19adb7866841e6ca91 => generated 226 bytes in 198 msecs (HTTP/1.1 200) 5 headers in 177 bytes (1 switches on core 0)
Jul 27 19:09:25.158697 dv-osbrick-849020-4-ceph devstack@keystone.service[87166]: DEBUG keystone.auth.core [None req-36c8c6a5-6634-410e-bfd8-ad4299ddc47d None None] MFA Rules not processed for user `9411e66c17864f3a88f0f7077545cca2`. Rule list: `[]` (Enabled: `True`). {{(pid=87166) check_auth_methods_against_rules /opt/stack/keystone/keystone/auth/core.py:438}}
Jul 27 19:09:25.159989 dv-osbrick-849020-4-ceph devstack@keystone.service[87166]: DEBUG keystone.common.fernet_utils [None req-36c8c6a5-6634-410e-bfd8-ad4299ddc47d None None] Loaded 2 Fernet keys from /etc/keystone/fernet-keys/, but `[fernet_tokens] max_active_keys = 3`; perhaps there have not been enough key rotations to reach `max_active_keys` yet? {{(pid=87166) load_keys /opt/stack/keystone/keystone/common/fernet_utils.py:286}}
Jul 27 19:09:25.249527 dv-osbrick-849020-4-ceph devstack@keystone.service[87166]: [pid: 87166|app: 0|req: 142/281] 10.222.0.71 () {58 vars in 1023 bytes} [Wed Jul 27 19:09:25 2022] POST /identity/v3/auth/tokens => generated 799 bytes in 117 msecs (HTTP/1.1 201) 6 headers in 363 bytes (2 switches on core 0)
Jul 27 19:09:25.276590 dv-osbrick-849020-4-ceph devstack@keystone.service[87167]: DEBUG keystone.server.flask.request_processing.middleware.auth_context [None req-4df64ab2-bcbb-427c-be1b-cee235f38271 None admin] Authenticating user token {{(pid=87167) process_request /usr/local/lib/python3.8/dist-packages/keystonemiddleware/auth_token/__init__.py:407}}
Jul 27 19:09:25.409806 dv-osbrick-849020-4-ceph devstack@keystone.service[87167]: DEBUG keystone.server.flask.request_processing.middleware.auth_context [None req-4df64ab2-bcbb-427c-be1b-cee235f38271 None admin] Validating token access rules against request {{(pid=87167) validate_allowed_request /usr/local/lib/python3.8/dist-packages/keystonemiddleware/auth_token/__init__.py:545}}
Jul 27 19:09:25.451481 dv-osbrick-849020-4-ceph devstack@keystone.service[87167]: DEBUG keystone.server.flask.request_processing.middleware.auth_context [None req-adcb0b6c-f397-4cb1-a970-ff6051088a7d None admin] RBAC: auth_context: {'token': , 'domain_id': None, 'trust_id': None, 'trustor_id': None, 'trustee_id': None, 'domain_name': None, 'group_ids': [], 'user_id': '9411e66c17864f3a88f0f7077545cca2', 'user_domain_id': 'default', 'system_scope': 'all', 'project_id': None, 'project_domain_id': None, 'roles': ['admin', 'member', 'reader'], 'is_admin_project': True, 'service_user_id': None, 'service_user_domain_id': None, 'service_project_id': None, 'service_project_domain_id': None, 'service_roles': []} {{(pid=87167) fill_context /opt/stack/keystone/keystone/server/flask/request_processing/middleware/auth_context.py:478}}
Jul 27 19:09:25.452140 dv-osbrick-849020-4-ceph devstack@keystone.service[87167]: DEBUG keystone.server.flask.request_processing.req_logging [None req-adcb0b6c-f397-4cb1-a970-ff6051088a7d None admin] REQUEST_METHOD: `GET` {{(pid=87167) log_request_info /opt/stack/keystone/keystone/server/flask/request_processing/req_logging.py:27}}
Jul 27 19:09:25.452489 dv-osbrick-849020-4-ceph devstack@keystone.service[87167]: DEBUG keystone.server.flask.request_processing.req_logging [None req-adcb0b6c-f397-4cb1-a970-ff6051088a7d None admin] SCRIPT_NAME: `/identity` {{(pid=87167) log_request_info /opt/stack/keystone/keystone/server/flask/request_processing/req_logging.py:28}}
Jul 27 19:09:25.452767 dv-osbrick-849020-4-ceph devstack@keystone.service[87167]: DEBUG keystone.server.flask.request_processing.req_logging [None req-adcb0b6c-f397-4cb1-a970-ff6051088a7d None admin] PATH_INFO: `/v3/roles/reader` {{(pid=87167) log_request_info /opt/stack/keystone/keystone/server/flask/request_processing/req_logging.py:29}}
Jul 27 19:09:25.464805 dv-osbrick-849020-4-ceph devstack@keystone.service[87167]: DEBUG keystone.common.rbac_enforcer.enforcer [None req-adcb0b6c-f397-4cb1-a970-ff6051088a7d None admin] Extracting inferred target data resulted in "NOT FOUND (404)". {{(pid=87167) enforce_call /opt/stack/keystone/keystone/common/rbac_enforcer/enforcer.py:409}}
Jul 27 19:09:25.470129 dv-osbrick-849020-4-ceph devstack@keystone.service[87167]: ERROR keystone.server.flask.application [None req-adcb0b6c-f397-4cb1-a970-ff6051088a7d None admin] Could not find role: reader.: keystone.exception.RoleNotFound: Could not find role: reader.
Jul 27 19:09:25.470129 dv-osbrick-849020-4-ceph devstack@keystone.service[87167]: ERROR keystone.server.flask.application
Traceback (most recent call last):
Jul 27 19:09:25.470129 dv-osbrick-849020-4-ceph devstack@keystone.service[87167]: ERROR keystone.server.flask.application
File "/usr/local/lib/python3.8/dist-packages/flask/app.py", line 1517, in full_dispatch_request
Jul 27 19:09:25.470129 dv-osbrick-849020-4-ceph devstack@keystone.service[87167]: ERROR keystone.server.flask.application rv = self.dispatch_request()
Jul 27 19:09:25.470129 dv-osbrick-849020-4-ceph devstack@keystone.service[87167]: ERROR keystone.server.flask.application
File "/usr/local/lib/python3.8/dist-packages/flask/app.py", line 1503, in dispatch_request
Jul 27 19:09:25.470129 dv-osbrick-849020-4-ceph devstack@keystone.service[87167]: ERROR keystone.server.flask.application return self.ensure_sync(self.view_functions[rule.endpoint])(**req.view_args)
Jul 27 19:09:25.470129 dv-osbrick-849020-4-ceph devstack@keystone.service[87167]: ERROR keystone.server.flask.application
File "/usr/local/lib/python3.8/dist-packages/flask_restful/__init__.py", line 467, in wrapper
Jul 27 19:09:25.470129 dv-osbrick-849020-4-ceph devstack@keystone.service[87167]: ERROR keystone.server.flask.application resp = resource(*args, **kwargs)
Jul 27 19:09:25.470129 dv-osbrick-849020-4-ceph devstack@keystone.service[87167]: ERROR keystone.server.flask.application
File "/usr/local/lib/python3.8/dist-packages/flask/views.py", line 84, in view
Jul 27 19:09:25.470129 dv-osbrick-849020-4-ceph devstack@keystone.service[87167]: ERROR keystone.server.flask.application return current_app.ensure_sync(self.dispatch_request)(*args, **kwargs)
Jul 27 19:09:25.470129 dv-osbrick-849020-4-ceph devstack@keystone.service[87167]: ERROR keystone.server.flask.application
File "/usr/local/lib/python3.8/dist-packages/flask_restful/__init__.py", line 582, in dispatch_request
Jul 27 19:09:25.470129 dv-osbrick-849020-4-ceph devstack@keystone.service[87167]: ERROR keystone.server.flask.application resp = meth(*args, **kwargs)
Jul 27 19:09:25.470129 dv-osbrick-849020-4-ceph devstack@keystone.service[87167]: ERROR keystone.server.flask.application
File "/opt/stack/keystone/keystone/api/roles.py", line 50, in get
Jul 27 19:09:25.470129 dv-osbrick-849020-4-ceph devstack@keystone.service[87167]: ERROR keystone.server.flask.application return self._get_role(role_id)
Jul 27 19:09:25.470129 dv-osbrick-849020-4-ceph devstack@keystone.service[87167]: ERROR keystone.server.flask.application
File "/opt/stack/keystone/keystone/api/roles.py", line 70, in _get_role
Jul 27 19:09:25.470129 dv-osbrick-849020-4-ceph devstack@keystone.service[87167]: ERROR keystone.server.flask.application ENFORCER.enforce_call(action='identity:get_role')
Jul 27 19:09:25.471035 dv-osbrick-849020-4-ceph devstack@keystone.service[87167]: ERROR keystone.server.flask.application
File "/opt/stack/keystone/keystone/common/rbac_enforcer/enforcer.py", line 402, in enforce_call
Jul 27 19:09:25.471035 dv-osbrick-849020-4-ceph devstack@keystone.service[87167]: ERROR keystone.server.flask.application policy_dict.update(cls._extract_member_target_data(
Jul 27 19:09:25.471035 dv-osbrick-849020-4-ceph devstack@keystone.service[87167]: ERROR keystone.server.flask.application
File "/opt/stack/keystone/keystone/common/rbac_enforcer/enforcer.py", line 234, in _extract_member_target_data
Jul 27 19:09:25.471035 dv-osbrick-849020-4-ceph devstack@keystone.service[87167]: ERROR keystone.server.flask.application member_name: func(flask.request.view_args[key])
Jul 27 19:09:25.471035 dv-osbrick-849020-4-ceph devstack@keystone.service[87167]: ERROR keystone.server.flask.application
File "/opt/stack/keystone/keystone/common/manager.py", line 115, in wrapped
Jul 27 19:09:25.471035 dv-osbrick-849020-4-ceph devstack@keystone.service[87167]: ERROR keystone.server.flask.application __ret_val = __f(*args, **kwargs)
Jul 27 19:09:25.471035 dv-osbrick-849020-4-ceph devstack@keystone.service[87167]: ERROR keystone.server.flask.application
File "/usr/local/lib/python3.8/dist-packages/decorator.py", line 232, in fun
Jul 27 19:09:25.471035 dv-osbrick-849020-4-ceph devstack@keystone.service[87167]: ERROR keystone.server.flask.application return caller(func, *(extras + args), **kw)
Jul 27 19:09:25.471035 dv-osbrick-849020-4-ceph devstack@keystone.service[87167]: ERROR keystone.server.flask.application
File "/usr/local/lib/python3.8/dist-packages/dogpile/cache/region.py", line 1577, in get_or_create_for_user_func
Jul 27 19:09:25.471035 dv-osbrick-849020-4-ceph devstack@keystone.service[87167]: ERROR keystone.server.flask.application return self.get_or_create(
Jul 27 19:09:25.471035 dv-osbrick-849020-4-ceph devstack@keystone.service[87167]: ERROR keystone.server.flask.application
File "/usr/local/lib/python3.8/dist-packages/dogpile/cache/region.py", line 1042, in get_or_create
Jul 27 19:09:25.471035 dv-osbrick-849020-4-ceph devstack@keystone.service[87167]: ERROR keystone.server.flask.application with Lock(
Jul 27 19:09:25.471035 dv-osbrick-849020-4-ceph devstack@keystone.service[87167]: ERROR keystone.server.flask.application
File "/usr/local/lib/python3.8/dist-packages/dogpile/lock.py", line 185, in __enter__
Jul 27 19:09:25.471035 dv-osbrick-849020-4-ceph devstack@keystone.service[87167]: ERROR keystone.server.flask.application return self._enter()
Jul 27 19:09:25.471035 dv-osbrick-849020-4-ceph devstack@keystone.service[87167]: ERROR keystone.server.flask.application
File "/usr/local/lib/python3.8/dist-packages/dogpile/lock.py", line 94, in _enter
Jul 27 19:09:25.471035 dv-osbrick-849020-4-ceph devstack@keystone.service[87167]: ERROR keystone.server.flask.application generated = self._enter_create(value, createdtime)
Jul 27 19:09:25.471965 dv-osbrick-849020-4-ceph devstack@keystone.service[87167]: ERROR keystone.server.flask.application
File "/usr/local/lib/python3.8/dist-packages/dogpile/lock.py", line 178, in _enter_create
Jul 27 19:09:25.471965 dv-osbrick-849020-4-ceph devstack@keystone.service[87167]: ERROR keystone.server.flask.application return self.creator()
Jul 27 19:09:25.471965 dv-osbrick-849020-4-ceph devstack@keystone.service[87167]: ERROR keystone.server.flask.application
File "/usr/local/lib/python3.8/dist-packages/dogpile/cache/region.py", line 995, in gen_value
Jul 27 19:09:25.471965 dv-osbrick-849020-4-ceph devstack@keystone.service[87167]: ERROR keystone.server.flask.application created_value = creator(
Jul 27 19:09:25.471965 dv-osbrick-849020-4-ceph devstack@keystone.service[87167]: ERROR keystone.server.flask.application
File "/opt/stack/keystone/keystone/assignment/core.py", line 1276, in get_role
Jul 27 19:09:25.471965 dv-osbrick-849020-4-ceph devstack@keystone.service[87167]: ERROR keystone.server.flask.application return self.driver.get_role(role_id)
Jul 27 19:09:25.471965 dv-osbrick-849020-4-ceph devstack@keystone.service[87167]: ERROR keystone.server.flask.application
File "/opt/stack/keystone/keystone/assignment/role_backends/sql.py", line 70, in get_role
Jul 27 19:09:25.471965 dv-osbrick-849020-4-ceph devstack@keystone.service[87167]: ERROR keystone.server.flask.application return self._get_role(session, role_id).to_dict()
Jul 27 19:09:25.471965 dv-osbrick-849020-4-ceph devstack@keystone.service[87167]: ERROR keystone.server.flask.application
File "/opt/stack/keystone/keystone/assignment/role_backends/sql.py", line 65, in _get_role
Jul 27 19:09:25.471965 dv-osbrick-849020-4-ceph devstack@keystone.service[87167]: ERROR keystone.server.flask.application raise exception.RoleNotFound(role_id=role_id)
Jul 27 19:09:25.471965 dv-osbrick-849020-4-ceph devstack@keystone.service[87167]: ERROR keystone.server.flask.application keystone.exception.RoleNotFound: Could not find role: reader.
Jul 27 19:09:25.471965 dv-osbrick-849020-4-ceph devstack@keystone.service[87167]: ERROR keystone.server.flask.application
Jul 27 19:09:25.471965 dv-osbrick-849020-4-ceph devstack@keystone.service[87167]: [pid: 87167|app: 0|req: 140/282] 10.222.0.71 () {56 vars in 1099 bytes} [Wed Jul 27 19:09:25 2022] GET /identity/v3/roles/reader => generated 84 bytes in 196 msecs (HTTP/1.1 404) 5 headers in 183 bytes (1 switches on core 0)
Jul 27 19:09:25.477357 dv-osbrick-849020-4-ceph devstack@keystone.service[87166]: DEBUG keystone.server.flask.request_processing.middleware.auth_context [None req-36c8c6a5-6634-410e-bfd8-ad4299ddc47d None None] Authenticating user token {{(pid=87166) process_request /usr/local/lib/python3.8/dist-packages/keystonemiddleware/auth_token/__init__.py:407}}
Jul 27 19:09:25.509881 dv-osbrick-849020-4-ceph devstack@keystone.service[87166]: DEBUG dbcounter [-] [87166] Writing DB stats keystone:SELECT=97,keystone:INSERT=3 {{(pid=87166) stat_writer /usr/local/lib/python3.8/dist-packages/dbcounter.py:114}}
Jul 27 19:09:25.557752 dv-osbrick-849020-4-ceph devstack@keystone.service[87167]: DEBUG keystone.server.flask.request_processing.req_logging [None req-f126415c-1374-4875-8e4d-c5a3f643312d None None] REQUEST_METHOD: `GET` {{(pid=87167) log_request_info /opt/stack/keystone/keystone/server/flask/request_processing/req_logging.py:27}}
Jul 27 19:09:25.558807 dv-osbrick-849020-4-ceph devstack@keystone.service[87167]: DEBUG keystone.server.flask.request_processing.req_logging [None req-f126415c-1374-4875-8e4d-c5a3f643312d None None] SCRIPT_NAME: `/identity` {{(pid=87167) log_request_info /opt/stack/keystone/keystone/server/flask/request_processing/req_logging.py:28}}
Jul 27 19:09:25.559194 dv-osbrick-849020-4-ceph devstack@keystone.service[87167]: DEBUG keystone.server.flask.request_processing.req_logging [None req-f126415c-1374-4875-8e4d-c5a3f643312d None None] PATH_INFO: `/` {{(pid=87167) log_request_info /opt/stack/keystone/keystone/server/flask/request_processing/req_logging.py:29}}
Jul 27 19:09:25.563428 dv-osbrick-849020-4-ceph devstack@keystone.service[87167]: [pid: 87167|app: 0|req: 141/283] 10.222.0.71 () {54 vars in 926 bytes} [Wed Jul 27 19:09:25 2022] GET /identity => generated 270 bytes in 5 msecs (HTTP/1.1 300) 6 headers in 234 bytes (1 switches on core 0)
Jul 27 19:09:25.567763 dv-osbrick-849020-4-ceph devstack@keystone.service[87167]: DEBUG keystone.server.flask.request_processing.req_logging [None req-7b645f8a-9ff1-44ad-a60d-95d1ec001948 None None] REQUEST_METHOD: `POST` {{(pid=87167) log_request_info /opt/stack/keystone/keystone/server/flask/request_processing/req_logging.py:27}}
Jul 27 19:09:25.568178 dv-osbrick-849020-4-ceph devstack@keystone.service[87167]: DEBUG keystone.server.flask.request_processing.req_logging [None req-7b645f8a-9ff1-44ad-a60d-95d1ec001948 None None] SCRIPT_NAME: `/identity` {{(pid=87167) log_request_info /opt/stack/keystone/keystone/server/flask/request_processing/req_logging.py:28}}
Jul 27 19:09:25.568559 dv-osbrick-849020-4-ceph devstack@keystone.service[87167]: DEBUG keystone.server.flask.request_processing.req_logging [None req-7b645f8a-9ff1-44ad-a60d-95d1ec001948 None None] PATH_INFO: `/v3/auth/tokens` {{(pid=87167) log_request_info /opt/stack/keystone/keystone/server/flask/request_processing/req_logging.py:29}}
Jul 27 19:09:25.609418 dv-osbrick-849020-4-ceph devstack@keystone.service[87167]: DEBUG keystone.auth.core [None req-7b645f8a-9ff1-44ad-a60d-95d1ec001948 None None] MFA Rules not processed for user `9411e66c17864f3a88f0f7077545cca2`. Rule list: `[]` (Enabled: `True`). {{(pid=87167) check_auth_methods_against_rules /opt/stack/keystone/keystone/auth/core.py:438}}
Jul 27 19:09:25.610699 dv-osbrick-849020-4-ceph devstack@keystone.service[87167]: DEBUG keystone.common.fernet_utils [None req-7b645f8a-9ff1-44ad-a60d-95d1ec001948 None None] Loaded 2 Fernet keys from /etc/keystone/fernet-keys/, but `[fernet_tokens] max_active_keys = 3`; perhaps there have not been enough key rotations to reach `max_active_keys` yet? {{(pid=87167) load_keys /opt/stack/keystone/keystone/common/fernet_utils.py:286}}
Jul 27 19:09:25.622270 dv-osbrick-849020-4-ceph devstack@keystone.service[87166]: DEBUG keystone.server.flask.request_processing.middleware.auth_context [None req-36c8c6a5-6634-410e-bfd8-ad4299ddc47d None None] Validating token access rules against request {{(pid=87166) validate_allowed_request /usr/local/lib/python3.8/dist-packages/keystonemiddleware/auth_token/__init__.py:545}}
Jul 27 19:09:25.699405 dv-osbrick-849020-4-ceph devstack@keystone.service[87167]: DEBUG dbcounter [-] [87167] Writing DB stats keystone:SELECT=100 {{(pid=87167) stat_writer /usr/local/lib/python3.8/dist-packages/dbcounter.py:114}}
Jul 27 19:09:25.705685 dv-osbrick-849020-4-ceph devstack@keystone.service[87166]: DEBUG keystone.server.flask.request_processing.middleware.auth_context [None req-d84227a8-798c-4a35-a58c-499c19964a39 None admin] RBAC: auth_context: {'token': , 'domain_id': None, 'trust_id': None, 'trustor_id': None, 'trustee_id': None, 'domain_name': None, 'group_ids': [], 'user_id': '9411e66c17864f3a88f0f7077545cca2', 'user_domain_id': 'default', 'system_scope': 'all', 'project_id': None, 'project_domain_id': None, 'roles': ['admin', 'member', 'reader'], 'is_admin_project': True, 'service_user_id': None, 'service_user_domain_id': None, 'service_project_id': None, 'service_project_domain_id': None, 'service_roles': []} {{(pid=87166) fill_context /opt/stack/keystone/keystone/server/flask/request_processing/middleware/auth_context.py:478}}
Jul 27 19:09:25.706411 dv-osbrick-849020-4-ceph devstack@keystone.service[87166]: DEBUG keystone.server.flask.request_processing.req_logging [None req-d84227a8-798c-4a35-a58c-499c19964a39 None admin] REQUEST_METHOD: `GET` {{(pid=87166) log_request_info /opt/stack/keystone/keystone/server/flask/request_processing/req_logging.py:27}}
Jul 27 19:09:25.706696 dv-osbrick-849020-4-ceph devstack@keystone.service[87166]: DEBUG keystone.server.flask.request_processing.req_logging [None req-d84227a8-798c-4a35-a58c-499c19964a39 None admin] SCRIPT_NAME: `/identity` {{(pid=87166) log_request_info /opt/stack/keystone/keystone/server/flask/request_processing/req_logging.py:28}}
Jul 27 19:09:25.706970 dv-osbrick-849020-4-ceph devstack@keystone.service[87166]: DEBUG keystone.server.flask.request_processing.req_logging [None req-d84227a8-798c-4a35-a58c-499c19964a39 None admin] PATH_INFO: `/v3/roles` {{(pid=87166) log_request_info /opt/stack/keystone/keystone/server/flask/request_processing/req_logging.py:29}}
Jul 27 19:09:25.707694 dv-osbrick-849020-4-ceph devstack@keystone.service[87166]: DEBUG keystone.common.rbac_enforcer.enforcer [None req-d84227a8-798c-4a35-a58c-499c19964a39 None admin] RBAC: Adding query filter params (name=reader) {{(pid=87166) _extract_filter_values /opt/stack/keystone/keystone/common/rbac_enforcer/enforcer.py:167}}
Jul 27 19:09:25.708003 dv-osbrick-849020-4-ceph devstack@keystone.service[87166]: DEBUG keystone.common.rbac_enforcer.enforcer [None req-d84227a8-798c-4a35-a58c-499c19964a39 None admin] RBAC: Authorizing `identity:list_roles()` {{(pid=87166) enforce_call /opt/stack/keystone/keystone/common/rbac_enforcer/enforcer.py:449}}
Jul 27 19:09:25.710756 dv-osbrick-849020-4-ceph devstack@keystone.service[87166]: DEBUG keystone.common.rbac_enforcer.enforcer [None req-d84227a8-798c-4a35-a58c-499c19964a39 None admin] RBAC: Authorization granted {{(pid=87166) enforce_call /opt/stack/keystone/keystone/common/rbac_enforcer/enforcer.py:457}}
