Jul 27 16:30:36.531054 dv-osbrick-849017-4-iscsi neutron-server[103899]: DEBUG neutron_lib.callbacks.manager [None req-1073e365-e453-45a3-8f5e-86ac01808c8d admin admin] Publish callbacks [] for router_controller (d34de146-e7a5-41a1-bf60-0c6dac7af665), precommit_add_association {{(pid=103899) _notify_loop /usr/local/lib/python3.8/dist-packages/neutron_lib/callbacks/manager.py:176}}
Jul 27 16:30:36.553125 dv-osbrick-849017-4-iscsi neutron-server[103901]: DEBUG neutron.api.rpc.handlers.dhcp_rpc [None req-2744b89e-66e2-4185-8b7f-ac6f4f36e3a2 None None] Create dhcp port {'port': {'name': '', 'admin_state_up': True, 'device_id': 'dhcp5b76e499-cecd-5ec9-bd45-be811c57d5d9-d362a606-d739-4263-9748-e0a005f5ffc9', 'network_id': 'd362a606-d739-4263-9748-e0a005f5ffc9', 'project_id': '314e28379b65450d9c2441735f84446b', 'fixed_ips': [{'subnet_id': '291d5c35-8a10-4e1b-8dea-8f2bcd873014'}]}} from dv-osbrick-849017-4-iscsi. {{(pid=103901) create_dhcp_port /opt/stack/neutron/neutron/api/rpc/handlers/dhcp_rpc.py:268}}
Jul 27 16:30:36.554313 dv-osbrick-849017-4-iscsi neutron-server[103901]: DEBUG neutron_lib.callbacks.manager [None req-2744b89e-66e2-4185-8b7f-ac6f4f36e3a2 None None] Publish callbacks ['neutron.plugins.ml2.plugin.SecurityGroupDbMixin._ensure_default_security_group_handler-916163'] for port (None), before_create {{(pid=103901) _notify_loop /usr/local/lib/python3.8/dist-packages/neutron_lib/callbacks/manager.py:176}}
Jul 27 16:30:36.568641 dv-osbrick-849017-4-iscsi neutron-server[103901]: DEBUG neutron.api.rpc.handlers.dhcp_rpc [None req-302110a3-bad7-4148-bf31-51948f2d17d9 None None] Create dhcp port {'port': {'name': '', 'admin_state_up': True, 'device_id': 'dhcp5b76e499-cecd-5ec9-bd45-be811c57d5d9-0a791291-5bf1-41a9-ae08-1a6fd13e262e', 'network_id': '0a791291-5bf1-41a9-ae08-1a6fd13e262e', 'project_id': '0832a02da9dd4e3e8312ce6cf7e1b19c', 'fixed_ips': [{'subnet_id': '0c1d03ca-4568-4e34-be50-b02f228eaa11'}]}} from dv-osbrick-849017-4-iscsi. {{(pid=103901) create_dhcp_port /opt/stack/neutron/neutron/api/rpc/handlers/dhcp_rpc.py:268}}
Jul 27 16:30:36.570063 dv-osbrick-849017-4-iscsi neutron-server[103901]: DEBUG neutron_lib.callbacks.manager [None req-302110a3-bad7-4148-bf31-51948f2d17d9 None None] Publish callbacks ['neutron.plugins.ml2.plugin.SecurityGroupDbMixin._ensure_default_security_group_handler-916163'] for port (None), before_create {{(pid=103901) _notify_loop /usr/local/lib/python3.8/dist-packages/neutron_lib/callbacks/manager.py:176}}
Jul 27 16:30:36.667574 dv-osbrick-849017-4-iscsi neutron-server[103899]: DEBUG neutron_lib.callbacks.manager [None req-1073e365-e453-45a3-8f5e-86ac01808c8d admin admin] Publish callbacks [] for router_gateway (d34de146-e7a5-41a1-bf60-0c6dac7af665), precommit_update {{(pid=103899) _notify_loop /usr/local/lib/python3.8/dist-packages/neutron_lib/callbacks/manager.py:176}}
Jul 27 16:30:36.682906 dv-osbrick-849017-4-iscsi neutron-server[103900]: DEBUG neutron_lib.callbacks.manager [None req-3758a755-50c1-4dde-85ac-552ef09b6b17 admin admin] Publish callbacks [] for router_gateway (65e9080a-e604-4a17-bd1c-a46946d372ff), precommit_update {{(pid=103900) _notify_loop /usr/local/lib/python3.8/dist-packages/neutron_lib/callbacks/manager.py:176}}
Jul 27 16:30:36.807067 dv-osbrick-849017-4-iscsi neutron-server[103901]: DEBUG neutron.db.db_base_plugin_common [None req-302110a3-bad7-4148-bf31-51948f2d17d9 None None] Allocated IP 172.20.0.2 (0a791291-5bf1-41a9-ae08-1a6fd13e262e/0c1d03ca-4568-4e34-be50-b02f228eaa11/13fc2141-73b6-4bb1-832b-05eea755ce4d) {{(pid=103901) _store_ip_allocation /opt/stack/neutron/neutron/db/db_base_plugin_common.py:131}}
Jul 27 16:30:36.820506 dv-osbrick-849017-4-iscsi neutron-server[103901]: DEBUG neutron.db.db_base_plugin_common [None req-2744b89e-66e2-4185-8b7f-ac6f4f36e3a2 None None] Allocated IP 172.20.0.2 (d362a606-d739-4263-9748-e0a005f5ffc9/291d5c35-8a10-4e1b-8dea-8f2bcd873014/8d46c283-a9ed-43fc-8404-da2656aa5471) {{(pid=103901) _store_ip_allocation /opt/stack/neutron/neutron/db/db_base_plugin_common.py:131}}
Jul 27 16:30:36.851081 dv-osbrick-849017-4-iscsi neutron-server[103899]: DEBUG neutron_lib.callbacks.manager [None req-1073e365-e453-45a3-8f5e-86ac01808c8d admin admin] Publish callbacks [] for router_gateway (d34de146-e7a5-41a1-bf60-0c6dac7af665), before_create {{(pid=103899) _notify_loop /usr/local/lib/python3.8/dist-packages/neutron_lib/callbacks/manager.py:176}}
Jul 27 16:30:36.871609 dv-osbrick-849017-4-iscsi neutron-server[103899]: DEBUG neutron_lib.callbacks.manager [None req-1073e365-e453-45a3-8f5e-86ac01808c8d admin admin] Publish callbacks ['neutron.plugins.ml2.plugin.SecurityGroupDbMixin._ensure_default_security_group_handler-916163'] for port (None), before_create {{(pid=103899) _notify_loop /usr/local/lib/python3.8/dist-packages/neutron_lib/callbacks/manager.py:176}}
Jul 27 16:30:36.929050 dv-osbrick-849017-4-iscsi neutron-server[103900]: DEBUG neutron_lib.callbacks.manager [None req-3758a755-50c1-4dde-85ac-552ef09b6b17 admin admin] Publish callbacks [] for router_gateway (65e9080a-e604-4a17-bd1c-a46946d372ff), before_create {{(pid=103900) _notify_loop /usr/local/lib/python3.8/dist-packages/neutron_lib/callbacks/manager.py:176}}
Jul 27 16:30:36.954766 dv-osbrick-849017-4-iscsi neutron-server[103900]: DEBUG neutron_lib.callbacks.manager [None req-3758a755-50c1-4dde-85ac-552ef09b6b17 admin admin] Publish callbacks ['neutron.plugins.ml2.plugin.SecurityGroupDbMixin._ensure_default_security_group_handler-916163'] for port (None), before_create {{(pid=103900) _notify_loop /usr/local/lib/python3.8/dist-packages/neutron_lib/callbacks/manager.py:176}}
Jul 27 16:30:36.979909 dv-osbrick-849017-4-iscsi neutron-server[103899]: DEBUG neutron.db.db_base_plugin_common [None req-1073e365-e453-45a3-8f5e-86ac01808c8d admin admin] Allocated IP 172.29.0.153 (5f8922cc-8326-4677-9198-e96abbe3d090/ee898890-b7f2-403c-ace1-0625c8059aa6/0d160833-15d7-4f4e-a1da-a9e32cb3463c) {{(pid=103899) _store_ip_allocation /opt/stack/neutron/neutron/db/db_base_plugin_common.py:131}}
Jul 27 16:30:37.004455 dv-osbrick-849017-4-iscsi neutron-server[103901]: DEBUG dbcounter [-] [103901] Writing DB stats neutron:SELECT=84,neutron:UPDATE=6,neutron:INSERT=10 {{(pid=103901) stat_writer /usr/local/lib/python3.8/dist-packages/dbcounter.py:114}}
Jul 27 16:30:37.054915 dv-osbrick-849017-4-iscsi neutron-server[103901]: DEBUG dbcounter [-] [103901] Writing DB stats neutron:SELECT=94,neutron:INSERT=2,neutron:UPDATE=4 {{(pid=103901) stat_writer /usr/local/lib/python3.8/dist-packages/dbcounter.py:114}}
Jul 27 16:30:37.081576 dv-osbrick-849017-4-iscsi neutron-server[103899]: DEBUG neutron_lib.callbacks.manager [None req-1073e365-e453-45a3-8f5e-86ac01808c8d admin admin] Publish callbacks [] for port (0d160833-15d7-4f4e-a1da-a9e32cb3463c), precommit_create {{(pid=103899) _notify_loop /usr/local/lib/python3.8/dist-packages/neutron_lib/callbacks/manager.py:176}}
Jul 27 16:30:37.098261 dv-osbrick-849017-4-iscsi neutron-server[103901]: DEBUG neutron_lib.callbacks.manager [None req-2744b89e-66e2-4185-8b7f-ac6f4f36e3a2 None None] Publish callbacks [] for port (8d46c283-a9ed-43fc-8404-da2656aa5471), precommit_create {{(pid=103901) _notify_loop /usr/local/lib/python3.8/dist-packages/neutron_lib/callbacks/manager.py:176}}
Jul 27 16:30:37.107101 dv-osbrick-849017-4-iscsi neutron-server[103901]: DEBUG neutron_lib.callbacks.manager [None req-302110a3-bad7-4148-bf31-51948f2d17d9 None None] Publish callbacks [] for port (13fc2141-73b6-4bb1-832b-05eea755ce4d), precommit_create {{(pid=103901) _notify_loop /usr/local/lib/python3.8/dist-packages/neutron_lib/callbacks/manager.py:176}}
Jul 27 16:30:37.111772 dv-osbrick-849017-4-iscsi neutron-server[103901]: DEBUG neutron_lib.callbacks.manager [None req-2744b89e-66e2-4185-8b7f-ac6f4f36e3a2 None None] Publish callbacks ['neutron.plugins.ml2.plugin.SecurityGroupServerNotifierRpcMixin._notify_sg_on_port_change-915214', 'neutron.plugins.ml2.ovo_rpc._ObjectChangeHandler.handle_event-182992', 'neutron.api.rpc.agentnotifiers.dhcp_rpc_agent_api.DhcpAgentNotifyAPI._native_event_send_dhcp_notification-16314531', 'neutron.db.l3_dvrscheduler_db._notify_l3_agent_new_port-8750869712981'] for port (8d46c283-a9ed-43fc-8404-da2656aa5471), after_create {{(pid=103901) _notify_loop /usr/local/lib/python3.8/dist-packages/neutron_lib/callbacks/manager.py:176}}
Jul 27 16:30:37.113458 dv-osbrick-849017-4-iscsi neutron-server[103899]: DEBUG neutron_lib.callbacks.manager [None req-1073e365-e453-45a3-8f5e-86ac01808c8d admin admin] Publish callbacks ['neutron.plugins.ml2.plugin.SecurityGroupServerNotifierRpcMixin._notify_sg_on_port_change-915214', 'neutron.plugins.ml2.ovo_rpc._ObjectChangeHandler.handle_event-182992', 'neutron.api.rpc.agentnotifiers.dhcp_rpc_agent_api.DhcpAgentNotifyAPI._native_event_send_dhcp_notification-16314531', 'neutron.db.l3_dvrscheduler_db._notify_l3_agent_new_port-8750869712981'] for port (0d160833-15d7-4f4e-a1da-a9e32cb3463c), after_create {{(pid=103899) _notify_loop /usr/local/lib/python3.8/dist-packages/neutron_lib/callbacks/manager.py:176}}
Jul 27 16:30:37.117884 dv-osbrick-849017-4-iscsi neutron-server[103901]: DEBUG neutron_lib.callbacks.manager [None req-302110a3-bad7-4148-bf31-51948f2d17d9 None None] Publish callbacks ['neutron.plugins.ml2.plugin.SecurityGroupServerNotifierRpcMixin._notify_sg_on_port_change-915214', 'neutron.plugins.ml2.ovo_rpc._ObjectChangeHandler.handle_event-182992', 'neutron.api.rpc.agentnotifiers.dhcp_rpc_agent_api.DhcpAgentNotifyAPI._native_event_send_dhcp_notification-16314531', 'neutron.db.l3_dvrscheduler_db._notify_l3_agent_new_port-8750869712981'] for port (13fc2141-73b6-4bb1-832b-05eea755ce4d), after_create {{(pid=103901) _notify_loop /usr/local/lib/python3.8/dist-packages/neutron_lib/callbacks/manager.py:176}}
Jul 27 16:30:37.131162 dv-osbrick-849017-4-iscsi neutron-server[103901]: DEBUG neutron_lib.callbacks.manager [None req-67aaa72e-9180-4423-b633-bb421013a099 None None] Publish callbacks ['neutron.services.segments.db._update_segment_host_mapping_for_agent-8750870184120', 'neutron.plugins.ml2.plugin.Ml2Plugin._retry_binding_revived_agents-953818'] for agent (250ac57e-293d-45b5-928b-c9d8f9c92c61), after_update {{(pid=103901) _notify_loop /usr/local/lib/python3.8/dist-packages/neutron_lib/callbacks/manager.py:176}}
Jul 27 16:30:37.147710 dv-osbrick-849017-4-iscsi neutron-server[103901]: DEBUG neutron.scheduler.dhcp_agent_scheduler [None req-302110a3-bad7-4148-bf31-51948f2d17d9 None None] Network 0a791291-5bf1-41a9-ae08-1a6fd13e262e is already hosted by enough agents. {{(pid=103901) _get_dhcp_agents_hosting_network /opt/stack/neutron/neutron/scheduler/dhcp_agent_scheduler.py:275}}
Jul 27 16:30:37.149526 dv-osbrick-849017-4-iscsi neutron-server[103901]: DEBUG neutron.scheduler.dhcp_agent_scheduler [None req-2744b89e-66e2-4185-8b7f-ac6f4f36e3a2 None None] Network d362a606-d739-4263-9748-e0a005f5ffc9 is already hosted by enough agents. {{(pid=103901) _get_dhcp_agents_hosting_network /opt/stack/neutron/neutron/scheduler/dhcp_agent_scheduler.py:275}}
Jul 27 16:30:37.157438 dv-osbrick-849017-4-iscsi neutron-server[103899]: DEBUG neutron.api.rpc.handlers.resources_rpc [None req-1073e365-e453-45a3-8f5e-86ac01808c8d admin admin] Pushing event updated for resources: {'Port': ['ID=0d160833-15d7-4f4e-a1da-a9e32cb3463c,revision_number=1']} {{(pid=103899) push /opt/stack/neutron/neutron/api/rpc/handlers/resources_rpc.py:237}}
Jul 27 16:30:37.166263 dv-osbrick-849017-4-iscsi neutron-server[103901]: DEBUG neutron.scheduler.base_scheduler [None req-2744b89e-66e2-4185-8b7f-ac6f4f36e3a2 None None] Resources bound (agent type, host, resource id): {{(pid=103901) schedule /opt/stack/neutron/neutron/scheduler/base_scheduler.py:57}}
Jul 27 16:30:37.169524 dv-osbrick-849017-4-iscsi neutron-server[103900]: DEBUG neutron.db.db_base_plugin_common [None req-3758a755-50c1-4dde-85ac-552ef09b6b17 admin admin] Allocated IP 172.29.0.117 (5f8922cc-8326-4677-9198-e96abbe3d090/ee898890-b7f2-403c-ace1-0625c8059aa6/6f45c75d-5be3-486a-84a5-5cada2941231) {{(pid=103900) _store_ip_allocation /opt/stack/neutron/neutron/db/db_base_plugin_common.py:131}}
Jul 27 16:30:37.169779 dv-osbrick-849017-4-iscsi neutron-server[103901]: DEBUG neutron.scheduler.base_scheduler [None req-302110a3-bad7-4148-bf31-51948f2d17d9 None None] Resources bound (agent type, host, resource id): {{(pid=103901) schedule /opt/stack/neutron/neutron/scheduler/base_scheduler.py:57}}
Jul 27 16:30:37.176079 dv-osbrick-849017-4-iscsi neutron-server[103901]: DEBUG neutron.db.l3_dvrscheduler_db [None req-302110a3-bad7-4148-bf31-51948f2d17d9 None None] Received port after_create {{(pid=103901) _notify_l3_agent_new_port /opt/stack/neutron/neutron/db/l3_dvrscheduler_db.py:542}}
Jul 27 16:30:37.177359 dv-osbrick-849017-4-iscsi neutron-server[103901]: DEBUG neutron.db.l3_dvrscheduler_db [None req-2744b89e-66e2-4185-8b7f-ac6f4f36e3a2 None None] Received port after_create {{(pid=103901) _notify_l3_agent_new_port /opt/stack/neutron/neutron/db/l3_dvrscheduler_db.py:542}}
Jul 27 16:30:37.188476 dv-osbrick-849017-4-iscsi neutron-server[103899]: DEBUG neutron.scheduler.dhcp_agent_scheduler [None req-1073e365-e453-45a3-8f5e-86ac01808c8d admin admin] Network 5f8922cc-8326-4677-9198-e96abbe3d090 is already hosted by enough agents. {{(pid=103899) _get_dhcp_agents_hosting_network /opt/stack/neutron/neutron/scheduler/dhcp_agent_scheduler.py:275}}
Jul 27 16:30:37.190055 dv-osbrick-849017-4-iscsi neutron-server[103899]: DEBUG neutron.scheduler.base_scheduler [None req-1073e365-e453-45a3-8f5e-86ac01808c8d admin admin] Resources bound (agent type, host, resource id): {{(pid=103899) schedule /opt/stack/neutron/neutron/scheduler/base_scheduler.py:57}}
Jul 27 16:30:37.198756 dv-osbrick-849017-4-iscsi neutron-server[103899]: DEBUG neutron.db.l3_dvrscheduler_db [None req-1073e365-e453-45a3-8f5e-86ac01808c8d admin admin] Received port after_create {{(pid=103899) _notify_l3_agent_new_port /opt/stack/neutron/neutron/db/l3_dvrscheduler_db.py:542}}
Jul 27 16:30:37.235353 dv-osbrick-849017-4-iscsi neutron-server[103901]: DEBUG neutron.api.rpc.handlers.resources_rpc [None req-2744b89e-66e2-4185-8b7f-ac6f4f36e3a2 None None] Pushing event updated for resources: {'Port': ['ID=8d46c283-a9ed-43fc-8404-da2656aa5471,revision_number=1']} {{(pid=103901) push /opt/stack/neutron/neutron/api/rpc/handlers/resources_rpc.py:237}}
Jul 27 16:30:37.260979 dv-osbrick-849017-4-iscsi neutron-server[103901]: DEBUG neutron.api.rpc.callbacks.version_manager [None req-2744b89e-66e2-4185-8b7f-ac6f4f36e3a2 None None] Version for resource type AddressGroup changed None to 1.2 on consumer Open vSwitch agent@dv-osbrick-849017-4-iscsi {{(pid=103901) _set_version /opt/stack/neutron/neutron/api/rpc/callbacks/version_manager.py:113}}
Jul 27 16:30:37.261322 dv-osbrick-849017-4-iscsi neutron-server[103901]: DEBUG neutron.api.rpc.callbacks.version_manager [None req-2744b89e-66e2-4185-8b7f-ac6f4f36e3a2 None None] Version for resource type Agent changed None to 1.1 on consumer Open vSwitch agent@dv-osbrick-849017-4-iscsi {{(pid=103901) _set_version /opt/stack/neutron/neutron/api/rpc/callbacks/version_manager.py:113}}
Jul 27 16:30:37.261681 dv-osbrick-849017-4-iscsi neutron-server[103901]: DEBUG neutron.api.rpc.callbacks.version_manager [None req-2744b89e-66e2-4185-8b7f-ac6f4f36e3a2 None None] Version for resource type ConntrackHelper changed None to 1.0 on consumer Open vSwitch agent@dv-osbrick-849017-4-iscsi {{(pid=103901) _set_version /opt/stack/neutron/neutron/api/rpc/callbacks/version_manager.py:113}}
Jul 27 16:30:37.262042 dv-osbrick-849017-4-iscsi neutron-server[103901]: DEBUG neutron.api.rpc.callbacks.version_manager [None req-2744b89e-66e2-4185-8b7f-ac6f4f36e3a2 None None] Version for resource type LocalIPAssociation changed None to 1.0 on consumer Open vSwitch agent@dv-osbrick-849017-4-iscsi {{(pid=103901) _set_version /opt/stack/neutron/neutron/api/rpc/callbacks/version_manager.py:113}}
Jul 27 16:30:37.262367 dv-osbrick-849017-4-iscsi neutron-server[103901]: DEBUG neutron.api.rpc.callbacks.version_manager [None req-2744b89e-66e2-4185-8b7f-ac6f4f36e3a2 None None] Version for resource type Log changed None to 1.0 on consumer Open vSwitch agent@dv-osbrick-849017-4-iscsi {{(pid=103901) _set_version /opt/stack/neutron/neutron/api/rpc/callbacks/version_manager.py:113}}
Jul 27 16:30:37.262691 dv-osbrick-849017-4-iscsi neutron-server[103901]: DEBUG neutron.api.rpc.callbacks.version_manager [None req-2744b89e-66e2-4185-8b7f-ac6f4f36e3a2 None None] Version for resource type NDPProxy changed None to 1.0 on consumer Open vSwitch agent@dv-osbrick-849017-4-iscsi {{(pid=103901) _set_version /opt/stack/neutron/neutron/api/rpc/callbacks/version_manager.py:113}}
Jul 27 16:30:37.263008 dv-osbrick-849017-4-iscsi neutron-server[103901]: DEBUG neutron.api.rpc.callbacks.version_manager [None req-2744b89e-66e2-4185-8b7f-ac6f4f36e3a2 None None] Version for resource type Network changed None to 1.1 on consumer Open vSwitch agent@dv-osbrick-849017-4-iscsi {{(pid=103901) _set_version /opt/stack/neutron/neutron/api/rpc/callbacks/version_manager.py:113}}
Jul 27 16:30:37.263327 dv-osbrick-849017-4-iscsi neutron-server[103901]: DEBUG neutron.api.rpc.callbacks.version_manager [None req-2744b89e-66e2-4185-8b7f-ac6f4f36e3a2 None None] Version for resource type Port changed None to 1.7 on consumer Open vSwitch agent@dv-osbrick-849017-4-iscsi {{(pid=103901) _set_version /opt/stack/neutron/neutron/api/rpc/callbacks/version_manager.py:113}}
Jul 27 16:30:37.263664 dv-osbrick-849017-4-iscsi neutron-server[103901]: DEBUG neutron.api.rpc.callbacks.version_manager [None req-2744b89e-66e2-4185-8b7f-ac6f4f36e3a2 None None] Version for resource type PortForwarding changed None to 1.3 on consumer Open vSwitch agent@dv-osbrick-849017-4-iscsi {{(pid=103901) _set_version /opt/stack/neutron/neutron/api/rpc/callbacks/version_manager.py:113}}
Jul 27 16:30:37.263985 dv-osbrick-849017-4-iscsi neutron-server[103901]: DEBUG neutron.api.rpc.callbacks.version_manager [None req-2744b89e-66e2-4185-8b7f-ac6f4f36e3a2 None None] Version for resource type QosPolicy changed None to 1.10 on consumer Open vSwitch agent@dv-osbrick-849017-4-iscsi {{(pid=103901) _set_version /opt/stack/neutron/neutron/api/rpc/callbacks/version_manager.py:113}}
Jul 27 16:30:37.264326 dv-osbrick-849017-4-iscsi neutron-server[103901]: DEBUG neutron.api.rpc.callbacks.version_manager [None req-2744b89e-66e2-4185-8b7f-ac6f4f36e3a2 None None] Version for resource type SecurityGroup changed None to 1.5 on consumer Open vSwitch agent@dv-osbrick-849017-4-iscsi {{(pid=103901) _set_version /opt/stack/neutron/neutron/api/rpc/callbacks/version_manager.py:113}}
Jul 27 16:30:37.264655 dv-osbrick-849017-4-iscsi neutron-server[103901]: DEBUG neutron.api.rpc.callbacks.version_manager [None req-2744b89e-66e2-4185-8b7f-ac6f4f36e3a2 None None] Version for resource type SecurityGroupRule changed None to 1.2 on consumer Open vSwitch agent@dv-osbrick-849017-4-iscsi {{(pid=103901) _set_version /opt/stack/neutron/neutron/api/rpc/callbacks/version_manager.py:113}}
Jul 27 16:30:37.264968 dv-osbrick-849017-4-iscsi neutron-server[103901]: DEBUG neutron.api.rpc.callbacks.version_manager [None req-2744b89e-66e2-4185-8b7f-ac6f4f36e3a2 None None] Version for resource type SubPort changed None to 1.0 on consumer Open vSwitch agent@dv-osbrick-849017-4-iscsi {{(pid=103901) _set_version /opt/stack/neutron/neutron/api/rpc/callbacks/version_manager.py:113}}
Jul 27 16:30:37.265279 dv-osbrick-849017-4-iscsi neutron-server[103901]: DEBUG neutron.api.rpc.callbacks.version_manager [None req-2744b89e-66e2-4185-8b7f-ac6f4f36e3a2 None None] Version for resource type Subnet changed None to 1.1 on consumer Open vSwitch agent@dv-osbrick-849017-4-iscsi {{(pid=103901) _set_version /opt/stack/neutron/neutron/api/rpc/callbacks/version_manager.py:113}}
Jul 27 16:30:37.265802 dv-osbrick-849017-4-iscsi neutron-server[103901]: DEBUG neutron.api.rpc.callbacks.version_manager [None req-2744b89e-66e2-4185-8b7f-ac6f4f36e3a2 None None] Version for resource type Trunk changed None to 1.1 on consumer Open vSwitch agent@dv-osbrick-849017-4-iscsi {{(pid=103901) _set_version /opt/stack/neutron/neutron/api/rpc/callbacks/version_manager.py:113}}
Jul 27 16:30:37.266770 dv-osbrick-849017-4-iscsi neutron-server[103901]: DEBUG neutron.api.rpc.callbacks.version_manager [None req-2744b89e-66e2-4185-8b7f-ac6f4f36e3a2 None None] Tracked resource versions report:
Jul 27 16:30:37.266770 dv-osbrick-849017-4-iscsi neutron-server[103901]: pushed versions:
Jul 27 16:30:37.266770 dv-osbrick-849017-4-iscsi neutron-server[103901]: { 'AddressGroup': {'1.2'},
Jul 27 16:30:37.266770 dv-osbrick-849017-4-iscsi neutron-server[103901]: 'Agent': {'1.1'},
Jul 27 16:30:37.266770 dv-osbrick-849017-4-iscsi neutron-server[103901]: 'ConntrackHelper': {'1.0'},
Jul 27 16:30:37.266770 dv-osbrick-849017-4-iscsi neutron-server[103901]: 'LocalIPAssociation': {'1.0'},
Jul 27 16:30:37.266770 dv-osbrick-849017-4-iscsi neutron-server[103901]: 'Log': {'1.0'},
Jul 27 16:30:37.266770 dv-osbrick-849017-4-iscsi neutron-server[103901]: 'NDPProxy': {'1.0'},
Jul 27 16:30:37.266770 dv-osbrick-849017-4-iscsi neutron-server[103901]: 'Network': {'1.1'},
Jul 27 16:30:37.266770 dv-osbrick-849017-4-iscsi neutron-server[103901]: 'Port': {'1.7'},
Jul 27 16:30:37.266770 dv-osbrick-849017-4-iscsi neutron-server[103901]: 'PortForwarding': {'1.3'},
Jul 27 16:30:37.266770 dv-osbrick-849017-4-iscsi neutron-server[103901]: 'QosPolicy': {'1.10'},
Jul 27 16:30:37.266770 dv-osbrick-849017-4-iscsi neutron-server[103901]: 'SecurityGroup': {'1.5'},
Jul 27 16:30:37.266770 dv-osbrick-849017-4-iscsi neutron-server[103901]: 'SecurityGroupRule': {'1.2'},
Jul 27 16:30:37.266770 dv-osbrick-849017-4-iscsi neutron-server[103901]: 'SubPort': {'1.0'},
Jul 27 16:30:37.266770 dv-osbrick-849017-4-iscsi neutron-server[103901]: 'Subnet': {'1.1'},
Jul 27 16:30:37.266770 dv-osbrick-849017-4-iscsi neutron-server[103901]: 'Trunk': {'1.1'}}
Jul 27 16:30:37.266770 dv-osbrick-849017-4-iscsi neutron-server[103901]: consumer versions:
Jul 27 16:30:37.266770 dv-osbrick-849017-4-iscsi neutron-server[103901]: { DHCP agent@dv-osbrick-849017-4-iscsi: {},
Jul 27 16:30:37.266770 dv-osbrick-849017-4-iscsi neutron-server[103901]: HyperV agent@hv-osbrick-8490: {},
Jul 27 16:30:37.266770 dv-osbrick-849017-4-iscsi neutron-server[103901]: L3 agent@dv-osbrick-849017-4-iscsi: {},
Jul 27 16:30:37.266770 dv-osbrick-849017-4-iscsi neutron-server[103901]: Metadata agent@dv-osbrick-849017-4-iscsi: {},
Jul 27 16:30:37.266770 dv-osbrick-849017-4-iscsi neutron-server[103901]: Metering agent@dv-osbrick-849017-4-iscsi: {},
Jul 27 16:30:37.266770 dv-osbrick-849017-4-iscsi neutron-server[103901]: Open vSwitch agent@dv-osbrick-849017-4-iscsi: { 'AddressGroup': '1.2',
Jul 27 16:30:37.266770 dv-osbrick-849017-4-iscsi neutron-server[103901]: 'Agent': '1.1',
Jul 27 16:30:37.266770 dv-osbrick-849017-4-iscsi neutron-server[103901]: 'ConntrackHelper': '1.0',
Jul 27 16:30:37.266770 dv-osbrick-849017-4-iscsi neutron-server[103901]: 'LocalIPAssociation': '1.0',
Jul 27 16:30:37.266770 dv-osbrick-849017-4-iscsi neutron-server[103901]: 'Log': '1.0',
Jul 27 16:30:37.266770 dv-osbrick-849017-4-iscsi neutron-server[103901]: 'NDPProxy': '1.0',
Jul 27 16:30:37.266770 dv-osbrick-849017-4-iscsi neutron-server[103901]: 'Network': '1.1',
Jul 27 16:30:37.266770 dv-osbrick-849017-4-iscsi neutron-server[103901]: 'Port': '1.7',
Jul 27 16:30:37.266770 dv-osbrick-849017-4-iscsi neutron-server[103901]: 'PortForwarding': '1.3',
Jul 27 16:30:37.266770 dv-osbrick-849017-4-iscsi neutron-server[103901]: 'QosPolicy': '1.10',
Jul 27 16:30:37.266770 dv-osbrick-849017-4-iscsi neutron-server[103901]: 'SecurityGroup': '1.5',
Jul 27 16:30:37.266770 dv-osbrick-849017-4-iscsi neutron-server[103901]: 'SecurityGroupRule': '1.2',
Jul 27 16:30:37.266770 dv-osbrick-849017-4-iscsi neutron-server[103901]: 'SubPort': '1.0',
Jul 27 16:30:37.266770 dv-osbrick-849017-4-iscsi neutron-server[103901]: 'Subnet': '1.1',
Jul 27 16:30:37.266770 dv-osbrick-849017-4-iscsi neutron-server[103901]: 'Trunk': '1.1'}}
Jul 27 16:30:37.266770 dv-osbrick-849017-4-iscsi neutron-server[103901]: {{(pid=103901) report /opt/stack/neutron/neutron/api/rpc/callbacks/version_manager.py:175}}
Jul 27 16:30:37.291857 dv-osbrick-849017-4-iscsi neutron-server[103900]: DEBUG neutron_lib.callbacks.manager [None req-3758a755-50c1-4dde-85ac-552ef09b6b17 admin admin] Publish callbacks [] for port (6f45c75d-5be3-486a-84a5-5cada2941231), precommit_create {{(pid=103900) _notify_loop /usr/local/lib/python3.8/dist-packages/neutron_lib/callbacks/manager.py:176}}
Jul 27 16:30:37.323921 dv-osbrick-849017-4-iscsi neutron-server[103901]: DEBUG neutron.plugins.ml2.managers [None req-2744b89e-66e2-4185-8b7f-ac6f4f36e3a2 None None] Attempting to bind port 8d46c283-a9ed-43fc-8404-da2656aa5471 on host dv-osbrick-849017-4-iscsi for vnic_type normal with profile {{(pid=103901) bind_port /opt/stack/neutron/neutron/plugins/ml2/managers.py:810}}
Jul 27 16:30:37.324309 dv-osbrick-849017-4-iscsi neutron-server[103901]: DEBUG neutron.plugins.ml2.managers [None req-2744b89e-66e2-4185-8b7f-ac6f4f36e3a2 None None] Attempting to bind port 8d46c283-a9ed-43fc-8404-da2656aa5471 by drivers openvswitch,hyperv on host dv-osbrick-849017-4-iscsi at level 0 using segments [{'id': '511a90ee-f628-4845-b2e9-2903583aff19', 'network_type': 'vlan', 'physical_network': 'physnet1', 'segmentation_id': 795, 'network_id': 'd362a606-d739-4263-9748-e0a005f5ffc9'}] {{(pid=103901) _bind_port_level /opt/stack/neutron/neutron/plugins/ml2/managers.py:835}}
Jul 27 16:30:37.324653 dv-osbrick-849017-4-iscsi neutron-server[103901]: DEBUG neutron.plugins.ml2.drivers.mech_agent [None req-2744b89e-66e2-4185-8b7f-ac6f4f36e3a2 None None] Attempting to bind port 8d46c283-a9ed-43fc-8404-da2656aa5471 on network d362a606-d739-4263-9748-e0a005f5ffc9 {{(pid=103901) bind_port /opt/stack/neutron/neutron/plugins/ml2/drivers/mech_agent.py:91}}
Jul 27 16:30:37.337391 dv-osbrick-849017-4-iscsi neutron-server[103901]: DEBUG neutron.plugins.ml2.drivers.mech_agent [None req-2744b89e-66e2-4185-8b7f-ac6f4f36e3a2 None None] Checking agent: {'id': '62100b76-9f7f-4c88-b5a5-deda6e7190c7', 'agent_type': 'Open vSwitch agent', 'binary': 'neutron-openvswitch-agent', 'topic': 'N/A', 'host': 'dv-osbrick-849017-4-iscsi', 'admin_state_up': True, 'created_at': datetime.datetime(2022, 7, 27, 16, 22, 39), 'started_at': datetime.datetime(2022, 7, 27, 16, 23, 9), 'heartbeat_timestamp': datetime.datetime(2022, 7, 27, 16, 30, 9), 'description': None, 'resources_synced': None, 'availability_zone': None, 'alive': True, 'configurations': {'arp_responder_enabled': False, 'baremetal_smartnic': False, 'bridge_mappings': {'physnet1': 'br-data'}, 'datapath_type': 'system', 'devices': 0, 'enable_distributed_routing': False, 'extensions': [], 'in_distributed_mode': False, 'integration_bridge': 'br-int', 'l2_population': False, 'log_agent_heartbeats': False, 'ovs_capabilities': {'datapath_types': ['netdev', 'system'], 'iface_types': ['erspan', 'geneve', 'gre', 'internal', 'ip6erspan', 'ip6gre', 'lisp', 'patch', 'stt', 'system', 'tap', 'vxlan']}, 'ovs_hybrid_plug': False, 'resource_provider_bandwidths': {}, 'resource_provider_hypervisors': {'br-data': 'dv-osbrick-849017-4-iscsi'}, 'resource_provider_inventory_defaults': {'allocation_ratio': 1.0, 'min_unit': 1, 'step_size': 1, 'reserved': 0}, 'resource_provider_packet_processing_inventory_defaults': {'allocation_ratio': 1.0, 'min_unit': 1, 'step_size': 1, 'reserved': 0}, 'resource_provider_packet_processing_with_direction': {}, 'resource_provider_packet_processing_without_direction': {}, 'tunnel_types': [], 'tunneling_ip': None, 'vhostuser_socket_dir': '/var/run/openvswitch'}, 'resource_versions': {'AddressGroup': '1.2', 'Agent': '1.1', 'ConntrackHelper': '1.0', 'LocalIPAssociation': '1.0', 'Log': '1.0', 'NDPProxy': '1.0', 'Network': '1.1', 'Port': '1.7', 'PortForwarding': '1.3', 'QosPolicy': '1.10', 'SecurityGroup': '1.5', 'SecurityGroupRule': '1.2', 'SubPort': '1.0', 'Subnet': '1.1', 'Trunk': '1.1'}} {{(pid=103901) bind_port /opt/stack/neutron/neutron/plugins/ml2/drivers/mech_agent.py:110}}
Jul 27 16:30:37.337684 dv-osbrick-849017-4-iscsi neutron-server[103901]: DEBUG neutron.plugins.ml2.drivers.mech_agent [None req-2744b89e-66e2-4185-8b7f-ac6f4f36e3a2 None None] Checking segment: {'id': '511a90ee-f628-4845-b2e9-2903583aff19', 'network_type': 'vlan', 'physical_network': 'physnet1', 'segmentation_id': 795, 'network_id': 'd362a606-d739-4263-9748-e0a005f5ffc9'} for mappings: {'physnet1': 'br-data'} with network types: ['local', 'flat', 'vlan'] {{(pid=103901) check_segment_for_agent /opt/stack/neutron/neutron/plugins/ml2/drivers/mech_agent.py:373}}
Jul 27 16:30:37.338080 dv-osbrick-849017-4-iscsi neutron-server[103901]: DEBUG neutron_lib.callbacks.manager [None req-2744b89e-66e2-4185-8b7f-ac6f4f36e3a2 None None] Publish callbacks [] for ovs_bridge_name (None), before_read {{(pid=103901) _notify_loop /usr/local/lib/python3.8/dist-packages/neutron_lib/callbacks/manager.py:176}}
Jul 27 16:30:37.338468 dv-osbrick-849017-4-iscsi neutron-server[103901]: DEBUG neutron.plugins.ml2.drivers.mech_agent [None req-2744b89e-66e2-4185-8b7f-ac6f4f36e3a2 None None] Bound using segment: {'id': '511a90ee-f628-4845-b2e9-2903583aff19', 'network_type': 'vlan', 'physical_network': 'physnet1', 'segmentation_id': 795, 'network_id': 'd362a606-d739-4263-9748-e0a005f5ffc9'} {{(pid=103901) bind_port /opt/stack/neutron/neutron/plugins/ml2/drivers/mech_agent.py:120}}
Jul 27 16:30:37.338930 dv-osbrick-849017-4-iscsi neutron-server[103901]: DEBUG neutron.plugins.ml2.managers [None req-2744b89e-66e2-4185-8b7f-ac6f4f36e3a2 None None] Bound port: 8d46c283-a9ed-43fc-8404-da2656aa5471, host: dv-osbrick-849017-4-iscsi, vif_type: ovs, vif_details: {"connectivity": "l2", "port_filter": true, "ovs_hybrid_plug": false, "datapath_type": "system", "bridge_name": "br-int"}, binding_levels: [{'bound_driver': 'openvswitch', 'bound_segment': {'id': '511a90ee-f628-4845-b2e9-2903583aff19', 'network_type': 'vlan', 'physical_network': 'physnet1', 'segmentation_id': 795, 'network_id': 'd362a606-d739-4263-9748-e0a005f5ffc9'}}] {{(pid=103901) _bind_port_level /opt/stack/neutron/neutron/plugins/ml2/managers.py:947}}
Jul 27 16:30:37.339297 dv-osbrick-849017-4-iscsi neutron-server[103901]: DEBUG neutron_lib.callbacks.manager [None req-2744b89e-66e2-4185-8b7f-ac6f4f36e3a2 None None] Publish callbacks ['neutron.plugins.ml2.plugin.SecurityGroupDbMixin._ensure_default_security_group_handler-916163'] for port (8d46c283-a9ed-43fc-8404-da2656aa5471), before_update {{(pid=103901) _notify_loop /usr/local/lib/python3.8/dist-packages/neutron_lib/callbacks/manager.py:176}}
Jul 27 16:30:37.345735 dv-osbrick-849017-4-iscsi neutron-server[103901]: DEBUG neutron.plugins.ml2.managers [None req-302110a3-bad7-4148-bf31-51948f2d17d9 None None] Attempting to bind port 13fc2141-73b6-4bb1-832b-05eea755ce4d on host dv-osbrick-849017-4-iscsi for vnic_type normal with profile {{(pid=103901) bind_port /opt/stack/neutron/neutron/plugins/ml2/managers.py:810}}
Jul 27 16:30:37.346094 dv-osbrick-849017-4-iscsi neutron-server[103901]: DEBUG neutron.plugins.ml2.managers [None req-302110a3-bad7-4148-bf31-51948f2d17d9 None None] Attempting to bind port 13fc2141-73b6-4bb1-832b-05eea755ce4d by drivers openvswitch,hyperv on host dv-osbrick-849017-4-iscsi at level 0 using segments [{'id': 'e61d96a6-3e79-449e-a6cc-9c2ae90fa3bb', 'network_type': 'vlan', 'physical_network': 'physnet1', 'segmentation_id': 791, 'network_id': '0a791291-5bf1-41a9-ae08-1a6fd13e262e'}] {{(pid=103901) _bind_port_level /opt/stack/neutron/neutron/plugins/ml2/managers.py:835}}
Jul 27 16:30:37.346441 dv-osbrick-849017-4-iscsi neutron-server[103901]: DEBUG neutron.plugins.ml2.drivers.mech_agent [None req-302110a3-bad7-4148-bf31-51948f2d17d9 None None] Attempting to bind port 13fc2141-73b6-4bb1-832b-05eea755ce4d on network 0a791291-5bf1-41a9-ae08-1a6fd13e262e {{(pid=103901) bind_port /opt/stack/neutron/neutron/plugins/ml2/drivers/mech_agent.py:91}}
Jul 27 16:30:37.358490 dv-osbrick-849017-4-iscsi neutron-server[103900]: DEBUG neutron_lib.callbacks.manager [None req-3758a755-50c1-4dde-85ac-552ef09b6b17 admin admin] Publish callbacks ['neutron.plugins.ml2.plugin.SecurityGroupServerNotifierRpcMixin._notify_sg_on_port_change-915214', 'neutron.plugins.ml2.ovo_rpc._ObjectChangeHandler.handle_event-182992', 'neutron.api.rpc.agentnotifiers.dhcp_rpc_agent_api.DhcpAgentNotifyAPI._native_event_send_dhcp_notification-16314531', 'neutron.db.l3_dvrscheduler_db._notify_l3_agent_new_port-8750869712981'] for port (6f45c75d-5be3-486a-84a5-5cada2941231), after_create {{(pid=103900) _notify_loop /usr/local/lib/python3.8/dist-packages/neutron_lib/callbacks/manager.py:176}}
Jul 27 16:30:37.364557 dv-osbrick-849017-4-iscsi neutron-server[103901]: DEBUG neutron.plugins.ml2.drivers.mech_agent [None req-302110a3-bad7-4148-bf31-51948f2d17d9 None None] Checking agent: {'id': '62100b76-9f7f-4c88-b5a5-deda6e7190c7', 'agent_type': 'Open vSwitch agent', 'binary': 'neutron-openvswitch-agent', 'topic': 'N/A', 'host': 'dv-osbrick-849017-4-iscsi', 'admin_state_up': True, 'created_at': datetime.datetime(2022, 7, 27, 16, 22, 39), 'started_at': datetime.datetime(2022, 7, 27, 16, 23, 9), 'heartbeat_timestamp': datetime.datetime(2022, 7, 27, 16, 30, 9), 'description': None, 'resources_synced': None, 'availability_zone': None, 'alive': True, 'configurations': {'arp_responder_enabled': False, 'baremetal_smartnic': False, 'bridge_mappings': {'physnet1': 'br-data'}, 'datapath_type': 'system', 'devices': 0, 'enable_distributed_routing': False, 'extensions': [], 'in_distributed_mode': False, 'integration_bridge': 'br-int', 'l2_population': False, 'log_agent_heartbeats': False, 'ovs_capabilities': {'datapath_types': ['netdev', 'system'], 'iface_types': ['erspan', 'geneve', 'gre', 'internal', 'ip6erspan', 'ip6gre', 'lisp', 'patch', 'stt', 'system', 'tap', 'vxlan']}, 'ovs_hybrid_plug': False, 'resource_provider_bandwidths': {}, 'resource_provider_hypervisors': {'br-data': 'dv-osbrick-849017-4-iscsi'}, 'resource_provider_inventory_defaults': {'allocation_ratio': 1.0, 'min_unit': 1, 'step_size': 1, 'reserved': 0}, 'resource_provider_packet_processing_inventory_defaults': {'allocation_ratio': 1.0, 'min_unit': 1, 'step_size': 1, 'reserved': 0}, 'resource_provider_packet_processing_with_direction': {}, 'resource_provider_packet_processing_without_direction': {}, 'tunnel_types': [], 'tunneling_ip': None, 'vhostuser_socket_dir': '/var/run/openvswitch'}, 'resource_versions': {'AddressGroup': '1.2', 'Agent': '1.1', 'ConntrackHelper': '1.0', 'LocalIPAssociation': '1.0', 'Log': '1.0', 'NDPProxy': '1.0', 'Network': '1.1', 'Port': '1.7', 'PortForwarding': '1.3', 'QosPolicy': '1.10', 'SecurityGroup': '1.5', 'SecurityGroupRule': '1.2', 'SubPort': '1.0', 'Subnet': '1.1', 'Trunk': '1.1'}} {{(pid=103901) bind_port /opt/stack/neutron/neutron/plugins/ml2/drivers/mech_agent.py:110}}
Jul 27 16:30:37.364934 dv-osbrick-849017-4-iscsi neutron-server[103901]: DEBUG neutron.plugins.ml2.drivers.mech_agent [None req-302110a3-bad7-4148-bf31-51948f2d17d9 None None] Checking segment: {'id': 'e61d96a6-3e79-449e-a6cc-9c2ae90fa3bb', 'network_type': 'vlan', 'physical_network': 'physnet1', 'segmentation_id': 791, 'network_id': '0a791291-5bf1-41a9-ae08-1a6fd13e262e'} for mappings: {'physnet1': 'br-data'} with network types: ['local', 'flat', 'vlan'] {{(pid=103901) check_segment_for_agent /opt/stack/neutron/neutron/plugins/ml2/drivers/mech_agent.py:373}}
Jul 27 16:30:37.365329 dv-osbrick-849017-4-iscsi neutron-server[103901]: DEBUG neutron_lib.callbacks.manager [None req-302110a3-bad7-4148-bf31-51948f2d17d9 None None] Publish callbacks [] for ovs_bridge_name (None), before_read {{(pid=103901) _notify_loop /usr/local/lib/python3.8/dist-packages/neutron_lib/callbacks/manager.py:176}}
Jul 27 16:30:37.365714 dv-osbrick-849017-4-iscsi neutron-server[103901]: DEBUG neutron.plugins.ml2.drivers.mech_agent [None req-302110a3-bad7-4148-bf31-51948f2d17d9 None None] Bound using segment: {'id': 'e61d96a6-3e79-449e-a6cc-9c2ae90fa3bb', 'network_type': 'vlan', 'physical_network': 'physnet1', 'segmentation_id': 791, 'network_id': '0a791291-5bf1-41a9-ae08-1a6fd13e262e'} {{(pid=103901) bind_port /opt/stack/neutron/neutron/plugins/ml2/drivers/mech_agent.py:120}}
Jul 27 16:30:37.366175 dv-osbrick-849017-4-iscsi neutron-server[103901]: DEBUG neutron.plugins.ml2.managers [None req-302110a3-bad7-4148-bf31-51948f2d17d9 None None] Bound port: 13fc2141-73b6-4bb1-832b-05eea755ce4d, host: dv-osbrick-849017-4-iscsi, vif_type: ovs, vif_details: {"connectivity": "l2", "port_filter": true, "ovs_hybrid_plug": false, "datapath_type": "system", "bridge_name": "br-int"}, binding_levels: [{'bound_driver': 'openvswitch', 'bound_segment': {'id': 'e61d96a6-3e79-449e-a6cc-9c2ae90fa3bb', 'network_type': 'vlan', 'physical_network': 'physnet1', 'segmentation_id': 791, 'network_id': '0a791291-5bf1-41a9-ae08-1a6fd13e262e'}}] {{(pid=103901) _bind_port_level /opt/stack/neutron/neutron/plugins/ml2/managers.py:947}}
Jul 27 16:30:37.366547 dv-osbrick-849017-4-iscsi neutron-server[103901]: DEBUG neutron_lib.callbacks.manager [None req-302110a3-bad7-4148-bf31-51948f2d17d9 None None] Publish callbacks ['neutron.plugins.ml2.plugin.SecurityGroupDbMixin._ensure_default_security_group_handler-916163'] for port (13fc2141-73b6-4bb1-832b-05eea755ce4d), before_update {{(pid=103901) _notify_loop /usr/local/lib/python3.8/dist-packages/neutron_lib/callbacks/manager.py:176}}
Jul 27 16:30:37.369748 dv-osbrick-849017-4-iscsi neutron-server[103901]: DEBUG neutron.api.rpc.handlers.resources_rpc [None req-302110a3-bad7-4148-bf31-51948f2d17d9 None None] Pushing event updated for resources: {'Port': ['ID=13fc2141-73b6-4bb1-832b-05eea755ce4d,revision_number=1']} {{(pid=103901) push /opt/stack/neutron/neutron/api/rpc/handlers/resources_rpc.py:237}}
Jul 27 16:30:37.411869 dv-osbrick-849017-4-iscsi neutron-server[103899]: DEBUG neutron_lib.callbacks.manager [None req-1073e365-e453-45a3-8f5e-86ac01808c8d admin admin] Publish callbacks [] for router_gateway (d34de146-e7a5-41a1-bf60-0c6dac7af665), after_create {{(pid=103899) _notify_loop /usr/local/lib/python3.8/dist-packages/neutron_lib/callbacks/manager.py:176}}
Jul 27 16:30:37.442132 dv-osbrick-849017-4-iscsi neutron-server[103900]: DEBUG neutron.scheduler.dhcp_agent_scheduler [None req-3758a755-50c1-4dde-85ac-552ef09b6b17 admin admin] Network 5f8922cc-8326-4677-9198-e96abbe3d090 is already hosted by enough agents. {{(pid=103900) _get_dhcp_agents_hosting_network /opt/stack/neutron/neutron/scheduler/dhcp_agent_scheduler.py:275}}
Jul 27 16:30:37.449054 dv-osbrick-849017-4-iscsi neutron-server[103899]: DEBUG dbcounter [-] [103899] Writing DB stats neutron:SELECT=92,neutron:UPDATE=5,neutron:INSERT=3 {{(pid=103899) stat_writer /usr/local/lib/python3.8/dist-packages/dbcounter.py:114}}
Jul 27 16:30:37.454855 dv-osbrick-849017-4-iscsi neutron-server[103901]: DEBUG neutron.plugins.ml2.db [None req-2744b89e-66e2-4185-8b7f-ac6f4f36e3a2 None None] For port 8d46c283-a9ed-43fc-8404-da2656aa5471, host dv-osbrick-849017-4-iscsi, cleared binding levels {{(pid=103901) clear_binding_levels /opt/stack/neutron/neutron/plugins/ml2/db.py:87}}
Jul 27 16:30:37.459205 dv-osbrick-849017-4-iscsi neutron-server[103900]: DEBUG neutron.api.rpc.handlers.resources_rpc [None req-3758a755-50c1-4dde-85ac-552ef09b6b17 admin admin] Pushing event updated for resources: {'Port': ['ID=6f45c75d-5be3-486a-84a5-5cada2941231,revision_number=1']} {{(pid=103900) push /opt/stack/neutron/neutron/api/rpc/handlers/resources_rpc.py:237}}
Jul 27 16:30:37.462205 dv-osbrick-849017-4-iscsi neutron-server[103900]: DEBUG neutron.scheduler.base_scheduler [None req-3758a755-50c1-4dde-85ac-552ef09b6b17 admin admin] Resources bound (agent type, host, resource id): {{(pid=103900) schedule /opt/stack/neutron/neutron/scheduler/base_scheduler.py:57}}
Jul 27 16:30:37.462864 dv-osbrick-849017-4-iscsi neutron-server[103901]: DEBUG neutron.plugins.ml2.db [None req-2744b89e-66e2-4185-8b7f-ac6f4f36e3a2 None None] For port 8d46c283-a9ed-43fc-8404-da2656aa5471, host dv-osbrick-849017-4-iscsi, set binding levels [PortBindingLevel(driver='openvswitch',host='dv-osbrick-849017-4-iscsi',level=0,port_id=8d46c283-a9ed-43fc-8404-da2656aa5471,segment=NetworkSegment(511a90ee-f628-4845-b2e9-2903583aff19),segment_id=511a90ee-f628-4845-b2e9-2903583aff19)] {{(pid=103901) set_binding_levels /opt/stack/neutron/neutron/plugins/ml2/db.py:59}}
Jul 27 16:30:37.478018 dv-osbrick-849017-4-iscsi neutron-server[103900]: DEBUG neutron.db.l3_dvrscheduler_db [None req-3758a755-50c1-4dde-85ac-552ef09b6b17 admin admin] Received port after_create {{(pid=103900) _notify_l3_agent_new_port /opt/stack/neutron/neutron/db/l3_dvrscheduler_db.py:542}}
Jul 27 16:30:37.482085 dv-osbrick-849017-4-iscsi neutron-server[103901]: DEBUG neutron_lib.callbacks.manager [None req-2744b89e-66e2-4185-8b7f-ac6f4f36e3a2 None None] Publish callbacks ['neutron.plugins.ml2.plugin.SecurityGroupServerNotifierRpcMixin._notify_sg_on_port_change-915214', 'neutron.plugins.ml2.ovo_rpc._ObjectChangeHandler.handle_event-182992', 'neutron.api.rpc.agentnotifiers.dhcp_rpc_agent_api.DhcpAgentNotifyAPI._native_event_send_dhcp_notification-16314531', 'neutron.db.l3_db.L3RpcNotifierMixin._notify_gateway_port_ip_changed-8750870109916', 'neutron.db.l3_dvrscheduler_db._notify_l3_agent_port_update-8750869712999', 'neutron.db.l3_hascheduler_db._notify_l3_agent_ha_port_update-8750869713017'] for port (8d46c283-a9ed-43fc-8404-da2656aa5471), after_update {{(pid=103901) _notify_loop /usr/local/lib/python3.8/dist-packages/neutron_lib/callbacks/manager.py:176}}
Jul 27 16:30:37.487980 dv-osbrick-849017-4-iscsi neutron-server[103899]: DEBUG dbcounter [-] [103899] Writing DB stats neutron:SELECT=94,neutron:INSERT=4,neutron:UPDATE=2 {{(pid=103899) stat_writer /usr/local/lib/python3.8/dist-packages/dbcounter.py:114}}
Jul 27 16:30:37.509558 dv-osbrick-849017-4-iscsi neutron-server[103901]: DEBUG neutron.plugins.ml2.db [None req-302110a3-bad7-4148-bf31-51948f2d17d9 None None] For port 13fc2141-73b6-4bb1-832b-05eea755ce4d, host dv-osbrick-849017-4-iscsi, cleared binding levels {{(pid=103901) clear_binding_levels /opt/stack/neutron/neutron/plugins/ml2/db.py:87}}
Jul 27 16:30:37.535822 dv-osbrick-849017-4-iscsi neutron-server[103901]: DEBUG neutron.plugins.ml2.db [None req-302110a3-bad7-4148-bf31-51948f2d17d9 None None] For port 13fc2141-73b6-4bb1-832b-05eea755ce4d, host dv-osbrick-849017-4-iscsi, set binding levels [PortBindingLevel(driver='openvswitch',host='dv-osbrick-849017-4-iscsi',level=0,port_id=13fc2141-73b6-4bb1-832b-05eea755ce4d,segment=NetworkSegment(e61d96a6-3e79-449e-a6cc-9c2ae90fa3bb),segment_id=e61d96a6-3e79-449e-a6cc-9c2ae90fa3bb)] {{(pid=103901) set_binding_levels /opt/stack/neutron/neutron/plugins/ml2/db.py:59}}
Jul 27 16:30:37.554702 dv-osbrick-849017-4-iscsi neutron-server[103901]: DEBUG neutron_lib.callbacks.manager [None req-302110a3-bad7-4148-bf31-51948f2d17d9 None None] Publish callbacks ['neutron.plugins.ml2.plugin.SecurityGroupServerNotifierRpcMixin._notify_sg_on_port_change-915214', 'neutron.plugins.ml2.ovo_rpc._ObjectChangeHandler.handle_event-182992', 'neutron.api.rpc.agentnotifiers.dhcp_rpc_agent_api.DhcpAgentNotifyAPI._native_event_send_dhcp_notification-16314531', 'neutron.db.l3_db.L3RpcNotifierMixin._notify_gateway_port_ip_changed-8750870109916', 'neutron.db.l3_dvrscheduler_db._notify_l3_agent_port_update-8750869712999', 'neutron.db.l3_hascheduler_db._notify_l3_agent_ha_port_update-8750869713017'] for port (13fc2141-73b6-4bb1-832b-05eea755ce4d), after_update {{(pid=103901) _notify_loop /usr/local/lib/python3.8/dist-packages/neutron_lib/callbacks/manager.py:176}}
Jul 27 16:30:37.562983 dv-osbrick-849017-4-iscsi neutron-server[103901]: DEBUG neutron.api.rpc.handlers.resources_rpc [None req-2744b89e-66e2-4185-8b7f-ac6f4f36e3a2 None None] Pushing event updated for resources: {'Port': ['ID=8d46c283-a9ed-43fc-8404-da2656aa5471,revision_number=2']} {{(pid=103901) push /opt/stack/neutron/neutron/api/rpc/handlers/resources_rpc.py:237}}
Jul 27 16:30:37.631244 dv-osbrick-849017-4-iscsi neutron-server[103901]: DEBUG neutron.api.rpc.handlers.resources_rpc [None req-302110a3-bad7-4148-bf31-51948f2d17d9 None None] Pushing event updated for resources: {'Port': ['ID=13fc2141-73b6-4bb1-832b-05eea755ce4d,revision_number=2']} {{(pid=103901) push /opt/stack/neutron/neutron/api/rpc/handlers/resources_rpc.py:237}}
Jul 27 16:30:37.748292 dv-osbrick-849017-4-iscsi neutron-server[103899]: DEBUG neutron_lib.callbacks.manager [None req-1073e365-e453-45a3-8f5e-86ac01808c8d admin admin] Publish callbacks ['neutron.services.l3_router.l3_router_plugin.L3_HA_NAT_db_mixin._after_router_create-16449483', 'neutron.services.l3_router.l3_router_plugin.DVRResourceOperationHandler._create_snat_interfaces_after_change-16422273'] for router (d34de146-e7a5-41a1-bf60-0c6dac7af665), after_create {{(pid=103899) _notify_loop /usr/local/lib/python3.8/dist-packages/neutron_lib/callbacks/manager.py:176}}
Jul 27 16:30:37.843138 dv-osbrick-849017-4-iscsi neutron-server[103900]: DEBUG neutron_lib.callbacks.manager [None req-3758a755-50c1-4dde-85ac-552ef09b6b17 admin admin] Publish callbacks [] for router_gateway (65e9080a-e604-4a17-bd1c-a46946d372ff), after_create {{(pid=103900) _notify_loop /usr/local/lib/python3.8/dist-packages/neutron_lib/callbacks/manager.py:176}}
Jul 27 16:30:37.916694 dv-osbrick-849017-4-iscsi neutron-server[103900]: DEBUG dbcounter [-] [103900] Writing DB stats neutron:SELECT=90,neutron:INSERT=4,neutron:UPDATE=6 {{(pid=103900) stat_writer /usr/local/lib/python3.8/dist-packages/dbcounter.py:114}}
Jul 27 16:30:37.916898 dv-osbrick-849017-4-iscsi neutron-server[103900]: DEBUG dbcounter [-] [103900] Writing DB stats neutron:INSERT=5,neutron:UPDATE=2,neutron:SELECT=93 {{(pid=103900) stat_writer /usr/local/lib/python3.8/dist-packages/dbcounter.py:114}}
Jul 27 16:30:37.920302 dv-osbrick-849017-4-iscsi neutron-server[103899]: DEBUG neutron.scheduler.l3_agent_scheduler [None req-1073e365-e453-45a3-8f5e-86ac01808c8d admin admin] Router d34de146-e7a5-41a1-bf60-0c6dac7af665 is scheduled to L3 agent eab17912-b256-45ed-8105-e87bd61256a6 with binding_index 1 {{(pid=103899) bind_router /opt/stack/neutron/neutron/scheduler/l3_agent_scheduler.py:209}}
Jul 27 16:30:38.044783 dv-osbrick-849017-4-iscsi neutron-server[103899]: DEBUG neutron.api.rpc.agentnotifiers.l3_rpc_agent_api [None req-1073e365-e453-45a3-8f5e-86ac01808c8d admin admin] Notify agent at l3_agent.dv-osbrick-849017-4-iscsi the message routers_updated {{(pid=103899) _agent_notification /opt/stack/neutron/neutron/api/rpc/agentnotifiers/l3_rpc_agent_api.py:65}}
Jul 27 16:30:38.055728 dv-osbrick-849017-4-iscsi neutron-server[103902]: DEBUG neutron.api.rpc.handlers.l3_rpc [None req-1a1ab8bd-c23a-407b-b436-ed9a25d7bfde None None] Sync routers for ids ['d34de146-e7a5-41a1-bf60-0c6dac7af665'] in dv-osbrick-849017-4-iscsi {{(pid=103902) sync_routers /opt/stack/neutron/neutron/api/rpc/handlers/l3_rpc.py:125}}
Jul 27 16:30:38.066597 dv-osbrick-849017-4-iscsi neutron-server[103899]: DEBUG neutron_lib.callbacks.manager [None req-1073e365-e453-45a3-8f5e-86ac01808c8d admin admin] Publish callbacks [] for router (None), before_response {{(pid=103899) _notify_loop /usr/local/lib/python3.8/dist-packages/neutron_lib/callbacks/manager.py:176}}
Jul 27 16:30:38.067749 dv-osbrick-849017-4-iscsi neutron-server[103899]: INFO neutron.wsgi [None req-1073e365-e453-45a3-8f5e-86ac01808c8d admin admin] 10.222.0.70 "POST /v2.0/routers HTTP/1.1" status: 201 len: 924 time: 1.6646063
Jul 27 16:30:38.070060 dv-osbrick-849017-4-iscsi neutron-server[103902]: DEBUG neutron.db.l3_dvrscheduler_db [None req-1a1ab8bd-c23a-407b-b436-ed9a25d7bfde None None] Routers {'d34de146-e7a5-41a1-bf60-0c6dac7af665'} bound to L3 agent in host dv-osbrick-849017-4-iscsi {{(pid=103902) _get_router_ids_for_agent /opt/stack/neutron/neutron/db/l3_dvrscheduler_db.py:426}}
Jul 27 16:30:38.070765 dv-osbrick-849017-4-iscsi neutron-server[103902]: DEBUG neutron.db.l3_hamode_db [None req-1a1ab8bd-c23a-407b-b436-ed9a25d7bfde None None] neutron.services.l3_router.l3_router_plugin.L3RouterPlugin method get_ha_sync_data_for_host called with arguments (, 'dv-osbrick-849017-4-iscsi', Agent(admin_state_up=True,agent_type='L3 agent',availability_zone='nova',binary='neutron-l3-agent',configurations={"agent_mode": "legacy", "ex_gw_ports": 1, "extensions": [], "floating_ips": 0, "handle_internal_only_routers": true, "interface_driver": "openvswitch", "interfaces": 1, "log_agent_heartbeats": false, "routers": 1},created_at=2022-07-27T16:22:36Z,description=,heartbeat_timestamp=2022-07-27T16:30:36Z,host='dv-osbrick-849017-4-iscsi',id=eab17912-b256-45ed-8105-e87bd61256a6,load=0,resource_versions=,resources_synced=,started_at=2022-07-27T16:22:36Z,topic='l3_agent')) {'router_ids': ['d34de146-e7a5-41a1-bf60-0c6dac7af665'], 'active': True} {{(pid=103902) wrapper /usr/local/lib/python3.8/dist-packages/oslo_log/helpers.py:65}}
Jul 27 16:30:38.071982 dv-osbrick-849017-4-iscsi neutron-server[103899]: DEBUG neutron.wsgi [-] (103899) accepted ('10.222.0.70', 40006) {{(pid=103899) server /usr/local/lib/python3.8/dist-packages/eventlet/wsgi.py:1004}}
Jul 27 16:30:38.170314 dv-osbrick-849017-4-iscsi neutron-server[103900]: DEBUG neutron_lib.callbacks.manager [None req-3758a755-50c1-4dde-85ac-552ef09b6b17 admin admin] Publish callbacks ['neutron.services.l3_router.l3_router_plugin.L3_HA_NAT_db_mixin._after_router_create-16449483', 'neutron.services.l3_router.l3_router_plugin.DVRResourceOperationHandler._create_snat_interfaces_after_change-16422273'] for router (65e9080a-e604-4a17-bd1c-a46946d372ff), after_create {{(pid=103900) _notify_loop /usr/local/lib/python3.8/dist-packages/neutron_lib/callbacks/manager.py:176}}
