Jun 15 10:08:30.627568 dv-osbrick-845149-2-iscsi devstack@keystone.service[80395]: DEBUG keystone.server.flask.request_processing.req_logging [None req-cd8734ad-2fbf-43e7-a392-e582c17445f6 None admin] PATH_INFO: `/v3/projects/03bd8174e8a54370a70e90b9e7469797/users/fa38bb96300d4537a97782073ba8aa78/roles/2819870cfca74ab8b8a53baafd44daa1` {{(pid=80395) log_request_info /opt/stack/keystone/keystone/server/flask/request_processing/req_logging.py:29}}
Jun 15 10:08:30.629835 dv-osbrick-845149-2-iscsi devstack@keystone.service[80395]: DEBUG keystone.common.rbac_enforcer.enforcer [None req-cd8734ad-2fbf-43e7-a392-e582c17445f6 None admin] RBAC: Authorizing `identity:create_grant(project_id=03bd8174e8a54370a70e90b9e7469797, user_id=fa38bb96300d4537a97782073ba8aa78, role_id=2819870cfca74ab8b8a53baafd44daa1)` {{(pid=80395) enforce_call /opt/stack/keystone/keystone/common/rbac_enforcer/enforcer.py:449}}
Jun 15 10:08:30.631300 dv-osbrick-845149-2-iscsi devstack@keystone.service[80395]: DEBUG keystone.common.rbac_enforcer.enforcer [None req-cd8734ad-2fbf-43e7-a392-e582c17445f6 None admin] RBAC: Authorization granted {{(pid=80395) enforce_call /opt/stack/keystone/keystone/common/rbac_enforcer/enforcer.py:457}}
Jun 15 10:08:30.716389 dv-osbrick-845149-2-iscsi devstack@keystone.service[80396]: DEBUG keystone.server.flask.request_processing.middleware.auth_context [None req-718b55a2-db69-4eb2-844b-0ac14537de9a None admin] Validating token access rules against request {{(pid=80396) validate_allowed_request /usr/local/lib/python3.8/dist-packages/keystonemiddleware/auth_token/__init__.py:545}}
Jun 15 10:08:30.732866 dv-osbrick-845149-2-iscsi devstack@keystone.service[80395]: [pid: 80395|app: 0|req: 132/260] 10.222.0.55 () {58 vars in 1439 bytes} [Wed Jun 15 10:08:30 2022] PUT /identity/v3/projects/03bd8174e8a54370a70e90b9e7469797/users/fa38bb96300d4537a97782073ba8aa78/roles/2819870cfca74ab8b8a53baafd44daa1 => generated 0 bytes in 250 msecs (HTTP/1.1 204) 3 headers in 132 bytes (0 switches on core 0)
Jun 15 10:08:30.734912 dv-osbrick-845149-2-iscsi devstack@keystone.service[80395]: DEBUG keystone.server.flask.request_processing.middleware.auth_context [None req-cd8734ad-2fbf-43e7-a392-e582c17445f6 None admin] Authenticating user token {{(pid=80395) process_request /usr/local/lib/python3.8/dist-packages/keystonemiddleware/auth_token/__init__.py:407}}
Jun 15 10:08:30.777642 dv-osbrick-845149-2-iscsi devstack@keystone.service[80396]: DEBUG keystone.server.flask.request_processing.middleware.auth_context [None req-e21ba5d4-9f41-4111-a7e2-ba763f6a2299 None admin] RBAC: auth_context: {'token': , 'domain_id': None, 'trust_id': None, 'trustor_id': None, 'trustee_id': None, 'domain_name': None, 'group_ids': [], 'user_id': '8da656cbb5164cbbb2122d8dff0afe4d', 'user_domain_id': 'default', 'system_scope': 'all', 'project_id': None, 'project_domain_id': None, 'roles': ['admin', 'member', 'reader'], 'is_admin_project': True, 'service_user_id': None, 'service_user_domain_id': None, 'service_project_id': None, 'service_project_domain_id': None, 'service_roles': []} {{(pid=80396) fill_context /opt/stack/keystone/keystone/server/flask/request_processing/middleware/auth_context.py:478}}
Jun 15 10:08:30.778537 dv-osbrick-845149-2-iscsi devstack@keystone.service[80396]: DEBUG keystone.server.flask.request_processing.req_logging [None req-e21ba5d4-9f41-4111-a7e2-ba763f6a2299 None admin] REQUEST_METHOD: `GET` {{(pid=80396) log_request_info /opt/stack/keystone/keystone/server/flask/request_processing/req_logging.py:27}}
Jun 15 10:08:30.778824 dv-osbrick-845149-2-iscsi devstack@keystone.service[80396]: DEBUG keystone.server.flask.request_processing.req_logging [None req-e21ba5d4-9f41-4111-a7e2-ba763f6a2299 None admin] SCRIPT_NAME: `/identity` {{(pid=80396) log_request_info /opt/stack/keystone/keystone/server/flask/request_processing/req_logging.py:28}}
Jun 15 10:08:30.779102 dv-osbrick-845149-2-iscsi devstack@keystone.service[80396]: DEBUG keystone.server.flask.request_processing.req_logging [None req-e21ba5d4-9f41-4111-a7e2-ba763f6a2299 None admin] PATH_INFO: `/v3/roles/anotherrole` {{(pid=80396) log_request_info /opt/stack/keystone/keystone/server/flask/request_processing/req_logging.py:29}}
Jun 15 10:08:30.810637 dv-osbrick-845149-2-iscsi devstack@keystone.service[80396]: DEBUG keystone.common.rbac_enforcer.enforcer [None req-e21ba5d4-9f41-4111-a7e2-ba763f6a2299 None admin] Extracting inferred target data resulted in "NOT FOUND (404)". {{(pid=80396) enforce_call /opt/stack/keystone/keystone/common/rbac_enforcer/enforcer.py:409}}
Jun 15 10:08:30.819351 dv-osbrick-845149-2-iscsi devstack@keystone.service[80396]: ERROR keystone.server.flask.application [None req-e21ba5d4-9f41-4111-a7e2-ba763f6a2299 None admin] Could not find role: anotherrole.: keystone.exception.RoleNotFound: Could not find role: anotherrole.
Jun 15 10:08:30.819351 dv-osbrick-845149-2-iscsi devstack@keystone.service[80396]: ERROR keystone.server.flask.application
Traceback (most recent call last):
Jun 15 10:08:30.819351 dv-osbrick-845149-2-iscsi devstack@keystone.service[80396]: ERROR keystone.server.flask.application
File "/usr/local/lib/python3.8/dist-packages/flask/app.py", line 1523, in full_dispatch_request
Jun 15 10:08:30.819351 dv-osbrick-845149-2-iscsi devstack@keystone.service[80396]: ERROR keystone.server.flask.application rv = self.dispatch_request()
Jun 15 10:08:30.819351 dv-osbrick-845149-2-iscsi devstack@keystone.service[80396]: ERROR keystone.server.flask.application
File "/usr/local/lib/python3.8/dist-packages/flask/app.py", line 1509, in dispatch_request
Jun 15 10:08:30.819351 dv-osbrick-845149-2-iscsi devstack@keystone.service[80396]: ERROR keystone.server.flask.application return self.ensure_sync(self.view_functions[rule.endpoint])(**req.view_args)
Jun 15 10:08:30.819351 dv-osbrick-845149-2-iscsi devstack@keystone.service[80396]: ERROR keystone.server.flask.application
File "/usr/local/lib/python3.8/dist-packages/flask_restful/__init__.py", line 467, in wrapper
Jun 15 10:08:30.819351 dv-osbrick-845149-2-iscsi devstack@keystone.service[80396]: ERROR keystone.server.flask.application resp = resource(*args, **kwargs)
Jun 15 10:08:30.819351 dv-osbrick-845149-2-iscsi devstack@keystone.service[80396]: ERROR keystone.server.flask.application
File "/usr/local/lib/python3.8/dist-packages/flask/views.py", line 84, in view
Jun 15 10:08:30.819351 dv-osbrick-845149-2-iscsi devstack@keystone.service[80396]: ERROR keystone.server.flask.application return current_app.ensure_sync(self.dispatch_request)(*args, **kwargs)
Jun 15 10:08:30.819351 dv-osbrick-845149-2-iscsi devstack@keystone.service[80396]: ERROR keystone.server.flask.application
File "/usr/local/lib/python3.8/dist-packages/flask_restful/__init__.py", line 582, in dispatch_request
Jun 15 10:08:30.819351 dv-osbrick-845149-2-iscsi devstack@keystone.service[80396]: ERROR keystone.server.flask.application resp = meth(*args, **kwargs)
Jun 15 10:08:30.819351 dv-osbrick-845149-2-iscsi devstack@keystone.service[80396]: ERROR keystone.server.flask.application
File "/opt/stack/keystone/keystone/api/roles.py", line 50, in get
Jun 15 10:08:30.819351 dv-osbrick-845149-2-iscsi devstack@keystone.service[80396]: ERROR keystone.server.flask.application return self._get_role(role_id)
Jun 15 10:08:30.819351 dv-osbrick-845149-2-iscsi devstack@keystone.service[80396]: ERROR keystone.server.flask.application
File "/opt/stack/keystone/keystone/api/roles.py", line 70, in _get_role
Jun 15 10:08:30.819351 dv-osbrick-845149-2-iscsi devstack@keystone.service[80396]: ERROR keystone.server.flask.application ENFORCER.enforce_call(action='identity:get_role')
Jun 15 10:08:30.820426 dv-osbrick-845149-2-iscsi devstack@keystone.service[80396]: ERROR keystone.server.flask.application
File "/opt/stack/keystone/keystone/common/rbac_enforcer/enforcer.py", line 402, in enforce_call
Jun 15 10:08:30.820426 dv-osbrick-845149-2-iscsi devstack@keystone.service[80396]: ERROR keystone.server.flask.application policy_dict.update(cls._extract_member_target_data(
Jun 15 10:08:30.820426 dv-osbrick-845149-2-iscsi devstack@keystone.service[80396]: ERROR keystone.server.flask.application
File "/opt/stack/keystone/keystone/common/rbac_enforcer/enforcer.py", line 234, in _extract_member_target_data
Jun 15 10:08:30.820426 dv-osbrick-845149-2-iscsi devstack@keystone.service[80396]: ERROR keystone.server.flask.application member_name: func(flask.request.view_args[key])
Jun 15 10:08:30.820426 dv-osbrick-845149-2-iscsi devstack@keystone.service[80396]: ERROR keystone.server.flask.application
File "/opt/stack/keystone/keystone/common/manager.py", line 115, in wrapped
Jun 15 10:08:30.820426 dv-osbrick-845149-2-iscsi devstack@keystone.service[80396]: ERROR keystone.server.flask.application __ret_val = __f(*args, **kwargs)
Jun 15 10:08:30.820426 dv-osbrick-845149-2-iscsi devstack@keystone.service[80396]: ERROR keystone.server.flask.application
File "/usr/local/lib/python3.8/dist-packages/decorator.py", line 232, in fun
Jun 15 10:08:30.820426 dv-osbrick-845149-2-iscsi devstack@keystone.service[80396]: ERROR keystone.server.flask.application return caller(func, *(extras + args), **kw)
Jun 15 10:08:30.820426 dv-osbrick-845149-2-iscsi devstack@keystone.service[80396]: ERROR keystone.server.flask.application
File "/usr/local/lib/python3.8/dist-packages/dogpile/cache/region.py", line 1577, in get_or_create_for_user_func
Jun 15 10:08:30.820426 dv-osbrick-845149-2-iscsi devstack@keystone.service[80396]: ERROR keystone.server.flask.application return self.get_or_create(
Jun 15 10:08:30.820426 dv-osbrick-845149-2-iscsi devstack@keystone.service[80396]: ERROR keystone.server.flask.application
File "/usr/local/lib/python3.8/dist-packages/dogpile/cache/region.py", line 1042, in get_or_create
Jun 15 10:08:30.820426 dv-osbrick-845149-2-iscsi devstack@keystone.service[80396]: ERROR keystone.server.flask.application with Lock(
Jun 15 10:08:30.820426 dv-osbrick-845149-2-iscsi devstack@keystone.service[80396]: ERROR keystone.server.flask.application
File "/usr/local/lib/python3.8/dist-packages/dogpile/lock.py", line 185, in __enter__
Jun 15 10:08:30.820426 dv-osbrick-845149-2-iscsi devstack@keystone.service[80396]: ERROR keystone.server.flask.application return self._enter()
Jun 15 10:08:30.820426 dv-osbrick-845149-2-iscsi devstack@keystone.service[80396]: ERROR keystone.server.flask.application
File "/usr/local/lib/python3.8/dist-packages/dogpile/lock.py", line 94, in _enter
Jun 15 10:08:30.820426 dv-osbrick-845149-2-iscsi devstack@keystone.service[80396]: ERROR keystone.server.flask.application generated = self._enter_create(value, createdtime)
Jun 15 10:08:30.821257 dv-osbrick-845149-2-iscsi devstack@keystone.service[80396]: ERROR keystone.server.flask.application
File "/usr/local/lib/python3.8/dist-packages/dogpile/lock.py", line 178, in _enter_create
Jun 15 10:08:30.821257 dv-osbrick-845149-2-iscsi devstack@keystone.service[80396]: ERROR keystone.server.flask.application return self.creator()
Jun 15 10:08:30.821257 dv-osbrick-845149-2-iscsi devstack@keystone.service[80396]: ERROR keystone.server.flask.application
File "/usr/local/lib/python3.8/dist-packages/dogpile/cache/region.py", line 995, in gen_value
Jun 15 10:08:30.821257 dv-osbrick-845149-2-iscsi devstack@keystone.service[80396]: ERROR keystone.server.flask.application created_value = creator(
Jun 15 10:08:30.821257 dv-osbrick-845149-2-iscsi devstack@keystone.service[80396]: ERROR keystone.server.flask.application
File "/opt/stack/keystone/keystone/assignment/core.py", line 1276, in get_role
Jun 15 10:08:30.821257 dv-osbrick-845149-2-iscsi devstack@keystone.service[80396]: ERROR keystone.server.flask.application return self.driver.get_role(role_id)
Jun 15 10:08:30.821257 dv-osbrick-845149-2-iscsi devstack@keystone.service[80396]: ERROR keystone.server.flask.application
File "/opt/stack/keystone/keystone/assignment/role_backends/sql.py", line 70, in get_role
Jun 15 10:08:30.821257 dv-osbrick-845149-2-iscsi devstack@keystone.service[80396]: ERROR keystone.server.flask.application return self._get_role(session, role_id).to_dict()
Jun 15 10:08:30.821257 dv-osbrick-845149-2-iscsi devstack@keystone.service[80396]: ERROR keystone.server.flask.application
File "/opt/stack/keystone/keystone/assignment/role_backends/sql.py", line 65, in _get_role
Jun 15 10:08:30.821257 dv-osbrick-845149-2-iscsi devstack@keystone.service[80396]: ERROR keystone.server.flask.application raise exception.RoleNotFound(role_id=role_id)
Jun 15 10:08:30.821257 dv-osbrick-845149-2-iscsi devstack@keystone.service[80396]: ERROR keystone.server.flask.application keystone.exception.RoleNotFound: Could not find role: anotherrole.
Jun 15 10:08:30.821257 dv-osbrick-845149-2-iscsi devstack@keystone.service[80396]: ERROR keystone.server.flask.application
Jun 15 10:08:30.821257 dv-osbrick-845149-2-iscsi devstack@keystone.service[80396]: [pid: 80396|app: 0|req: 129/261] 10.222.0.55 () {56 vars in 1114 bytes} [Wed Jun 15 10:08:30 2022] GET /identity/v3/roles/anotherrole => generated 89 bytes in 226 msecs (HTTP/1.1 404) 5 headers in 183 bytes (1 switches on core 0)
Jun 15 10:08:30.830255 dv-osbrick-845149-2-iscsi devstack@keystone.service[80396]: DEBUG keystone.server.flask.request_processing.middleware.auth_context [None req-e21ba5d4-9f41-4111-a7e2-ba763f6a2299 None admin] Authenticating user token {{(pid=80396) process_request /usr/local/lib/python3.8/dist-packages/keystonemiddleware/auth_token/__init__.py:407}}
Jun 15 10:08:30.858866 dv-osbrick-845149-2-iscsi devstack@keystone.service[80396]: DEBUG dbcounter [-] [80396] Writing DB stats keystone:SELECT=100 {{(pid=80396) stat_writer /usr/local/lib/python3.8/dist-packages/dbcounter.py:114}}
Jun 15 10:08:30.898365 dv-osbrick-845149-2-iscsi devstack@keystone.service[80395]: DEBUG dbcounter [-] [80395] Writing DB stats keystone:SELECT=99,keystone:INSERT=1 {{(pid=80395) stat_writer /usr/local/lib/python3.8/dist-packages/dbcounter.py:114}}
Jun 15 10:08:31.009805 dv-osbrick-845149-2-iscsi devstack@keystone.service[80395]: DEBUG keystone.server.flask.request_processing.middleware.auth_context [None req-cd8734ad-2fbf-43e7-a392-e582c17445f6 None admin] Validating token access rules against request {{(pid=80395) validate_allowed_request /usr/local/lib/python3.8/dist-packages/keystonemiddleware/auth_token/__init__.py:545}}
Jun 15 10:08:31.063314 dv-osbrick-845149-2-iscsi devstack@keystone.service[80396]: DEBUG keystone.server.flask.request_processing.middleware.auth_context [None req-e21ba5d4-9f41-4111-a7e2-ba763f6a2299 None admin] Validating token access rules against request {{(pid=80396) validate_allowed_request /usr/local/lib/python3.8/dist-packages/keystonemiddleware/auth_token/__init__.py:545}}
Jun 15 10:08:31.080851 dv-osbrick-845149-2-iscsi devstack@keystone.service[80395]: DEBUG keystone.server.flask.request_processing.middleware.auth_context [None req-aa0db58d-523f-4330-8d49-3c3b29ff08c0 None admin] RBAC: auth_context: {'token': , 'domain_id': None, 'trust_id': None, 'trustor_id': None, 'trustee_id': None, 'domain_name': None, 'group_ids': [], 'user_id': '8da656cbb5164cbbb2122d8dff0afe4d', 'user_domain_id': 'default', 'system_scope': 'all', 'project_id': None, 'project_domain_id': None, 'roles': ['admin', 'member', 'reader'], 'is_admin_project': True, 'service_user_id': None, 'service_user_domain_id': None, 'service_project_id': None, 'service_project_domain_id': None, 'service_roles': []} {{(pid=80395) fill_context /opt/stack/keystone/keystone/server/flask/request_processing/middleware/auth_context.py:478}}
Jun 15 10:08:31.081542 dv-osbrick-845149-2-iscsi devstack@keystone.service[80395]: DEBUG keystone.server.flask.request_processing.req_logging [None req-aa0db58d-523f-4330-8d49-3c3b29ff08c0 None admin] REQUEST_METHOD: `GET` {{(pid=80395) log_request_info /opt/stack/keystone/keystone/server/flask/request_processing/req_logging.py:27}}
Jun 15 10:08:31.081829 dv-osbrick-845149-2-iscsi devstack@keystone.service[80395]: DEBUG keystone.server.flask.request_processing.req_logging [None req-aa0db58d-523f-4330-8d49-3c3b29ff08c0 None admin] SCRIPT_NAME: `/identity` {{(pid=80395) log_request_info /opt/stack/keystone/keystone/server/flask/request_processing/req_logging.py:28}}
Jun 15 10:08:31.082102 dv-osbrick-845149-2-iscsi devstack@keystone.service[80395]: DEBUG keystone.server.flask.request_processing.req_logging [None req-aa0db58d-523f-4330-8d49-3c3b29ff08c0 None admin] PATH_INFO: `/v3/auth/tokens` {{(pid=80395) log_request_info /opt/stack/keystone/keystone/server/flask/request_processing/req_logging.py:29}}
Jun 15 10:08:31.148282 dv-osbrick-845149-2-iscsi devstack@keystone.service[80396]: DEBUG keystone.server.flask.request_processing.middleware.auth_context [None req-b67e4f18-8cd5-4455-a69f-f6fbae24e8d2 None admin] RBAC: auth_context: {'token': , 'domain_id': None, 'trust_id': None, 'trustor_id': None, 'trustee_id': None, 'domain_name': None, 'group_ids': [], 'user_id': '8da656cbb5164cbbb2122d8dff0afe4d', 'user_domain_id': 'default', 'system_scope': 'all', 'project_id': None, 'project_domain_id': None, 'roles': ['admin', 'member', 'reader'], 'is_admin_project': True, 'service_user_id': None, 'service_user_domain_id': None, 'service_project_id': None, 'service_project_domain_id': None, 'service_roles': []} {{(pid=80396) fill_context /opt/stack/keystone/keystone/server/flask/request_processing/middleware/auth_context.py:478}}
Jun 15 10:08:31.148981 dv-osbrick-845149-2-iscsi devstack@keystone.service[80396]: DEBUG keystone.server.flask.request_processing.req_logging [None req-b67e4f18-8cd5-4455-a69f-f6fbae24e8d2 None admin] REQUEST_METHOD: `GET` {{(pid=80396) log_request_info /opt/stack/keystone/keystone/server/flask/request_processing/req_logging.py:27}}
Jun 15 10:08:31.150478 dv-osbrick-845149-2-iscsi devstack@keystone.service[80396]: DEBUG keystone.server.flask.request_processing.req_logging [None req-b67e4f18-8cd5-4455-a69f-f6fbae24e8d2 None admin] SCRIPT_NAME: `/identity` {{(pid=80396) log_request_info /opt/stack/keystone/keystone/server/flask/request_processing/req_logging.py:28}}
Jun 15 10:08:31.150779 dv-osbrick-845149-2-iscsi devstack@keystone.service[80396]: DEBUG keystone.server.flask.request_processing.req_logging [None req-b67e4f18-8cd5-4455-a69f-f6fbae24e8d2 None admin] PATH_INFO: `/v3/roles` {{(pid=80396) log_request_info /opt/stack/keystone/keystone/server/flask/request_processing/req_logging.py:29}}
Jun 15 10:08:31.151556 dv-osbrick-845149-2-iscsi devstack@keystone.service[80396]: DEBUG keystone.common.rbac_enforcer.enforcer [None req-b67e4f18-8cd5-4455-a69f-f6fbae24e8d2 None admin] RBAC: Adding query filter params (name=anotherrole) {{(pid=80396) _extract_filter_values /opt/stack/keystone/keystone/common/rbac_enforcer/enforcer.py:167}}
Jun 15 10:08:31.151870 dv-osbrick-845149-2-iscsi devstack@keystone.service[80396]: DEBUG keystone.common.rbac_enforcer.enforcer [None req-b67e4f18-8cd5-4455-a69f-f6fbae24e8d2 None admin] RBAC: Authorizing `identity:list_roles()` {{(pid=80396) enforce_call /opt/stack/keystone/keystone/common/rbac_enforcer/enforcer.py:449}}
Jun 15 10:08:31.153309 dv-osbrick-845149-2-iscsi devstack@keystone.service[80396]: DEBUG keystone.common.rbac_enforcer.enforcer [None req-b67e4f18-8cd5-4455-a69f-f6fbae24e8d2 None admin] RBAC: Authorization granted {{(pid=80396) enforce_call /opt/stack/keystone/keystone/common/rbac_enforcer/enforcer.py:457}}
Jun 15 10:08:31.199818 dv-osbrick-845149-2-iscsi devstack@keystone.service[80396]: [pid: 80396|app: 0|req: 130/262] 10.222.0.55 () {56 vars in 1111 bytes} [Wed Jun 15 10:08:30 2022] GET /identity/v3/roles?name=anotherrole => generated 334 bytes in 370 msecs (HTTP/1.1 200) 5 headers in 177 bytes (2 switches on core 0)
Jun 15 10:08:31.205599 dv-osbrick-845149-2-iscsi devstack@keystone.service[80396]: DEBUG keystone.server.flask.request_processing.middleware.auth_context [None req-b67e4f18-8cd5-4455-a69f-f6fbae24e8d2 None admin] Authenticating user token {{(pid=80396) process_request /usr/local/lib/python3.8/dist-packages/keystonemiddleware/auth_token/__init__.py:407}}
Jun 15 10:08:31.243176 dv-osbrick-845149-2-iscsi devstack@keystone.service[80395]: DEBUG keystone.common.rbac_enforcer.enforcer [None req-aa0db58d-523f-4330-8d49-3c3b29ff08c0 None admin] RBAC: Authorizing `identity:validate_token()` {{(pid=80395) enforce_call /opt/stack/keystone/keystone/common/rbac_enforcer/enforcer.py:449}}
Jun 15 10:08:31.245940 dv-osbrick-845149-2-iscsi devstack@keystone.service[80395]: DEBUG keystone.common.rbac_enforcer.enforcer [None req-aa0db58d-523f-4330-8d49-3c3b29ff08c0 None admin] RBAC: Authorization granted {{(pid=80395) enforce_call /opt/stack/keystone/keystone/common/rbac_enforcer/enforcer.py:457}}
Jun 15 10:08:31.359313 dv-osbrick-845149-2-iscsi devstack@keystone.service[80396]: DEBUG dbcounter [-] [80396] Writing DB stats keystone:SELECT=100 {{(pid=80396) stat_writer /usr/local/lib/python3.8/dist-packages/dbcounter.py:114}}
Jun 15 10:08:31.409820 dv-osbrick-845149-2-iscsi devstack@keystone.service[80396]: DEBUG keystone.server.flask.request_processing.middleware.auth_context [None req-b67e4f18-8cd5-4455-a69f-f6fbae24e8d2 None admin] Validating token access rules against request {{(pid=80396) validate_allowed_request /usr/local/lib/python3.8/dist-packages/keystonemiddleware/auth_token/__init__.py:545}}
Jun 15 10:08:31.417822 dv-osbrick-845149-2-iscsi devstack@keystone.service[80395]: DEBUG dbcounter [-] [80395] Writing DB stats keystone:SELECT=100 {{(pid=80395) stat_writer /usr/local/lib/python3.8/dist-packages/dbcounter.py:114}}
Jun 15 10:08:31.488453 dv-osbrick-845149-2-iscsi devstack@keystone.service[80396]: DEBUG keystone.server.flask.request_processing.middleware.auth_context [None req-edd8932d-3a60-4f26-8d3b-9682af994ea0 None admin] RBAC: auth_context: {'token': , 'domain_id': None, 'trust_id': None, 'trustor_id': None, 'trustee_id': None, 'domain_name': None, 'group_ids': [], 'user_id': '8da656cbb5164cbbb2122d8dff0afe4d', 'user_domain_id': 'default', 'system_scope': 'all', 'project_id': None, 'project_domain_id': None, 'roles': ['admin', 'member', 'reader'], 'is_admin_project': True, 'service_user_id': None, 'service_user_domain_id': None, 'service_project_id': None, 'service_project_domain_id': None, 'service_roles': []} {{(pid=80396) fill_context /opt/stack/keystone/keystone/server/flask/request_processing/middleware/auth_context.py:478}}
Jun 15 10:08:31.489354 dv-osbrick-845149-2-iscsi devstack@keystone.service[80396]: DEBUG keystone.server.flask.request_processing.req_logging [None req-edd8932d-3a60-4f26-8d3b-9682af994ea0 None admin] REQUEST_METHOD: `GET` {{(pid=80396) log_request_info /opt/stack/keystone/keystone/server/flask/request_processing/req_logging.py:27}}
Jun 15 10:08:31.489666 dv-osbrick-845149-2-iscsi devstack@keystone.service[80396]: DEBUG keystone.server.flask.request_processing.req_logging [None req-edd8932d-3a60-4f26-8d3b-9682af994ea0 None admin] SCRIPT_NAME: `/identity` {{(pid=80396) log_request_info /opt/stack/keystone/keystone/server/flask/request_processing/req_logging.py:28}}
Jun 15 10:08:31.489944 dv-osbrick-845149-2-iscsi devstack@keystone.service[80396]: DEBUG keystone.server.flask.request_processing.req_logging [None req-edd8932d-3a60-4f26-8d3b-9682af994ea0 None admin] PATH_INFO: `/v3/users/acc3a0cde81340f5878de4eada770c47` {{(pid=80396) log_request_info /opt/stack/keystone/keystone/server/flask/request_processing/req_logging.py:29}}
Jun 15 10:08:31.492634 dv-osbrick-845149-2-iscsi devstack@keystone.service[80396]: DEBUG keystone.common.rbac_enforcer.enforcer [None req-edd8932d-3a60-4f26-8d3b-9682af994ea0 None admin] RBAC: Authorizing `identity:get_user(user_id=acc3a0cde81340f5878de4eada770c47)` {{(pid=80396) enforce_call /opt/stack/keystone/keystone/common/rbac_enforcer/enforcer.py:449}}
Jun 15 10:08:31.494286 dv-osbrick-845149-2-iscsi devstack@keystone.service[80396]: DEBUG keystone.common.rbac_enforcer.enforcer [None req-edd8932d-3a60-4f26-8d3b-9682af994ea0 None admin] RBAC: Authorization granted {{(pid=80396) enforce_call /opt/stack/keystone/keystone/common/rbac_enforcer/enforcer.py:457}}
Jun 15 10:08:31.496308 dv-osbrick-845149-2-iscsi devstack@keystone.service[80396]: [pid: 80396|app: 0|req: 131/263] 10.222.0.55 () {56 vars in 1177 bytes} [Wed Jun 15 10:08:31 2022] GET /identity/v3/users/acc3a0cde81340f5878de4eada770c47 => generated 283 bytes in 291 msecs (HTTP/1.1 200) 5 headers in 177 bytes (1 switches on core 0)
Jun 15 10:08:31.505302 dv-osbrick-845149-2-iscsi devstack@keystone.service[80396]: DEBUG keystone.server.flask.request_processing.middleware.auth_context [None req-edd8932d-3a60-4f26-8d3b-9682af994ea0 None admin] Authenticating user token {{(pid=80396) process_request /usr/local/lib/python3.8/dist-packages/keystonemiddleware/auth_token/__init__.py:407}}
Jun 15 10:08:31.510098 dv-osbrick-845149-2-iscsi devstack@keystone.service[80395]: [pid: 80395|app: 0|req: 133/264] 10.222.0.55 () {58 vars in 1282 bytes} [Wed Jun 15 10:08:30 2022] GET /identity/v3/auth/tokens => generated 799 bytes in 776 msecs (HTTP/1.1 200) 6 headers in 358 bytes (1 switches on core 0)
Jun 15 10:08:31.515827 dv-osbrick-845149-2-iscsi devstack@keystone.service[80395]: DEBUG keystone.server.flask.request_processing.middleware.auth_context [None req-aa0db58d-523f-4330-8d49-3c3b29ff08c0 None admin] Authenticating user token {{(pid=80395) process_request /usr/local/lib/python3.8/dist-packages/keystonemiddleware/auth_token/__init__.py:407}}
Jun 15 10:08:31.720651 dv-osbrick-845149-2-iscsi devstack@keystone.service[80395]: DEBUG keystone.server.flask.request_processing.middleware.auth_context [None req-aa0db58d-523f-4330-8d49-3c3b29ff08c0 None admin] Validating token access rules against request {{(pid=80395) validate_allowed_request /usr/local/lib/python3.8/dist-packages/keystonemiddleware/auth_token/__init__.py:545}}
Jun 15 10:08:31.768072 dv-osbrick-845149-2-iscsi devstack@keystone.service[80396]: DEBUG keystone.server.flask.request_processing.middleware.auth_context [None req-edd8932d-3a60-4f26-8d3b-9682af994ea0 None admin] Validating token access rules against request {{(pid=80396) validate_allowed_request /usr/local/lib/python3.8/dist-packages/keystonemiddleware/auth_token/__init__.py:545}}
Jun 15 10:08:31.821954 dv-osbrick-845149-2-iscsi devstack@keystone.service[80395]: DEBUG keystone.server.flask.request_processing.middleware.auth_context [None req-d459e83c-f095-47b4-8af8-4a7d44ea4410 None admin] RBAC: auth_context: {'token': , 'domain_id': None, 'trust_id': None, 'trustor_id': None, 'trustee_id': None, 'domain_name': None, 'group_ids': [], 'user_id': '8da656cbb5164cbbb2122d8dff0afe4d', 'user_domain_id': 'default', 'system_scope': 'all', 'project_id': None, 'project_domain_id': None, 'roles': ['admin', 'member', 'reader'], 'is_admin_project': True, 'service_user_id': None, 'service_user_domain_id': None, 'service_project_id': None, 'service_project_domain_id': None, 'service_roles': []} {{(pid=80395) fill_context /opt/stack/keystone/keystone/server/flask/request_processing/middleware/auth_context.py:478}}
Jun 15 10:08:31.823651 dv-osbrick-845149-2-iscsi devstack@keystone.service[80395]: DEBUG keystone.server.flask.request_processing.req_logging [None req-d459e83c-f095-47b4-8af8-4a7d44ea4410 None admin] REQUEST_METHOD: `GET` {{(pid=80395) log_request_info /opt/stack/keystone/keystone/server/flask/request_processing/req_logging.py:27}}
Jun 15 10:08:31.824159 dv-osbrick-845149-2-iscsi devstack@keystone.service[80395]: DEBUG keystone.server.flask.request_processing.req_logging [None req-d459e83c-f095-47b4-8af8-4a7d44ea4410 None admin] SCRIPT_NAME: `/identity` {{(pid=80395) log_request_info /opt/stack/keystone/keystone/server/flask/request_processing/req_logging.py:28}}
Jun 15 10:08:31.824651 dv-osbrick-845149-2-iscsi devstack@keystone.service[80395]: DEBUG keystone.server.flask.request_processing.req_logging [None req-d459e83c-f095-47b4-8af8-4a7d44ea4410 None admin] PATH_INFO: `/v3/projects/03bd8174e8a54370a70e90b9e7469797` {{(pid=80395) log_request_info /opt/stack/keystone/keystone/server/flask/request_processing/req_logging.py:29}}
Jun 15 10:08:31.828097 dv-osbrick-845149-2-iscsi devstack@keystone.service[80395]: DEBUG keystone.common.rbac_enforcer.enforcer [None req-d459e83c-f095-47b4-8af8-4a7d44ea4410 None admin] RBAC: Authorizing `identity:get_project(project_id=03bd8174e8a54370a70e90b9e7469797)` {{(pid=80395) enforce_call /opt/stack/keystone/keystone/common/rbac_enforcer/enforcer.py:449}}
Jun 15 10:08:31.829907 dv-osbrick-845149-2-iscsi devstack@keystone.service[80395]: DEBUG keystone.common.rbac_enforcer.enforcer [None req-d459e83c-f095-47b4-8af8-4a7d44ea4410 None admin] RBAC: Authorization granted {{(pid=80395) enforce_call /opt/stack/keystone/keystone/common/rbac_enforcer/enforcer.py:457}}
Jun 15 10:08:31.832255 dv-osbrick-845149-2-iscsi devstack@keystone.service[80395]: [pid: 80395|app: 0|req: 134/265] 10.222.0.55 () {56 vars in 1186 bytes} [Wed Jun 15 10:08:31 2022] GET /identity/v3/projects/03bd8174e8a54370a70e90b9e7469797 => generated 302 bytes in 317 msecs (HTTP/1.1 200) 5 headers in 177 bytes (1 switches on core 0)
Jun 15 10:08:31.841493 dv-osbrick-845149-2-iscsi devstack@keystone.service[80395]: DEBUG keystone.server.flask.request_processing.middleware.auth_context [None req-d459e83c-f095-47b4-8af8-4a7d44ea4410 None admin] Authenticating user token {{(pid=80395) process_request /usr/local/lib/python3.8/dist-packages/keystonemiddleware/auth_token/__init__.py:407}}
Jun 15 10:08:31.870224 dv-osbrick-845149-2-iscsi devstack@keystone.service[80396]: DEBUG keystone.server.flask.request_processing.middleware.auth_context [None req-1f962511-cb13-469d-bb72-7ad43e5f4fe2 None admin] RBAC: auth_context: {'token': , 'domain_id': None, 'trust_id': None, 'trustor_id': None, 'trustee_id': None, 'domain_name': None, 'group_ids': [], 'user_id': '8da656cbb5164cbbb2122d8dff0afe4d', 'user_domain_id': 'default', 'system_scope': 'all', 'project_id': None, 'project_domain_id': None, 'roles': ['admin', 'member', 'reader'], 'is_admin_project': True, 'service_user_id': None, 'service_user_domain_id': None, 'service_project_id': None, 'service_project_domain_id': None, 'service_roles': []} {{(pid=80396) fill_context /opt/stack/keystone/keystone/server/flask/request_processing/middleware/auth_context.py:478}}
Jun 15 10:08:31.870907 dv-osbrick-845149-2-iscsi devstack@keystone.service[80396]: DEBUG keystone.server.flask.request_processing.req_logging [None req-1f962511-cb13-469d-bb72-7ad43e5f4fe2 None admin] REQUEST_METHOD: `GET` {{(pid=80396) log_request_info /opt/stack/keystone/keystone/server/flask/request_processing/req_logging.py:27}}
Jun 15 10:08:31.871199 dv-osbrick-845149-2-iscsi devstack@keystone.service[80396]: DEBUG keystone.server.flask.request_processing.req_logging [None req-1f962511-cb13-469d-bb72-7ad43e5f4fe2 None admin] SCRIPT_NAME: `/identity` {{(pid=80396) log_request_info /opt/stack/keystone/keystone/server/flask/request_processing/req_logging.py:28}}
Jun 15 10:08:31.871483 dv-osbrick-845149-2-iscsi devstack@keystone.service[80396]: DEBUG keystone.server.flask.request_processing.req_logging [None req-1f962511-cb13-469d-bb72-7ad43e5f4fe2 None admin] PATH_INFO: `/v3/auth/tokens` {{(pid=80396) log_request_info /opt/stack/keystone/keystone/server/flask/request_processing/req_logging.py:29}}
Jun 15 10:08:31.894636 dv-osbrick-845149-2-iscsi devstack@keystone.service[80395]: DEBUG dbcounter [-] [80395] Writing DB stats keystone:SELECT=100 {{(pid=80395) stat_writer /usr/local/lib/python3.8/dist-packages/dbcounter.py:114}}
Jun 15 10:08:31.925800 dv-osbrick-845149-2-iscsi devstack@keystone.service[80396]: DEBUG dbcounter [-] [80396] Writing DB stats keystone:SELECT=100 {{(pid=80396) stat_writer /usr/local/lib/python3.8/dist-packages/dbcounter.py:114}}
Jun 15 10:08:31.990159 dv-osbrick-845149-2-iscsi devstack@keystone.service[80396]: DEBUG keystone.common.rbac_enforcer.enforcer [None req-1f962511-cb13-469d-bb72-7ad43e5f4fe2 None admin] RBAC: Authorizing `identity:validate_token()` {{(pid=80396) enforce_call /opt/stack/keystone/keystone/common/rbac_enforcer/enforcer.py:449}}
Jun 15 10:08:31.997687 dv-osbrick-845149-2-iscsi devstack@keystone.service[80396]: DEBUG keystone.common.rbac_enforcer.enforcer [None req-1f962511-cb13-469d-bb72-7ad43e5f4fe2 None admin] RBAC: Authorization granted {{(pid=80396) enforce_call /opt/stack/keystone/keystone/common/rbac_enforcer/enforcer.py:457}}
Jun 15 10:08:32.059708 dv-osbrick-845149-2-iscsi devstack@keystone.service[80395]: DEBUG keystone.server.flask.request_processing.middleware.auth_context [None req-d459e83c-f095-47b4-8af8-4a7d44ea4410 None admin] Validating token access rules against request {{(pid=80395) validate_allowed_request /usr/local/lib/python3.8/dist-packages/keystonemiddleware/auth_token/__init__.py:545}}
Jun 15 10:08:32.151405 dv-osbrick-845149-2-iscsi devstack@keystone.service[80395]: DEBUG keystone.server.flask.request_processing.middleware.auth_context [None req-5ed9cd5e-d7dc-4d9f-acf3-3f3df12befd4 None admin] RBAC: auth_context: {'token': , 'domain_id': None, 'trust_id': None, 'trustor_id': None, 'trustee_id': None, 'domain_name': None, 'group_ids': [], 'user_id': '8da656cbb5164cbbb2122d8dff0afe4d', 'user_domain_id': 'default', 'system_scope': 'all', 'project_id': None, 'project_domain_id': None, 'roles': ['admin', 'member', 'reader'], 'is_admin_project': True, 'service_user_id': None, 'service_user_domain_id': None, 'service_project_id': None, 'service_project_domain_id': None, 'service_roles': []} {{(pid=80395) fill_context /opt/stack/keystone/keystone/server/flask/request_processing/middleware/auth_context.py:478}}
Jun 15 10:08:32.152112 dv-osbrick-845149-2-iscsi devstack@keystone.service[80395]: DEBUG keystone.server.flask.request_processing.req_logging [None req-5ed9cd5e-d7dc-4d9f-acf3-3f3df12befd4 None admin] REQUEST_METHOD: `GET` {{(pid=80395) log_request_info /opt/stack/keystone/keystone/server/flask/request_processing/req_logging.py:27}}
Jun 15 10:08:32.152397 dv-osbrick-845149-2-iscsi devstack@keystone.service[80395]: DEBUG keystone.server.flask.request_processing.req_logging [None req-5ed9cd5e-d7dc-4d9f-acf3-3f3df12befd4 None admin] SCRIPT_NAME: `/identity` {{(pid=80395) log_request_info /opt/stack/keystone/keystone/server/flask/request_processing/req_logging.py:28}}
Jun 15 10:08:32.152675 dv-osbrick-845149-2-iscsi devstack@keystone.service[80395]: DEBUG keystone.server.flask.request_processing.req_logging [None req-5ed9cd5e-d7dc-4d9f-acf3-3f3df12befd4 None admin] PATH_INFO: `/v3/role_assignments` {{(pid=80395) log_request_info /opt/stack/keystone/keystone/server/flask/request_processing/req_logging.py:29}}
Jun 15 10:08:32.153574 dv-osbrick-845149-2-iscsi devstack@keystone.service[80395]: DEBUG keystone.common.rbac_enforcer.enforcer [None req-5ed9cd5e-d7dc-4d9f-acf3-3f3df12befd4 None admin] RBAC: Adding query filter params (role.id=72a01d6a766d43efa0316aa76b9c72c9, scope.project.id=03bd8174e8a54370a70e90b9e7469797, user.id=acc3a0cde81340f5878de4eada770c47) {{(pid=80395) _extract_filter_values /opt/stack/keystone/keystone/common/rbac_enforcer/enforcer.py:167}}
Jun 15 10:08:32.153901 dv-osbrick-845149-2-iscsi devstack@keystone.service[80395]: DEBUG keystone.common.rbac_enforcer.enforcer [None req-5ed9cd5e-d7dc-4d9f-acf3-3f3df12befd4 None admin] RBAC: Authorizing `identity:list_role_assignments()` {{(pid=80395) enforce_call /opt/stack/keystone/keystone/common/rbac_enforcer/enforcer.py:449}}
Jun 15 10:08:32.156165 dv-osbrick-845149-2-iscsi devstack@keystone.service[80395]: DEBUG keystone.common.rbac_enforcer.enforcer [None req-5ed9cd5e-d7dc-4d9f-acf3-3f3df12befd4 None admin] RBAC: Authorization granted {{(pid=80395) enforce_call /opt/stack/keystone/keystone/common/rbac_enforcer/enforcer.py:457}}
Jun 15 10:08:32.169767 dv-osbrick-845149-2-iscsi devstack@keystone.service[80395]: [pid: 80395|app: 0|req: 135/266] 10.222.0.55 () {56 vars in 1374 bytes} [Wed Jun 15 10:08:31 2022] GET /identity/v3/role_assignments?user.id=acc3a0cde81340f5878de4eada770c47&scope.project.id=03bd8174e8a54370a70e90b9e7469797&role.id=72a01d6a766d43efa0316aa76b9c72c9 => generated 608 bytes in 323 msecs (HTTP/1.1 200) 5 headers in 177 bytes (1 switches on core 0)
Jun 15 10:08:32.232787 dv-osbrick-845149-2-iscsi devstack@keystone.service[80396]: [pid: 80396|app: 0|req: 132/267] 10.222.0.55 () {58 vars in 1282 bytes} [Wed Jun 15 10:08:31 2022] GET /identity/v3/auth/tokens => generated 799 bytes in 728 msecs (HTTP/1.1 200) 6 headers in 358 bytes (1 switches on core 0)
Jun 15 10:08:32.239146 dv-osbrick-845149-2-iscsi devstack@keystone.service[80395]: DEBUG keystone.server.flask.request_processing.middleware.auth_context [None req-5ed9cd5e-d7dc-4d9f-acf3-3f3df12befd4 None admin] Authenticating user token {{(pid=80395) process_request /usr/local/lib/python3.8/dist-packages/keystonemiddleware/auth_token/__init__.py:407}}
Jun 15 10:08:32.257819 dv-osbrick-845149-2-iscsi devstack@keystone.service[80396]: DEBUG keystone.server.flask.request_processing.req_logging [None req-ae589c52-5426-4c25-8570-824851db92fa None None] REQUEST_METHOD: `GET` {{(pid=80396) log_request_info /opt/stack/keystone/keystone/server/flask/request_processing/req_logging.py:27}}
Jun 15 10:08:32.258012 dv-osbrick-845149-2-iscsi devstack@keystone.service[80396]: DEBUG keystone.server.flask.request_processing.req_logging [None req-ae589c52-5426-4c25-8570-824851db92fa None None] SCRIPT_NAME: `/identity` {{(pid=80396) log_request_info /opt/stack/keystone/keystone/server/flask/request_processing/req_logging.py:28}}
Jun 15 10:08:32.258296 dv-osbrick-845149-2-iscsi devstack@keystone.service[80396]: DEBUG keystone.server.flask.request_processing.req_logging [None req-ae589c52-5426-4c25-8570-824851db92fa None None] PATH_INFO: `/` {{(pid=80396) log_request_info /opt/stack/keystone/keystone/server/flask/request_processing/req_logging.py:29}}
Jun 15 10:08:32.260058 dv-osbrick-845149-2-iscsi devstack@keystone.service[80396]: [pid: 80396|app: 0|req: 133/268] 10.222.0.55 () {54 vars in 926 bytes} [Wed Jun 15 10:08:32 2022] GET /identity => generated 270 bytes in 3 msecs (HTTP/1.1 300) 6 headers in 234 bytes (1 switches on core 0)
Jun 15 10:08:32.266622 dv-osbrick-845149-2-iscsi devstack@keystone.service[80396]: DEBUG keystone.server.flask.request_processing.req_logging [None req-e224ad65-893c-43e7-890d-147a116b1291 None None] REQUEST_METHOD: `POST` {{(pid=80396) log_request_info /opt/stack/keystone/keystone/server/flask/request_processing/req_logging.py:27}}
Jun 15 10:08:32.266931 dv-osbrick-845149-2-iscsi devstack@keystone.service[80396]: DEBUG keystone.server.flask.request_processing.req_logging [None req-e224ad65-893c-43e7-890d-147a116b1291 None None] SCRIPT_NAME: `/identity` {{(pid=80396) log_request_info /opt/stack/keystone/keystone/server/flask/request_processing/req_logging.py:28}}
Jun 15 10:08:32.267195 dv-osbrick-845149-2-iscsi devstack@keystone.service[80396]: DEBUG keystone.server.flask.request_processing.req_logging [None req-e224ad65-893c-43e7-890d-147a116b1291 None None] PATH_INFO: `/v3/auth/tokens` {{(pid=80396) log_request_info /opt/stack/keystone/keystone/server/flask/request_processing/req_logging.py:29}}
Jun 15 10:08:32.298831 dv-osbrick-845149-2-iscsi devstack@keystone.service[80396]: DEBUG keystone.auth.core [None req-e224ad65-893c-43e7-890d-147a116b1291 None None] MFA Rules not processed for user `8da656cbb5164cbbb2122d8dff0afe4d`. Rule list: `[]` (Enabled: `True`). {{(pid=80396) check_auth_methods_against_rules /opt/stack/keystone/keystone/auth/core.py:438}}
Jun 15 10:08:32.300063 dv-osbrick-845149-2-iscsi devstack@keystone.service[80396]: DEBUG keystone.common.fernet_utils [None req-e224ad65-893c-43e7-890d-147a116b1291 None None] Loaded 2 Fernet keys from /etc/keystone/fernet-keys/, but `[fernet_tokens] max_active_keys = 3`; perhaps there have not been enough key rotations to reach `max_active_keys` yet? {{(pid=80396) load_keys /opt/stack/keystone/keystone/common/fernet_utils.py:286}}
Jun 15 10:08:32.357946 dv-osbrick-845149-2-iscsi devstack@keystone.service[80395]: DEBUG dbcounter [-] [80395] Writing DB stats keystone:SELECT=100 {{(pid=80395) stat_writer /usr/local/lib/python3.8/dist-packages/dbcounter.py:114}}
Jun 15 10:08:32.372926 dv-osbrick-845149-2-iscsi devstack@keystone.service[80395]: DEBUG keystone.server.flask.request_processing.middleware.auth_context [None req-5ed9cd5e-d7dc-4d9f-acf3-3f3df12befd4 None admin] Validating token access rules against request {{(pid=80395) validate_allowed_request /usr/local/lib/python3.8/dist-packages/keystonemiddleware/auth_token/__init__.py:545}}
Jun 15 10:08:32.390312 dv-osbrick-845149-2-iscsi devstack@keystone.service[80396]: DEBUG dbcounter [-] [80396] Writing DB stats keystone:SELECT=100 {{(pid=80396) stat_writer /usr/local/lib/python3.8/dist-packages/dbcounter.py:114}}
Jun 15 10:08:32.415350 dv-osbrick-845149-2-iscsi devstack@keystone.service[80395]: DEBUG keystone.server.flask.request_processing.middleware.auth_context [None req-aa7dde7b-4cc3-45e3-abf6-45cccda2d036 None admin] RBAC: auth_context: {'token': , 'domain_id': None, 'trust_id': None, 'trustor_id': None, 'trustee_id': None, 'domain_name': None, 'group_ids': [], 'user_id': '8da656cbb5164cbbb2122d8dff0afe4d', 'user_domain_id': 'default', 'system_scope': 'all', 'project_id': None, 'project_domain_id': None, 'roles': ['admin', 'member', 'reader'], 'is_admin_project': True, 'service_user_id': None, 'service_user_domain_id': None, 'service_project_id': None, 'service_project_domain_id': None, 'service_roles': []} {{(pid=80395) fill_context /opt/stack/keystone/keystone/server/flask/request_processing/middleware/auth_context.py:478}}
Jun 15 10:08:32.416257 dv-osbrick-845149-2-iscsi devstack@keystone.service[80395]: DEBUG keystone.server.flask.request_processing.req_logging [None req-aa7dde7b-4cc3-45e3-abf6-45cccda2d036 None admin] REQUEST_METHOD: `GET` {{(pid=80395) log_request_info /opt/stack/keystone/keystone/server/flask/request_processing/req_logging.py:27}}
Jun 15 10:08:32.416543 dv-osbrick-845149-2-iscsi devstack@keystone.service[80395]: DEBUG keystone.server.flask.request_processing.req_logging [None req-aa7dde7b-4cc3-45e3-abf6-45cccda2d036 None admin] SCRIPT_NAME: `/identity` {{(pid=80395) log_request_info /opt/stack/keystone/keystone/server/flask/request_processing/req_logging.py:28}}
Jun 15 10:08:32.416826 dv-osbrick-845149-2-iscsi devstack@keystone.service[80395]: DEBUG keystone.server.flask.request_processing.req_logging [None req-aa7dde7b-4cc3-45e3-abf6-45cccda2d036 None admin] PATH_INFO: `/v3/projects/03bd8174e8a54370a70e90b9e7469797` {{(pid=80395) log_request_info /opt/stack/keystone/keystone/server/flask/request_processing/req_logging.py:29}}
Jun 15 10:08:32.421463 dv-osbrick-845149-2-iscsi devstack@keystone.service[80395]: DEBUG keystone.common.rbac_enforcer.enforcer [None req-aa7dde7b-4cc3-45e3-abf6-45cccda2d036 None admin] RBAC: Authorizing `identity:get_project(project_id=03bd8174e8a54370a70e90b9e7469797)` {{(pid=80395) enforce_call /opt/stack/keystone/keystone/common/rbac_enforcer/enforcer.py:449}}
Jun 15 10:08:32.421463 dv-osbrick-845149-2-iscsi devstack@keystone.service[80395]: DEBUG keystone.common.rbac_enforcer.enforcer [None req-aa7dde7b-4cc3-45e3-abf6-45cccda2d036 None admin] RBAC: Authorization granted {{(pid=80395) enforce_call /opt/stack/keystone/keystone/common/rbac_enforcer/enforcer.py:457}}
Jun 15 10:08:32.422980 dv-osbrick-845149-2-iscsi devstack@keystone.service[80395]: [pid: 80395|app: 0|req: 136/269] 10.222.0.55 () {56 vars in 1186 bytes} [Wed Jun 15 10:08:32 2022] GET /identity/v3/projects/03bd8174e8a54370a70e90b9e7469797 => generated 302 bytes in 184 msecs (HTTP/1.1 200) 5 headers in 177 bytes (1 switches on core 0)
Jun 15 10:08:32.424302 dv-osbrick-845149-2-iscsi devstack@keystone.service[80395]: DEBUG keystone.server.flask.request_processing.req_logging [None req-2813599e-a595-4fee-ae66-17b54355cf0d None None] REQUEST_METHOD: `GET` {{(pid=80395) log_request_info /opt/stack/keystone/keystone/server/flask/request_processing/req_logging.py:27}}
Jun 15 10:08:32.424608 dv-osbrick-845149-2-iscsi devstack@keystone.service[80395]: DEBUG keystone.server.flask.request_processing.req_logging [None req-2813599e-a595-4fee-ae66-17b54355cf0d None None] SCRIPT_NAME: `/identity` {{(pid=80395) log_request_info /opt/stack/keystone/keystone/server/flask/request_processing/req_logging.py:28}}
Jun 15 10:08:32.424933 dv-osbrick-845149-2-iscsi devstack@keystone.service[80395]: DEBUG keystone.server.flask.request_processing.req_logging [None req-2813599e-a595-4fee-ae66-17b54355cf0d None None] PATH_INFO: `/` {{(pid=80395) log_request_info /opt/stack/keystone/keystone/server/flask/request_processing/req_logging.py:29}}
Jun 15 10:08:32.426521 dv-osbrick-845149-2-iscsi devstack@keystone.service[80395]: [pid: 80395|app: 0|req: 137/270] 10.222.0.55 () {54 vars in 926 bytes} [Wed Jun 15 10:08:32 2022] GET /identity => generated 270 bytes in 3 msecs (HTTP/1.1 300) 6 headers in 234 bytes (1 switches on core 0)
Jun 15 10:08:32.432283 dv-osbrick-845149-2-iscsi devstack@keystone.service[80395]: DEBUG keystone.server.flask.request_processing.req_logging [None req-f22cdee4-7344-40c9-8c7e-bf458fa7236b None None] REQUEST_METHOD: `POST` {{(pid=80395) log_request_info /opt/stack/keystone/keystone/server/flask/request_processing/req_logging.py:27}}
Jun 15 10:08:32.432590 dv-osbrick-845149-2-iscsi devstack@keystone.service[80395]: DEBUG keystone.server.flask.request_processing.req_logging [None req-f22cdee4-7344-40c9-8c7e-bf458fa7236b None None] SCRIPT_NAME: `/identity` {{(pid=80395) log_request_info /opt/stack/keystone/keystone/server/flask/request_processing/req_logging.py:28}}
Jun 15 10:08:32.432854 dv-osbrick-845149-2-iscsi devstack@keystone.service[80395]: DEBUG keystone.server.flask.request_processing.req_logging [None req-f22cdee4-7344-40c9-8c7e-bf458fa7236b None None] PATH_INFO: `/v3/auth/tokens` {{(pid=80395) log_request_info /opt/stack/keystone/keystone/server/flask/request_processing/req_logging.py:29}}
Jun 15 10:08:32.460307 dv-osbrick-845149-2-iscsi devstack@keystone.service[80395]: DEBUG keystone.auth.core [None req-f22cdee4-7344-40c9-8c7e-bf458fa7236b None None] MFA Rules not processed for user `8da656cbb5164cbbb2122d8dff0afe4d`. Rule list: `[]` (Enabled: `True`). {{(pid=80395) check_auth_methods_against_rules /opt/stack/keystone/keystone/auth/core.py:438}}
Jun 15 10:08:32.462751 dv-osbrick-845149-2-iscsi devstack@keystone.service[80395]: DEBUG keystone.common.fernet_utils [None req-f22cdee4-7344-40c9-8c7e-bf458fa7236b None None] Loaded 2 Fernet keys from /etc/keystone/fernet-keys/, but `[fernet_tokens] max_active_keys = 3`; perhaps there have not been enough key rotations to reach `max_active_keys` yet? {{(pid=80395) load_keys /opt/stack/keystone/keystone/common/fernet_utils.py:286}}
Jun 15 10:08:32.462880 dv-osbrick-845149-2-iscsi devstack@keystone.service[80396]: [pid: 80396|app: 0|req: 134/271] 10.222.0.55 () {58 vars in 1023 bytes} [Wed Jun 15 10:08:32 2022] POST /identity/v3/auth/tokens => generated 799 bytes in 197 msecs (HTTP/1.1 201) 6 headers in 363 bytes (1 switches on core 0)
Jun 15 10:08:32.463707 dv-osbrick-845149-2-iscsi devstack@keystone.service[80396]: DEBUG keystone.server.flask.request_processing.middleware.auth_context [None req-e224ad65-893c-43e7-890d-147a116b1291 None None] Authenticating user token {{(pid=80396) process_request /usr/local/lib/python3.8/dist-packages/keystonemiddleware/auth_token/__init__.py:407}}
Jun 15 10:08:32.545574 dv-osbrick-845149-2-iscsi devstack@keystone.service[80395]: [pid: 80395|app: 0|req: 138/272] 10.222.0.55 () {58 vars in 1023 bytes} [Wed Jun 15 10:08:32 2022] POST /identity/v3/auth/tokens => generated 799 bytes in 111 msecs (HTTP/1.1 201) 6 headers in 363 bytes (2 switches on core 0)
Jun 15 10:08:32.547096 dv-osbrick-845149-2-iscsi devstack@keystone.service[80395]: DEBUG keystone.server.flask.request_processing.middleware.auth_context [None req-f22cdee4-7344-40c9-8c7e-bf458fa7236b None None] Authenticating user token {{(pid=80395) process_request /usr/local/lib/python3.8/dist-packages/keystonemiddleware/auth_token/__init__.py:407}}
Jun 15 10:08:32.612569 dv-osbrick-845149-2-iscsi devstack@keystone.service[80396]: DEBUG keystone.server.flask.request_processing.middleware.auth_context [None req-e224ad65-893c-43e7-890d-147a116b1291 None None] Validating token access rules against request {{(pid=80396) validate_allowed_request /usr/local/lib/python3.8/dist-packages/keystonemiddleware/auth_token/__init__.py:545}}
Jun 15 10:08:32.656727 dv-osbrick-845149-2-iscsi devstack@keystone.service[80396]: DEBUG keystone.server.flask.request_processing.middleware.auth_context [None req-81fa8aa3-e904-4206-bc40-7d9a176eb20e None admin] RBAC: auth_context: {'token': , 'domain_id': None, 'trust_id': None, 'trustor_id': None, 'trustee_id': None, 'domain_name': None, 'group_ids': [], 'user_id': '8da656cbb5164cbbb2122d8dff0afe4d', 'user_domain_id': 'default', 'system_scope': 'all', 'project_id': None, 'project_domain_id': None, 'roles': ['admin', 'member', 'reader'], 'is_admin_project': True, 'service_user_id': None, 'service_user_domain_id': None, 'service_project_id': None, 'service_project_domain_id': None, 'service_roles': []} {{(pid=80396) fill_context /opt/stack/keystone/keystone/server/flask/request_processing/middleware/auth_context.py:478}}
Jun 15 10:08:32.657413 dv-osbrick-845149-2-iscsi devstack@keystone.service[80396]: DEBUG keystone.server.flask.request_processing.req_logging [None req-81fa8aa3-e904-4206-bc40-7d9a176eb20e None admin] REQUEST_METHOD: `GET` {{(pid=80396) log_request_info /opt/stack/keystone/keystone/server/flask/request_processing/req_logging.py:27}}
