May 25 15:23:30.336393 dv-osbrick-836391-10-smb devstack@keystone.service[80122]: DEBUG dbcounter [-] [80122] Writing DB stats keystone:SELECT=100 {{(pid=80122) stat_writer /usr/local/lib/python3.8/dist-packages/dbcounter.py:114}}
May 25 15:23:30.348742 dv-osbrick-836391-10-smb devstack@keystone.service[80121]: DEBUG keystone.server.flask.request_processing.middleware.auth_context [None req-6832c4cb-f42e-4348-a68f-9c192a2e1c8d None None] Validating token access rules against request {{(pid=80121) validate_allowed_request /usr/local/lib/python3.8/dist-packages/keystonemiddleware/auth_token/__init__.py:545}}
May 25 15:23:30.368885 dv-osbrick-836391-10-smb devstack@keystone.service[80121]: DEBUG dbcounter [-] [80121] Writing DB stats keystone:SELECT=100 {{(pid=80121) stat_writer /usr/local/lib/python3.8/dist-packages/dbcounter.py:114}}
May 25 15:23:30.373199 dv-osbrick-836391-10-smb devstack@keystone.service[80122]: [pid: 80122|app: 0|req: 38/81] 10.222.0.59 () {58 vars in 1282 bytes} [Wed May 25 15:23:30 2022] GET /identity/v3/auth/tokens => generated 799 bytes in 322 msecs (HTTP/1.1 200) 6 headers in 358 bytes (1 switches on core 0)
May 25 15:23:30.373940 dv-osbrick-836391-10-smb devstack@keystone.service[80122]: DEBUG keystone.server.flask.request_processing.middleware.auth_context [None req-de66c2a7-3bce-445e-bf98-eb187963b459 None admin] Authenticating user token {{(pid=80122) process_request /usr/local/lib/python3.8/dist-packages/keystonemiddleware/auth_token/__init__.py:407}}
May 25 15:23:30.389397 dv-osbrick-836391-10-smb devstack@keystone.service[80121]: DEBUG keystone.server.flask.request_processing.middleware.auth_context [None req-87dd9e69-2b73-434e-b6b9-c9d1d25be8b5 None admin] RBAC: auth_context: {'token': , 'domain_id': None, 'trust_id': None, 'trustor_id': None, 'trustee_id': None, 'domain_name': None, 'group_ids': [], 'user_id': '5b0175bd583a47b39a18663ce943cca8', 'user_domain_id': 'default', 'system_scope': 'all', 'project_id': None, 'project_domain_id': None, 'roles': ['admin', 'member', 'reader'], 'is_admin_project': True, 'service_user_id': None, 'service_user_domain_id': None, 'service_project_id': None, 'service_project_domain_id': None, 'service_roles': []} {{(pid=80121) fill_context /opt/stack/keystone/keystone/server/flask/request_processing/middleware/auth_context.py:478}}
May 25 15:23:30.390196 dv-osbrick-836391-10-smb devstack@keystone.service[80121]: DEBUG keystone.server.flask.request_processing.req_logging [None req-87dd9e69-2b73-434e-b6b9-c9d1d25be8b5 None admin] REQUEST_METHOD: `GET` {{(pid=80121) log_request_info /opt/stack/keystone/keystone/server/flask/request_processing/req_logging.py:27}}
May 25 15:23:30.390486 dv-osbrick-836391-10-smb devstack@keystone.service[80121]: DEBUG keystone.server.flask.request_processing.req_logging [None req-87dd9e69-2b73-434e-b6b9-c9d1d25be8b5 None admin] SCRIPT_NAME: `/identity` {{(pid=80121) log_request_info /opt/stack/keystone/keystone/server/flask/request_processing/req_logging.py:28}}
May 25 15:23:30.390767 dv-osbrick-836391-10-smb devstack@keystone.service[80121]: DEBUG keystone.server.flask.request_processing.req_logging [None req-87dd9e69-2b73-434e-b6b9-c9d1d25be8b5 None admin] PATH_INFO: `/v3/domains/default` {{(pid=80121) log_request_info /opt/stack/keystone/keystone/server/flask/request_processing/req_logging.py:29}}
May 25 15:23:30.391959 dv-osbrick-836391-10-smb devstack@keystone.service[80121]: DEBUG keystone.common.rbac_enforcer.enforcer [None req-87dd9e69-2b73-434e-b6b9-c9d1d25be8b5 None admin] RBAC: Authorizing `identity:get_domain(domain_id=default)` {{(pid=80121) enforce_call /opt/stack/keystone/keystone/common/rbac_enforcer/enforcer.py:449}}
May 25 15:23:30.393423 dv-osbrick-836391-10-smb devstack@keystone.service[80121]: DEBUG keystone.common.rbac_enforcer.enforcer [None req-87dd9e69-2b73-434e-b6b9-c9d1d25be8b5 None admin] RBAC: Authorization granted {{(pid=80121) enforce_call /opt/stack/keystone/keystone/common/rbac_enforcer/enforcer.py:457}}
May 25 15:23:30.395044 dv-osbrick-836391-10-smb devstack@keystone.service[80121]: [pid: 80121|app: 0|req: 44/82] 10.222.0.59 () {56 vars in 1108 bytes} [Wed May 25 15:23:30 2022] GET /identity/v3/domains/default => generated 199 bytes in 146 msecs (HTTP/1.1 200) 5 headers in 177 bytes (1 switches on core 0)
May 25 15:23:30.395833 dv-osbrick-836391-10-smb devstack@keystone.service[80121]: DEBUG keystone.server.flask.request_processing.middleware.auth_context [None req-87dd9e69-2b73-434e-b6b9-c9d1d25be8b5 None admin] Authenticating user token {{(pid=80121) process_request /usr/local/lib/python3.8/dist-packages/keystonemiddleware/auth_token/__init__.py:407}}
May 25 15:23:30.481845 dv-osbrick-836391-10-smb devstack@keystone.service[80122]: DEBUG keystone.server.flask.request_processing.middleware.auth_context [None req-de66c2a7-3bce-445e-bf98-eb187963b459 None admin] Validating token access rules against request {{(pid=80122) validate_allowed_request /usr/local/lib/python3.8/dist-packages/keystonemiddleware/auth_token/__init__.py:545}}
May 25 15:23:30.498107 dv-osbrick-836391-10-smb devstack@keystone.service[80121]: DEBUG keystone.server.flask.request_processing.middleware.auth_context [None req-87dd9e69-2b73-434e-b6b9-c9d1d25be8b5 None admin] Validating token access rules against request {{(pid=80121) validate_allowed_request /usr/local/lib/python3.8/dist-packages/keystonemiddleware/auth_token/__init__.py:545}}
May 25 15:23:30.515206 dv-osbrick-836391-10-smb devstack@keystone.service[80122]: DEBUG keystone.server.flask.request_processing.middleware.auth_context [None req-4db3cffb-a6b2-432d-8cbf-2078a12d55f2 None admin] RBAC: auth_context: {'token': , 'domain_id': None, 'trust_id': None, 'trustor_id': None, 'trustee_id': None, 'domain_name': None, 'group_ids': [], 'user_id': '5b0175bd583a47b39a18663ce943cca8', 'user_domain_id': 'default', 'system_scope': 'all', 'project_id': None, 'project_domain_id': None, 'roles': ['admin', 'member', 'reader'], 'is_admin_project': True, 'service_user_id': None, 'service_user_domain_id': None, 'service_project_id': None, 'service_project_domain_id': None, 'service_roles': []} {{(pid=80122) fill_context /opt/stack/keystone/keystone/server/flask/request_processing/middleware/auth_context.py:478}}
May 25 15:23:30.515894 dv-osbrick-836391-10-smb devstack@keystone.service[80122]: DEBUG keystone.server.flask.request_processing.req_logging [None req-4db3cffb-a6b2-432d-8cbf-2078a12d55f2 None admin] REQUEST_METHOD: `GET` {{(pid=80122) log_request_info /opt/stack/keystone/keystone/server/flask/request_processing/req_logging.py:27}}
May 25 15:23:30.516186 dv-osbrick-836391-10-smb devstack@keystone.service[80122]: DEBUG keystone.server.flask.request_processing.req_logging [None req-4db3cffb-a6b2-432d-8cbf-2078a12d55f2 None admin] SCRIPT_NAME: `/identity` {{(pid=80122) log_request_info /opt/stack/keystone/keystone/server/flask/request_processing/req_logging.py:28}}
May 25 15:23:30.516468 dv-osbrick-836391-10-smb devstack@keystone.service[80122]: DEBUG keystone.server.flask.request_processing.req_logging [None req-4db3cffb-a6b2-432d-8cbf-2078a12d55f2 None admin] PATH_INFO: `/v3/auth/tokens` {{(pid=80122) log_request_info /opt/stack/keystone/keystone/server/flask/request_processing/req_logging.py:29}}
May 25 15:23:30.532898 dv-osbrick-836391-10-smb devstack@keystone.service[80121]: DEBUG keystone.server.flask.request_processing.middleware.auth_context [None req-9dc2c18e-6f5e-4e50-add2-9f04488062a9 None admin] RBAC: auth_context: {'token': , 'domain_id': None, 'trust_id': None, 'trustor_id': None, 'trustee_id': None, 'domain_name': None, 'group_ids': [], 'user_id': '5b0175bd583a47b39a18663ce943cca8', 'user_domain_id': 'default', 'system_scope': 'all', 'project_id': None, 'project_domain_id': None, 'roles': ['admin', 'member', 'reader'], 'is_admin_project': True, 'service_user_id': None, 'service_user_domain_id': None, 'service_project_id': None, 'service_project_domain_id': None, 'service_roles': []} {{(pid=80121) fill_context /opt/stack/keystone/keystone/server/flask/request_processing/middleware/auth_context.py:478}}
May 25 15:23:30.533485 dv-osbrick-836391-10-smb devstack@keystone.service[80121]: DEBUG keystone.server.flask.request_processing.req_logging [None req-9dc2c18e-6f5e-4e50-add2-9f04488062a9 None admin] REQUEST_METHOD: `GET` {{(pid=80121) log_request_info /opt/stack/keystone/keystone/server/flask/request_processing/req_logging.py:27}}
May 25 15:23:30.533773 dv-osbrick-836391-10-smb devstack@keystone.service[80121]: DEBUG keystone.server.flask.request_processing.req_logging [None req-9dc2c18e-6f5e-4e50-add2-9f04488062a9 None admin] SCRIPT_NAME: `/identity` {{(pid=80121) log_request_info /opt/stack/keystone/keystone/server/flask/request_processing/req_logging.py:28}}
May 25 15:23:30.534058 dv-osbrick-836391-10-smb devstack@keystone.service[80121]: DEBUG keystone.server.flask.request_processing.req_logging [None req-9dc2c18e-6f5e-4e50-add2-9f04488062a9 None admin] PATH_INFO: `/v3/auth/tokens` {{(pid=80121) log_request_info /opt/stack/keystone/keystone/server/flask/request_processing/req_logging.py:29}}
May 25 15:23:30.552796 dv-osbrick-836391-10-smb devstack@keystone.service[80122]: DEBUG dbcounter [-] [80122] Writing DB stats keystone:SELECT=100 {{(pid=80122) stat_writer /usr/local/lib/python3.8/dist-packages/dbcounter.py:114}}
May 25 15:23:30.586539 dv-osbrick-836391-10-smb devstack@keystone.service[80122]: DEBUG keystone.common.rbac_enforcer.enforcer [None req-4db3cffb-a6b2-432d-8cbf-2078a12d55f2 None admin] RBAC: Authorizing `identity:validate_token()` {{(pid=80122) enforce_call /opt/stack/keystone/keystone/common/rbac_enforcer/enforcer.py:449}}
May 25 15:23:30.588045 dv-osbrick-836391-10-smb devstack@keystone.service[80122]: DEBUG keystone.common.rbac_enforcer.enforcer [None req-4db3cffb-a6b2-432d-8cbf-2078a12d55f2 None admin] RBAC: Authorization granted {{(pid=80122) enforce_call /opt/stack/keystone/keystone/common/rbac_enforcer/enforcer.py:457}}
May 25 15:23:30.593315 dv-osbrick-836391-10-smb devstack@keystone.service[80121]: DEBUG dbcounter [-] [80121] Writing DB stats keystone:SELECT=100 {{(pid=80121) stat_writer /usr/local/lib/python3.8/dist-packages/dbcounter.py:114}}
May 25 15:23:30.606219 dv-osbrick-836391-10-smb devstack@keystone.service[80121]: DEBUG keystone.common.rbac_enforcer.enforcer [None req-9dc2c18e-6f5e-4e50-add2-9f04488062a9 None admin] RBAC: Authorizing `identity:validate_token()` {{(pid=80121) enforce_call /opt/stack/keystone/keystone/common/rbac_enforcer/enforcer.py:449}}
May 25 15:23:30.607831 dv-osbrick-836391-10-smb devstack@keystone.service[80121]: DEBUG keystone.common.rbac_enforcer.enforcer [None req-9dc2c18e-6f5e-4e50-add2-9f04488062a9 None admin] RBAC: Authorization granted {{(pid=80121) enforce_call /opt/stack/keystone/keystone/common/rbac_enforcer/enforcer.py:457}}
May 25 15:23:30.688581 dv-osbrick-836391-10-smb devstack@keystone.service[80122]: [pid: 80122|app: 0|req: 39/83] 10.222.0.59 () {58 vars in 1282 bytes} [Wed May 25 15:23:30 2022] GET /identity/v3/auth/tokens => generated 799 bytes in 315 msecs (HTTP/1.1 200) 6 headers in 358 bytes (1 switches on core 0)
May 25 15:23:30.689456 dv-osbrick-836391-10-smb devstack@keystone.service[80122]: DEBUG keystone.server.flask.request_processing.middleware.auth_context [None req-4db3cffb-a6b2-432d-8cbf-2078a12d55f2 None admin] Authenticating user token {{(pid=80122) process_request /usr/local/lib/python3.8/dist-packages/keystonemiddleware/auth_token/__init__.py:407}}
May 25 15:23:30.709457 dv-osbrick-836391-10-smb devstack@keystone.service[80121]: [pid: 80121|app: 0|req: 45/84] 10.222.0.59 () {58 vars in 1282 bytes} [Wed May 25 15:23:30 2022] GET /identity/v3/auth/tokens => generated 799 bytes in 314 msecs (HTTP/1.1 200) 6 headers in 358 bytes (1 switches on core 0)
May 25 15:23:30.710585 dv-osbrick-836391-10-smb devstack@keystone.service[80121]: DEBUG keystone.server.flask.request_processing.middleware.auth_context [None req-9dc2c18e-6f5e-4e50-add2-9f04488062a9 None admin] Authenticating user token {{(pid=80121) process_request /usr/local/lib/python3.8/dist-packages/keystonemiddleware/auth_token/__init__.py:407}}
May 25 15:23:30.756806 dv-osbrick-836391-10-smb devstack@keystone.service[80122]: DEBUG dbcounter [-] [80122] Writing DB stats keystone:SELECT=100 {{(pid=80122) stat_writer /usr/local/lib/python3.8/dist-packages/dbcounter.py:114}}
May 25 15:23:30.792033 dv-osbrick-836391-10-smb devstack@keystone.service[80122]: DEBUG keystone.server.flask.request_processing.middleware.auth_context [None req-4db3cffb-a6b2-432d-8cbf-2078a12d55f2 None admin] Validating token access rules against request {{(pid=80122) validate_allowed_request /usr/local/lib/python3.8/dist-packages/keystonemiddleware/auth_token/__init__.py:545}}
May 25 15:23:30.800312 dv-osbrick-836391-10-smb devstack@keystone.service[80121]: DEBUG dbcounter [-] [80121] Writing DB stats keystone:SELECT=100 {{(pid=80121) stat_writer /usr/local/lib/python3.8/dist-packages/dbcounter.py:114}}
May 25 15:23:30.813119 dv-osbrick-836391-10-smb devstack@keystone.service[80121]: DEBUG keystone.server.flask.request_processing.middleware.auth_context [None req-9dc2c18e-6f5e-4e50-add2-9f04488062a9 None admin] Validating token access rules against request {{(pid=80121) validate_allowed_request /usr/local/lib/python3.8/dist-packages/keystonemiddleware/auth_token/__init__.py:545}}
May 25 15:23:30.829267 dv-osbrick-836391-10-smb devstack@keystone.service[80122]: DEBUG keystone.server.flask.request_processing.middleware.auth_context [None req-ee667f13-4ff2-4bbe-afe5-8a54f9fbed14 None admin] RBAC: auth_context: {'token': , 'domain_id': None, 'trust_id': None, 'trustor_id': None, 'trustee_id': None, 'domain_name': None, 'group_ids': [], 'user_id': '5b0175bd583a47b39a18663ce943cca8', 'user_domain_id': 'default', 'system_scope': 'all', 'project_id': None, 'project_domain_id': None, 'roles': ['admin', 'member', 'reader'], 'is_admin_project': True, 'service_user_id': None, 'service_user_domain_id': None, 'service_project_id': None, 'service_project_domain_id': None, 'service_roles': []} {{(pid=80122) fill_context /opt/stack/keystone/keystone/server/flask/request_processing/middleware/auth_context.py:478}}
May 25 15:23:30.830077 dv-osbrick-836391-10-smb devstack@keystone.service[80122]: DEBUG keystone.server.flask.request_processing.req_logging [None req-ee667f13-4ff2-4bbe-afe5-8a54f9fbed14 None admin] REQUEST_METHOD: `GET` {{(pid=80122) log_request_info /opt/stack/keystone/keystone/server/flask/request_processing/req_logging.py:27}}
May 25 15:23:30.830372 dv-osbrick-836391-10-smb devstack@keystone.service[80122]: DEBUG keystone.server.flask.request_processing.req_logging [None req-ee667f13-4ff2-4bbe-afe5-8a54f9fbed14 None admin] SCRIPT_NAME: `/identity` {{(pid=80122) log_request_info /opt/stack/keystone/keystone/server/flask/request_processing/req_logging.py:28}}
May 25 15:23:30.830661 dv-osbrick-836391-10-smb devstack@keystone.service[80122]: DEBUG keystone.server.flask.request_processing.req_logging [None req-ee667f13-4ff2-4bbe-afe5-8a54f9fbed14 None admin] PATH_INFO: `/v3/roles/member` {{(pid=80122) log_request_info /opt/stack/keystone/keystone/server/flask/request_processing/req_logging.py:29}}
May 25 15:23:30.841649 dv-osbrick-836391-10-smb devstack@keystone.service[80122]: DEBUG keystone.common.rbac_enforcer.enforcer [None req-ee667f13-4ff2-4bbe-afe5-8a54f9fbed14 None admin] Extracting inferred target data resulted in "NOT FOUND (404)". {{(pid=80122) enforce_call /opt/stack/keystone/keystone/common/rbac_enforcer/enforcer.py:409}}
May 25 15:23:30.847478 dv-osbrick-836391-10-smb devstack@keystone.service[80121]: DEBUG keystone.server.flask.request_processing.middleware.auth_context [None req-91e2a83a-144b-4260-94c8-1f951c308c94 None admin] RBAC: auth_context: {'token': , 'domain_id': None, 'trust_id': None, 'trustor_id': None, 'trustee_id': None, 'domain_name': None, 'group_ids': [], 'user_id': '5b0175bd583a47b39a18663ce943cca8', 'user_domain_id': 'default', 'system_scope': 'all', 'project_id': None, 'project_domain_id': None, 'roles': ['admin', 'member', 'reader'], 'is_admin_project': True, 'service_user_id': None, 'service_user_domain_id': None, 'service_project_id': None, 'service_project_domain_id': None, 'service_roles': []} {{(pid=80121) fill_context /opt/stack/keystone/keystone/server/flask/request_processing/middleware/auth_context.py:478}}
May 25 15:23:30.848350 dv-osbrick-836391-10-smb devstack@keystone.service[80121]: DEBUG keystone.server.flask.request_processing.req_logging [None req-91e2a83a-144b-4260-94c8-1f951c308c94 None admin] REQUEST_METHOD: `GET` {{(pid=80121) log_request_info /opt/stack/keystone/keystone/server/flask/request_processing/req_logging.py:27}}
May 25 15:23:30.848644 dv-osbrick-836391-10-smb devstack@keystone.service[80121]: DEBUG keystone.server.flask.request_processing.req_logging [None req-91e2a83a-144b-4260-94c8-1f951c308c94 None admin] SCRIPT_NAME: `/identity` {{(pid=80121) log_request_info /opt/stack/keystone/keystone/server/flask/request_processing/req_logging.py:28}}
May 25 15:23:30.848931 dv-osbrick-836391-10-smb devstack@keystone.service[80121]: DEBUG keystone.server.flask.request_processing.req_logging [None req-91e2a83a-144b-4260-94c8-1f951c308c94 None admin] PATH_INFO: `/v3/projects/afce60e2bc11445e8a6233270dd6e077` {{(pid=80121) log_request_info /opt/stack/keystone/keystone/server/flask/request_processing/req_logging.py:29}}
May 25 15:23:30.849397 dv-osbrick-836391-10-smb devstack@keystone.service[80122]: ERROR keystone.server.flask.application [None req-ee667f13-4ff2-4bbe-afe5-8a54f9fbed14 None admin] Could not find role: member.: keystone.exception.RoleNotFound: Could not find role: member.
May 25 15:23:30.849397 dv-osbrick-836391-10-smb devstack@keystone.service[80122]: ERROR keystone.server.flask.application
Traceback (most recent call last):
May 25 15:23:30.849397 dv-osbrick-836391-10-smb devstack@keystone.service[80122]: ERROR keystone.server.flask.application
File "/usr/local/lib/python3.8/dist-packages/flask/app.py", line 1523, in full_dispatch_request
May 25 15:23:30.849397 dv-osbrick-836391-10-smb devstack@keystone.service[80122]: ERROR keystone.server.flask.application rv = self.dispatch_request()
May 25 15:23:30.849397 dv-osbrick-836391-10-smb devstack@keystone.service[80122]: ERROR keystone.server.flask.application
File "/usr/local/lib/python3.8/dist-packages/flask/app.py", line 1509, in dispatch_request
May 25 15:23:30.849397 dv-osbrick-836391-10-smb devstack@keystone.service[80122]: ERROR keystone.server.flask.application return self.ensure_sync(self.view_functions[rule.endpoint])(**req.view_args)
May 25 15:23:30.849397 dv-osbrick-836391-10-smb devstack@keystone.service[80122]: ERROR keystone.server.flask.application
File "/usr/local/lib/python3.8/dist-packages/flask_restful/__init__.py", line 467, in wrapper
May 25 15:23:30.849397 dv-osbrick-836391-10-smb devstack@keystone.service[80122]: ERROR keystone.server.flask.application resp = resource(*args, **kwargs)
May 25 15:23:30.849397 dv-osbrick-836391-10-smb devstack@keystone.service[80122]: ERROR keystone.server.flask.application
File "/usr/local/lib/python3.8/dist-packages/flask/views.py", line 84, in view
May 25 15:23:30.849397 dv-osbrick-836391-10-smb devstack@keystone.service[80122]: ERROR keystone.server.flask.application return current_app.ensure_sync(self.dispatch_request)(*args, **kwargs)
May 25 15:23:30.849397 dv-osbrick-836391-10-smb devstack@keystone.service[80122]: ERROR keystone.server.flask.application
File "/usr/local/lib/python3.8/dist-packages/flask_restful/__init__.py", line 582, in dispatch_request
May 25 15:23:30.849397 dv-osbrick-836391-10-smb devstack@keystone.service[80122]: ERROR keystone.server.flask.application resp = meth(*args, **kwargs)
May 25 15:23:30.849397 dv-osbrick-836391-10-smb devstack@keystone.service[80122]: ERROR keystone.server.flask.application
File "/opt/stack/keystone/keystone/api/roles.py", line 50, in get
May 25 15:23:30.849397 dv-osbrick-836391-10-smb devstack@keystone.service[80122]: ERROR keystone.server.flask.application return self._get_role(role_id)
May 25 15:23:30.849397 dv-osbrick-836391-10-smb devstack@keystone.service[80122]: ERROR keystone.server.flask.application
File "/opt/stack/keystone/keystone/api/roles.py", line 70, in _get_role
May 25 15:23:30.849397 dv-osbrick-836391-10-smb devstack@keystone.service[80122]: ERROR keystone.server.flask.application ENFORCER.enforce_call(action='identity:get_role')
May 25 15:23:30.850173 dv-osbrick-836391-10-smb devstack@keystone.service[80122]: ERROR keystone.server.flask.application
File "/opt/stack/keystone/keystone/common/rbac_enforcer/enforcer.py", line 402, in enforce_call
May 25 15:23:30.850173 dv-osbrick-836391-10-smb devstack@keystone.service[80122]: ERROR keystone.server.flask.application policy_dict.update(cls._extract_member_target_data(
May 25 15:23:30.850173 dv-osbrick-836391-10-smb devstack@keystone.service[80122]: ERROR keystone.server.flask.application
File "/opt/stack/keystone/keystone/common/rbac_enforcer/enforcer.py", line 234, in _extract_member_target_data
May 25 15:23:30.850173 dv-osbrick-836391-10-smb devstack@keystone.service[80122]: ERROR keystone.server.flask.application member_name: func(flask.request.view_args[key])
May 25 15:23:30.850173 dv-osbrick-836391-10-smb devstack@keystone.service[80122]: ERROR keystone.server.flask.application
File "/opt/stack/keystone/keystone/common/manager.py", line 115, in wrapped
May 25 15:23:30.850173 dv-osbrick-836391-10-smb devstack@keystone.service[80122]: ERROR keystone.server.flask.application __ret_val = __f(*args, **kwargs)
May 25 15:23:30.850173 dv-osbrick-836391-10-smb devstack@keystone.service[80122]: ERROR keystone.server.flask.application
File "/usr/local/lib/python3.8/dist-packages/decorator.py", line 232, in fun
May 25 15:23:30.850173 dv-osbrick-836391-10-smb devstack@keystone.service[80122]: ERROR keystone.server.flask.application return caller(func, *(extras + args), **kw)
May 25 15:23:30.850173 dv-osbrick-836391-10-smb devstack@keystone.service[80122]: ERROR keystone.server.flask.application
File "/usr/local/lib/python3.8/dist-packages/dogpile/cache/region.py", line 1577, in get_or_create_for_user_func
May 25 15:23:30.850173 dv-osbrick-836391-10-smb devstack@keystone.service[80122]: ERROR keystone.server.flask.application return self.get_or_create(
May 25 15:23:30.850173 dv-osbrick-836391-10-smb devstack@keystone.service[80122]: ERROR keystone.server.flask.application
File "/usr/local/lib/python3.8/dist-packages/dogpile/cache/region.py", line 1042, in get_or_create
May 25 15:23:30.850173 dv-osbrick-836391-10-smb devstack@keystone.service[80122]: ERROR keystone.server.flask.application with Lock(
May 25 15:23:30.850173 dv-osbrick-836391-10-smb devstack@keystone.service[80122]: ERROR keystone.server.flask.application
File "/usr/local/lib/python3.8/dist-packages/dogpile/lock.py", line 185, in __enter__
May 25 15:23:30.850173 dv-osbrick-836391-10-smb devstack@keystone.service[80122]: ERROR keystone.server.flask.application return self._enter()
May 25 15:23:30.850173 dv-osbrick-836391-10-smb devstack@keystone.service[80122]: ERROR keystone.server.flask.application
File "/usr/local/lib/python3.8/dist-packages/dogpile/lock.py", line 94, in _enter
May 25 15:23:30.850173 dv-osbrick-836391-10-smb devstack@keystone.service[80122]: ERROR keystone.server.flask.application generated = self._enter_create(value, createdtime)
May 25 15:23:30.850904 dv-osbrick-836391-10-smb devstack@keystone.service[80122]: ERROR keystone.server.flask.application
File "/usr/local/lib/python3.8/dist-packages/dogpile/lock.py", line 178, in _enter_create
May 25 15:23:30.850904 dv-osbrick-836391-10-smb devstack@keystone.service[80122]: ERROR keystone.server.flask.application return self.creator()
May 25 15:23:30.850904 dv-osbrick-836391-10-smb devstack@keystone.service[80122]: ERROR keystone.server.flask.application
File "/usr/local/lib/python3.8/dist-packages/dogpile/cache/region.py", line 995, in gen_value
May 25 15:23:30.850904 dv-osbrick-836391-10-smb devstack@keystone.service[80122]: ERROR keystone.server.flask.application created_value = creator(
May 25 15:23:30.850904 dv-osbrick-836391-10-smb devstack@keystone.service[80122]: ERROR keystone.server.flask.application
File "/opt/stack/keystone/keystone/assignment/core.py", line 1276, in get_role
May 25 15:23:30.850904 dv-osbrick-836391-10-smb devstack@keystone.service[80122]: ERROR keystone.server.flask.application return self.driver.get_role(role_id)
May 25 15:23:30.850904 dv-osbrick-836391-10-smb devstack@keystone.service[80122]: ERROR keystone.server.flask.application
File "/opt/stack/keystone/keystone/assignment/role_backends/sql.py", line 70, in get_role
May 25 15:23:30.850904 dv-osbrick-836391-10-smb devstack@keystone.service[80122]: ERROR keystone.server.flask.application return self._get_role(session, role_id).to_dict()
May 25 15:23:30.850904 dv-osbrick-836391-10-smb devstack@keystone.service[80122]: ERROR keystone.server.flask.application
File "/opt/stack/keystone/keystone/assignment/role_backends/sql.py", line 65, in _get_role
May 25 15:23:30.850904 dv-osbrick-836391-10-smb devstack@keystone.service[80122]: ERROR keystone.server.flask.application raise exception.RoleNotFound(role_id=role_id)
May 25 15:23:30.850904 dv-osbrick-836391-10-smb devstack@keystone.service[80122]: ERROR keystone.server.flask.application keystone.exception.RoleNotFound: Could not find role: member.
May 25 15:23:30.850904 dv-osbrick-836391-10-smb devstack@keystone.service[80122]: ERROR keystone.server.flask.application
May 25 15:23:30.852010 dv-osbrick-836391-10-smb devstack@keystone.service[80121]: DEBUG keystone.common.rbac_enforcer.enforcer [None req-91e2a83a-144b-4260-94c8-1f951c308c94 None admin] RBAC: Authorizing `identity:get_project(project_id=afce60e2bc11445e8a6233270dd6e077)` {{(pid=80121) enforce_call /opt/stack/keystone/keystone/common/rbac_enforcer/enforcer.py:449}}
May 25 15:23:30.852103 dv-osbrick-836391-10-smb devstack@keystone.service[80122]: [pid: 80122|app: 0|req: 40/85] 10.222.0.59 () {56 vars in 1099 bytes} [Wed May 25 15:23:30 2022] GET /identity/v3/roles/member => generated 84 bytes in 161 msecs (HTTP/1.1 404) 5 headers in 183 bytes (1 switches on core 0)
May 25 15:23:30.852103 dv-osbrick-836391-10-smb devstack@keystone.service[80122]: DEBUG keystone.server.flask.request_processing.middleware.auth_context [None req-ee667f13-4ff2-4bbe-afe5-8a54f9fbed14 None admin] Authenticating user token {{(pid=80122) process_request /usr/local/lib/python3.8/dist-packages/keystonemiddleware/auth_token/__init__.py:407}}
May 25 15:23:30.852239 dv-osbrick-836391-10-smb devstack@keystone.service[80121]: DEBUG keystone.common.rbac_enforcer.enforcer [None req-91e2a83a-144b-4260-94c8-1f951c308c94 None admin] RBAC: Authorization granted {{(pid=80121) enforce_call /opt/stack/keystone/keystone/common/rbac_enforcer/enforcer.py:457}}
May 25 15:23:30.853315 dv-osbrick-836391-10-smb devstack@keystone.service[80121]: [pid: 80121|app: 0|req: 46/86] 10.222.0.59 () {56 vars in 1186 bytes} [Wed May 25 15:23:30 2022] GET /identity/v3/projects/afce60e2bc11445e8a6233270dd6e077 => generated 298 bytes in 143 msecs (HTTP/1.1 200) 5 headers in 177 bytes (1 switches on core 0)
May 25 15:23:30.854079 dv-osbrick-836391-10-smb devstack@keystone.service[80121]: DEBUG keystone.server.flask.request_processing.middleware.auth_context [None req-91e2a83a-144b-4260-94c8-1f951c308c94 None admin] Authenticating user token {{(pid=80121) process_request /usr/local/lib/python3.8/dist-packages/keystonemiddleware/auth_token/__init__.py:407}}
May 25 15:23:30.956824 dv-osbrick-836391-10-smb devstack@keystone.service[80122]: DEBUG keystone.server.flask.request_processing.middleware.auth_context [None req-ee667f13-4ff2-4bbe-afe5-8a54f9fbed14 None admin] Validating token access rules against request {{(pid=80122) validate_allowed_request /usr/local/lib/python3.8/dist-packages/keystonemiddleware/auth_token/__init__.py:545}}
May 25 15:23:30.957295 dv-osbrick-836391-10-smb devstack@keystone.service[80121]: DEBUG keystone.server.flask.request_processing.middleware.auth_context [None req-91e2a83a-144b-4260-94c8-1f951c308c94 None admin] Validating token access rules against request {{(pid=80121) validate_allowed_request /usr/local/lib/python3.8/dist-packages/keystonemiddleware/auth_token/__init__.py:545}}
May 25 15:23:30.985098 dv-osbrick-836391-10-smb devstack@keystone.service[80122]: DEBUG dbcounter [-] [80122] Writing DB stats keystone:SELECT=100 {{(pid=80122) stat_writer /usr/local/lib/python3.8/dist-packages/dbcounter.py:114}}
May 25 15:23:30.993271 dv-osbrick-836391-10-smb devstack@keystone.service[80122]: DEBUG keystone.server.flask.request_processing.middleware.auth_context [None req-5067855e-99f5-413a-aa84-e4a8369e2b99 None admin] RBAC: auth_context: {'token': , 'domain_id': None, 'trust_id': None, 'trustor_id': None, 'trustee_id': None, 'domain_name': None, 'group_ids': [], 'user_id': '5b0175bd583a47b39a18663ce943cca8', 'user_domain_id': 'default', 'system_scope': 'all', 'project_id': None, 'project_domain_id': None, 'roles': ['admin', 'member', 'reader'], 'is_admin_project': True, 'service_user_id': None, 'service_user_domain_id': None, 'service_project_id': None, 'service_project_domain_id': None, 'service_roles': []} {{(pid=80122) fill_context /opt/stack/keystone/keystone/server/flask/request_processing/middleware/auth_context.py:478}}
May 25 15:23:30.993445 dv-osbrick-836391-10-smb devstack@keystone.service[80121]: DEBUG keystone.server.flask.request_processing.middleware.auth_context [None req-d6364fe2-0712-40fd-9c19-6d37e2653da0 None admin] RBAC: auth_context: {'token': , 'domain_id': None, 'trust_id': None, 'trustor_id': None, 'trustee_id': None, 'domain_name': None, 'group_ids': [], 'user_id': '5b0175bd583a47b39a18663ce943cca8', 'user_domain_id': 'default', 'system_scope': 'all', 'project_id': None, 'project_domain_id': None, 'roles': ['admin', 'member', 'reader'], 'is_admin_project': True, 'service_user_id': None, 'service_user_domain_id': None, 'service_project_id': None, 'service_project_domain_id': None, 'service_roles': []} {{(pid=80121) fill_context /opt/stack/keystone/keystone/server/flask/request_processing/middleware/auth_context.py:478}}
May 25 15:23:30.993956 dv-osbrick-836391-10-smb devstack@keystone.service[80122]: DEBUG keystone.server.flask.request_processing.req_logging [None req-5067855e-99f5-413a-aa84-e4a8369e2b99 None admin] REQUEST_METHOD: `POST` {{(pid=80122) log_request_info /opt/stack/keystone/keystone/server/flask/request_processing/req_logging.py:27}}
May 25 15:23:30.994247 dv-osbrick-836391-10-smb devstack@keystone.service[80122]: DEBUG keystone.server.flask.request_processing.req_logging [None req-5067855e-99f5-413a-aa84-e4a8369e2b99 None admin] SCRIPT_NAME: `/identity` {{(pid=80122) log_request_info /opt/stack/keystone/keystone/server/flask/request_processing/req_logging.py:28}}
May 25 15:23:30.994348 dv-osbrick-836391-10-smb devstack@keystone.service[80121]: DEBUG keystone.server.flask.request_processing.req_logging [None req-d6364fe2-0712-40fd-9c19-6d37e2653da0 None admin] REQUEST_METHOD: `GET` {{(pid=80121) log_request_info /opt/stack/keystone/keystone/server/flask/request_processing/req_logging.py:27}}
May 25 15:23:30.994536 dv-osbrick-836391-10-smb devstack@keystone.service[80122]: DEBUG keystone.server.flask.request_processing.req_logging [None req-5067855e-99f5-413a-aa84-e4a8369e2b99 None admin] PATH_INFO: `/v3/users` {{(pid=80122) log_request_info /opt/stack/keystone/keystone/server/flask/request_processing/req_logging.py:29}}
May 25 15:23:30.994641 dv-osbrick-836391-10-smb devstack@keystone.service[80121]: DEBUG keystone.server.flask.request_processing.req_logging [None req-d6364fe2-0712-40fd-9c19-6d37e2653da0 None admin] SCRIPT_NAME: `/identity` {{(pid=80121) log_request_info /opt/stack/keystone/keystone/server/flask/request_processing/req_logging.py:28}}
May 25 15:23:30.994814 dv-osbrick-836391-10-smb devstack@keystone.service[80121]: DEBUG keystone.server.flask.request_processing.req_logging [None req-d6364fe2-0712-40fd-9c19-6d37e2653da0 None admin] PATH_INFO: `/v3/projects/afce60e2bc11445e8a6233270dd6e077` {{(pid=80121) log_request_info /opt/stack/keystone/keystone/server/flask/request_processing/req_logging.py:29}}
May 25 15:23:30.995317 dv-osbrick-836391-10-smb devstack@keystone.service[80122]: DEBUG keystone.common.rbac_enforcer.enforcer [None req-5067855e-99f5-413a-aa84-e4a8369e2b99 None admin] RBAC: Authorizing `identity:create_user()` {{(pid=80122) enforce_call /opt/stack/keystone/keystone/common/rbac_enforcer/enforcer.py:449}}
May 25 15:23:30.996068 dv-osbrick-836391-10-smb devstack@keystone.service[80121]: DEBUG keystone.common.rbac_enforcer.enforcer [None req-d6364fe2-0712-40fd-9c19-6d37e2653da0 None admin] RBAC: Authorizing `identity:get_project(project_id=afce60e2bc11445e8a6233270dd6e077)` {{(pid=80121) enforce_call /opt/stack/keystone/keystone/common/rbac_enforcer/enforcer.py:449}}
May 25 15:23:30.996990 dv-osbrick-836391-10-smb devstack@keystone.service[80122]: DEBUG keystone.common.rbac_enforcer.enforcer [None req-5067855e-99f5-413a-aa84-e4a8369e2b99 None admin] RBAC: Authorization granted {{(pid=80122) enforce_call /opt/stack/keystone/keystone/common/rbac_enforcer/enforcer.py:457}}
May 25 15:23:30.997509 dv-osbrick-836391-10-smb devstack@keystone.service[80121]: DEBUG keystone.common.rbac_enforcer.enforcer [None req-d6364fe2-0712-40fd-9c19-6d37e2653da0 None admin] RBAC: Authorization granted {{(pid=80121) enforce_call /opt/stack/keystone/keystone/common/rbac_enforcer/enforcer.py:457}}
May 25 15:23:30.999222 dv-osbrick-836391-10-smb devstack@keystone.service[80121]: [pid: 80121|app: 0|req: 47/87] 10.222.0.59 () {56 vars in 1186 bytes} [Wed May 25 15:23:30 2022] GET /identity/v3/projects/afce60e2bc11445e8a6233270dd6e077 => generated 298 bytes in 145 msecs (HTTP/1.1 200) 5 headers in 177 bytes (1 switches on core 0)
May 25 15:23:31.000022 dv-osbrick-836391-10-smb devstack@keystone.service[80121]: DEBUG keystone.server.flask.request_processing.middleware.auth_context [None req-d6364fe2-0712-40fd-9c19-6d37e2653da0 None admin] Authenticating user token {{(pid=80121) process_request /usr/local/lib/python3.8/dist-packages/keystonemiddleware/auth_token/__init__.py:407}}
May 25 15:23:31.017453 dv-osbrick-836391-10-smb devstack@keystone.service[80122]: [pid: 80122|app: 0|req: 41/88] 10.222.0.59 () {60 vars in 1132 bytes} [Wed May 25 15:23:30 2022] POST /identity/v3/users => generated 289 bytes in 166 msecs (HTTP/1.1 201) 5 headers in 182 bytes (1 switches on core 0)
May 25 15:23:31.018551 dv-osbrick-836391-10-smb devstack@keystone.service[80122]: DEBUG keystone.server.flask.request_processing.middleware.auth_context [None req-5067855e-99f5-413a-aa84-e4a8369e2b99 None admin] Authenticating user token {{(pid=80122) process_request /usr/local/lib/python3.8/dist-packages/keystonemiddleware/auth_token/__init__.py:407}}
May 25 15:23:31.037929 dv-osbrick-836391-10-smb devstack@keystone.service[80121]: DEBUG dbcounter [-] [80121] Writing DB stats keystone:SELECT=100 {{(pid=80121) stat_writer /usr/local/lib/python3.8/dist-packages/dbcounter.py:114}}
May 25 15:23:31.131702 dv-osbrick-836391-10-smb devstack@keystone.service[80121]: DEBUG keystone.server.flask.request_processing.middleware.auth_context [None req-d6364fe2-0712-40fd-9c19-6d37e2653da0 None admin] Validating token access rules against request {{(pid=80121) validate_allowed_request /usr/local/lib/python3.8/dist-packages/keystonemiddleware/auth_token/__init__.py:545}}
May 25 15:23:31.146634 dv-osbrick-836391-10-smb devstack@keystone.service[80122]: DEBUG keystone.server.flask.request_processing.middleware.auth_context [None req-5067855e-99f5-413a-aa84-e4a8369e2b99 None admin] Validating token access rules against request {{(pid=80122) validate_allowed_request /usr/local/lib/python3.8/dist-packages/keystonemiddleware/auth_token/__init__.py:545}}
May 25 15:23:31.172821 dv-osbrick-836391-10-smb devstack@keystone.service[80121]: DEBUG keystone.server.flask.request_processing.middleware.auth_context [None req-8a0788cf-dff9-4387-95fe-e7abf3a5a0d2 None admin] RBAC: auth_context: {'token': , 'domain_id': None, 'trust_id': None, 'trustor_id': None, 'trustee_id': None, 'domain_name': None, 'group_ids': [], 'user_id': '5b0175bd583a47b39a18663ce943cca8', 'user_domain_id': 'default', 'system_scope': 'all', 'project_id': None, 'project_domain_id': None, 'roles': ['admin', 'member', 'reader'], 'is_admin_project': True, 'service_user_id': None, 'service_user_domain_id': None, 'service_project_id': None, 'service_project_domain_id': None, 'service_roles': []} {{(pid=80121) fill_context /opt/stack/keystone/keystone/server/flask/request_processing/middleware/auth_context.py:478}}
May 25 15:23:31.174620 dv-osbrick-836391-10-smb devstack@keystone.service[80121]: DEBUG keystone.server.flask.request_processing.req_logging [None req-8a0788cf-dff9-4387-95fe-e7abf3a5a0d2 None admin] REQUEST_METHOD: `GET` {{(pid=80121) log_request_info /opt/stack/keystone/keystone/server/flask/request_processing/req_logging.py:27}}
May 25 15:23:31.175113 dv-osbrick-836391-10-smb devstack@keystone.service[80121]: DEBUG keystone.server.flask.request_processing.req_logging [None req-8a0788cf-dff9-4387-95fe-e7abf3a5a0d2 None admin] SCRIPT_NAME: `/identity` {{(pid=80121) log_request_info /opt/stack/keystone/keystone/server/flask/request_processing/req_logging.py:28}}
May 25 15:23:31.175401 dv-osbrick-836391-10-smb devstack@keystone.service[80121]: DEBUG keystone.server.flask.request_processing.req_logging [None req-8a0788cf-dff9-4387-95fe-e7abf3a5a0d2 None admin] PATH_INFO: `/v3/projects/afce60e2bc11445e8a6233270dd6e077` {{(pid=80121) log_request_info /opt/stack/keystone/keystone/server/flask/request_processing/req_logging.py:29}}
May 25 15:23:31.176764 dv-osbrick-836391-10-smb devstack@keystone.service[80121]: DEBUG keystone.common.rbac_enforcer.enforcer [None req-8a0788cf-dff9-4387-95fe-e7abf3a5a0d2 None admin] RBAC: Authorizing `identity:get_project(project_id=afce60e2bc11445e8a6233270dd6e077)` {{(pid=80121) enforce_call /opt/stack/keystone/keystone/common/rbac_enforcer/enforcer.py:449}}
May 25 15:23:31.178271 dv-osbrick-836391-10-smb devstack@keystone.service[80121]: DEBUG keystone.common.rbac_enforcer.enforcer [None req-8a0788cf-dff9-4387-95fe-e7abf3a5a0d2 None admin] RBAC: Authorization granted {{(pid=80121) enforce_call /opt/stack/keystone/keystone/common/rbac_enforcer/enforcer.py:457}}
May 25 15:23:31.180098 dv-osbrick-836391-10-smb devstack@keystone.service[80121]: [pid: 80121|app: 0|req: 48/89] 10.222.0.59 () {56 vars in 1186 bytes} [Wed May 25 15:23:30 2022] GET /identity/v3/projects/afce60e2bc11445e8a6233270dd6e077 => generated 298 bytes in 180 msecs (HTTP/1.1 200) 5 headers in 177 bytes (1 switches on core 0)
May 25 15:23:31.180911 dv-osbrick-836391-10-smb devstack@keystone.service[80121]: DEBUG keystone.server.flask.request_processing.middleware.auth_context [None req-8a0788cf-dff9-4387-95fe-e7abf3a5a0d2 None admin] Authenticating user token {{(pid=80121) process_request /usr/local/lib/python3.8/dist-packages/keystonemiddleware/auth_token/__init__.py:407}}
May 25 15:23:31.194881 dv-osbrick-836391-10-smb devstack@keystone.service[80122]: DEBUG keystone.server.flask.request_processing.middleware.auth_context [None req-ac153ba2-bc79-4648-ae24-377639581460 None admin] RBAC: auth_context: {'token': , 'domain_id': None, 'trust_id': None, 'trustor_id': None, 'trustee_id': None, 'domain_name': None, 'group_ids': [], 'user_id': '5b0175bd583a47b39a18663ce943cca8', 'user_domain_id': 'default', 'system_scope': 'all', 'project_id': None, 'project_domain_id': None, 'roles': ['admin', 'member', 'reader'], 'is_admin_project': True, 'service_user_id': None, 'service_user_domain_id': None, 'service_project_id': None, 'service_project_domain_id': None, 'service_roles': []} {{(pid=80122) fill_context /opt/stack/keystone/keystone/server/flask/request_processing/middleware/auth_context.py:478}}
May 25 15:23:31.195619 dv-osbrick-836391-10-smb devstack@keystone.service[80122]: DEBUG keystone.server.flask.request_processing.req_logging [None req-ac153ba2-bc79-4648-ae24-377639581460 None admin] REQUEST_METHOD: `GET` {{(pid=80122) log_request_info /opt/stack/keystone/keystone/server/flask/request_processing/req_logging.py:27}}
May 25 15:23:31.195940 dv-osbrick-836391-10-smb devstack@keystone.service[80122]: DEBUG keystone.server.flask.request_processing.req_logging [None req-ac153ba2-bc79-4648-ae24-377639581460 None admin] SCRIPT_NAME: `/identity` {{(pid=80122) log_request_info /opt/stack/keystone/keystone/server/flask/request_processing/req_logging.py:28}}
May 25 15:23:31.196205 dv-osbrick-836391-10-smb devstack@keystone.service[80122]: DEBUG keystone.server.flask.request_processing.req_logging [None req-ac153ba2-bc79-4648-ae24-377639581460 None admin] PATH_INFO: `/v3/roles` {{(pid=80122) log_request_info /opt/stack/keystone/keystone/server/flask/request_processing/req_logging.py:29}}
May 25 15:23:31.196980 dv-osbrick-836391-10-smb devstack@keystone.service[80122]: DEBUG keystone.common.rbac_enforcer.enforcer [None req-ac153ba2-bc79-4648-ae24-377639581460 None admin] RBAC: Adding query filter params (name=member) {{(pid=80122) _extract_filter_values /opt/stack/keystone/keystone/common/rbac_enforcer/enforcer.py:167}}
May 25 15:23:31.197299 dv-osbrick-836391-10-smb devstack@keystone.service[80122]: DEBUG keystone.common.rbac_enforcer.enforcer [None req-ac153ba2-bc79-4648-ae24-377639581460 None admin] RBAC: Authorizing `identity:list_roles()` {{(pid=80122) enforce_call /opt/stack/keystone/keystone/common/rbac_enforcer/enforcer.py:449}}
May 25 15:23:31.200803 dv-osbrick-836391-10-smb devstack@keystone.service[80122]: DEBUG keystone.common.rbac_enforcer.enforcer [None req-ac153ba2-bc79-4648-ae24-377639581460 None admin] RBAC: Authorization granted {{(pid=80122) enforce_call /opt/stack/keystone/keystone/common/rbac_enforcer/enforcer.py:457}}
May 25 15:23:31.209659 dv-osbrick-836391-10-smb devstack@keystone.service[80122]: [pid: 80122|app: 0|req: 42/90] 10.222.0.59 () {56 vars in 1101 bytes} [Wed May 25 15:23:31 2022] GET /identity/v3/roles?name=member => generated 341 bytes in 191 msecs (HTTP/1.1 200) 5 headers in 177 bytes (1 switches on core 0)
May 25 15:23:31.210519 dv-osbrick-836391-10-smb devstack@keystone.service[80122]: DEBUG keystone.server.flask.request_processing.middleware.auth_context [None req-ac153ba2-bc79-4648-ae24-377639581460 None admin] Authenticating user token {{(pid=80122) process_request /usr/local/lib/python3.8/dist-packages/keystonemiddleware/auth_token/__init__.py:407}}
May 25 15:23:31.274583 dv-osbrick-836391-10-smb devstack@keystone.service[80122]: DEBUG dbcounter [-] [80122] Writing DB stats keystone:SELECT=97,keystone:INSERT=3 {{(pid=80122) stat_writer /usr/local/lib/python3.8/dist-packages/dbcounter.py:114}}
May 25 15:23:31.303444 dv-osbrick-836391-10-smb devstack@keystone.service[80121]: DEBUG dbcounter [-] [80121] Writing DB stats keystone:SELECT=100 {{(pid=80121) stat_writer /usr/local/lib/python3.8/dist-packages/dbcounter.py:114}}
May 25 15:23:31.315666 dv-osbrick-836391-10-smb devstack@keystone.service[80121]: DEBUG keystone.server.flask.request_processing.middleware.auth_context [None req-8a0788cf-dff9-4387-95fe-e7abf3a5a0d2 None admin] Validating token access rules against request {{(pid=80121) validate_allowed_request /usr/local/lib/python3.8/dist-packages/keystonemiddleware/auth_token/__init__.py:545}}
May 25 15:23:31.358328 dv-osbrick-836391-10-smb devstack@keystone.service[80121]: DEBUG keystone.server.flask.request_processing.middleware.auth_context [None req-5a379cf6-9642-4ec7-8cc5-587b43324baf None admin] RBAC: auth_context: {'token': , 'domain_id': None, 'trust_id': None, 'trustor_id': None, 'trustee_id': None, 'domain_name': None, 'group_ids': [], 'user_id': '5b0175bd583a47b39a18663ce943cca8', 'user_domain_id': 'default', 'system_scope': 'all', 'project_id': None, 'project_domain_id': None, 'roles': ['admin', 'member', 'reader'], 'is_admin_project': True, 'service_user_id': None, 'service_user_domain_id': None, 'service_project_id': None, 'service_project_domain_id': None, 'service_roles': []} {{(pid=80121) fill_context /opt/stack/keystone/keystone/server/flask/request_processing/middleware/auth_context.py:478}}
May 25 15:23:31.358999 dv-osbrick-836391-10-smb devstack@keystone.service[80121]: DEBUG keystone.server.flask.request_processing.req_logging [None req-5a379cf6-9642-4ec7-8cc5-587b43324baf None admin] REQUEST_METHOD: `GET` {{(pid=80121) log_request_info /opt/stack/keystone/keystone/server/flask/request_processing/req_logging.py:27}}
May 25 15:23:31.359291 dv-osbrick-836391-10-smb devstack@keystone.service[80121]: DEBUG keystone.server.flask.request_processing.req_logging [None req-5a379cf6-9642-4ec7-8cc5-587b43324baf None admin] SCRIPT_NAME: `/identity` {{(pid=80121) log_request_info /opt/stack/keystone/keystone/server/flask/request_processing/req_logging.py:28}}
May 25 15:23:31.359605 dv-osbrick-836391-10-smb devstack@keystone.service[80121]: DEBUG keystone.server.flask.request_processing.req_logging [None req-5a379cf6-9642-4ec7-8cc5-587b43324baf None admin] PATH_INFO: `/v3/role_assignments` {{(pid=80121) log_request_info /opt/stack/keystone/keystone/server/flask/request_processing/req_logging.py:29}}
May 25 15:23:31.360444 dv-osbrick-836391-10-smb devstack@keystone.service[80121]: DEBUG keystone.common.rbac_enforcer.enforcer [None req-5a379cf6-9642-4ec7-8cc5-587b43324baf None admin] RBAC: Adding query filter params (role.id=96d1851e96494069b0d6d619b2929bb1, scope.project.id=afce60e2bc11445e8a6233270dd6e077, user.id=5b0175bd583a47b39a18663ce943cca8) {{(pid=80121) _extract_filter_values /opt/stack/keystone/keystone/common/rbac_enforcer/enforcer.py:167}}
May 25 15:23:31.360759 dv-osbrick-836391-10-smb devstack@keystone.service[80121]: DEBUG keystone.common.rbac_enforcer.enforcer [None req-5a379cf6-9642-4ec7-8cc5-587b43324baf None admin] RBAC: Authorizing `identity:list_role_assignments()` {{(pid=80121) enforce_call /opt/stack/keystone/keystone/common/rbac_enforcer/enforcer.py:449}}
May 25 15:23:31.362225 dv-osbrick-836391-10-smb devstack@keystone.service[80121]: DEBUG keystone.common.rbac_enforcer.enforcer [None req-5a379cf6-9642-4ec7-8cc5-587b43324baf None admin] RBAC: Authorization granted {{(pid=80121) enforce_call /opt/stack/keystone/keystone/common/rbac_enforcer/enforcer.py:457}}
May 25 15:23:31.368974 dv-osbrick-836391-10-smb devstack@keystone.service[80122]: DEBUG keystone.server.flask.request_processing.middleware.auth_context [None req-ac153ba2-bc79-4648-ae24-377639581460 None admin] Validating token access rules against request {{(pid=80122) validate_allowed_request /usr/local/lib/python3.8/dist-packages/keystonemiddleware/auth_token/__init__.py:545}}
May 25 15:23:31.371324 dv-osbrick-836391-10-smb devstack@keystone.service[80121]: [pid: 80121|app: 0|req: 49/91] 10.222.0.59 () {56 vars in 1374 bytes} [Wed May 25 15:23:31 2022] GET /identity/v3/role_assignments?user.id=5b0175bd583a47b39a18663ce943cca8&scope.project.id=afce60e2bc11445e8a6233270dd6e077&role.id=96d1851e96494069b0d6d619b2929bb1 => generated 259 bytes in 190 msecs (HTTP/1.1 200) 5 headers in 177 bytes (1 switches on core 0)
May 25 15:23:31.372173 dv-osbrick-836391-10-smb devstack@keystone.service[80121]: DEBUG keystone.server.flask.request_processing.middleware.auth_context [None req-5a379cf6-9642-4ec7-8cc5-587b43324baf None admin] Authenticating user token {{(pid=80121) process_request /usr/local/lib/python3.8/dist-packages/keystonemiddleware/auth_token/__init__.py:407}}
May 25 15:23:31.411147 dv-osbrick-836391-10-smb devstack@keystone.service[80122]: DEBUG keystone.server.flask.request_processing.middleware.auth_context [None req-1149e7c4-1178-46cf-9da4-69212f6fa71b None admin] RBAC: auth_context: {'token': , 'domain_id': None, 'trust_id': None, 'trustor_id': None, 'trustee_id': None, 'domain_name': None, 'group_ids': [], 'user_id': '5b0175bd583a47b39a18663ce943cca8', 'user_domain_id': 'default', 'system_scope': 'all', 'project_id': None, 'project_domain_id': None, 'roles': ['admin', 'member', 'reader'], 'is_admin_project': True, 'service_user_id': None, 'service_user_domain_id': None, 'service_project_id': None, 'service_project_domain_id': None, 'service_roles': []} {{(pid=80122) fill_context /opt/stack/keystone/keystone/server/flask/request_processing/middleware/auth_context.py:478}}
May 25 15:23:31.412215 dv-osbrick-836391-10-smb devstack@keystone.service[80122]: DEBUG keystone.server.flask.request_processing.req_logging [None req-1149e7c4-1178-46cf-9da4-69212f6fa71b None admin] REQUEST_METHOD: `GET` {{(pid=80122) log_request_info /opt/stack/keystone/keystone/server/flask/request_processing/req_logging.py:27}}
May 25 15:23:31.412679 dv-osbrick-836391-10-smb devstack@keystone.service[80122]: DEBUG keystone.server.flask.request_processing.req_logging [None req-1149e7c4-1178-46cf-9da4-69212f6fa71b None admin] SCRIPT_NAME: `/identity` {{(pid=80122) log_request_info /opt/stack/keystone/keystone/server/flask/request_processing/req_logging.py:28}}
May 25 15:23:31.413105 dv-osbrick-836391-10-smb devstack@keystone.service[80122]: DEBUG keystone.server.flask.request_processing.req_logging [None req-1149e7c4-1178-46cf-9da4-69212f6fa71b None admin] PATH_INFO: `/v3/role_assignments` {{(pid=80122) log_request_info /opt/stack/keystone/keystone/server/flask/request_processing/req_logging.py:29}}
