Jul 15 21:43:48.968856 dv-osbrick-836063-9-ceph devstack@keystone.service[87535]: DEBUG keystone.common.rbac_enforcer.enforcer [None req-b106b23a-fb8f-4317-85e3-91a2f13677b9 None admin] RBAC: Adding query filter params (role.id=0aa203eae9c740c5bffcbdf92d4b5712, scope.project.id=3904f00185bf498cb6fa28b7b0f9e0c1, user.id=9eecf3fed1cc42fbb6133c4ef3971e4a) {{(pid=87535) _extract_filter_values /opt/stack/keystone/keystone/common/rbac_enforcer/enforcer.py:167}}
Jul 15 21:43:48.969380 dv-osbrick-836063-9-ceph devstack@keystone.service[87535]: DEBUG keystone.common.rbac_enforcer.enforcer [None req-b106b23a-fb8f-4317-85e3-91a2f13677b9 None admin] RBAC: Authorizing `identity:list_role_assignments()` {{(pid=87535) enforce_call /opt/stack/keystone/keystone/common/rbac_enforcer/enforcer.py:449}}
Jul 15 21:43:48.971122 dv-osbrick-836063-9-ceph devstack@keystone.service[87535]: DEBUG keystone.common.rbac_enforcer.enforcer [None req-b106b23a-fb8f-4317-85e3-91a2f13677b9 None admin] RBAC: Authorization granted {{(pid=87535) enforce_call /opt/stack/keystone/keystone/common/rbac_enforcer/enforcer.py:457}}
Jul 15 21:43:48.980793 dv-osbrick-836063-9-ceph devstack@keystone.service[87535]: [pid: 87535|app: 0|req: 48/92] 10.222.0.17 () {56 vars in 1374 bytes} [Fri Jul 15 21:43:48 2022] GET /identity/v3/role_assignments?user.id=9eecf3fed1cc42fbb6133c4ef3971e4a&scope.project.id=3904f00185bf498cb6fa28b7b0f9e0c1&role.id=0aa203eae9c740c5bffcbdf92d4b5712 => generated 259 bytes in 210 msecs (HTTP/1.1 200) 5 headers in 177 bytes (1 switches on core 0)
Jul 15 21:43:48.982108 dv-osbrick-836063-9-ceph devstack@keystone.service[87535]: DEBUG keystone.server.flask.request_processing.middleware.auth_context [None req-b106b23a-fb8f-4317-85e3-91a2f13677b9 None admin] Authenticating user token {{(pid=87535) process_request /usr/local/lib/python3.8/dist-packages/keystonemiddleware/auth_token/__init__.py:407}}
Jul 15 21:43:49.125283 dv-osbrick-836063-9-ceph devstack@keystone.service[87534]: DEBUG keystone.server.flask.request_processing.middleware.auth_context [None req-4a464859-3f2b-4a4b-a2b5-ebfcbfbe8397 None admin] Validating token access rules against request {{(pid=87534) validate_allowed_request /usr/local/lib/python3.8/dist-packages/keystonemiddleware/auth_token/__init__.py:545}}
Jul 15 21:43:49.195526 dv-osbrick-836063-9-ceph devstack@keystone.service[87534]: DEBUG keystone.server.flask.request_processing.middleware.auth_context [None req-15e14966-4d18-4c36-bec1-5e780f9faebc None admin] RBAC: auth_context: {'token': , 'domain_id': None, 'trust_id': None, 'trustor_id': None, 'trustee_id': None, 'domain_name': None, 'group_ids': [], 'user_id': 'd7948ce1e03b4c18a198a75488650567', 'user_domain_id': 'default', 'system_scope': 'all', 'project_id': None, 'project_domain_id': None, 'roles': ['admin', 'member', 'reader'], 'is_admin_project': True, 'service_user_id': None, 'service_user_domain_id': None, 'service_project_id': None, 'service_project_domain_id': None, 'service_roles': []} {{(pid=87534) fill_context /opt/stack/keystone/keystone/server/flask/request_processing/middleware/auth_context.py:478}}
Jul 15 21:43:49.196200 dv-osbrick-836063-9-ceph devstack@keystone.service[87534]: DEBUG keystone.server.flask.request_processing.req_logging [None req-15e14966-4d18-4c36-bec1-5e780f9faebc None admin] REQUEST_METHOD: `GET` {{(pid=87534) log_request_info /opt/stack/keystone/keystone/server/flask/request_processing/req_logging.py:27}}
Jul 15 21:43:49.196486 dv-osbrick-836063-9-ceph devstack@keystone.service[87534]: DEBUG keystone.server.flask.request_processing.req_logging [None req-15e14966-4d18-4c36-bec1-5e780f9faebc None admin] SCRIPT_NAME: `/identity` {{(pid=87534) log_request_info /opt/stack/keystone/keystone/server/flask/request_processing/req_logging.py:28}}
Jul 15 21:43:49.196762 dv-osbrick-836063-9-ceph devstack@keystone.service[87534]: DEBUG keystone.server.flask.request_processing.req_logging [None req-15e14966-4d18-4c36-bec1-5e780f9faebc None admin] PATH_INFO: `/v3/role_assignments` {{(pid=87534) log_request_info /opt/stack/keystone/keystone/server/flask/request_processing/req_logging.py:29}}
Jul 15 21:43:49.197605 dv-osbrick-836063-9-ceph devstack@keystone.service[87534]: DEBUG keystone.common.rbac_enforcer.enforcer [None req-15e14966-4d18-4c36-bec1-5e780f9faebc None admin] RBAC: Adding query filter params (role.id=54adb043b23b4378ad3430fdd81e36bd, scope.project.id=3904f00185bf498cb6fa28b7b0f9e0c1, user.id=9eecf3fed1cc42fbb6133c4ef3971e4a) {{(pid=87534) _extract_filter_values /opt/stack/keystone/keystone/common/rbac_enforcer/enforcer.py:167}}
Jul 15 21:43:49.198216 dv-osbrick-836063-9-ceph devstack@keystone.service[87534]: DEBUG keystone.common.rbac_enforcer.enforcer [None req-15e14966-4d18-4c36-bec1-5e780f9faebc None admin] RBAC: Authorizing `identity:list_role_assignments()` {{(pid=87534) enforce_call /opt/stack/keystone/keystone/common/rbac_enforcer/enforcer.py:449}}
Jul 15 21:43:49.199488 dv-osbrick-836063-9-ceph devstack@keystone.service[87534]: DEBUG keystone.common.rbac_enforcer.enforcer [None req-15e14966-4d18-4c36-bec1-5e780f9faebc None admin] RBAC: Authorization granted {{(pid=87534) enforce_call /opt/stack/keystone/keystone/common/rbac_enforcer/enforcer.py:457}}
Jul 15 21:43:49.203724 dv-osbrick-836063-9-ceph devstack@keystone.service[87535]: DEBUG keystone.server.flask.request_processing.middleware.auth_context [None req-b106b23a-fb8f-4317-85e3-91a2f13677b9 None admin] Validating token access rules against request {{(pid=87535) validate_allowed_request /usr/local/lib/python3.8/dist-packages/keystonemiddleware/auth_token/__init__.py:545}}
Jul 15 21:43:49.205473 dv-osbrick-836063-9-ceph devstack@keystone.service[87535]: DEBUG dbcounter [-] [87535] Writing DB stats keystone:SELECT=100 {{(pid=87535) stat_writer /usr/local/lib/python3.8/dist-packages/dbcounter.py:114}}
Jul 15 21:43:49.206466 dv-osbrick-836063-9-ceph devstack@keystone.service[87534]: [pid: 87534|app: 0|req: 45/93] 10.222.0.17 () {56 vars in 1374 bytes} [Fri Jul 15 21:43:48 2022] GET /identity/v3/role_assignments?user.id=9eecf3fed1cc42fbb6133c4ef3971e4a&scope.project.id=3904f00185bf498cb6fa28b7b0f9e0c1&role.id=54adb043b23b4378ad3430fdd81e36bd => generated 259 bytes in 246 msecs (HTTP/1.1 200) 5 headers in 177 bytes (1 switches on core 0)
Jul 15 21:43:49.214671 dv-osbrick-836063-9-ceph devstack@keystone.service[87534]: DEBUG keystone.server.flask.request_processing.middleware.auth_context [None req-15e14966-4d18-4c36-bec1-5e780f9faebc None admin] Authenticating user token {{(pid=87534) process_request /usr/local/lib/python3.8/dist-packages/keystonemiddleware/auth_token/__init__.py:407}}
Jul 15 21:43:49.244871 dv-osbrick-836063-9-ceph devstack@keystone.service[87535]: DEBUG keystone.server.flask.request_processing.middleware.auth_context [None req-fe94df90-aaa9-4516-a30d-6a0687de7fa6 None admin] RBAC: auth_context: {'token': , 'domain_id': None, 'trust_id': None, 'trustor_id': None, 'trustee_id': None, 'domain_name': None, 'group_ids': [], 'user_id': 'd7948ce1e03b4c18a198a75488650567', 'user_domain_id': 'default', 'system_scope': 'all', 'project_id': None, 'project_domain_id': None, 'roles': ['admin', 'member', 'reader'], 'is_admin_project': True, 'service_user_id': None, 'service_user_domain_id': None, 'service_project_id': None, 'service_project_domain_id': None, 'service_roles': []} {{(pid=87535) fill_context /opt/stack/keystone/keystone/server/flask/request_processing/middleware/auth_context.py:478}}
Jul 15 21:43:49.245935 dv-osbrick-836063-9-ceph devstack@keystone.service[87535]: DEBUG keystone.server.flask.request_processing.req_logging [None req-fe94df90-aaa9-4516-a30d-6a0687de7fa6 None admin] REQUEST_METHOD: `GET` {{(pid=87535) log_request_info /opt/stack/keystone/keystone/server/flask/request_processing/req_logging.py:27}}
Jul 15 21:43:49.246451 dv-osbrick-836063-9-ceph devstack@keystone.service[87535]: DEBUG keystone.server.flask.request_processing.req_logging [None req-fe94df90-aaa9-4516-a30d-6a0687de7fa6 None admin] SCRIPT_NAME: `/identity` {{(pid=87535) log_request_info /opt/stack/keystone/keystone/server/flask/request_processing/req_logging.py:28}}
Jul 15 21:43:49.246982 dv-osbrick-836063-9-ceph devstack@keystone.service[87535]: DEBUG keystone.server.flask.request_processing.req_logging [None req-fe94df90-aaa9-4516-a30d-6a0687de7fa6 None admin] PATH_INFO: `/v3/auth/tokens` {{(pid=87535) log_request_info /opt/stack/keystone/keystone/server/flask/request_processing/req_logging.py:29}}
Jul 15 21:43:49.295014 dv-osbrick-836063-9-ceph devstack@keystone.service[87534]: DEBUG dbcounter [-] [87534] Writing DB stats keystone:SELECT=100 {{(pid=87534) stat_writer /usr/local/lib/python3.8/dist-packages/dbcounter.py:114}}
Jul 15 21:43:49.325290 dv-osbrick-836063-9-ceph devstack@keystone.service[87535]: DEBUG keystone.common.rbac_enforcer.enforcer [None req-fe94df90-aaa9-4516-a30d-6a0687de7fa6 None admin] RBAC: Authorizing `identity:validate_token()` {{(pid=87535) enforce_call /opt/stack/keystone/keystone/common/rbac_enforcer/enforcer.py:449}}
Jul 15 21:43:49.327379 dv-osbrick-836063-9-ceph devstack@keystone.service[87535]: DEBUG keystone.common.rbac_enforcer.enforcer [None req-fe94df90-aaa9-4516-a30d-6a0687de7fa6 None admin] RBAC: Authorization granted {{(pid=87535) enforce_call /opt/stack/keystone/keystone/common/rbac_enforcer/enforcer.py:457}}
Jul 15 21:43:49.439645 dv-osbrick-836063-9-ceph devstack@keystone.service[87535]: [pid: 87535|app: 0|req: 49/94] 10.222.0.17 () {58 vars in 1282 bytes} [Fri Jul 15 21:43:48 2022] GET /identity/v3/auth/tokens => generated 799 bytes in 458 msecs (HTTP/1.1 200) 6 headers in 358 bytes (1 switches on core 0)
Jul 15 21:43:49.446872 dv-osbrick-836063-9-ceph devstack@keystone.service[87535]: DEBUG keystone.server.flask.request_processing.middleware.auth_context [None req-fe94df90-aaa9-4516-a30d-6a0687de7fa6 None admin] Authenticating user token {{(pid=87535) process_request /usr/local/lib/python3.8/dist-packages/keystonemiddleware/auth_token/__init__.py:407}}
Jul 15 21:43:49.449325 dv-osbrick-836063-9-ceph devstack@keystone.service[87535]: DEBUG dbcounter [-] [87535] Writing DB stats keystone:SELECT=100 {{(pid=87535) stat_writer /usr/local/lib/python3.8/dist-packages/dbcounter.py:114}}
Jul 15 21:43:49.477165 dv-osbrick-836063-9-ceph devstack@keystone.service[87534]: DEBUG keystone.server.flask.request_processing.middleware.auth_context [None req-15e14966-4d18-4c36-bec1-5e780f9faebc None admin] Validating token access rules against request {{(pid=87534) validate_allowed_request /usr/local/lib/python3.8/dist-packages/keystonemiddleware/auth_token/__init__.py:545}}
Jul 15 21:43:49.554708 dv-osbrick-836063-9-ceph devstack@keystone.service[87534]: DEBUG keystone.server.flask.request_processing.middleware.auth_context [None req-1d430056-e901-405f-b1b8-73743aa293eb None admin] RBAC: auth_context: {'token': , 'domain_id': None, 'trust_id': None, 'trustor_id': None, 'trustee_id': None, 'domain_name': None, 'group_ids': [], 'user_id': 'd7948ce1e03b4c18a198a75488650567', 'user_domain_id': 'default', 'system_scope': 'all', 'project_id': None, 'project_domain_id': None, 'roles': ['admin', 'member', 'reader'], 'is_admin_project': True, 'service_user_id': None, 'service_user_domain_id': None, 'service_project_id': None, 'service_project_domain_id': None, 'service_roles': []} {{(pid=87534) fill_context /opt/stack/keystone/keystone/server/flask/request_processing/middleware/auth_context.py:478}}
Jul 15 21:43:49.555364 dv-osbrick-836063-9-ceph devstack@keystone.service[87534]: DEBUG keystone.server.flask.request_processing.req_logging [None req-1d430056-e901-405f-b1b8-73743aa293eb None admin] REQUEST_METHOD: `GET` {{(pid=87534) log_request_info /opt/stack/keystone/keystone/server/flask/request_processing/req_logging.py:27}}
Jul 15 21:43:49.555806 dv-osbrick-836063-9-ceph devstack@keystone.service[87534]: DEBUG keystone.server.flask.request_processing.req_logging [None req-1d430056-e901-405f-b1b8-73743aa293eb None admin] SCRIPT_NAME: `/identity` {{(pid=87534) log_request_info /opt/stack/keystone/keystone/server/flask/request_processing/req_logging.py:28}}
Jul 15 21:43:49.556087 dv-osbrick-836063-9-ceph devstack@keystone.service[87534]: DEBUG keystone.server.flask.request_processing.req_logging [None req-1d430056-e901-405f-b1b8-73743aa293eb None admin] PATH_INFO: `/v3/role_assignments` {{(pid=87534) log_request_info /opt/stack/keystone/keystone/server/flask/request_processing/req_logging.py:29}}
Jul 15 21:43:49.556936 dv-osbrick-836063-9-ceph devstack@keystone.service[87534]: DEBUG keystone.common.rbac_enforcer.enforcer [None req-1d430056-e901-405f-b1b8-73743aa293eb None admin] RBAC: Adding query filter params (role.id=2d994bc4bf4f4e3287429d64fb393a8d, scope.project.id=3904f00185bf498cb6fa28b7b0f9e0c1, user.id=d7948ce1e03b4c18a198a75488650567) {{(pid=87534) _extract_filter_values /opt/stack/keystone/keystone/common/rbac_enforcer/enforcer.py:167}}
Jul 15 21:43:49.557388 dv-osbrick-836063-9-ceph devstack@keystone.service[87534]: DEBUG keystone.common.rbac_enforcer.enforcer [None req-1d430056-e901-405f-b1b8-73743aa293eb None admin] RBAC: Authorizing `identity:list_role_assignments()` {{(pid=87534) enforce_call /opt/stack/keystone/keystone/common/rbac_enforcer/enforcer.py:449}}
Jul 15 21:43:49.558946 dv-osbrick-836063-9-ceph devstack@keystone.service[87534]: DEBUG keystone.common.rbac_enforcer.enforcer [None req-1d430056-e901-405f-b1b8-73743aa293eb None admin] RBAC: Authorization granted {{(pid=87534) enforce_call /opt/stack/keystone/keystone/common/rbac_enforcer/enforcer.py:457}}
Jul 15 21:43:49.561561 dv-osbrick-836063-9-ceph devstack@keystone.service[87535]: DEBUG keystone.server.flask.request_processing.middleware.auth_context [None req-fe94df90-aaa9-4516-a30d-6a0687de7fa6 None admin] Validating token access rules against request {{(pid=87535) validate_allowed_request /usr/local/lib/python3.8/dist-packages/keystonemiddleware/auth_token/__init__.py:545}}
Jul 15 21:43:49.572436 dv-osbrick-836063-9-ceph devstack@keystone.service[87534]: [pid: 87534|app: 0|req: 46/95] 10.222.0.17 () {56 vars in 1374 bytes} [Fri Jul 15 21:43:49 2022] GET /identity/v3/role_assignments?user.id=d7948ce1e03b4c18a198a75488650567&scope.project.id=3904f00185bf498cb6fa28b7b0f9e0c1&role.id=2d994bc4bf4f4e3287429d64fb393a8d => generated 259 bytes in 365 msecs (HTTP/1.1 200) 5 headers in 177 bytes (1 switches on core 0)
Jul 15 21:43:49.612082 dv-osbrick-836063-9-ceph devstack@keystone.service[87535]: DEBUG keystone.server.flask.request_processing.middleware.auth_context [None req-73d229a0-0f57-4ccd-8ece-22212adf68b7 None admin] RBAC: auth_context: {'token': , 'domain_id': None, 'trust_id': None, 'trustor_id': None, 'trustee_id': None, 'domain_name': None, 'group_ids': [], 'user_id': 'd7948ce1e03b4c18a198a75488650567', 'user_domain_id': 'default', 'system_scope': 'all', 'project_id': None, 'project_domain_id': None, 'roles': ['admin', 'member', 'reader'], 'is_admin_project': True, 'service_user_id': None, 'service_user_domain_id': None, 'service_project_id': None, 'service_project_domain_id': None, 'service_roles': []} {{(pid=87535) fill_context /opt/stack/keystone/keystone/server/flask/request_processing/middleware/auth_context.py:478}}
Jul 15 21:43:49.613682 dv-osbrick-836063-9-ceph devstack@keystone.service[87535]: DEBUG keystone.server.flask.request_processing.req_logging [None req-73d229a0-0f57-4ccd-8ece-22212adf68b7 None admin] REQUEST_METHOD: `GET` {{(pid=87535) log_request_info /opt/stack/keystone/keystone/server/flask/request_processing/req_logging.py:27}}
Jul 15 21:43:49.614195 dv-osbrick-836063-9-ceph devstack@keystone.service[87535]: DEBUG keystone.server.flask.request_processing.req_logging [None req-73d229a0-0f57-4ccd-8ece-22212adf68b7 None admin] SCRIPT_NAME: `/identity` {{(pid=87535) log_request_info /opt/stack/keystone/keystone/server/flask/request_processing/req_logging.py:28}}
Jul 15 21:43:49.614683 dv-osbrick-836063-9-ceph devstack@keystone.service[87535]: DEBUG keystone.server.flask.request_processing.req_logging [None req-73d229a0-0f57-4ccd-8ece-22212adf68b7 None admin] PATH_INFO: `/v3/projects/4f2f7b3134754e19bc0b25e2efe60137` {{(pid=87535) log_request_info /opt/stack/keystone/keystone/server/flask/request_processing/req_logging.py:29}}
Jul 15 21:43:49.616382 dv-osbrick-836063-9-ceph devstack@keystone.service[87535]: DEBUG keystone.common.rbac_enforcer.enforcer [None req-73d229a0-0f57-4ccd-8ece-22212adf68b7 None admin] RBAC: Authorizing `identity:get_project(project_id=4f2f7b3134754e19bc0b25e2efe60137)` {{(pid=87535) enforce_call /opt/stack/keystone/keystone/common/rbac_enforcer/enforcer.py:449}}
Jul 15 21:43:49.618174 dv-osbrick-836063-9-ceph devstack@keystone.service[87535]: DEBUG keystone.common.rbac_enforcer.enforcer [None req-73d229a0-0f57-4ccd-8ece-22212adf68b7 None admin] RBAC: Authorization granted {{(pid=87535) enforce_call /opt/stack/keystone/keystone/common/rbac_enforcer/enforcer.py:457}}
Jul 15 21:43:49.620223 dv-osbrick-836063-9-ceph devstack@keystone.service[87535]: [pid: 87535|app: 0|req: 50/96] 10.222.0.17 () {56 vars in 1186 bytes} [Fri Jul 15 21:43:49 2022] GET /identity/v3/projects/4f2f7b3134754e19bc0b25e2efe60137 => generated 312 bytes in 174 msecs (HTTP/1.1 200) 5 headers in 177 bytes (1 switches on core 0)
Jul 15 21:43:49.626587 dv-osbrick-836063-9-ceph devstack@keystone.service[87534]: DEBUG keystone.server.flask.request_processing.middleware.auth_context [None req-1d430056-e901-405f-b1b8-73743aa293eb None admin] Authenticating user token {{(pid=87534) process_request /usr/local/lib/python3.8/dist-packages/keystonemiddleware/auth_token/__init__.py:407}}
Jul 15 21:43:49.781579 dv-osbrick-836063-9-ceph devstack@keystone.service[87534]: DEBUG dbcounter [-] [87534] Writing DB stats keystone:SELECT=100 {{(pid=87534) stat_writer /usr/local/lib/python3.8/dist-packages/dbcounter.py:114}}
Jul 15 21:43:49.788787 dv-osbrick-836063-9-ceph devstack@keystone.service[87534]: DEBUG keystone.server.flask.request_processing.middleware.auth_context [None req-1d430056-e901-405f-b1b8-73743aa293eb None admin] Validating token access rules against request {{(pid=87534) validate_allowed_request /usr/local/lib/python3.8/dist-packages/keystonemiddleware/auth_token/__init__.py:545}}
Jul 15 21:43:49.846606 dv-osbrick-836063-9-ceph devstack@keystone.service[87534]: DEBUG keystone.server.flask.request_processing.middleware.auth_context [None req-38e76b56-dfce-422f-b2d3-c50c26d2d323 None admin] RBAC: auth_context: {'token': , 'domain_id': None, 'trust_id': None, 'trustor_id': None, 'trustee_id': None, 'domain_name': None, 'group_ids': [], 'user_id': 'd7948ce1e03b4c18a198a75488650567', 'user_domain_id': 'default', 'system_scope': 'all', 'project_id': None, 'project_domain_id': None, 'roles': ['admin', 'member', 'reader'], 'is_admin_project': True, 'service_user_id': None, 'service_user_domain_id': None, 'service_project_id': None, 'service_project_domain_id': None, 'service_roles': []} {{(pid=87534) fill_context /opt/stack/keystone/keystone/server/flask/request_processing/middleware/auth_context.py:478}}
Jul 15 21:43:49.847430 dv-osbrick-836063-9-ceph devstack@keystone.service[87534]: DEBUG keystone.server.flask.request_processing.req_logging [None req-38e76b56-dfce-422f-b2d3-c50c26d2d323 None admin] REQUEST_METHOD: `GET` {{(pid=87534) log_request_info /opt/stack/keystone/keystone/server/flask/request_processing/req_logging.py:27}}
Jul 15 21:43:49.847719 dv-osbrick-836063-9-ceph devstack@keystone.service[87534]: DEBUG keystone.server.flask.request_processing.req_logging [None req-38e76b56-dfce-422f-b2d3-c50c26d2d323 None admin] SCRIPT_NAME: `/identity` {{(pid=87534) log_request_info /opt/stack/keystone/keystone/server/flask/request_processing/req_logging.py:28}}
Jul 15 21:43:49.847998 dv-osbrick-836063-9-ceph devstack@keystone.service[87534]: DEBUG keystone.server.flask.request_processing.req_logging [None req-38e76b56-dfce-422f-b2d3-c50c26d2d323 None admin] PATH_INFO: `/v3/role_assignments` {{(pid=87534) log_request_info /opt/stack/keystone/keystone/server/flask/request_processing/req_logging.py:29}}
Jul 15 21:43:49.848846 dv-osbrick-836063-9-ceph devstack@keystone.service[87534]: DEBUG keystone.common.rbac_enforcer.enforcer [None req-38e76b56-dfce-422f-b2d3-c50c26d2d323 None admin] RBAC: Adding query filter params (role.id=54adb043b23b4378ad3430fdd81e36bd, scope.project.id=4f2f7b3134754e19bc0b25e2efe60137, user.id=9eecf3fed1cc42fbb6133c4ef3971e4a) {{(pid=87534) _extract_filter_values /opt/stack/keystone/keystone/common/rbac_enforcer/enforcer.py:167}}
Jul 15 21:43:49.849162 dv-osbrick-836063-9-ceph devstack@keystone.service[87534]: DEBUG keystone.common.rbac_enforcer.enforcer [None req-38e76b56-dfce-422f-b2d3-c50c26d2d323 None admin] RBAC: Authorizing `identity:list_role_assignments()` {{(pid=87534) enforce_call /opt/stack/keystone/keystone/common/rbac_enforcer/enforcer.py:449}}
Jul 15 21:43:49.850688 dv-osbrick-836063-9-ceph devstack@keystone.service[87534]: DEBUG keystone.common.rbac_enforcer.enforcer [None req-38e76b56-dfce-422f-b2d3-c50c26d2d323 None admin] RBAC: Authorization granted {{(pid=87534) enforce_call /opt/stack/keystone/keystone/common/rbac_enforcer/enforcer.py:457}}
Jul 15 21:43:49.859239 dv-osbrick-836063-9-ceph devstack@keystone.service[87534]: [pid: 87534|app: 0|req: 47/97] 10.222.0.17 () {56 vars in 1374 bytes} [Fri Jul 15 21:43:49 2022] GET /identity/v3/role_assignments?user.id=9eecf3fed1cc42fbb6133c4ef3971e4a&scope.project.id=4f2f7b3134754e19bc0b25e2efe60137&role.id=54adb043b23b4378ad3430fdd81e36bd => generated 259 bytes in 233 msecs (HTTP/1.1 200) 5 headers in 177 bytes (1 switches on core 0)
Jul 15 21:43:51.356036 dv-osbrick-836063-9-ceph devstack@keystone.service[87535]: DEBUG keystone.server.flask.request_processing.req_logging [None req-2f573e01-c0f8-4579-a20b-44de554121f2 None None] REQUEST_METHOD: `GET` {{(pid=87535) log_request_info /opt/stack/keystone/keystone/server/flask/request_processing/req_logging.py:27}}
Jul 15 21:43:51.357125 dv-osbrick-836063-9-ceph devstack@keystone.service[87535]: DEBUG keystone.server.flask.request_processing.req_logging [None req-2f573e01-c0f8-4579-a20b-44de554121f2 None None] SCRIPT_NAME: `/identity` {{(pid=87535) log_request_info /opt/stack/keystone/keystone/server/flask/request_processing/req_logging.py:28}}
Jul 15 21:43:51.357625 dv-osbrick-836063-9-ceph devstack@keystone.service[87535]: DEBUG keystone.server.flask.request_processing.req_logging [None req-2f573e01-c0f8-4579-a20b-44de554121f2 None None] PATH_INFO: `/` {{(pid=87535) log_request_info /opt/stack/keystone/keystone/server/flask/request_processing/req_logging.py:29}}
Jul 15 21:43:51.359335 dv-osbrick-836063-9-ceph devstack@keystone.service[87535]: [pid: 87535|app: 0|req: 51/98] 10.222.0.17 () {54 vars in 926 bytes} [Fri Jul 15 21:43:51 2022] GET /identity => generated 270 bytes in 4 msecs (HTTP/1.1 300) 6 headers in 234 bytes (1 switches on core 0)
Jul 15 21:43:51.365337 dv-osbrick-836063-9-ceph devstack@keystone.service[87534]: DEBUG keystone.server.flask.request_processing.req_logging [None req-8282c065-6996-42f8-ae8a-417a09f20575 None None] REQUEST_METHOD: `POST` {{(pid=87534) log_request_info /opt/stack/keystone/keystone/server/flask/request_processing/req_logging.py:27}}
Jul 15 21:43:51.365999 dv-osbrick-836063-9-ceph devstack@keystone.service[87534]: DEBUG keystone.server.flask.request_processing.req_logging [None req-8282c065-6996-42f8-ae8a-417a09f20575 None None] SCRIPT_NAME: `/identity` {{(pid=87534) log_request_info /opt/stack/keystone/keystone/server/flask/request_processing/req_logging.py:28}}
Jul 15 21:43:51.365999 dv-osbrick-836063-9-ceph devstack@keystone.service[87534]: DEBUG keystone.server.flask.request_processing.req_logging [None req-8282c065-6996-42f8-ae8a-417a09f20575 None None] PATH_INFO: `/v3/auth/tokens` {{(pid=87534) log_request_info /opt/stack/keystone/keystone/server/flask/request_processing/req_logging.py:29}}
Jul 15 21:43:51.391018 dv-osbrick-836063-9-ceph devstack@keystone.service[87534]: DEBUG keystone.auth.core [None req-8282c065-6996-42f8-ae8a-417a09f20575 None None] MFA Rules not processed for user `d7948ce1e03b4c18a198a75488650567`. Rule list: `[]` (Enabled: `True`). {{(pid=87534) check_auth_methods_against_rules /opt/stack/keystone/keystone/auth/core.py:438}}
Jul 15 21:43:51.392265 dv-osbrick-836063-9-ceph devstack@keystone.service[87534]: DEBUG keystone.common.fernet_utils [None req-8282c065-6996-42f8-ae8a-417a09f20575 None None] Loaded 2 Fernet keys from /etc/keystone/fernet-keys/, but `[fernet_tokens] max_active_keys = 3`; perhaps there have not been enough key rotations to reach `max_active_keys` yet? {{(pid=87534) load_keys /opt/stack/keystone/keystone/common/fernet_utils.py:286}}
Jul 15 21:43:51.505590 dv-osbrick-836063-9-ceph devstack@keystone.service[87534]: [pid: 87534|app: 0|req: 48/99] 10.222.0.17 () {58 vars in 1023 bytes} [Fri Jul 15 21:43:51 2022] POST /identity/v3/auth/tokens => generated 799 bytes in 141 msecs (HTTP/1.1 201) 6 headers in 363 bytes (1 switches on core 0)
Jul 15 21:43:51.529571 dv-osbrick-836063-9-ceph devstack@keystone.service[87535]: DEBUG keystone.server.flask.request_processing.req_logging [None req-d16b462c-e0ac-4106-b18b-c8f9413044f7 None None] REQUEST_METHOD: `GET` {{(pid=87535) log_request_info /opt/stack/keystone/keystone/server/flask/request_processing/req_logging.py:27}}
Jul 15 21:43:51.530354 dv-osbrick-836063-9-ceph devstack@keystone.service[87535]: DEBUG keystone.server.flask.request_processing.req_logging [None req-d16b462c-e0ac-4106-b18b-c8f9413044f7 None None] SCRIPT_NAME: `/identity` {{(pid=87535) log_request_info /opt/stack/keystone/keystone/server/flask/request_processing/req_logging.py:28}}
Jul 15 21:43:51.530710 dv-osbrick-836063-9-ceph devstack@keystone.service[87535]: DEBUG keystone.server.flask.request_processing.req_logging [None req-d16b462c-e0ac-4106-b18b-c8f9413044f7 None None] PATH_INFO: `/` {{(pid=87535) log_request_info /opt/stack/keystone/keystone/server/flask/request_processing/req_logging.py:29}}
Jul 15 21:43:51.530932 dv-osbrick-836063-9-ceph devstack@keystone.service[87534]: DEBUG keystone.server.flask.request_processing.middleware.auth_context [None req-8282c065-6996-42f8-ae8a-417a09f20575 None None] Authenticating user token {{(pid=87534) process_request /usr/local/lib/python3.8/dist-packages/keystonemiddleware/auth_token/__init__.py:407}}
Jul 15 21:43:51.532501 dv-osbrick-836063-9-ceph devstack@keystone.service[87535]: [pid: 87535|app: 0|req: 52/100] 10.222.0.17 () {54 vars in 926 bytes} [Fri Jul 15 21:43:51 2022] GET /identity => generated 270 bytes in 4 msecs (HTTP/1.1 300) 6 headers in 234 bytes (1 switches on core 0)
Jul 15 21:43:51.537470 dv-osbrick-836063-9-ceph devstack@keystone.service[87535]: DEBUG keystone.server.flask.request_processing.req_logging [None req-3826aed9-c343-4a02-b43f-d477333baa1d None None] REQUEST_METHOD: `POST` {{(pid=87535) log_request_info /opt/stack/keystone/keystone/server/flask/request_processing/req_logging.py:27}}
Jul 15 21:43:51.537899 dv-osbrick-836063-9-ceph devstack@keystone.service[87535]: DEBUG keystone.server.flask.request_processing.req_logging [None req-3826aed9-c343-4a02-b43f-d477333baa1d None None] SCRIPT_NAME: `/identity` {{(pid=87535) log_request_info /opt/stack/keystone/keystone/server/flask/request_processing/req_logging.py:28}}
Jul 15 21:43:51.538289 dv-osbrick-836063-9-ceph devstack@keystone.service[87535]: DEBUG keystone.server.flask.request_processing.req_logging [None req-3826aed9-c343-4a02-b43f-d477333baa1d None None] PATH_INFO: `/v3/auth/tokens` {{(pid=87535) log_request_info /opt/stack/keystone/keystone/server/flask/request_processing/req_logging.py:29}}
Jul 15 21:43:51.561115 dv-osbrick-836063-9-ceph devstack@keystone.service[87535]: DEBUG keystone.auth.core [None req-3826aed9-c343-4a02-b43f-d477333baa1d None None] MFA Rules not processed for user `d7948ce1e03b4c18a198a75488650567`. Rule list: `[]` (Enabled: `True`). {{(pid=87535) check_auth_methods_against_rules /opt/stack/keystone/keystone/auth/core.py:438}}
Jul 15 21:43:51.562363 dv-osbrick-836063-9-ceph devstack@keystone.service[87535]: DEBUG keystone.common.fernet_utils [None req-3826aed9-c343-4a02-b43f-d477333baa1d None None] Loaded 2 Fernet keys from /etc/keystone/fernet-keys/, but `[fernet_tokens] max_active_keys = 3`; perhaps there have not been enough key rotations to reach `max_active_keys` yet? {{(pid=87535) load_keys /opt/stack/keystone/keystone/common/fernet_utils.py:286}}
Jul 15 21:43:51.648340 dv-osbrick-836063-9-ceph devstack@keystone.service[87534]: DEBUG dbcounter [-] [87534] Writing DB stats keystone:SELECT=100 {{(pid=87534) stat_writer /usr/local/lib/python3.8/dist-packages/dbcounter.py:114}}
Jul 15 21:43:51.663477 dv-osbrick-836063-9-ceph devstack@keystone.service[87534]: DEBUG keystone.server.flask.request_processing.middleware.auth_context [None req-8282c065-6996-42f8-ae8a-417a09f20575 None None] Validating token access rules against request {{(pid=87534) validate_allowed_request /usr/local/lib/python3.8/dist-packages/keystonemiddleware/auth_token/__init__.py:545}}
Jul 15 21:43:51.691249 dv-osbrick-836063-9-ceph devstack@keystone.service[87535]: DEBUG dbcounter [-] [87535] Writing DB stats keystone:SELECT=100 {{(pid=87535) stat_writer /usr/local/lib/python3.8/dist-packages/dbcounter.py:114}}
Jul 15 21:43:51.697903 dv-osbrick-836063-9-ceph devstack@keystone.service[87535]: [pid: 87535|app: 0|req: 53/101] 10.222.0.17 () {58 vars in 1023 bytes} [Fri Jul 15 21:43:51 2022] POST /identity/v3/auth/tokens => generated 799 bytes in 161 msecs (HTTP/1.1 201) 6 headers in 363 bytes (1 switches on core 0)
Jul 15 21:43:51.735517 dv-osbrick-836063-9-ceph devstack@keystone.service[87534]: DEBUG keystone.server.flask.request_processing.middleware.auth_context [None req-d8456384-1763-4486-9a09-ccdaa6a6fe4c None admin] RBAC: auth_context: {'token': , 'domain_id': None, 'trust_id': None, 'trustor_id': None, 'trustee_id': None, 'domain_name': None, 'group_ids': [], 'user_id': 'd7948ce1e03b4c18a198a75488650567', 'user_domain_id': 'default', 'system_scope': 'all', 'project_id': None, 'project_domain_id': None, 'roles': ['admin', 'member', 'reader'], 'is_admin_project': True, 'service_user_id': None, 'service_user_domain_id': None, 'service_project_id': None, 'service_project_domain_id': None, 'service_roles': []} {{(pid=87534) fill_context /opt/stack/keystone/keystone/server/flask/request_processing/middleware/auth_context.py:478}}
Jul 15 21:43:51.736325 dv-osbrick-836063-9-ceph devstack@keystone.service[87534]: DEBUG keystone.server.flask.request_processing.req_logging [None req-d8456384-1763-4486-9a09-ccdaa6a6fe4c None admin] REQUEST_METHOD: `GET` {{(pid=87534) log_request_info /opt/stack/keystone/keystone/server/flask/request_processing/req_logging.py:27}}
Jul 15 21:43:51.736614 dv-osbrick-836063-9-ceph devstack@keystone.service[87534]: DEBUG keystone.server.flask.request_processing.req_logging [None req-d8456384-1763-4486-9a09-ccdaa6a6fe4c None admin] SCRIPT_NAME: `/identity` {{(pid=87534) log_request_info /opt/stack/keystone/keystone/server/flask/request_processing/req_logging.py:28}}
Jul 15 21:43:51.736826 dv-osbrick-836063-9-ceph devstack@keystone.service[87535]: DEBUG keystone.server.flask.request_processing.middleware.auth_context [None req-3826aed9-c343-4a02-b43f-d477333baa1d None None] Authenticating user token {{(pid=87535) process_request /usr/local/lib/python3.8/dist-packages/keystonemiddleware/auth_token/__init__.py:407}}
Jul 15 21:43:51.736932 dv-osbrick-836063-9-ceph devstack@keystone.service[87534]: DEBUG keystone.server.flask.request_processing.req_logging [None req-d8456384-1763-4486-9a09-ccdaa6a6fe4c None admin] PATH_INFO: `/v3/domains/default` {{(pid=87534) log_request_info /opt/stack/keystone/keystone/server/flask/request_processing/req_logging.py:29}}
Jul 15 21:43:51.738119 dv-osbrick-836063-9-ceph devstack@keystone.service[87534]: DEBUG keystone.common.rbac_enforcer.enforcer [None req-d8456384-1763-4486-9a09-ccdaa6a6fe4c None admin] RBAC: Authorizing `identity:get_domain(domain_id=default)` {{(pid=87534) enforce_call /opt/stack/keystone/keystone/common/rbac_enforcer/enforcer.py:449}}
Jul 15 21:43:51.739595 dv-osbrick-836063-9-ceph devstack@keystone.service[87534]: DEBUG keystone.common.rbac_enforcer.enforcer [None req-d8456384-1763-4486-9a09-ccdaa6a6fe4c None admin] RBAC: Authorization granted {{(pid=87534) enforce_call /opt/stack/keystone/keystone/common/rbac_enforcer/enforcer.py:457}}
Jul 15 21:43:51.741548 dv-osbrick-836063-9-ceph devstack@keystone.service[87534]: [pid: 87534|app: 0|req: 49/102] 10.222.0.17 () {56 vars in 1108 bytes} [Fri Jul 15 21:43:51 2022] GET /identity/v3/domains/default => generated 199 bytes in 211 msecs (HTTP/1.1 200) 5 headers in 177 bytes (1 switches on core 0)
Jul 15 21:43:51.748380 dv-osbrick-836063-9-ceph devstack@keystone.service[87534]: DEBUG keystone.server.flask.request_processing.middleware.auth_context [None req-d8456384-1763-4486-9a09-ccdaa6a6fe4c None admin] Authenticating user token {{(pid=87534) process_request /usr/local/lib/python3.8/dist-packages/keystonemiddleware/auth_token/__init__.py:407}}
Jul 15 21:43:51.964200 dv-osbrick-836063-9-ceph devstack@keystone.service[87535]: DEBUG keystone.server.flask.request_processing.middleware.auth_context [None req-3826aed9-c343-4a02-b43f-d477333baa1d None None] Validating token access rules against request {{(pid=87535) validate_allowed_request /usr/local/lib/python3.8/dist-packages/keystonemiddleware/auth_token/__init__.py:545}}
Jul 15 21:43:51.992474 dv-osbrick-836063-9-ceph devstack@keystone.service[87534]: DEBUG keystone.server.flask.request_processing.middleware.auth_context [None req-d8456384-1763-4486-9a09-ccdaa6a6fe4c None admin] Validating token access rules against request {{(pid=87534) validate_allowed_request /usr/local/lib/python3.8/dist-packages/keystonemiddleware/auth_token/__init__.py:545}}
Jul 15 21:43:52.043278 dv-osbrick-836063-9-ceph devstack@keystone.service[87535]: DEBUG keystone.server.flask.request_processing.middleware.auth_context [None req-5b5f84f0-d804-402d-8acf-77f9c0b2b723 None admin] RBAC: auth_context: {'token': , 'domain_id': None, 'trust_id': None, 'trustor_id': None, 'trustee_id': None, 'domain_name': None, 'group_ids': [], 'user_id': 'd7948ce1e03b4c18a198a75488650567', 'user_domain_id': 'default', 'system_scope': 'all', 'project_id': None, 'project_domain_id': None, 'roles': ['admin', 'member', 'reader'], 'is_admin_project': True, 'service_user_id': None, 'service_user_domain_id': None, 'service_project_id': None, 'service_project_domain_id': None, 'service_roles': []} {{(pid=87535) fill_context /opt/stack/keystone/keystone/server/flask/request_processing/middleware/auth_context.py:478}}
Jul 15 21:43:52.044142 dv-osbrick-836063-9-ceph devstack@keystone.service[87535]: DEBUG keystone.server.flask.request_processing.req_logging [None req-5b5f84f0-d804-402d-8acf-77f9c0b2b723 None admin] REQUEST_METHOD: `GET` {{(pid=87535) log_request_info /opt/stack/keystone/keystone/server/flask/request_processing/req_logging.py:27}}
Jul 15 21:43:52.044428 dv-osbrick-836063-9-ceph devstack@keystone.service[87535]: DEBUG keystone.server.flask.request_processing.req_logging [None req-5b5f84f0-d804-402d-8acf-77f9c0b2b723 None admin] SCRIPT_NAME: `/identity` {{(pid=87535) log_request_info /opt/stack/keystone/keystone/server/flask/request_processing/req_logging.py:28}}
Jul 15 21:43:52.044705 dv-osbrick-836063-9-ceph devstack@keystone.service[87535]: DEBUG keystone.server.flask.request_processing.req_logging [None req-5b5f84f0-d804-402d-8acf-77f9c0b2b723 None admin] PATH_INFO: `/v3/roles/reader` {{(pid=87535) log_request_info /opt/stack/keystone/keystone/server/flask/request_processing/req_logging.py:29}}
Jul 15 21:43:52.061801 dv-osbrick-836063-9-ceph devstack@keystone.service[87535]: DEBUG keystone.common.rbac_enforcer.enforcer [None req-5b5f84f0-d804-402d-8acf-77f9c0b2b723 None admin] Extracting inferred target data resulted in "NOT FOUND (404)". {{(pid=87535) enforce_call /opt/stack/keystone/keystone/common/rbac_enforcer/enforcer.py:409}}
Jul 15 21:43:52.074379 dv-osbrick-836063-9-ceph devstack@keystone.service[87535]: ERROR keystone.server.flask.application [None req-5b5f84f0-d804-402d-8acf-77f9c0b2b723 None admin] Could not find role: reader.: keystone.exception.RoleNotFound: Could not find role: reader.
Jul 15 21:43:52.074379 dv-osbrick-836063-9-ceph devstack@keystone.service[87535]: ERROR keystone.server.flask.application
Traceback (most recent call last):
Jul 15 21:43:52.074379 dv-osbrick-836063-9-ceph devstack@keystone.service[87535]: ERROR keystone.server.flask.application
File "/usr/local/lib/python3.8/dist-packages/flask/app.py", line 1523, in full_dispatch_request
Jul 15 21:43:52.074379 dv-osbrick-836063-9-ceph devstack@keystone.service[87535]: ERROR keystone.server.flask.application rv = self.dispatch_request()
Jul 15 21:43:52.074379 dv-osbrick-836063-9-ceph devstack@keystone.service[87535]: ERROR keystone.server.flask.application
File "/usr/local/lib/python3.8/dist-packages/flask/app.py", line 1509, in dispatch_request
Jul 15 21:43:52.074379 dv-osbrick-836063-9-ceph devstack@keystone.service[87535]: ERROR keystone.server.flask.application return self.ensure_sync(self.view_functions[rule.endpoint])(**req.view_args)
Jul 15 21:43:52.074379 dv-osbrick-836063-9-ceph devstack@keystone.service[87535]: ERROR keystone.server.flask.application
File "/usr/local/lib/python3.8/dist-packages/flask_restful/__init__.py", line 467, in wrapper
Jul 15 21:43:52.074379 dv-osbrick-836063-9-ceph devstack@keystone.service[87535]: ERROR keystone.server.flask.application resp = resource(*args, **kwargs)
Jul 15 21:43:52.074379 dv-osbrick-836063-9-ceph devstack@keystone.service[87535]: ERROR keystone.server.flask.application
File "/usr/local/lib/python3.8/dist-packages/flask/views.py", line 84, in view
Jul 15 21:43:52.074379 dv-osbrick-836063-9-ceph devstack@keystone.service[87535]: ERROR keystone.server.flask.application return current_app.ensure_sync(self.dispatch_request)(*args, **kwargs)
Jul 15 21:43:52.074379 dv-osbrick-836063-9-ceph devstack@keystone.service[87535]: ERROR keystone.server.flask.application
File "/usr/local/lib/python3.8/dist-packages/flask_restful/__init__.py", line 582, in dispatch_request
Jul 15 21:43:52.074379 dv-osbrick-836063-9-ceph devstack@keystone.service[87535]: ERROR keystone.server.flask.application resp = meth(*args, **kwargs)
Jul 15 21:43:52.074379 dv-osbrick-836063-9-ceph devstack@keystone.service[87535]: ERROR keystone.server.flask.application
File "/opt/stack/keystone/keystone/api/roles.py", line 50, in get
Jul 15 21:43:52.074379 dv-osbrick-836063-9-ceph devstack@keystone.service[87535]: ERROR keystone.server.flask.application return self._get_role(role_id)
Jul 15 21:43:52.074379 dv-osbrick-836063-9-ceph devstack@keystone.service[87535]: ERROR keystone.server.flask.application
File "/opt/stack/keystone/keystone/api/roles.py", line 70, in _get_role
Jul 15 21:43:52.074379 dv-osbrick-836063-9-ceph devstack@keystone.service[87535]: ERROR keystone.server.flask.application ENFORCER.enforce_call(action='identity:get_role')
Jul 15 21:43:52.075321 dv-osbrick-836063-9-ceph devstack@keystone.service[87535]: ERROR keystone.server.flask.application
File "/opt/stack/keystone/keystone/common/rbac_enforcer/enforcer.py", line 402, in enforce_call
Jul 15 21:43:52.075321 dv-osbrick-836063-9-ceph devstack@keystone.service[87535]: ERROR keystone.server.flask.application policy_dict.update(cls._extract_member_target_data(
Jul 15 21:43:52.075321 dv-osbrick-836063-9-ceph devstack@keystone.service[87535]: ERROR keystone.server.flask.application
File "/opt/stack/keystone/keystone/common/rbac_enforcer/enforcer.py", line 234, in _extract_member_target_data
Jul 15 21:43:52.075321 dv-osbrick-836063-9-ceph devstack@keystone.service[87535]: ERROR keystone.server.flask.application member_name: func(flask.request.view_args[key])
Jul 15 21:43:52.075321 dv-osbrick-836063-9-ceph devstack@keystone.service[87535]: ERROR keystone.server.flask.application
File "/opt/stack/keystone/keystone/common/manager.py", line 115, in wrapped
Jul 15 21:43:52.075321 dv-osbrick-836063-9-ceph devstack@keystone.service[87535]: ERROR keystone.server.flask.application __ret_val = __f(*args, **kwargs)
Jul 15 21:43:52.075321 dv-osbrick-836063-9-ceph devstack@keystone.service[87535]: ERROR keystone.server.flask.application
File "/usr/local/lib/python3.8/dist-packages/decorator.py", line 232, in fun
Jul 15 21:43:52.075321 dv-osbrick-836063-9-ceph devstack@keystone.service[87535]: ERROR keystone.server.flask.application return caller(func, *(extras + args), **kw)
Jul 15 21:43:52.075321 dv-osbrick-836063-9-ceph devstack@keystone.service[87535]: ERROR keystone.server.flask.application
File "/usr/local/lib/python3.8/dist-packages/dogpile/cache/region.py", line 1577, in get_or_create_for_user_func
Jul 15 21:43:52.075321 dv-osbrick-836063-9-ceph devstack@keystone.service[87535]: ERROR keystone.server.flask.application return self.get_or_create(
Jul 15 21:43:52.075321 dv-osbrick-836063-9-ceph devstack@keystone.service[87535]: ERROR keystone.server.flask.application
File "/usr/local/lib/python3.8/dist-packages/dogpile/cache/region.py", line 1042, in get_or_create
Jul 15 21:43:52.075321 dv-osbrick-836063-9-ceph devstack@keystone.service[87535]: ERROR keystone.server.flask.application with Lock(
Jul 15 21:43:52.075321 dv-osbrick-836063-9-ceph devstack@keystone.service[87535]: ERROR keystone.server.flask.application
File "/usr/local/lib/python3.8/dist-packages/dogpile/lock.py", line 185, in __enter__
Jul 15 21:43:52.075321 dv-osbrick-836063-9-ceph devstack@keystone.service[87535]: ERROR keystone.server.flask.application return self._enter()
Jul 15 21:43:52.075321 dv-osbrick-836063-9-ceph devstack@keystone.service[87535]: ERROR keystone.server.flask.application
File "/usr/local/lib/python3.8/dist-packages/dogpile/lock.py", line 94, in _enter
Jul 15 21:43:52.075321 dv-osbrick-836063-9-ceph devstack@keystone.service[87535]: ERROR keystone.server.flask.application generated = self._enter_create(value, createdtime)
Jul 15 21:43:52.076109 dv-osbrick-836063-9-ceph devstack@keystone.service[87535]: ERROR keystone.server.flask.application
File "/usr/local/lib/python3.8/dist-packages/dogpile/lock.py", line 178, in _enter_create
Jul 15 21:43:52.076109 dv-osbrick-836063-9-ceph devstack@keystone.service[87535]: ERROR keystone.server.flask.application return self.creator()
Jul 15 21:43:52.076109 dv-osbrick-836063-9-ceph devstack@keystone.service[87535]: ERROR keystone.server.flask.application
File "/usr/local/lib/python3.8/dist-packages/dogpile/cache/region.py", line 995, in gen_value
Jul 15 21:43:52.076109 dv-osbrick-836063-9-ceph devstack@keystone.service[87535]: ERROR keystone.server.flask.application created_value = creator(
Jul 15 21:43:52.076109 dv-osbrick-836063-9-ceph devstack@keystone.service[87535]: ERROR keystone.server.flask.application
File "/opt/stack/keystone/keystone/assignment/core.py", line 1276, in get_role
Jul 15 21:43:52.076109 dv-osbrick-836063-9-ceph devstack@keystone.service[87535]: ERROR keystone.server.flask.application return self.driver.get_role(role_id)
Jul 15 21:43:52.076109 dv-osbrick-836063-9-ceph devstack@keystone.service[87535]: ERROR keystone.server.flask.application
File "/opt/stack/keystone/keystone/assignment/role_backends/sql.py", line 70, in get_role
Jul 15 21:43:52.076109 dv-osbrick-836063-9-ceph devstack@keystone.service[87535]: ERROR keystone.server.flask.application return self._get_role(session, role_id).to_dict()
Jul 15 21:43:52.076109 dv-osbrick-836063-9-ceph devstack@keystone.service[87535]: ERROR keystone.server.flask.application
File "/opt/stack/keystone/keystone/assignment/role_backends/sql.py", line 65, in _get_role
Jul 15 21:43:52.076109 dv-osbrick-836063-9-ceph devstack@keystone.service[87535]: ERROR keystone.server.flask.application raise exception.RoleNotFound(role_id=role_id)
Jul 15 21:43:52.076109 dv-osbrick-836063-9-ceph devstack@keystone.service[87535]: ERROR keystone.server.flask.application keystone.exception.RoleNotFound: Could not find role: reader.
Jul 15 21:43:52.076109 dv-osbrick-836063-9-ceph devstack@keystone.service[87535]: ERROR keystone.server.flask.application
Jul 15 21:43:52.076109 dv-osbrick-836063-9-ceph devstack@keystone.service[87535]: [pid: 87535|app: 0|req: 54/103] 10.222.0.17 () {56 vars in 1099 bytes} [Fri Jul 15 21:43:51 2022] GET /identity/v3/roles/reader => generated 84 bytes in 339 msecs (HTTP/1.1 404) 5 headers in 183 bytes (2 switches on core 0)
Jul 15 21:43:52.083012 dv-osbrick-836063-9-ceph devstack@keystone.service[87535]: DEBUG keystone.server.flask.request_processing.middleware.auth_context [None req-5b5f84f0-d804-402d-8acf-77f9c0b2b723 None admin] Authenticating user token {{(pid=87535) process_request /usr/local/lib/python3.8/dist-packages/keystonemiddleware/auth_token/__init__.py:407}}
Jul 15 21:43:52.123197 dv-osbrick-836063-9-ceph devstack@keystone.service[87534]: DEBUG keystone.server.flask.request_processing.middleware.auth_context [None req-5433b758-5916-443e-b8e6-df1aafedb231 None admin] RBAC: auth_context: {'token': , 'domain_id': None, 'trust_id': None, 'trustor_id': None, 'trustee_id': None, 'domain_name': None, 'group_ids': [], 'user_id': 'd7948ce1e03b4c18a198a75488650567', 'user_domain_id': 'default', 'system_scope': 'all', 'project_id': None, 'project_domain_id': None, 'roles': ['admin', 'member', 'reader'], 'is_admin_project': True, 'service_user_id': None, 'service_user_domain_id': None, 'service_project_id': None, 'service_project_domain_id': None, 'service_roles': []} {{(pid=87534) fill_context /opt/stack/keystone/keystone/server/flask/request_processing/middleware/auth_context.py:478}}
Jul 15 21:43:52.123897 dv-osbrick-836063-9-ceph devstack@keystone.service[87534]: DEBUG keystone.server.flask.request_processing.req_logging [None req-5433b758-5916-443e-b8e6-df1aafedb231 None admin] REQUEST_METHOD: `POST` {{(pid=87534) log_request_info /opt/stack/keystone/keystone/server/flask/request_processing/req_logging.py:27}}
Jul 15 21:43:52.124181 dv-osbrick-836063-9-ceph devstack@keystone.service[87534]: DEBUG keystone.server.flask.request_processing.req_logging [None req-5433b758-5916-443e-b8e6-df1aafedb231 None admin] SCRIPT_NAME: `/identity` {{(pid=87534) log_request_info /opt/stack/keystone/keystone/server/flask/request_processing/req_logging.py:28}}
Jul 15 21:43:52.124458 dv-osbrick-836063-9-ceph devstack@keystone.service[87534]: DEBUG keystone.server.flask.request_processing.req_logging [None req-5433b758-5916-443e-b8e6-df1aafedb231 None admin] PATH_INFO: `/v3/projects` {{(pid=87534) log_request_info /opt/stack/keystone/keystone/server/flask/request_processing/req_logging.py:29}}
Jul 15 21:43:52.125189 dv-osbrick-836063-9-ceph devstack@keystone.service[87534]: DEBUG keystone.common.rbac_enforcer.enforcer [None req-5433b758-5916-443e-b8e6-df1aafedb231 None admin] RBAC: Authorizing `identity:create_project()` {{(pid=87534) enforce_call /opt/stack/keystone/keystone/common/rbac_enforcer/enforcer.py:449}}
Jul 15 21:43:52.126757 dv-osbrick-836063-9-ceph devstack@keystone.service[87534]: DEBUG keystone.common.rbac_enforcer.enforcer [None req-5433b758-5916-443e-b8e6-df1aafedb231 None admin] RBAC: Authorization granted {{(pid=87534) enforce_call /opt/stack/keystone/keystone/common/rbac_enforcer/enforcer.py:457}}
Jul 15 21:43:52.196309 dv-osbrick-836063-9-ceph devstack@keystone.service[87534]: [pid: 87534|app: 0|req: 50/104] 10.222.0.17 () {60 vars in 1141 bytes} [Fri Jul 15 21:43:51 2022] POST /identity/v3/projects => generated 302 bytes in 448 msecs (HTTP/1.1 201) 5 headers in 182 bytes (2 switches on core 0)
Jul 15 21:43:52.197677 dv-osbrick-836063-9-ceph devstack@keystone.service[87534]: DEBUG keystone.server.flask.request_processing.req_logging [None req-3225ad5e-2ed0-42c9-8ea6-6ae76f0345c0 None None] REQUEST_METHOD: `GET` {{(pid=87534) log_request_info /opt/stack/keystone/keystone/server/flask/request_processing/req_logging.py:27}}
Jul 15 21:43:52.198044 dv-osbrick-836063-9-ceph devstack@keystone.service[87534]: DEBUG keystone.server.flask.request_processing.req_logging [None req-3225ad5e-2ed0-42c9-8ea6-6ae76f0345c0 None None] SCRIPT_NAME: `/identity` {{(pid=87534) log_request_info /opt/stack/keystone/keystone/server/flask/request_processing/req_logging.py:28}}
Jul 15 21:43:52.198300 dv-osbrick-836063-9-ceph devstack@keystone.service[87534]: DEBUG keystone.server.flask.request_processing.req_logging [None req-3225ad5e-2ed0-42c9-8ea6-6ae76f0345c0 None None] PATH_INFO: `/` {{(pid=87534) log_request_info /opt/stack/keystone/keystone/server/flask/request_processing/req_logging.py:29}}
Jul 15 21:43:52.199554 dv-osbrick-836063-9-ceph devstack@keystone.service[87534]: [pid: 87534|app: 0|req: 51/105] 10.222.0.17 () {54 vars in 926 bytes} [Fri Jul 15 21:43:52 2022] GET /identity => generated 270 bytes in 3 msecs (HTTP/1.1 300) 6 headers in 234 bytes (1 switches on core 0)
Jul 15 21:43:52.207504 dv-osbrick-836063-9-ceph devstack@keystone.service[87534]: DEBUG keystone.server.flask.request_processing.req_logging [None req-5d8e69d5-afab-4b23-bc66-e409e52213b0 None None] REQUEST_METHOD: `POST` {{(pid=87534) log_request_info /opt/stack/keystone/keystone/server/flask/request_processing/req_logging.py:27}}
Jul 15 21:43:52.207794 dv-osbrick-836063-9-ceph devstack@keystone.service[87534]: DEBUG keystone.server.flask.request_processing.req_logging [None req-5d8e69d5-afab-4b23-bc66-e409e52213b0 None None] SCRIPT_NAME: `/identity` {{(pid=87534) log_request_info /opt/stack/keystone/keystone/server/flask/request_processing/req_logging.py:28}}
