Jul 26 15:14:59.534748 dv-osbrick-836062-12-smb devstack@keystone.service[80208]: DEBUG keystone.common.rbac_enforcer.enforcer [None req-c6220e43-21b0-4a65-a3f3-4a5751d5d0e2 None admin] Extracting inferred target data resulted in "NOT FOUND (404)". {{(pid=80208) enforce_call /opt/stack/keystone/keystone/common/rbac_enforcer/enforcer.py:409}}
Jul 26 15:14:59.542124 dv-osbrick-836062-12-smb devstack@keystone.service[80208]: ERROR keystone.server.flask.application [None req-c6220e43-21b0-4a65-a3f3-4a5751d5d0e2 None admin] Could not find role: admin.: keystone.exception.RoleNotFound: Could not find role: admin.
Jul 26 15:14:59.542124 dv-osbrick-836062-12-smb devstack@keystone.service[80208]: ERROR keystone.server.flask.application
Traceback (most recent call last):
Jul 26 15:14:59.542124 dv-osbrick-836062-12-smb devstack@keystone.service[80208]: ERROR keystone.server.flask.application
File "/usr/local/lib/python3.8/dist-packages/flask/app.py", line 1517, in full_dispatch_request
Jul 26 15:14:59.542124 dv-osbrick-836062-12-smb devstack@keystone.service[80208]: ERROR keystone.server.flask.application rv = self.dispatch_request()
Jul 26 15:14:59.542124 dv-osbrick-836062-12-smb devstack@keystone.service[80208]: ERROR keystone.server.flask.application
File "/usr/local/lib/python3.8/dist-packages/flask/app.py", line 1503, in dispatch_request
Jul 26 15:14:59.542124 dv-osbrick-836062-12-smb devstack@keystone.service[80208]: ERROR keystone.server.flask.application return self.ensure_sync(self.view_functions[rule.endpoint])(**req.view_args)
Jul 26 15:14:59.542124 dv-osbrick-836062-12-smb devstack@keystone.service[80208]: ERROR keystone.server.flask.application
File "/usr/local/lib/python3.8/dist-packages/flask_restful/__init__.py", line 467, in wrapper
Jul 26 15:14:59.542124 dv-osbrick-836062-12-smb devstack@keystone.service[80208]: ERROR keystone.server.flask.application resp = resource(*args, **kwargs)
Jul 26 15:14:59.542124 dv-osbrick-836062-12-smb devstack@keystone.service[80208]: ERROR keystone.server.flask.application
File "/usr/local/lib/python3.8/dist-packages/flask/views.py", line 84, in view
Jul 26 15:14:59.542124 dv-osbrick-836062-12-smb devstack@keystone.service[80208]: ERROR keystone.server.flask.application return current_app.ensure_sync(self.dispatch_request)(*args, **kwargs)
Jul 26 15:14:59.542124 dv-osbrick-836062-12-smb devstack@keystone.service[80208]: ERROR keystone.server.flask.application
File "/usr/local/lib/python3.8/dist-packages/flask_restful/__init__.py", line 582, in dispatch_request
Jul 26 15:14:59.542124 dv-osbrick-836062-12-smb devstack@keystone.service[80208]: ERROR keystone.server.flask.application resp = meth(*args, **kwargs)
Jul 26 15:14:59.542124 dv-osbrick-836062-12-smb devstack@keystone.service[80208]: ERROR keystone.server.flask.application
File "/opt/stack/keystone/keystone/api/roles.py", line 50, in get
Jul 26 15:14:59.542124 dv-osbrick-836062-12-smb devstack@keystone.service[80208]: ERROR keystone.server.flask.application return self._get_role(role_id)
Jul 26 15:14:59.542124 dv-osbrick-836062-12-smb devstack@keystone.service[80208]: ERROR keystone.server.flask.application
File "/opt/stack/keystone/keystone/api/roles.py", line 70, in _get_role
Jul 26 15:14:59.542124 dv-osbrick-836062-12-smb devstack@keystone.service[80208]: ERROR keystone.server.flask.application ENFORCER.enforce_call(action='identity:get_role')
Jul 26 15:14:59.543039 dv-osbrick-836062-12-smb devstack@keystone.service[80208]: ERROR keystone.server.flask.application
File "/opt/stack/keystone/keystone/common/rbac_enforcer/enforcer.py", line 402, in enforce_call
Jul 26 15:14:59.543039 dv-osbrick-836062-12-smb devstack@keystone.service[80208]: ERROR keystone.server.flask.application policy_dict.update(cls._extract_member_target_data(
Jul 26 15:14:59.543039 dv-osbrick-836062-12-smb devstack@keystone.service[80208]: ERROR keystone.server.flask.application
File "/opt/stack/keystone/keystone/common/rbac_enforcer/enforcer.py", line 234, in _extract_member_target_data
Jul 26 15:14:59.543039 dv-osbrick-836062-12-smb devstack@keystone.service[80208]: ERROR keystone.server.flask.application member_name: func(flask.request.view_args[key])
Jul 26 15:14:59.543039 dv-osbrick-836062-12-smb devstack@keystone.service[80208]: ERROR keystone.server.flask.application
File "/opt/stack/keystone/keystone/common/manager.py", line 115, in wrapped
Jul 26 15:14:59.543039 dv-osbrick-836062-12-smb devstack@keystone.service[80208]: ERROR keystone.server.flask.application __ret_val = __f(*args, **kwargs)
Jul 26 15:14:59.543039 dv-osbrick-836062-12-smb devstack@keystone.service[80208]: ERROR keystone.server.flask.application
File "/usr/local/lib/python3.8/dist-packages/decorator.py", line 232, in fun
Jul 26 15:14:59.543039 dv-osbrick-836062-12-smb devstack@keystone.service[80208]: ERROR keystone.server.flask.application return caller(func, *(extras + args), **kw)
Jul 26 15:14:59.543039 dv-osbrick-836062-12-smb devstack@keystone.service[80208]: ERROR keystone.server.flask.application
File "/usr/local/lib/python3.8/dist-packages/dogpile/cache/region.py", line 1577, in get_or_create_for_user_func
Jul 26 15:14:59.543039 dv-osbrick-836062-12-smb devstack@keystone.service[80208]: ERROR keystone.server.flask.application return self.get_or_create(
Jul 26 15:14:59.543039 dv-osbrick-836062-12-smb devstack@keystone.service[80208]: ERROR keystone.server.flask.application
File "/usr/local/lib/python3.8/dist-packages/dogpile/cache/region.py", line 1042, in get_or_create
Jul 26 15:14:59.543039 dv-osbrick-836062-12-smb devstack@keystone.service[80208]: ERROR keystone.server.flask.application with Lock(
Jul 26 15:14:59.543039 dv-osbrick-836062-12-smb devstack@keystone.service[80208]: ERROR keystone.server.flask.application
File "/usr/local/lib/python3.8/dist-packages/dogpile/lock.py", line 185, in __enter__
Jul 26 15:14:59.543039 dv-osbrick-836062-12-smb devstack@keystone.service[80208]: ERROR keystone.server.flask.application return self._enter()
Jul 26 15:14:59.543039 dv-osbrick-836062-12-smb devstack@keystone.service[80208]: ERROR keystone.server.flask.application
File "/usr/local/lib/python3.8/dist-packages/dogpile/lock.py", line 94, in _enter
Jul 26 15:14:59.543039 dv-osbrick-836062-12-smb devstack@keystone.service[80208]: ERROR keystone.server.flask.application generated = self._enter_create(value, createdtime)
Jul 26 15:14:59.544085 dv-osbrick-836062-12-smb devstack@keystone.service[80208]: ERROR keystone.server.flask.application
File "/usr/local/lib/python3.8/dist-packages/dogpile/lock.py", line 178, in _enter_create
Jul 26 15:14:59.544085 dv-osbrick-836062-12-smb devstack@keystone.service[80208]: ERROR keystone.server.flask.application return self.creator()
Jul 26 15:14:59.544085 dv-osbrick-836062-12-smb devstack@keystone.service[80208]: ERROR keystone.server.flask.application
File "/usr/local/lib/python3.8/dist-packages/dogpile/cache/region.py", line 995, in gen_value
Jul 26 15:14:59.544085 dv-osbrick-836062-12-smb devstack@keystone.service[80208]: ERROR keystone.server.flask.application created_value = creator(
Jul 26 15:14:59.544085 dv-osbrick-836062-12-smb devstack@keystone.service[80208]: ERROR keystone.server.flask.application
File "/opt/stack/keystone/keystone/assignment/core.py", line 1276, in get_role
Jul 26 15:14:59.544085 dv-osbrick-836062-12-smb devstack@keystone.service[80208]: ERROR keystone.server.flask.application return self.driver.get_role(role_id)
Jul 26 15:14:59.544085 dv-osbrick-836062-12-smb devstack@keystone.service[80208]: ERROR keystone.server.flask.application
File "/opt/stack/keystone/keystone/assignment/role_backends/sql.py", line 70, in get_role
Jul 26 15:14:59.544085 dv-osbrick-836062-12-smb devstack@keystone.service[80208]: ERROR keystone.server.flask.application return self._get_role(session, role_id).to_dict()
Jul 26 15:14:59.544085 dv-osbrick-836062-12-smb devstack@keystone.service[80208]: ERROR keystone.server.flask.application
File "/opt/stack/keystone/keystone/assignment/role_backends/sql.py", line 65, in _get_role
Jul 26 15:14:59.544085 dv-osbrick-836062-12-smb devstack@keystone.service[80208]: ERROR keystone.server.flask.application raise exception.RoleNotFound(role_id=role_id)
Jul 26 15:14:59.544085 dv-osbrick-836062-12-smb devstack@keystone.service[80208]: ERROR keystone.server.flask.application keystone.exception.RoleNotFound: Could not find role: admin.
Jul 26 15:14:59.544085 dv-osbrick-836062-12-smb devstack@keystone.service[80208]: ERROR keystone.server.flask.application
Jul 26 15:14:59.546872 dv-osbrick-836062-12-smb devstack@keystone.service[80208]: [pid: 80208|app: 0|req: 180/366] 10.222.0.124 () {56 vars in 1101 bytes} [Tue Jul 26 15:14:59 2022] GET /identity/v3/roles/admin => generated 83 bytes in 255 msecs (HTTP/1.1 404) 5 headers in 183 bytes (1 switches on core 0)
Jul 26 15:14:59.547988 dv-osbrick-836062-12-smb devstack@keystone.service[80208]: DEBUG keystone.server.flask.request_processing.middleware.auth_context [None req-c6220e43-21b0-4a65-a3f3-4a5751d5d0e2 None admin] Authenticating user token {{(pid=80208) process_request /usr/local/lib/python3.8/dist-packages/keystonemiddleware/auth_token/__init__.py:407}}
Jul 26 15:14:59.687391 dv-osbrick-836062-12-smb devstack@keystone.service[80209]: DEBUG keystone.server.flask.request_processing.middleware.auth_context [None req-515dc5a0-fbaa-4092-8cd4-d6984004fe4d None admin] Validating token access rules against request {{(pid=80209) validate_allowed_request /usr/local/lib/python3.8/dist-packages/keystonemiddleware/auth_token/__init__.py:545}}
Jul 26 15:14:59.709813 dv-osbrick-836062-12-smb devstack@keystone.service[80209]: DEBUG dbcounter [-] [80209] Writing DB stats keystone:SELECT=100 {{(pid=80209) stat_writer /usr/local/lib/python3.8/dist-packages/dbcounter.py:114}}
Jul 26 15:14:59.747542 dv-osbrick-836062-12-smb devstack@keystone.service[80209]: DEBUG keystone.server.flask.request_processing.middleware.auth_context [None req-60653f0b-1736-41b7-89b9-a3376c775d6b None admin] RBAC: auth_context: {'token': , 'domain_id': None, 'trust_id': None, 'trustor_id': None, 'trustee_id': None, 'domain_name': None, 'group_ids': [], 'user_id': 'c4dd5363f4eb47d5b46f881a10b9593c', 'user_domain_id': 'default', 'system_scope': 'all', 'project_id': None, 'project_domain_id': None, 'roles': ['admin', 'member', 'reader'], 'is_admin_project': True, 'service_user_id': None, 'service_user_domain_id': None, 'service_project_id': None, 'service_project_domain_id': None, 'service_roles': []} {{(pid=80209) fill_context /opt/stack/keystone/keystone/server/flask/request_processing/middleware/auth_context.py:478}}
Jul 26 15:14:59.748565 dv-osbrick-836062-12-smb devstack@keystone.service[80209]: DEBUG keystone.server.flask.request_processing.req_logging [None req-60653f0b-1736-41b7-89b9-a3376c775d6b None admin] REQUEST_METHOD: `GET` {{(pid=80209) log_request_info /opt/stack/keystone/keystone/server/flask/request_processing/req_logging.py:27}}
Jul 26 15:14:59.749108 dv-osbrick-836062-12-smb devstack@keystone.service[80209]: DEBUG keystone.server.flask.request_processing.req_logging [None req-60653f0b-1736-41b7-89b9-a3376c775d6b None admin] SCRIPT_NAME: `/identity` {{(pid=80209) log_request_info /opt/stack/keystone/keystone/server/flask/request_processing/req_logging.py:28}}
Jul 26 15:14:59.749582 dv-osbrick-836062-12-smb devstack@keystone.service[80209]: DEBUG keystone.server.flask.request_processing.req_logging [None req-60653f0b-1736-41b7-89b9-a3376c775d6b None admin] PATH_INFO: `/v3/roles` {{(pid=80209) log_request_info /opt/stack/keystone/keystone/server/flask/request_processing/req_logging.py:29}}
Jul 26 15:14:59.750643 dv-osbrick-836062-12-smb devstack@keystone.service[80209]: DEBUG keystone.common.rbac_enforcer.enforcer [None req-60653f0b-1736-41b7-89b9-a3376c775d6b None admin] RBAC: Adding query filter params (name=reader) {{(pid=80209) _extract_filter_values /opt/stack/keystone/keystone/common/rbac_enforcer/enforcer.py:167}}
Jul 26 15:14:59.751477 dv-osbrick-836062-12-smb devstack@keystone.service[80209]: DEBUG keystone.common.rbac_enforcer.enforcer [None req-60653f0b-1736-41b7-89b9-a3376c775d6b None admin] RBAC: Authorizing `identity:list_roles()` {{(pid=80209) enforce_call /opt/stack/keystone/keystone/common/rbac_enforcer/enforcer.py:449}}
Jul 26 15:14:59.753447 dv-osbrick-836062-12-smb devstack@keystone.service[80209]: DEBUG keystone.common.rbac_enforcer.enforcer [None req-60653f0b-1736-41b7-89b9-a3376c775d6b None admin] RBAC: Authorization granted {{(pid=80209) enforce_call /opt/stack/keystone/keystone/common/rbac_enforcer/enforcer.py:457}}
Jul 26 15:14:59.758079 dv-osbrick-836062-12-smb devstack@keystone.service[80208]: DEBUG keystone.server.flask.request_processing.middleware.auth_context [None req-c6220e43-21b0-4a65-a3f3-4a5751d5d0e2 None admin] Validating token access rules against request {{(pid=80208) validate_allowed_request /usr/local/lib/python3.8/dist-packages/keystonemiddleware/auth_token/__init__.py:545}}
Jul 26 15:14:59.765889 dv-osbrick-836062-12-smb devstack@keystone.service[80209]: [pid: 80209|app: 0|req: 187/367] 10.222.0.124 () {56 vars in 1106 bytes} [Tue Jul 26 15:14:59 2022] GET /identity/v3/roles?name=reader => generated 343 bytes in 236 msecs (HTTP/1.1 200) 5 headers in 177 bytes (1 switches on core 0)
Jul 26 15:14:59.767447 dv-osbrick-836062-12-smb devstack@keystone.service[80209]: DEBUG keystone.server.flask.request_processing.middleware.auth_context [None req-60653f0b-1736-41b7-89b9-a3376c775d6b None admin] Authenticating user token {{(pid=80209) process_request /usr/local/lib/python3.8/dist-packages/keystonemiddleware/auth_token/__init__.py:407}}
Jul 26 15:14:59.775909 dv-osbrick-836062-12-smb devstack@keystone.service[80208]: DEBUG dbcounter [-] [80208] Writing DB stats keystone:SELECT=100 {{(pid=80208) stat_writer /usr/local/lib/python3.8/dist-packages/dbcounter.py:114}}
Jul 26 15:14:59.804043 dv-osbrick-836062-12-smb devstack@keystone.service[80208]: DEBUG keystone.server.flask.request_processing.middleware.auth_context [None req-81fef085-fb4b-4321-be0b-abf53420637d None admin] RBAC: auth_context: {'token': , 'domain_id': None, 'trust_id': None, 'trustor_id': None, 'trustee_id': None, 'domain_name': None, 'group_ids': [], 'user_id': 'c4dd5363f4eb47d5b46f881a10b9593c', 'user_domain_id': 'default', 'system_scope': 'all', 'project_id': None, 'project_domain_id': None, 'roles': ['admin', 'member', 'reader'], 'is_admin_project': True, 'service_user_id': None, 'service_user_domain_id': None, 'service_project_id': None, 'service_project_domain_id': None, 'service_roles': []} {{(pid=80208) fill_context /opt/stack/keystone/keystone/server/flask/request_processing/middleware/auth_context.py:478}}
Jul 26 15:14:59.804979 dv-osbrick-836062-12-smb devstack@keystone.service[80208]: DEBUG keystone.server.flask.request_processing.req_logging [None req-81fef085-fb4b-4321-be0b-abf53420637d None admin] REQUEST_METHOD: `GET` {{(pid=80208) log_request_info /opt/stack/keystone/keystone/server/flask/request_processing/req_logging.py:27}}
Jul 26 15:14:59.805270 dv-osbrick-836062-12-smb devstack@keystone.service[80208]: DEBUG keystone.server.flask.request_processing.req_logging [None req-81fef085-fb4b-4321-be0b-abf53420637d None admin] SCRIPT_NAME: `/identity` {{(pid=80208) log_request_info /opt/stack/keystone/keystone/server/flask/request_processing/req_logging.py:28}}
Jul 26 15:14:59.805551 dv-osbrick-836062-12-smb devstack@keystone.service[80208]: DEBUG keystone.server.flask.request_processing.req_logging [None req-81fef085-fb4b-4321-be0b-abf53420637d None admin] PATH_INFO: `/v3/groups/0c28ead1e0f84005a12cd40801f8ea37` {{(pid=80208) log_request_info /opt/stack/keystone/keystone/server/flask/request_processing/req_logging.py:29}}
Jul 26 15:14:59.807756 dv-osbrick-836062-12-smb devstack@keystone.service[80208]: DEBUG keystone.common.rbac_enforcer.enforcer [None req-81fef085-fb4b-4321-be0b-abf53420637d None admin] RBAC: Authorizing `identity:get_group(group_id=0c28ead1e0f84005a12cd40801f8ea37)` {{(pid=80208) enforce_call /opt/stack/keystone/keystone/common/rbac_enforcer/enforcer.py:449}}
Jul 26 15:14:59.809820 dv-osbrick-836062-12-smb devstack@keystone.service[80208]: DEBUG keystone.common.rbac_enforcer.enforcer [None req-81fef085-fb4b-4321-be0b-abf53420637d None admin] RBAC: Authorization granted {{(pid=80208) enforce_call /opt/stack/keystone/keystone/common/rbac_enforcer/enforcer.py:457}}
Jul 26 15:14:59.812300 dv-osbrick-836062-12-smb devstack@keystone.service[80208]: [pid: 80208|app: 0|req: 181/368] 10.222.0.124 () {56 vars in 1185 bytes} [Tue Jul 26 15:14:59 2022] GET /identity/v3/groups/0c28ead1e0f84005a12cd40801f8ea37 => generated 227 bytes in 265 msecs (HTTP/1.1 200) 5 headers in 177 bytes (1 switches on core 0)
Jul 26 15:14:59.813136 dv-osbrick-836062-12-smb devstack@keystone.service[80208]: DEBUG keystone.server.flask.request_processing.middleware.auth_context [None req-81fef085-fb4b-4321-be0b-abf53420637d None admin] Authenticating user token {{(pid=80208) process_request /usr/local/lib/python3.8/dist-packages/keystonemiddleware/auth_token/__init__.py:407}}
Jul 26 15:14:59.908135 dv-osbrick-836062-12-smb devstack@keystone.service[80209]: DEBUG keystone.server.flask.request_processing.middleware.auth_context [None req-60653f0b-1736-41b7-89b9-a3376c775d6b None admin] Validating token access rules against request {{(pid=80209) validate_allowed_request /usr/local/lib/python3.8/dist-packages/keystonemiddleware/auth_token/__init__.py:545}}
Jul 26 15:14:59.953382 dv-osbrick-836062-12-smb devstack@keystone.service[80208]: DEBUG keystone.server.flask.request_processing.middleware.auth_context [None req-81fef085-fb4b-4321-be0b-abf53420637d None admin] Validating token access rules against request {{(pid=80208) validate_allowed_request /usr/local/lib/python3.8/dist-packages/keystonemiddleware/auth_token/__init__.py:545}}
Jul 26 15:14:59.954674 dv-osbrick-836062-12-smb devstack@keystone.service[80209]: DEBUG keystone.server.flask.request_processing.middleware.auth_context [None req-583dbbc4-f062-49bf-99b2-d7f95920a93f None admin] RBAC: auth_context: {'token': , 'domain_id': None, 'trust_id': None, 'trustor_id': None, 'trustee_id': None, 'domain_name': None, 'group_ids': [], 'user_id': 'c4dd5363f4eb47d5b46f881a10b9593c', 'user_domain_id': 'default', 'system_scope': 'all', 'project_id': None, 'project_domain_id': None, 'roles': ['admin', 'member', 'reader'], 'is_admin_project': True, 'service_user_id': None, 'service_user_domain_id': None, 'service_project_id': None, 'service_project_domain_id': None, 'service_roles': []} {{(pid=80209) fill_context /opt/stack/keystone/keystone/server/flask/request_processing/middleware/auth_context.py:478}}
Jul 26 15:14:59.955546 dv-osbrick-836062-12-smb devstack@keystone.service[80209]: DEBUG keystone.server.flask.request_processing.req_logging [None req-583dbbc4-f062-49bf-99b2-d7f95920a93f None admin] REQUEST_METHOD: `GET` {{(pid=80209) log_request_info /opt/stack/keystone/keystone/server/flask/request_processing/req_logging.py:27}}
Jul 26 15:14:59.956048 dv-osbrick-836062-12-smb devstack@keystone.service[80209]: DEBUG keystone.server.flask.request_processing.req_logging [None req-583dbbc4-f062-49bf-99b2-d7f95920a93f None admin] SCRIPT_NAME: `/identity` {{(pid=80209) log_request_info /opt/stack/keystone/keystone/server/flask/request_processing/req_logging.py:28}}
Jul 26 15:14:59.956521 dv-osbrick-836062-12-smb devstack@keystone.service[80209]: DEBUG keystone.server.flask.request_processing.req_logging [None req-583dbbc4-f062-49bf-99b2-d7f95920a93f None admin] PATH_INFO: `/v3/auth/tokens` {{(pid=80209) log_request_info /opt/stack/keystone/keystone/server/flask/request_processing/req_logging.py:29}}
Jul 26 15:15:00.003006 dv-osbrick-836062-12-smb devstack@keystone.service[80208]: DEBUG keystone.server.flask.request_processing.middleware.auth_context [None req-44282a11-23c8-45a0-8381-cf3f32be1238 None admin] RBAC: auth_context: {'token': , 'domain_id': None, 'trust_id': None, 'trustor_id': None, 'trustee_id': None, 'domain_name': None, 'group_ids': [], 'user_id': 'c4dd5363f4eb47d5b46f881a10b9593c', 'user_domain_id': 'default', 'system_scope': 'all', 'project_id': None, 'project_domain_id': None, 'roles': ['admin', 'member', 'reader'], 'is_admin_project': True, 'service_user_id': None, 'service_user_domain_id': None, 'service_project_id': None, 'service_project_domain_id': None, 'service_roles': []} {{(pid=80208) fill_context /opt/stack/keystone/keystone/server/flask/request_processing/middleware/auth_context.py:478}}
Jul 26 15:15:00.003844 dv-osbrick-836062-12-smb devstack@keystone.service[80208]: DEBUG keystone.server.flask.request_processing.req_logging [None req-44282a11-23c8-45a0-8381-cf3f32be1238 None admin] REQUEST_METHOD: `GET` {{(pid=80208) log_request_info /opt/stack/keystone/keystone/server/flask/request_processing/req_logging.py:27}}
Jul 26 15:15:00.003938 dv-osbrick-836062-12-smb devstack@keystone.service[80208]: DEBUG keystone.server.flask.request_processing.req_logging [None req-44282a11-23c8-45a0-8381-cf3f32be1238 None admin] SCRIPT_NAME: `/identity` {{(pid=80208) log_request_info /opt/stack/keystone/keystone/server/flask/request_processing/req_logging.py:28}}
Jul 26 15:15:00.004256 dv-osbrick-836062-12-smb devstack@keystone.service[80208]: DEBUG keystone.server.flask.request_processing.req_logging [None req-44282a11-23c8-45a0-8381-cf3f32be1238 None admin] PATH_INFO: `/v3/roles` {{(pid=80208) log_request_info /opt/stack/keystone/keystone/server/flask/request_processing/req_logging.py:29}}
Jul 26 15:15:00.005062 dv-osbrick-836062-12-smb devstack@keystone.service[80208]: DEBUG keystone.common.rbac_enforcer.enforcer [None req-44282a11-23c8-45a0-8381-cf3f32be1238 None admin] RBAC: Adding query filter params (name=admin) {{(pid=80208) _extract_filter_values /opt/stack/keystone/keystone/common/rbac_enforcer/enforcer.py:167}}
Jul 26 15:15:00.005372 dv-osbrick-836062-12-smb devstack@keystone.service[80208]: DEBUG keystone.common.rbac_enforcer.enforcer [None req-44282a11-23c8-45a0-8381-cf3f32be1238 None admin] RBAC: Authorizing `identity:list_roles()` {{(pid=80208) enforce_call /opt/stack/keystone/keystone/common/rbac_enforcer/enforcer.py:449}}
Jul 26 15:15:00.007123 dv-osbrick-836062-12-smb devstack@keystone.service[80208]: DEBUG keystone.common.rbac_enforcer.enforcer [None req-44282a11-23c8-45a0-8381-cf3f32be1238 None admin] RBAC: Authorization granted {{(pid=80208) enforce_call /opt/stack/keystone/keystone/common/rbac_enforcer/enforcer.py:457}}
Jul 26 15:15:00.023878 dv-osbrick-836062-12-smb devstack@keystone.service[80208]: [pid: 80208|app: 0|req: 182/369] 10.222.0.124 () {56 vars in 1104 bytes} [Tue Jul 26 15:14:59 2022] GET /identity/v3/roles?name=admin => generated 341 bytes in 211 msecs (HTTP/1.1 200) 5 headers in 177 bytes (1 switches on core 0)
Jul 26 15:15:00.028786 dv-osbrick-836062-12-smb devstack@keystone.service[80208]: DEBUG keystone.server.flask.request_processing.middleware.auth_context [None req-44282a11-23c8-45a0-8381-cf3f32be1238 None admin] Authenticating user token {{(pid=80208) process_request /usr/local/lib/python3.8/dist-packages/keystonemiddleware/auth_token/__init__.py:407}}
Jul 26 15:15:00.032434 dv-osbrick-836062-12-smb devstack@keystone.service[80209]: DEBUG dbcounter [-] [80209] Writing DB stats keystone:SELECT=100 {{(pid=80209) stat_writer /usr/local/lib/python3.8/dist-packages/dbcounter.py:114}}
Jul 26 15:15:00.058735 dv-osbrick-836062-12-smb devstack@keystone.service[80209]: DEBUG keystone.common.rbac_enforcer.enforcer [None req-583dbbc4-f062-49bf-99b2-d7f95920a93f None admin] RBAC: Authorizing `identity:validate_token()` {{(pid=80209) enforce_call /opt/stack/keystone/keystone/common/rbac_enforcer/enforcer.py:449}}
Jul 26 15:15:00.060534 dv-osbrick-836062-12-smb devstack@keystone.service[80209]: DEBUG keystone.common.rbac_enforcer.enforcer [None req-583dbbc4-f062-49bf-99b2-d7f95920a93f None admin] RBAC: Authorization granted {{(pid=80209) enforce_call /opt/stack/keystone/keystone/common/rbac_enforcer/enforcer.py:457}}
Jul 26 15:15:00.092297 dv-osbrick-836062-12-smb devstack@keystone.service[80208]: DEBUG dbcounter [-] [80208] Writing DB stats keystone:SELECT=100 {{(pid=80208) stat_writer /usr/local/lib/python3.8/dist-packages/dbcounter.py:114}}
Jul 26 15:15:00.169174 dv-osbrick-836062-12-smb devstack@keystone.service[80208]: DEBUG keystone.server.flask.request_processing.middleware.auth_context [None req-44282a11-23c8-45a0-8381-cf3f32be1238 None admin] Validating token access rules against request {{(pid=80208) validate_allowed_request /usr/local/lib/python3.8/dist-packages/keystonemiddleware/auth_token/__init__.py:545}}
Jul 26 15:15:00.200537 dv-osbrick-836062-12-smb devstack@keystone.service[80209]: [pid: 80209|app: 0|req: 188/370] 10.222.0.124 () {58 vars in 1287 bytes} [Tue Jul 26 15:14:59 2022] GET /identity/v3/auth/tokens => generated 800 bytes in 434 msecs (HTTP/1.1 200) 6 headers in 358 bytes (1 switches on core 0)
Jul 26 15:15:00.201736 dv-osbrick-836062-12-smb devstack@keystone.service[80209]: DEBUG keystone.server.flask.request_processing.middleware.auth_context [None req-583dbbc4-f062-49bf-99b2-d7f95920a93f None admin] Authenticating user token {{(pid=80209) process_request /usr/local/lib/python3.8/dist-packages/keystonemiddleware/auth_token/__init__.py:407}}
Jul 26 15:15:00.214632 dv-osbrick-836062-12-smb devstack@keystone.service[80208]: DEBUG keystone.server.flask.request_processing.middleware.auth_context [None req-0afd9bd6-19f8-4724-b487-09182a75a37d None admin] RBAC: auth_context: {'token': , 'domain_id': None, 'trust_id': None, 'trustor_id': None, 'trustee_id': None, 'domain_name': None, 'group_ids': [], 'user_id': 'c4dd5363f4eb47d5b46f881a10b9593c', 'user_domain_id': 'default', 'system_scope': 'all', 'project_id': None, 'project_domain_id': None, 'roles': ['admin', 'member', 'reader'], 'is_admin_project': True, 'service_user_id': None, 'service_user_domain_id': None, 'service_project_id': None, 'service_project_domain_id': None, 'service_roles': []} {{(pid=80208) fill_context /opt/stack/keystone/keystone/server/flask/request_processing/middleware/auth_context.py:478}}
Jul 26 15:15:00.215306 dv-osbrick-836062-12-smb devstack@keystone.service[80208]: DEBUG keystone.server.flask.request_processing.req_logging [None req-0afd9bd6-19f8-4724-b487-09182a75a37d None admin] REQUEST_METHOD: `GET` {{(pid=80208) log_request_info /opt/stack/keystone/keystone/server/flask/request_processing/req_logging.py:27}}
Jul 26 15:15:00.215594 dv-osbrick-836062-12-smb devstack@keystone.service[80208]: DEBUG keystone.server.flask.request_processing.req_logging [None req-0afd9bd6-19f8-4724-b487-09182a75a37d None admin] SCRIPT_NAME: `/identity` {{(pid=80208) log_request_info /opt/stack/keystone/keystone/server/flask/request_processing/req_logging.py:28}}
Jul 26 15:15:00.215876 dv-osbrick-836062-12-smb devstack@keystone.service[80208]: DEBUG keystone.server.flask.request_processing.req_logging [None req-0afd9bd6-19f8-4724-b487-09182a75a37d None admin] PATH_INFO: `/v3/users/41ccd04447404057931809d216e28749` {{(pid=80208) log_request_info /opt/stack/keystone/keystone/server/flask/request_processing/req_logging.py:29}}
Jul 26 15:15:00.217633 dv-osbrick-836062-12-smb devstack@keystone.service[80208]: DEBUG keystone.common.rbac_enforcer.enforcer [None req-0afd9bd6-19f8-4724-b487-09182a75a37d None admin] RBAC: Authorizing `identity:get_user(user_id=41ccd04447404057931809d216e28749)` {{(pid=80208) enforce_call /opt/stack/keystone/keystone/common/rbac_enforcer/enforcer.py:449}}
Jul 26 15:15:00.219583 dv-osbrick-836062-12-smb devstack@keystone.service[80208]: DEBUG keystone.common.rbac_enforcer.enforcer [None req-0afd9bd6-19f8-4724-b487-09182a75a37d None admin] RBAC: Authorization granted {{(pid=80208) enforce_call /opt/stack/keystone/keystone/common/rbac_enforcer/enforcer.py:457}}
Jul 26 15:15:00.226140 dv-osbrick-836062-12-smb devstack@keystone.service[80208]: [pid: 80208|app: 0|req: 183/371] 10.222.0.124 () {56 vars in 1182 bytes} [Tue Jul 26 15:15:00 2022] GET /identity/v3/users/41ccd04447404057931809d216e28749 => generated 294 bytes in 197 msecs (HTTP/1.1 200) 5 headers in 177 bytes (1 switches on core 0)
Jul 26 15:15:00.226140 dv-osbrick-836062-12-smb devstack@keystone.service[80208]: DEBUG keystone.server.flask.request_processing.middleware.auth_context [None req-0afd9bd6-19f8-4724-b487-09182a75a37d None admin] Authenticating user token {{(pid=80208) process_request /usr/local/lib/python3.8/dist-packages/keystonemiddleware/auth_token/__init__.py:407}}
Jul 26 15:15:00.317559 dv-osbrick-836062-12-smb devstack@keystone.service[80209]: DEBUG dbcounter [-] [80209] Writing DB stats keystone:SELECT=100 {{(pid=80209) stat_writer /usr/local/lib/python3.8/dist-packages/dbcounter.py:114}}
Jul 26 15:15:00.345281 dv-osbrick-836062-12-smb devstack@keystone.service[80209]: DEBUG keystone.server.flask.request_processing.middleware.auth_context [None req-583dbbc4-f062-49bf-99b2-d7f95920a93f None admin] Validating token access rules against request {{(pid=80209) validate_allowed_request /usr/local/lib/python3.8/dist-packages/keystonemiddleware/auth_token/__init__.py:545}}
Jul 26 15:15:00.362832 dv-osbrick-836062-12-smb devstack@keystone.service[80208]: DEBUG keystone.server.flask.request_processing.middleware.auth_context [None req-0afd9bd6-19f8-4724-b487-09182a75a37d None admin] Validating token access rules against request {{(pid=80208) validate_allowed_request /usr/local/lib/python3.8/dist-packages/keystonemiddleware/auth_token/__init__.py:545}}
Jul 26 15:15:00.380723 dv-osbrick-836062-12-smb devstack@keystone.service[80208]: DEBUG dbcounter [-] [80208] Writing DB stats keystone:SELECT=100 {{(pid=80208) stat_writer /usr/local/lib/python3.8/dist-packages/dbcounter.py:114}}
Jul 26 15:15:00.394332 dv-osbrick-836062-12-smb devstack@keystone.service[80209]: DEBUG keystone.server.flask.request_processing.middleware.auth_context [None req-558bf266-309c-46a2-9680-38c48641823e None admin] RBAC: auth_context: {'token': , 'domain_id': None, 'trust_id': None, 'trustor_id': None, 'trustee_id': None, 'domain_name': None, 'group_ids': [], 'user_id': 'c4dd5363f4eb47d5b46f881a10b9593c', 'user_domain_id': 'default', 'system_scope': 'all', 'project_id': None, 'project_domain_id': None, 'roles': ['admin', 'member', 'reader'], 'is_admin_project': True, 'service_user_id': None, 'service_user_domain_id': None, 'service_project_id': None, 'service_project_domain_id': None, 'service_roles': []} {{(pid=80209) fill_context /opt/stack/keystone/keystone/server/flask/request_processing/middleware/auth_context.py:478}}
Jul 26 15:15:00.394966 dv-osbrick-836062-12-smb devstack@keystone.service[80209]: DEBUG keystone.server.flask.request_processing.req_logging [None req-558bf266-309c-46a2-9680-38c48641823e None admin] REQUEST_METHOD: `GET` {{(pid=80209) log_request_info /opt/stack/keystone/keystone/server/flask/request_processing/req_logging.py:27}}
Jul 26 15:15:00.395251 dv-osbrick-836062-12-smb devstack@keystone.service[80209]: DEBUG keystone.server.flask.request_processing.req_logging [None req-558bf266-309c-46a2-9680-38c48641823e None admin] SCRIPT_NAME: `/identity` {{(pid=80209) log_request_info /opt/stack/keystone/keystone/server/flask/request_processing/req_logging.py:28}}
Jul 26 15:15:00.395533 dv-osbrick-836062-12-smb devstack@keystone.service[80209]: DEBUG keystone.server.flask.request_processing.req_logging [None req-558bf266-309c-46a2-9680-38c48641823e None admin] PATH_INFO: `/v3/role_assignments` {{(pid=80209) log_request_info /opt/stack/keystone/keystone/server/flask/request_processing/req_logging.py:29}}
Jul 26 15:15:00.396815 dv-osbrick-836062-12-smb devstack@keystone.service[80209]: DEBUG keystone.common.rbac_enforcer.enforcer [None req-558bf266-309c-46a2-9680-38c48641823e None admin] RBAC: Adding query filter params (group.id=0c28ead1e0f84005a12cd40801f8ea37, role.id=f0365d8b82a44ce0b31f25f168c17a85, scope.project.id=536203ba17944f94a02baf655e106aca) {{(pid=80209) _extract_filter_values /opt/stack/keystone/keystone/common/rbac_enforcer/enforcer.py:167}}
Jul 26 15:15:00.397385 dv-osbrick-836062-12-smb devstack@keystone.service[80209]: DEBUG keystone.common.rbac_enforcer.enforcer [None req-558bf266-309c-46a2-9680-38c48641823e None admin] RBAC: Authorizing `identity:list_role_assignments()` {{(pid=80209) enforce_call /opt/stack/keystone/keystone/common/rbac_enforcer/enforcer.py:449}}
Jul 26 15:15:00.399124 dv-osbrick-836062-12-smb devstack@keystone.service[80209]: DEBUG keystone.common.rbac_enforcer.enforcer [None req-558bf266-309c-46a2-9680-38c48641823e None admin] RBAC: Authorization granted {{(pid=80209) enforce_call /opt/stack/keystone/keystone/common/rbac_enforcer/enforcer.py:457}}
Jul 26 15:15:00.407138 dv-osbrick-836062-12-smb devstack@keystone.service[80209]: [pid: 80209|app: 0|req: 189/372] 10.222.0.124 () {56 vars in 1381 bytes} [Tue Jul 26 15:15:00 2022] GET /identity/v3/role_assignments?group.id=0c28ead1e0f84005a12cd40801f8ea37&scope.project.id=536203ba17944f94a02baf655e106aca&role.id=f0365d8b82a44ce0b31f25f168c17a85 => generated 261 bytes in 206 msecs (HTTP/1.1 200) 5 headers in 177 bytes (1 switches on core 0)
Jul 26 15:15:00.407800 dv-osbrick-836062-12-smb devstack@keystone.service[80209]: DEBUG keystone.server.flask.request_processing.middleware.auth_context [None req-558bf266-309c-46a2-9680-38c48641823e None admin] Authenticating user token {{(pid=80209) process_request /usr/local/lib/python3.8/dist-packages/keystonemiddleware/auth_token/__init__.py:407}}
Jul 26 15:15:00.408624 dv-osbrick-836062-12-smb devstack@keystone.service[80208]: DEBUG keystone.server.flask.request_processing.middleware.auth_context [None req-1e84467d-7249-4994-8c3b-894fe3bd9178 None admin] RBAC: auth_context: {'token': , 'domain_id': None, 'trust_id': None, 'trustor_id': None, 'trustee_id': None, 'domain_name': None, 'group_ids': [], 'user_id': 'c4dd5363f4eb47d5b46f881a10b9593c', 'user_domain_id': 'default', 'system_scope': 'all', 'project_id': None, 'project_domain_id': None, 'roles': ['admin', 'member', 'reader'], 'is_admin_project': True, 'service_user_id': None, 'service_user_domain_id': None, 'service_project_id': None, 'service_project_domain_id': None, 'service_roles': []} {{(pid=80208) fill_context /opt/stack/keystone/keystone/server/flask/request_processing/middleware/auth_context.py:478}}
Jul 26 15:15:00.409536 dv-osbrick-836062-12-smb devstack@keystone.service[80208]: DEBUG keystone.server.flask.request_processing.req_logging [None req-1e84467d-7249-4994-8c3b-894fe3bd9178 None admin] REQUEST_METHOD: `GET` {{(pid=80208) log_request_info /opt/stack/keystone/keystone/server/flask/request_processing/req_logging.py:27}}
Jul 26 15:15:00.410018 dv-osbrick-836062-12-smb devstack@keystone.service[80208]: DEBUG keystone.server.flask.request_processing.req_logging [None req-1e84467d-7249-4994-8c3b-894fe3bd9178 None admin] SCRIPT_NAME: `/identity` {{(pid=80208) log_request_info /opt/stack/keystone/keystone/server/flask/request_processing/req_logging.py:28}}
Jul 26 15:15:00.410731 dv-osbrick-836062-12-smb devstack@keystone.service[80208]: DEBUG keystone.server.flask.request_processing.req_logging [None req-1e84467d-7249-4994-8c3b-894fe3bd9178 None admin] PATH_INFO: `/v3/auth/tokens` {{(pid=80208) log_request_info /opt/stack/keystone/keystone/server/flask/request_processing/req_logging.py:29}}
Jul 26 15:15:00.549733 dv-osbrick-836062-12-smb devstack@keystone.service[80208]: DEBUG keystone.common.rbac_enforcer.enforcer [None req-1e84467d-7249-4994-8c3b-894fe3bd9178 None admin] RBAC: Authorizing `identity:validate_token()` {{(pid=80208) enforce_call /opt/stack/keystone/keystone/common/rbac_enforcer/enforcer.py:449}}
Jul 26 15:15:00.551614 dv-osbrick-836062-12-smb devstack@keystone.service[80208]: DEBUG keystone.common.rbac_enforcer.enforcer [None req-1e84467d-7249-4994-8c3b-894fe3bd9178 None admin] RBAC: Authorization granted {{(pid=80208) enforce_call /opt/stack/keystone/keystone/common/rbac_enforcer/enforcer.py:457}}
Jul 26 15:15:00.654365 dv-osbrick-836062-12-smb devstack@keystone.service[80209]: DEBUG keystone.server.flask.request_processing.middleware.auth_context [None req-558bf266-309c-46a2-9680-38c48641823e None admin] Validating token access rules against request {{(pid=80209) validate_allowed_request /usr/local/lib/python3.8/dist-packages/keystonemiddleware/auth_token/__init__.py:545}}
Jul 26 15:15:00.684468 dv-osbrick-836062-12-smb devstack@keystone.service[80208]: [pid: 80208|app: 0|req: 184/373] 10.222.0.124 () {58 vars in 1287 bytes} [Tue Jul 26 15:15:00 2022] GET /identity/v3/auth/tokens => generated 800 bytes in 462 msecs (HTTP/1.1 200) 6 headers in 358 bytes (1 switches on core 0)
Jul 26 15:15:00.691606 dv-osbrick-836062-12-smb devstack@keystone.service[80208]: DEBUG keystone.server.flask.request_processing.middleware.auth_context [None req-1e84467d-7249-4994-8c3b-894fe3bd9178 None admin] Authenticating user token {{(pid=80208) process_request /usr/local/lib/python3.8/dist-packages/keystonemiddleware/auth_token/__init__.py:407}}
Jul 26 15:15:00.716523 dv-osbrick-836062-12-smb devstack@keystone.service[80209]: DEBUG keystone.server.flask.request_processing.middleware.auth_context [None req-1774fc59-6e29-488a-a38e-c92f0aecc141 None admin] RBAC: auth_context: {'token': , 'domain_id': None, 'trust_id': None, 'trustor_id': None, 'trustee_id': None, 'domain_name': None, 'group_ids': [], 'user_id': 'c4dd5363f4eb47d5b46f881a10b9593c', 'user_domain_id': 'default', 'system_scope': 'all', 'project_id': None, 'project_domain_id': None, 'roles': ['admin', 'member', 'reader'], 'is_admin_project': True, 'service_user_id': None, 'service_user_domain_id': None, 'service_project_id': None, 'service_project_domain_id': None, 'service_roles': []} {{(pid=80209) fill_context /opt/stack/keystone/keystone/server/flask/request_processing/middleware/auth_context.py:478}}
Jul 26 15:15:00.717227 dv-osbrick-836062-12-smb devstack@keystone.service[80209]: DEBUG keystone.server.flask.request_processing.req_logging [None req-1774fc59-6e29-488a-a38e-c92f0aecc141 None admin] REQUEST_METHOD: `GET` {{(pid=80209) log_request_info /opt/stack/keystone/keystone/server/flask/request_processing/req_logging.py:27}}
Jul 26 15:15:00.717487 dv-osbrick-836062-12-smb devstack@keystone.service[80209]: DEBUG keystone.server.flask.request_processing.req_logging [None req-1774fc59-6e29-488a-a38e-c92f0aecc141 None admin] SCRIPT_NAME: `/identity` {{(pid=80209) log_request_info /opt/stack/keystone/keystone/server/flask/request_processing/req_logging.py:28}}
Jul 26 15:15:00.717759 dv-osbrick-836062-12-smb devstack@keystone.service[80209]: DEBUG keystone.server.flask.request_processing.req_logging [None req-1774fc59-6e29-488a-a38e-c92f0aecc141 None admin] PATH_INFO: `/v3/projects/536203ba17944f94a02baf655e106aca` {{(pid=80209) log_request_info /opt/stack/keystone/keystone/server/flask/request_processing/req_logging.py:29}}
Jul 26 15:15:00.718954 dv-osbrick-836062-12-smb devstack@keystone.service[80209]: DEBUG keystone.common.rbac_enforcer.enforcer [None req-1774fc59-6e29-488a-a38e-c92f0aecc141 None admin] RBAC: Authorizing `identity:get_project(project_id=536203ba17944f94a02baf655e106aca)` {{(pid=80209) enforce_call /opt/stack/keystone/keystone/common/rbac_enforcer/enforcer.py:449}}
Jul 26 15:15:00.720386 dv-osbrick-836062-12-smb devstack@keystone.service[80209]: DEBUG keystone.common.rbac_enforcer.enforcer [None req-1774fc59-6e29-488a-a38e-c92f0aecc141 None admin] RBAC: Authorization granted {{(pid=80209) enforce_call /opt/stack/keystone/keystone/common/rbac_enforcer/enforcer.py:457}}
Jul 26 15:15:00.722489 dv-osbrick-836062-12-smb devstack@keystone.service[80209]: [pid: 80209|app: 0|req: 190/374] 10.222.0.124 () {56 vars in 1191 bytes} [Tue Jul 26 15:15:00 2022] GET /identity/v3/projects/536203ba17944f94a02baf655e106aca => generated 303 bytes in 315 msecs (HTTP/1.1 200) 5 headers in 177 bytes (1 switches on core 0)
Jul 26 15:15:00.724325 dv-osbrick-836062-12-smb devstack@keystone.service[80209]: DEBUG keystone.server.flask.request_processing.req_logging [None req-894fa657-0570-4a71-9c38-45e44c8b5898 None None] REQUEST_METHOD: `GET` {{(pid=80209) log_request_info /opt/stack/keystone/keystone/server/flask/request_processing/req_logging.py:27}}
Jul 26 15:15:00.724325 dv-osbrick-836062-12-smb devstack@keystone.service[80209]: DEBUG keystone.server.flask.request_processing.req_logging [None req-894fa657-0570-4a71-9c38-45e44c8b5898 None None] SCRIPT_NAME: `/identity` {{(pid=80209) log_request_info /opt/stack/keystone/keystone/server/flask/request_processing/req_logging.py:28}}
Jul 26 15:15:00.724508 dv-osbrick-836062-12-smb devstack@keystone.service[80209]: DEBUG keystone.server.flask.request_processing.req_logging [None req-894fa657-0570-4a71-9c38-45e44c8b5898 None None] PATH_INFO: `/` {{(pid=80209) log_request_info /opt/stack/keystone/keystone/server/flask/request_processing/req_logging.py:29}}
Jul 26 15:15:00.730639 dv-osbrick-836062-12-smb devstack@keystone.service[80209]: [pid: 80209|app: 0|req: 191/375] 10.222.0.124 () {54 vars in 931 bytes} [Tue Jul 26 15:15:00 2022] GET /identity => generated 271 bytes in 3 msecs (HTTP/1.1 300) 6 headers in 235 bytes (1 switches on core 0)
Jul 26 15:15:00.731498 dv-osbrick-836062-12-smb devstack@keystone.service[80209]: DEBUG keystone.server.flask.request_processing.middleware.auth_context [None req-894fa657-0570-4a71-9c38-45e44c8b5898 None None] Authenticating user token {{(pid=80209) process_request /usr/local/lib/python3.8/dist-packages/keystonemiddleware/auth_token/__init__.py:407}}
Jul 26 15:15:00.737087 dv-osbrick-836062-12-smb devstack@keystone.service[80208]: DEBUG dbcounter [-] [80208] Writing DB stats keystone:SELECT=100 {{(pid=80208) stat_writer /usr/local/lib/python3.8/dist-packages/dbcounter.py:114}}
Jul 26 15:15:00.749556 dv-osbrick-836062-12-smb devstack@keystone.service[80209]: DEBUG dbcounter [-] [80209] Writing DB stats keystone:SELECT=100 {{(pid=80209) stat_writer /usr/local/lib/python3.8/dist-packages/dbcounter.py:114}}
Jul 26 15:15:00.844065 dv-osbrick-836062-12-smb devstack@keystone.service[80208]: DEBUG keystone.server.flask.request_processing.middleware.auth_context [None req-1e84467d-7249-4994-8c3b-894fe3bd9178 None admin] Validating token access rules against request {{(pid=80208) validate_allowed_request /usr/local/lib/python3.8/dist-packages/keystonemiddleware/auth_token/__init__.py:545}}
Jul 26 15:15:00.853823 dv-osbrick-836062-12-smb devstack@keystone.service[80209]: DEBUG keystone.server.flask.request_processing.middleware.auth_context [None req-894fa657-0570-4a71-9c38-45e44c8b5898 None None] Validating token access rules against request {{(pid=80209) validate_allowed_request /usr/local/lib/python3.8/dist-packages/keystonemiddleware/auth_token/__init__.py:545}}
Jul 26 15:15:00.891089 dv-osbrick-836062-12-smb devstack@keystone.service[80209]: DEBUG keystone.server.flask.request_processing.middleware.auth_context [None req-056297ef-c7fc-402d-ad54-49bfe2310f81 None admin] RBAC: auth_context: {'token': , 'domain_id': None, 'trust_id': None, 'trustor_id': None, 'trustee_id': None, 'domain_name': None, 'group_ids': [], 'user_id': 'c4dd5363f4eb47d5b46f881a10b9593c', 'user_domain_id': 'default', 'system_scope': 'all', 'project_id': None, 'project_domain_id': None, 'roles': ['admin', 'member', 'reader'], 'is_admin_project': True, 'service_user_id': None, 'service_user_domain_id': None, 'service_project_id': None, 'service_project_domain_id': None, 'service_roles': []} {{(pid=80209) fill_context /opt/stack/keystone/keystone/server/flask/request_processing/middleware/auth_context.py:478}}
Jul 26 15:15:00.891738 dv-osbrick-836062-12-smb devstack@keystone.service[80209]: DEBUG keystone.server.flask.request_processing.req_logging [None req-056297ef-c7fc-402d-ad54-49bfe2310f81 None admin] REQUEST_METHOD: `GET` {{(pid=80209) log_request_info /opt/stack/keystone/keystone/server/flask/request_processing/req_logging.py:27}}
Jul 26 15:15:00.891874 dv-osbrick-836062-12-smb devstack@keystone.service[80208]: DEBUG keystone.server.flask.request_processing.middleware.auth_context [None req-2f0270ca-c51a-4f5e-b787-ccb9c82ea85d None admin] RBAC: auth_context: {'token': , 'domain_id': None, 'trust_id': None, 'trustor_id': None, 'trustee_id': None, 'domain_name': None, 'group_ids': [], 'user_id': 'c4dd5363f4eb47d5b46f881a10b9593c', 'user_domain_id': 'default', 'system_scope': 'all', 'project_id': None, 'project_domain_id': None, 'roles': ['admin', 'member', 'reader'], 'is_admin_project': True, 'service_user_id': None, 'service_user_domain_id': None, 'service_project_id': None, 'service_project_domain_id': None, 'service_roles': []} {{(pid=80208) fill_context /opt/stack/keystone/keystone/server/flask/request_processing/middleware/auth_context.py:478}}
Jul 26 15:15:00.892069 dv-osbrick-836062-12-smb devstack@keystone.service[80209]: DEBUG keystone.server.flask.request_processing.req_logging [None req-056297ef-c7fc-402d-ad54-49bfe2310f81 None admin] SCRIPT_NAME: `/identity` {{(pid=80209) log_request_info /opt/stack/keystone/keystone/server/flask/request_processing/req_logging.py:28}}
Jul 26 15:15:00.892278 dv-osbrick-836062-12-smb devstack@keystone.service[80209]: DEBUG keystone.server.flask.request_processing.req_logging [None req-056297ef-c7fc-402d-ad54-49bfe2310f81 None admin] PATH_INFO: `/v3/projects/3eda2ce225434b67b48d9b987707b172` {{(pid=80209) log_request_info /opt/stack/keystone/keystone/server/flask/request_processing/req_logging.py:29}}
Jul 26 15:15:00.893092 dv-osbrick-836062-12-smb devstack@keystone.service[80208]: DEBUG keystone.server.flask.request_processing.req_logging [None req-2f0270ca-c51a-4f5e-b787-ccb9c82ea85d None admin] REQUEST_METHOD: `GET` {{(pid=80208) log_request_info /opt/stack/keystone/keystone/server/flask/request_processing/req_logging.py:27}}
Jul 26 15:15:00.893436 dv-osbrick-836062-12-smb devstack@keystone.service[80209]: DEBUG keystone.common.rbac_enforcer.enforcer [None req-056297ef-c7fc-402d-ad54-49bfe2310f81 None admin] RBAC: Authorizing `identity:get_project(project_id=3eda2ce225434b67b48d9b987707b172)` {{(pid=80209) enforce_call /opt/stack/keystone/keystone/common/rbac_enforcer/enforcer.py:449}}
Jul 26 15:15:00.893806 dv-osbrick-836062-12-smb devstack@keystone.service[80208]: DEBUG keystone.server.flask.request_processing.req_logging [None req-2f0270ca-c51a-4f5e-b787-ccb9c82ea85d None admin] SCRIPT_NAME: `/identity` {{(pid=80208) log_request_info /opt/stack/keystone/keystone/server/flask/request_processing/req_logging.py:28}}
Jul 26 15:15:00.894269 dv-osbrick-836062-12-smb devstack@keystone.service[80208]: DEBUG keystone.server.flask.request_processing.req_logging [None req-2f0270ca-c51a-4f5e-b787-ccb9c82ea85d None admin] PATH_INFO: `/v3/role_assignments` {{(pid=80208) log_request_info /opt/stack/keystone/keystone/server/flask/request_processing/req_logging.py:29}}
Jul 26 15:15:00.894964 dv-osbrick-836062-12-smb devstack@keystone.service[80209]: DEBUG keystone.common.rbac_enforcer.enforcer [None req-056297ef-c7fc-402d-ad54-49bfe2310f81 None admin] RBAC: Authorization granted {{(pid=80209) enforce_call /opt/stack/keystone/keystone/common/rbac_enforcer/enforcer.py:457}}
Jul 26 15:15:00.895503 dv-osbrick-836062-12-smb devstack@keystone.service[80208]: DEBUG keystone.common.rbac_enforcer.enforcer [None req-2f0270ca-c51a-4f5e-b787-ccb9c82ea85d None admin] RBAC: Adding query filter params (role.id=c82bbf99cebb4b848543cd59d5535d83, user.id=41ccd04447404057931809d216e28749, scope.system=all) {{(pid=80208) _extract_filter_values /opt/stack/keystone/keystone/common/rbac_enforcer/enforcer.py:167}}
Jul 26 15:15:00.896033 dv-osbrick-836062-12-smb devstack@keystone.service[80208]: DEBUG keystone.common.rbac_enforcer.enforcer [None req-2f0270ca-c51a-4f5e-b787-ccb9c82ea85d None admin] RBAC: Authorizing `identity:list_role_assignments()` {{(pid=80208) enforce_call /opt/stack/keystone/keystone/common/rbac_enforcer/enforcer.py:449}}
Jul 26 15:15:00.900711 dv-osbrick-836062-12-smb devstack@keystone.service[80209]: [pid: 80209|app: 0|req: 192/376] 10.222.0.124 () {56 vars in 1191 bytes} [Tue Jul 26 15:15:00 2022] GET /identity/v3/projects/3eda2ce225434b67b48d9b987707b172 => generated 345 bytes in 165 msecs (HTTP/1.1 200) 5 headers in 177 bytes (1 switches on core 0)
Jul 26 15:15:00.900711 dv-osbrick-836062-12-smb devstack@keystone.service[80209]: DEBUG keystone.server.flask.request_processing.middleware.auth_context [None req-056297ef-c7fc-402d-ad54-49bfe2310f81 None admin] Authenticating user token {{(pid=80209) process_request /usr/local/lib/python3.8/dist-packages/keystonemiddleware/auth_token/__init__.py:407}}
Jul 26 15:15:00.903366 dv-osbrick-836062-12-smb devstack@keystone.service[80208]: DEBUG keystone.common.rbac_enforcer.enforcer [None req-2f0270ca-c51a-4f5e-b787-ccb9c82ea85d None admin] RBAC: Authorization granted {{(pid=80208) enforce_call /opt/stack/keystone/keystone/common/rbac_enforcer/enforcer.py:457}}
Jul 26 15:15:00.917633 dv-osbrick-836062-12-smb devstack@keystone.service[80208]: [pid: 80208|app: 0|req: 185/377] 10.222.0.124 () {56 vars in 1313 bytes} [Tue Jul 26 15:15:00 2022] GET /identity/v3/role_assignments?user.id=41ccd04447404057931809d216e28749&scope.system=all&role.id=c82bbf99cebb4b848543cd59d5535d83 => generated 512 bytes in 228 msecs (HTTP/1.1 200) 5 headers in 177 bytes (1 switches on core 0)
Jul 26 15:15:00.919656 dv-osbrick-836062-12-smb devstack@keystone.service[80208]: DEBUG keystone.server.flask.request_processing.req_logging [None req-6bde17e1-f933-42f7-8b9c-3097c8ae73f2 None None] REQUEST_METHOD: `POST` {{(pid=80208) log_request_info /opt/stack/keystone/keystone/server/flask/request_processing/req_logging.py:27}}
