Jul 26 15:24:52.536474 dv-osbrick-836062-12-ceph devstack@keystone.service[87363]: DEBUG keystone.server.flask.request_processing.req_logging [None req-cea230b6-5373-4802-ac62-b53459f9b39e None admin] SCRIPT_NAME: `/identity` {{(pid=87363) log_request_info /opt/stack/keystone/keystone/server/flask/request_processing/req_logging.py:28}}
Jul 26 15:24:52.536740 dv-osbrick-836062-12-ceph devstack@keystone.service[87363]: DEBUG keystone.server.flask.request_processing.req_logging [None req-cea230b6-5373-4802-ac62-b53459f9b39e None admin] PATH_INFO: `/v3/roles` {{(pid=87363) log_request_info /opt/stack/keystone/keystone/server/flask/request_processing/req_logging.py:29}}
Jul 26 15:24:52.537748 dv-osbrick-836062-12-ceph devstack@keystone.service[87363]: DEBUG keystone.common.rbac_enforcer.enforcer [None req-cea230b6-5373-4802-ac62-b53459f9b39e None admin] RBAC: Adding query filter params (name=anotherrole) {{(pid=87363) _extract_filter_values /opt/stack/keystone/keystone/common/rbac_enforcer/enforcer.py:167}}
Jul 26 15:24:52.538064 dv-osbrick-836062-12-ceph devstack@keystone.service[87363]: DEBUG keystone.common.rbac_enforcer.enforcer [None req-cea230b6-5373-4802-ac62-b53459f9b39e None admin] RBAC: Authorizing `identity:list_roles()` {{(pid=87363) enforce_call /opt/stack/keystone/keystone/common/rbac_enforcer/enforcer.py:449}}
Jul 26 15:24:52.539858 dv-osbrick-836062-12-ceph devstack@keystone.service[87363]: DEBUG keystone.common.rbac_enforcer.enforcer [None req-cea230b6-5373-4802-ac62-b53459f9b39e None admin] RBAC: Authorization granted {{(pid=87363) enforce_call /opt/stack/keystone/keystone/common/rbac_enforcer/enforcer.py:457}}
Jul 26 15:24:52.561429 dv-osbrick-836062-12-ceph devstack@keystone.service[87363]: [pid: 87363|app: 0|req: 117/223] 10.222.0.18 () {56 vars in 1111 bytes} [Tue Jul 26 15:24:52 2022] GET /identity/v3/roles?name=anotherrole => generated 334 bytes in 209 msecs (HTTP/1.1 200) 5 headers in 177 bytes (1 switches on core 0)
Jul 26 15:24:52.567825 dv-osbrick-836062-12-ceph devstack@keystone.service[87363]: DEBUG keystone.server.flask.request_processing.middleware.auth_context [None req-cea230b6-5373-4802-ac62-b53459f9b39e None admin] Authenticating user token {{(pid=87363) process_request /usr/local/lib/python3.8/dist-packages/keystonemiddleware/auth_token/__init__.py:407}}
Jul 26 15:24:52.630905 dv-osbrick-836062-12-ceph devstack@keystone.service[87362]: DEBUG keystone.server.flask.request_processing.middleware.auth_context [None req-fa2df9bd-9e90-435f-87e5-098ff33a6eb3 None admin] Validating token access rules against request {{(pid=87362) validate_allowed_request /usr/local/lib/python3.8/dist-packages/keystonemiddleware/auth_token/__init__.py:545}}
Jul 26 15:24:52.698286 dv-osbrick-836062-12-ceph devstack@keystone.service[87363]: DEBUG keystone.server.flask.request_processing.middleware.auth_context [None req-cea230b6-5373-4802-ac62-b53459f9b39e None admin] Validating token access rules against request {{(pid=87363) validate_allowed_request /usr/local/lib/python3.8/dist-packages/keystonemiddleware/auth_token/__init__.py:545}}
Jul 26 15:24:52.715121 dv-osbrick-836062-12-ceph devstack@keystone.service[87362]: DEBUG keystone.server.flask.request_processing.middleware.auth_context [None req-6d01e66e-85e9-4ec4-b317-ded3ff708f32 None admin] RBAC: auth_context: {'token': , 'domain_id': None, 'trust_id': None, 'trustor_id': None, 'trustee_id': None, 'domain_name': None, 'group_ids': [], 'user_id': '18673fd27512449ab07302f33ac3c310', 'user_domain_id': 'default', 'system_scope': 'all', 'project_id': None, 'project_domain_id': None, 'roles': ['admin', 'member', 'reader'], 'is_admin_project': True, 'service_user_id': None, 'service_user_domain_id': None, 'service_project_id': None, 'service_project_domain_id': None, 'service_roles': []} {{(pid=87362) fill_context /opt/stack/keystone/keystone/server/flask/request_processing/middleware/auth_context.py:478}}
Jul 26 15:24:52.716186 dv-osbrick-836062-12-ceph devstack@keystone.service[87362]: DEBUG keystone.server.flask.request_processing.req_logging [None req-6d01e66e-85e9-4ec4-b317-ded3ff708f32 None admin] REQUEST_METHOD: `GET` {{(pid=87362) log_request_info /opt/stack/keystone/keystone/server/flask/request_processing/req_logging.py:27}}
Jul 26 15:24:52.716713 dv-osbrick-836062-12-ceph devstack@keystone.service[87362]: DEBUG keystone.server.flask.request_processing.req_logging [None req-6d01e66e-85e9-4ec4-b317-ded3ff708f32 None admin] SCRIPT_NAME: `/identity` {{(pid=87362) log_request_info /opt/stack/keystone/keystone/server/flask/request_processing/req_logging.py:28}}
Jul 26 15:24:52.717179 dv-osbrick-836062-12-ceph devstack@keystone.service[87362]: DEBUG keystone.server.flask.request_processing.req_logging [None req-6d01e66e-85e9-4ec4-b317-ded3ff708f32 None admin] PATH_INFO: `/v3/role_assignments` {{(pid=87362) log_request_info /opt/stack/keystone/keystone/server/flask/request_processing/req_logging.py:29}}
Jul 26 15:24:52.719393 dv-osbrick-836062-12-ceph devstack@keystone.service[87362]: DEBUG keystone.common.rbac_enforcer.enforcer [None req-6d01e66e-85e9-4ec4-b317-ded3ff708f32 None admin] RBAC: Adding query filter params (role.id=fd8f80bccab248edbb1d09ec187a8113, scope.project.id=24c3fa325d8a41dc8ac86599b7fb5180, user.id=9e0e095c863d436fa8ff95625f8a10f2) {{(pid=87362) _extract_filter_values /opt/stack/keystone/keystone/common/rbac_enforcer/enforcer.py:167}}
Jul 26 15:24:52.719938 dv-osbrick-836062-12-ceph devstack@keystone.service[87362]: DEBUG keystone.common.rbac_enforcer.enforcer [None req-6d01e66e-85e9-4ec4-b317-ded3ff708f32 None admin] RBAC: Authorizing `identity:list_role_assignments()` {{(pid=87362) enforce_call /opt/stack/keystone/keystone/common/rbac_enforcer/enforcer.py:449}}
Jul 26 15:24:52.722701 dv-osbrick-836062-12-ceph devstack@keystone.service[87362]: DEBUG keystone.common.rbac_enforcer.enforcer [None req-6d01e66e-85e9-4ec4-b317-ded3ff708f32 None admin] RBAC: Authorization granted {{(pid=87362) enforce_call /opt/stack/keystone/keystone/common/rbac_enforcer/enforcer.py:457}}
Jul 26 15:24:52.734541 dv-osbrick-836062-12-ceph devstack@keystone.service[87362]: [pid: 87362|app: 0|req: 107/224] 10.222.0.18 () {56 vars in 1374 bytes} [Tue Jul 26 15:24:52 2022] GET /identity/v3/role_assignments?user.id=9e0e095c863d436fa8ff95625f8a10f2&scope.project.id=24c3fa325d8a41dc8ac86599b7fb5180&role.id=fd8f80bccab248edbb1d09ec187a8113 => generated 259 bytes in 437 msecs (HTTP/1.1 200) 5 headers in 177 bytes (2 switches on core 0)
Jul 26 15:24:52.736674 dv-osbrick-836062-12-ceph devstack@keystone.service[87362]: DEBUG keystone.server.flask.request_processing.req_logging [None req-e2cbd479-cebb-42ab-a5b7-004b18760776 None None] REQUEST_METHOD: `GET` {{(pid=87362) log_request_info /opt/stack/keystone/keystone/server/flask/request_processing/req_logging.py:27}}
Jul 26 15:24:52.737216 dv-osbrick-836062-12-ceph devstack@keystone.service[87362]: DEBUG keystone.server.flask.request_processing.req_logging [None req-e2cbd479-cebb-42ab-a5b7-004b18760776 None None] SCRIPT_NAME: `/identity` {{(pid=87362) log_request_info /opt/stack/keystone/keystone/server/flask/request_processing/req_logging.py:28}}
Jul 26 15:24:52.737689 dv-osbrick-836062-12-ceph devstack@keystone.service[87362]: DEBUG keystone.server.flask.request_processing.req_logging [None req-e2cbd479-cebb-42ab-a5b7-004b18760776 None None] PATH_INFO: `/` {{(pid=87362) log_request_info /opt/stack/keystone/keystone/server/flask/request_processing/req_logging.py:29}}
Jul 26 15:24:52.740318 dv-osbrick-836062-12-ceph devstack@keystone.service[87362]: [pid: 87362|app: 0|req: 108/225] 10.222.0.18 () {54 vars in 926 bytes} [Tue Jul 26 15:24:52 2022] GET /identity => generated 270 bytes in 5 msecs (HTTP/1.1 300) 6 headers in 234 bytes (1 switches on core 0)
Jul 26 15:24:52.749565 dv-osbrick-836062-12-ceph devstack@keystone.service[87363]: DEBUG keystone.server.flask.request_processing.middleware.auth_context [None req-649f224b-0b60-421c-a153-b3afc6793c80 None admin] RBAC: auth_context: {'token': , 'domain_id': None, 'trust_id': None, 'trustor_id': None, 'trustee_id': None, 'domain_name': None, 'group_ids': [], 'user_id': '18673fd27512449ab07302f33ac3c310', 'user_domain_id': 'default', 'system_scope': 'all', 'project_id': None, 'project_domain_id': None, 'roles': ['admin', 'member', 'reader'], 'is_admin_project': True, 'service_user_id': None, 'service_user_domain_id': None, 'service_project_id': None, 'service_project_domain_id': None, 'service_roles': []} {{(pid=87363) fill_context /opt/stack/keystone/keystone/server/flask/request_processing/middleware/auth_context.py:478}}
Jul 26 15:24:52.750024 dv-osbrick-836062-12-ceph devstack@keystone.service[87362]: DEBUG keystone.server.flask.request_processing.req_logging [None req-6e00729e-df9c-48bc-aca7-0ad55de352de None None] REQUEST_METHOD: `POST` {{(pid=87362) log_request_info /opt/stack/keystone/keystone/server/flask/request_processing/req_logging.py:27}}
Jul 26 15:24:52.750297 dv-osbrick-836062-12-ceph devstack@keystone.service[87363]: DEBUG keystone.server.flask.request_processing.req_logging [None req-649f224b-0b60-421c-a153-b3afc6793c80 None admin] REQUEST_METHOD: `GET` {{(pid=87363) log_request_info /opt/stack/keystone/keystone/server/flask/request_processing/req_logging.py:27}}
Jul 26 15:24:52.750447 dv-osbrick-836062-12-ceph devstack@keystone.service[87362]: DEBUG keystone.server.flask.request_processing.req_logging [None req-6e00729e-df9c-48bc-aca7-0ad55de352de None None] SCRIPT_NAME: `/identity` {{(pid=87362) log_request_info /opt/stack/keystone/keystone/server/flask/request_processing/req_logging.py:28}}
Jul 26 15:24:52.750578 dv-osbrick-836062-12-ceph devstack@keystone.service[87363]: DEBUG keystone.server.flask.request_processing.req_logging [None req-649f224b-0b60-421c-a153-b3afc6793c80 None admin] SCRIPT_NAME: `/identity` {{(pid=87363) log_request_info /opt/stack/keystone/keystone/server/flask/request_processing/req_logging.py:28}}
Jul 26 15:24:52.750858 dv-osbrick-836062-12-ceph devstack@keystone.service[87363]: DEBUG keystone.server.flask.request_processing.req_logging [None req-649f224b-0b60-421c-a153-b3afc6793c80 None admin] PATH_INFO: `/v3/users/13bac95ef0094f938a977f6819031f7e` {{(pid=87363) log_request_info /opt/stack/keystone/keystone/server/flask/request_processing/req_logging.py:29}}
Jul 26 15:24:52.751102 dv-osbrick-836062-12-ceph devstack@keystone.service[87362]: DEBUG keystone.server.flask.request_processing.req_logging [None req-6e00729e-df9c-48bc-aca7-0ad55de352de None None] PATH_INFO: `/v3/auth/tokens` {{(pid=87362) log_request_info /opt/stack/keystone/keystone/server/flask/request_processing/req_logging.py:29}}
Jul 26 15:24:52.756107 dv-osbrick-836062-12-ceph devstack@keystone.service[87363]: DEBUG keystone.common.rbac_enforcer.enforcer [None req-649f224b-0b60-421c-a153-b3afc6793c80 None admin] RBAC: Authorizing `identity:get_user(user_id=13bac95ef0094f938a977f6819031f7e)` {{(pid=87363) enforce_call /opt/stack/keystone/keystone/common/rbac_enforcer/enforcer.py:449}}
Jul 26 15:24:52.757657 dv-osbrick-836062-12-ceph devstack@keystone.service[87363]: DEBUG keystone.common.rbac_enforcer.enforcer [None req-649f224b-0b60-421c-a153-b3afc6793c80 None admin] RBAC: Authorization granted {{(pid=87363) enforce_call /opt/stack/keystone/keystone/common/rbac_enforcer/enforcer.py:457}}
Jul 26 15:24:52.759802 dv-osbrick-836062-12-ceph devstack@keystone.service[87363]: [pid: 87363|app: 0|req: 118/226] 10.222.0.18 () {56 vars in 1177 bytes} [Tue Jul 26 15:24:52 2022] GET /identity/v3/users/13bac95ef0094f938a977f6819031f7e => generated 283 bytes in 193 msecs (HTTP/1.1 200) 5 headers in 177 bytes (1 switches on core 0)
Jul 26 15:24:52.766036 dv-osbrick-836062-12-ceph devstack@keystone.service[87363]: DEBUG keystone.server.flask.request_processing.middleware.auth_context [None req-649f224b-0b60-421c-a153-b3afc6793c80 None admin] Authenticating user token {{(pid=87363) process_request /usr/local/lib/python3.8/dist-packages/keystonemiddleware/auth_token/__init__.py:407}}
Jul 26 15:24:52.782648 dv-osbrick-836062-12-ceph devstack@keystone.service[87362]: DEBUG keystone.auth.core [None req-6e00729e-df9c-48bc-aca7-0ad55de352de None None] MFA Rules not processed for user `18673fd27512449ab07302f33ac3c310`. Rule list: `[]` (Enabled: `True`). {{(pid=87362) check_auth_methods_against_rules /opt/stack/keystone/keystone/auth/core.py:438}}
Jul 26 15:24:52.784848 dv-osbrick-836062-12-ceph devstack@keystone.service[87362]: DEBUG keystone.common.fernet_utils [None req-6e00729e-df9c-48bc-aca7-0ad55de352de None None] Loaded 2 Fernet keys from /etc/keystone/fernet-keys/, but `[fernet_tokens] max_active_keys = 3`; perhaps there have not been enough key rotations to reach `max_active_keys` yet? {{(pid=87362) load_keys /opt/stack/keystone/keystone/common/fernet_utils.py:286}}
Jul 26 15:24:52.901403 dv-osbrick-836062-12-ceph devstack@keystone.service[87363]: DEBUG dbcounter [-] [87363] Writing DB stats keystone:SELECT=100 {{(pid=87363) stat_writer /usr/local/lib/python3.8/dist-packages/dbcounter.py:114}}
Jul 26 15:24:52.933769 dv-osbrick-836062-12-ceph devstack@keystone.service[87362]: [pid: 87362|app: 0|req: 109/227] 10.222.0.18 () {58 vars in 1023 bytes} [Tue Jul 26 15:24:52 2022] POST /identity/v3/auth/tokens => generated 799 bytes in 186 msecs (HTTP/1.1 201) 6 headers in 363 bytes (2 switches on core 0)
Jul 26 15:24:52.977702 dv-osbrick-836062-12-ceph devstack@keystone.service[87362]: DEBUG keystone.server.flask.request_processing.middleware.auth_context [None req-6e00729e-df9c-48bc-aca7-0ad55de352de None None] Authenticating user token {{(pid=87362) process_request /usr/local/lib/python3.8/dist-packages/keystonemiddleware/auth_token/__init__.py:407}}
Jul 26 15:24:53.017072 dv-osbrick-836062-12-ceph devstack@keystone.service[87362]: DEBUG dbcounter [-] [87362] Writing DB stats keystone:SELECT=100 {{(pid=87362) stat_writer /usr/local/lib/python3.8/dist-packages/dbcounter.py:114}}
Jul 26 15:24:53.076157 dv-osbrick-836062-12-ceph devstack@keystone.service[87363]: DEBUG keystone.server.flask.request_processing.middleware.auth_context [None req-649f224b-0b60-421c-a153-b3afc6793c80 None admin] Validating token access rules against request {{(pid=87363) validate_allowed_request /usr/local/lib/python3.8/dist-packages/keystonemiddleware/auth_token/__init__.py:545}}
Jul 26 15:24:53.173121 dv-osbrick-836062-12-ceph devstack@keystone.service[87362]: DEBUG keystone.server.flask.request_processing.middleware.auth_context [None req-6e00729e-df9c-48bc-aca7-0ad55de352de None None] Validating token access rules against request {{(pid=87362) validate_allowed_request /usr/local/lib/python3.8/dist-packages/keystonemiddleware/auth_token/__init__.py:545}}
Jul 26 15:24:53.221308 dv-osbrick-836062-12-ceph devstack@keystone.service[87363]: DEBUG keystone.server.flask.request_processing.middleware.auth_context [None req-680da6aa-2418-48c0-a66d-0180e893672c None admin] RBAC: auth_context: {'token': , 'domain_id': None, 'trust_id': None, 'trustor_id': None, 'trustee_id': None, 'domain_name': None, 'group_ids': [], 'user_id': '18673fd27512449ab07302f33ac3c310', 'user_domain_id': 'default', 'system_scope': 'all', 'project_id': None, 'project_domain_id': None, 'roles': ['admin', 'member', 'reader'], 'is_admin_project': True, 'service_user_id': None, 'service_user_domain_id': None, 'service_project_id': None, 'service_project_domain_id': None, 'service_roles': []} {{(pid=87363) fill_context /opt/stack/keystone/keystone/server/flask/request_processing/middleware/auth_context.py:478}}
Jul 26 15:24:53.222421 dv-osbrick-836062-12-ceph devstack@keystone.service[87363]: DEBUG keystone.server.flask.request_processing.req_logging [None req-680da6aa-2418-48c0-a66d-0180e893672c None admin] REQUEST_METHOD: `GET` {{(pid=87363) log_request_info /opt/stack/keystone/keystone/server/flask/request_processing/req_logging.py:27}}
Jul 26 15:24:53.222929 dv-osbrick-836062-12-ceph devstack@keystone.service[87363]: DEBUG keystone.server.flask.request_processing.req_logging [None req-680da6aa-2418-48c0-a66d-0180e893672c None admin] SCRIPT_NAME: `/identity` {{(pid=87363) log_request_info /opt/stack/keystone/keystone/server/flask/request_processing/req_logging.py:28}}
Jul 26 15:24:53.223458 dv-osbrick-836062-12-ceph devstack@keystone.service[87363]: DEBUG keystone.server.flask.request_processing.req_logging [None req-680da6aa-2418-48c0-a66d-0180e893672c None admin] PATH_INFO: `/v3/projects/24c3fa325d8a41dc8ac86599b7fb5180` {{(pid=87363) log_request_info /opt/stack/keystone/keystone/server/flask/request_processing/req_logging.py:29}}
Jul 26 15:24:53.225526 dv-osbrick-836062-12-ceph devstack@keystone.service[87363]: DEBUG keystone.common.rbac_enforcer.enforcer [None req-680da6aa-2418-48c0-a66d-0180e893672c None admin] RBAC: Authorizing `identity:get_project(project_id=24c3fa325d8a41dc8ac86599b7fb5180)` {{(pid=87363) enforce_call /opt/stack/keystone/keystone/common/rbac_enforcer/enforcer.py:449}}
Jul 26 15:24:53.236557 dv-osbrick-836062-12-ceph devstack@keystone.service[87363]: DEBUG keystone.common.rbac_enforcer.enforcer [None req-680da6aa-2418-48c0-a66d-0180e893672c None admin] RBAC: Authorization granted {{(pid=87363) enforce_call /opt/stack/keystone/keystone/common/rbac_enforcer/enforcer.py:457}}
Jul 26 15:24:53.237863 dv-osbrick-836062-12-ceph devstack@keystone.service[87362]: DEBUG keystone.server.flask.request_processing.middleware.auth_context [None req-ed5888ae-cae6-4167-bad0-1678d5d49f02 None admin] RBAC: auth_context: {'token': , 'domain_id': None, 'trust_id': None, 'trustor_id': None, 'trustee_id': None, 'domain_name': None, 'group_ids': [], 'user_id': '18673fd27512449ab07302f33ac3c310', 'user_domain_id': 'default', 'system_scope': 'all', 'project_id': None, 'project_domain_id': None, 'roles': ['admin', 'member', 'reader'], 'is_admin_project': True, 'service_user_id': None, 'service_user_domain_id': None, 'service_project_id': None, 'service_project_domain_id': None, 'service_roles': []} {{(pid=87362) fill_context /opt/stack/keystone/keystone/server/flask/request_processing/middleware/auth_context.py:478}}
Jul 26 15:24:53.238953 dv-osbrick-836062-12-ceph devstack@keystone.service[87362]: DEBUG keystone.server.flask.request_processing.req_logging [None req-ed5888ae-cae6-4167-bad0-1678d5d49f02 None admin] REQUEST_METHOD: `GET` {{(pid=87362) log_request_info /opt/stack/keystone/keystone/server/flask/request_processing/req_logging.py:27}}
Jul 26 15:24:53.239483 dv-osbrick-836062-12-ceph devstack@keystone.service[87362]: DEBUG keystone.server.flask.request_processing.req_logging [None req-ed5888ae-cae6-4167-bad0-1678d5d49f02 None admin] SCRIPT_NAME: `/identity` {{(pid=87362) log_request_info /opt/stack/keystone/keystone/server/flask/request_processing/req_logging.py:28}}
Jul 26 15:24:53.239963 dv-osbrick-836062-12-ceph devstack@keystone.service[87362]: DEBUG keystone.server.flask.request_processing.req_logging [None req-ed5888ae-cae6-4167-bad0-1678d5d49f02 None admin] PATH_INFO: `/v3/roles/admin` {{(pid=87362) log_request_info /opt/stack/keystone/keystone/server/flask/request_processing/req_logging.py:29}}
Jul 26 15:24:53.241130 dv-osbrick-836062-12-ceph devstack@keystone.service[87363]: [pid: 87363|app: 0|req: 119/228] 10.222.0.18 () {56 vars in 1186 bytes} [Tue Jul 26 15:24:52 2022] GET /identity/v3/projects/24c3fa325d8a41dc8ac86599b7fb5180 => generated 302 bytes in 475 msecs (HTTP/1.1 200) 5 headers in 177 bytes (2 switches on core 0)
Jul 26 15:24:53.247083 dv-osbrick-836062-12-ceph devstack@keystone.service[87363]: DEBUG keystone.server.flask.request_processing.middleware.auth_context [None req-680da6aa-2418-48c0-a66d-0180e893672c None admin] Authenticating user token {{(pid=87363) process_request /usr/local/lib/python3.8/dist-packages/keystonemiddleware/auth_token/__init__.py:407}}
Jul 26 15:24:53.262834 dv-osbrick-836062-12-ceph devstack@keystone.service[87362]: DEBUG keystone.common.rbac_enforcer.enforcer [None req-ed5888ae-cae6-4167-bad0-1678d5d49f02 None admin] Extracting inferred target data resulted in "NOT FOUND (404)". {{(pid=87362) enforce_call /opt/stack/keystone/keystone/common/rbac_enforcer/enforcer.py:409}}
Jul 26 15:24:53.276663 dv-osbrick-836062-12-ceph devstack@keystone.service[87362]: ERROR keystone.server.flask.application [None req-ed5888ae-cae6-4167-bad0-1678d5d49f02 None admin] Could not find role: admin.: keystone.exception.RoleNotFound: Could not find role: admin.
Jul 26 15:24:53.276663 dv-osbrick-836062-12-ceph devstack@keystone.service[87362]: ERROR keystone.server.flask.application
Traceback (most recent call last):
Jul 26 15:24:53.276663 dv-osbrick-836062-12-ceph devstack@keystone.service[87362]: ERROR keystone.server.flask.application
File "/usr/local/lib/python3.8/dist-packages/flask/app.py", line 1517, in full_dispatch_request
Jul 26 15:24:53.276663 dv-osbrick-836062-12-ceph devstack@keystone.service[87362]: ERROR keystone.server.flask.application rv = self.dispatch_request()
Jul 26 15:24:53.276663 dv-osbrick-836062-12-ceph devstack@keystone.service[87362]: ERROR keystone.server.flask.application
File "/usr/local/lib/python3.8/dist-packages/flask/app.py", line 1503, in dispatch_request
Jul 26 15:24:53.276663 dv-osbrick-836062-12-ceph devstack@keystone.service[87362]: ERROR keystone.server.flask.application return self.ensure_sync(self.view_functions[rule.endpoint])(**req.view_args)
Jul 26 15:24:53.276663 dv-osbrick-836062-12-ceph devstack@keystone.service[87362]: ERROR keystone.server.flask.application
File "/usr/local/lib/python3.8/dist-packages/flask_restful/__init__.py", line 467, in wrapper
Jul 26 15:24:53.276663 dv-osbrick-836062-12-ceph devstack@keystone.service[87362]: ERROR keystone.server.flask.application resp = resource(*args, **kwargs)
Jul 26 15:24:53.276663 dv-osbrick-836062-12-ceph devstack@keystone.service[87362]: ERROR keystone.server.flask.application
File "/usr/local/lib/python3.8/dist-packages/flask/views.py", line 84, in view
Jul 26 15:24:53.276663 dv-osbrick-836062-12-ceph devstack@keystone.service[87362]: ERROR keystone.server.flask.application return current_app.ensure_sync(self.dispatch_request)(*args, **kwargs)
Jul 26 15:24:53.276663 dv-osbrick-836062-12-ceph devstack@keystone.service[87362]: ERROR keystone.server.flask.application
File "/usr/local/lib/python3.8/dist-packages/flask_restful/__init__.py", line 582, in dispatch_request
Jul 26 15:24:53.276663 dv-osbrick-836062-12-ceph devstack@keystone.service[87362]: ERROR keystone.server.flask.application resp = meth(*args, **kwargs)
Jul 26 15:24:53.276663 dv-osbrick-836062-12-ceph devstack@keystone.service[87362]: ERROR keystone.server.flask.application
File "/opt/stack/keystone/keystone/api/roles.py", line 50, in get
Jul 26 15:24:53.276663 dv-osbrick-836062-12-ceph devstack@keystone.service[87362]: ERROR keystone.server.flask.application return self._get_role(role_id)
Jul 26 15:24:53.276663 dv-osbrick-836062-12-ceph devstack@keystone.service[87362]: ERROR keystone.server.flask.application
File "/opt/stack/keystone/keystone/api/roles.py", line 70, in _get_role
Jul 26 15:24:53.276663 dv-osbrick-836062-12-ceph devstack@keystone.service[87362]: ERROR keystone.server.flask.application ENFORCER.enforce_call(action='identity:get_role')
Jul 26 15:24:53.277806 dv-osbrick-836062-12-ceph devstack@keystone.service[87362]: ERROR keystone.server.flask.application
File "/opt/stack/keystone/keystone/common/rbac_enforcer/enforcer.py", line 402, in enforce_call
Jul 26 15:24:53.277806 dv-osbrick-836062-12-ceph devstack@keystone.service[87362]: ERROR keystone.server.flask.application policy_dict.update(cls._extract_member_target_data(
Jul 26 15:24:53.277806 dv-osbrick-836062-12-ceph devstack@keystone.service[87362]: ERROR keystone.server.flask.application
File "/opt/stack/keystone/keystone/common/rbac_enforcer/enforcer.py", line 234, in _extract_member_target_data
Jul 26 15:24:53.277806 dv-osbrick-836062-12-ceph devstack@keystone.service[87362]: ERROR keystone.server.flask.application member_name: func(flask.request.view_args[key])
Jul 26 15:24:53.277806 dv-osbrick-836062-12-ceph devstack@keystone.service[87362]: ERROR keystone.server.flask.application
File "/opt/stack/keystone/keystone/common/manager.py", line 115, in wrapped
Jul 26 15:24:53.277806 dv-osbrick-836062-12-ceph devstack@keystone.service[87362]: ERROR keystone.server.flask.application __ret_val = __f(*args, **kwargs)
Jul 26 15:24:53.277806 dv-osbrick-836062-12-ceph devstack@keystone.service[87362]: ERROR keystone.server.flask.application
File "/usr/local/lib/python3.8/dist-packages/decorator.py", line 232, in fun
Jul 26 15:24:53.277806 dv-osbrick-836062-12-ceph devstack@keystone.service[87362]: ERROR keystone.server.flask.application return caller(func, *(extras + args), **kw)
Jul 26 15:24:53.277806 dv-osbrick-836062-12-ceph devstack@keystone.service[87362]: ERROR keystone.server.flask.application
File "/usr/local/lib/python3.8/dist-packages/dogpile/cache/region.py", line 1577, in get_or_create_for_user_func
Jul 26 15:24:53.277806 dv-osbrick-836062-12-ceph devstack@keystone.service[87362]: ERROR keystone.server.flask.application return self.get_or_create(
Jul 26 15:24:53.277806 dv-osbrick-836062-12-ceph devstack@keystone.service[87362]: ERROR keystone.server.flask.application
File "/usr/local/lib/python3.8/dist-packages/dogpile/cache/region.py", line 1042, in get_or_create
Jul 26 15:24:53.277806 dv-osbrick-836062-12-ceph devstack@keystone.service[87362]: ERROR keystone.server.flask.application with Lock(
Jul 26 15:24:53.277806 dv-osbrick-836062-12-ceph devstack@keystone.service[87362]: ERROR keystone.server.flask.application
File "/usr/local/lib/python3.8/dist-packages/dogpile/lock.py", line 185, in __enter__
Jul 26 15:24:53.277806 dv-osbrick-836062-12-ceph devstack@keystone.service[87362]: ERROR keystone.server.flask.application return self._enter()
Jul 26 15:24:53.277806 dv-osbrick-836062-12-ceph devstack@keystone.service[87362]: ERROR keystone.server.flask.application
File "/usr/local/lib/python3.8/dist-packages/dogpile/lock.py", line 94, in _enter
Jul 26 15:24:53.277806 dv-osbrick-836062-12-ceph devstack@keystone.service[87362]: ERROR keystone.server.flask.application generated = self._enter_create(value, createdtime)
Jul 26 15:24:53.279596 dv-osbrick-836062-12-ceph devstack@keystone.service[87362]: ERROR keystone.server.flask.application
File "/usr/local/lib/python3.8/dist-packages/dogpile/lock.py", line 178, in _enter_create
Jul 26 15:24:53.279596 dv-osbrick-836062-12-ceph devstack@keystone.service[87362]: ERROR keystone.server.flask.application return self.creator()
Jul 26 15:24:53.279596 dv-osbrick-836062-12-ceph devstack@keystone.service[87362]: ERROR keystone.server.flask.application
File "/usr/local/lib/python3.8/dist-packages/dogpile/cache/region.py", line 995, in gen_value
Jul 26 15:24:53.279596 dv-osbrick-836062-12-ceph devstack@keystone.service[87362]: ERROR keystone.server.flask.application created_value = creator(
Jul 26 15:24:53.279596 dv-osbrick-836062-12-ceph devstack@keystone.service[87362]: ERROR keystone.server.flask.application
File "/opt/stack/keystone/keystone/assignment/core.py", line 1276, in get_role
Jul 26 15:24:53.279596 dv-osbrick-836062-12-ceph devstack@keystone.service[87362]: ERROR keystone.server.flask.application return self.driver.get_role(role_id)
Jul 26 15:24:53.279596 dv-osbrick-836062-12-ceph devstack@keystone.service[87362]: ERROR keystone.server.flask.application
File "/opt/stack/keystone/keystone/assignment/role_backends/sql.py", line 70, in get_role
Jul 26 15:24:53.279596 dv-osbrick-836062-12-ceph devstack@keystone.service[87362]: ERROR keystone.server.flask.application return self._get_role(session, role_id).to_dict()
Jul 26 15:24:53.279596 dv-osbrick-836062-12-ceph devstack@keystone.service[87362]: ERROR keystone.server.flask.application
File "/opt/stack/keystone/keystone/assignment/role_backends/sql.py", line 65, in _get_role
Jul 26 15:24:53.279596 dv-osbrick-836062-12-ceph devstack@keystone.service[87362]: ERROR keystone.server.flask.application raise exception.RoleNotFound(role_id=role_id)
Jul 26 15:24:53.279596 dv-osbrick-836062-12-ceph devstack@keystone.service[87362]: ERROR keystone.server.flask.application keystone.exception.RoleNotFound: Could not find role: admin.
Jul 26 15:24:53.279596 dv-osbrick-836062-12-ceph devstack@keystone.service[87362]: ERROR keystone.server.flask.application
Jul 26 15:24:53.279596 dv-osbrick-836062-12-ceph devstack@keystone.service[87362]: [pid: 87362|app: 0|req: 110/229] 10.222.0.18 () {56 vars in 1096 bytes} [Tue Jul 26 15:24:52 2022] GET /identity/v3/roles/admin => generated 83 bytes in 302 msecs (HTTP/1.1 404) 5 headers in 183 bytes (1 switches on core 0)
Jul 26 15:24:53.292791 dv-osbrick-836062-12-ceph devstack@keystone.service[87362]: DEBUG keystone.server.flask.request_processing.middleware.auth_context [None req-ed5888ae-cae6-4167-bad0-1678d5d49f02 None admin] Authenticating user token {{(pid=87362) process_request /usr/local/lib/python3.8/dist-packages/keystonemiddleware/auth_token/__init__.py:407}}
Jul 26 15:24:53.425676 dv-osbrick-836062-12-ceph devstack@keystone.service[87363]: DEBUG keystone.server.flask.request_processing.middleware.auth_context [None req-680da6aa-2418-48c0-a66d-0180e893672c None admin] Validating token access rules against request {{(pid=87363) validate_allowed_request /usr/local/lib/python3.8/dist-packages/keystonemiddleware/auth_token/__init__.py:545}}
Jul 26 15:24:53.449734 dv-osbrick-836062-12-ceph devstack@keystone.service[87363]: DEBUG dbcounter [-] [87363] Writing DB stats keystone:SELECT=100 {{(pid=87363) stat_writer /usr/local/lib/python3.8/dist-packages/dbcounter.py:114}}
Jul 26 15:24:53.469311 dv-osbrick-836062-12-ceph devstack@keystone.service[87363]: DEBUG keystone.server.flask.request_processing.middleware.auth_context [None req-22325557-581e-458a-9e0d-d15fab712388 None admin] RBAC: auth_context: {'token': , 'domain_id': None, 'trust_id': None, 'trustor_id': None, 'trustee_id': None, 'domain_name': None, 'group_ids': [], 'user_id': '18673fd27512449ab07302f33ac3c310', 'user_domain_id': 'default', 'system_scope': 'all', 'project_id': None, 'project_domain_id': None, 'roles': ['admin', 'member', 'reader'], 'is_admin_project': True, 'service_user_id': None, 'service_user_domain_id': None, 'service_project_id': None, 'service_project_domain_id': None, 'service_roles': []} {{(pid=87363) fill_context /opt/stack/keystone/keystone/server/flask/request_processing/middleware/auth_context.py:478}}
Jul 26 15:24:53.471728 dv-osbrick-836062-12-ceph devstack@keystone.service[87363]: DEBUG keystone.server.flask.request_processing.req_logging [None req-22325557-581e-458a-9e0d-d15fab712388 None admin] REQUEST_METHOD: `PUT` {{(pid=87363) log_request_info /opt/stack/keystone/keystone/server/flask/request_processing/req_logging.py:27}}
Jul 26 15:24:53.472605 dv-osbrick-836062-12-ceph devstack@keystone.service[87363]: DEBUG keystone.server.flask.request_processing.req_logging [None req-22325557-581e-458a-9e0d-d15fab712388 None admin] SCRIPT_NAME: `/identity` {{(pid=87363) log_request_info /opt/stack/keystone/keystone/server/flask/request_processing/req_logging.py:28}}
Jul 26 15:24:53.474569 dv-osbrick-836062-12-ceph devstack@keystone.service[87363]: DEBUG keystone.server.flask.request_processing.req_logging [None req-22325557-581e-458a-9e0d-d15fab712388 None admin] PATH_INFO: `/v3/projects/24c3fa325d8a41dc8ac86599b7fb5180/users/13bac95ef0094f938a977f6819031f7e/roles/c86cdde38565431ebacf53dcfc4d863b` {{(pid=87363) log_request_info /opt/stack/keystone/keystone/server/flask/request_processing/req_logging.py:29}}
Jul 26 15:24:53.483596 dv-osbrick-836062-12-ceph devstack@keystone.service[87363]: DEBUG keystone.common.rbac_enforcer.enforcer [None req-22325557-581e-458a-9e0d-d15fab712388 None admin] RBAC: Authorizing `identity:create_grant(project_id=24c3fa325d8a41dc8ac86599b7fb5180, user_id=13bac95ef0094f938a977f6819031f7e, role_id=c86cdde38565431ebacf53dcfc4d863b)` {{(pid=87363) enforce_call /opt/stack/keystone/keystone/common/rbac_enforcer/enforcer.py:449}}
Jul 26 15:24:53.484240 dv-osbrick-836062-12-ceph devstack@keystone.service[87363]: DEBUG keystone.common.rbac_enforcer.enforcer [None req-22325557-581e-458a-9e0d-d15fab712388 None admin] RBAC: Authorization granted {{(pid=87363) enforce_call /opt/stack/keystone/keystone/common/rbac_enforcer/enforcer.py:457}}
Jul 26 15:24:53.501864 dv-osbrick-836062-12-ceph devstack@keystone.service[87362]: DEBUG dbcounter [-] [87362] Writing DB stats keystone:SELECT=100 {{(pid=87362) stat_writer /usr/local/lib/python3.8/dist-packages/dbcounter.py:114}}
Jul 26 15:24:53.528938 dv-osbrick-836062-12-ceph devstack@keystone.service[87362]: DEBUG keystone.server.flask.request_processing.middleware.auth_context [None req-ed5888ae-cae6-4167-bad0-1678d5d49f02 None admin] Validating token access rules against request {{(pid=87362) validate_allowed_request /usr/local/lib/python3.8/dist-packages/keystonemiddleware/auth_token/__init__.py:545}}
Jul 26 15:24:53.568785 dv-osbrick-836062-12-ceph devstack@keystone.service[87362]: DEBUG keystone.server.flask.request_processing.middleware.auth_context [None req-2dfc7853-838c-46cb-9a19-8bf18ce0b1ec None admin] RBAC: auth_context: {'token': , 'domain_id': None, 'trust_id': None, 'trustor_id': None, 'trustee_id': None, 'domain_name': None, 'group_ids': [], 'user_id': '18673fd27512449ab07302f33ac3c310', 'user_domain_id': 'default', 'system_scope': 'all', 'project_id': None, 'project_domain_id': None, 'roles': ['admin', 'member', 'reader'], 'is_admin_project': True, 'service_user_id': None, 'service_user_domain_id': None, 'service_project_id': None, 'service_project_domain_id': None, 'service_roles': []} {{(pid=87362) fill_context /opt/stack/keystone/keystone/server/flask/request_processing/middleware/auth_context.py:478}}
Jul 26 15:24:53.569842 dv-osbrick-836062-12-ceph devstack@keystone.service[87362]: DEBUG keystone.server.flask.request_processing.req_logging [None req-2dfc7853-838c-46cb-9a19-8bf18ce0b1ec None admin] REQUEST_METHOD: `GET` {{(pid=87362) log_request_info /opt/stack/keystone/keystone/server/flask/request_processing/req_logging.py:27}}
Jul 26 15:24:53.570354 dv-osbrick-836062-12-ceph devstack@keystone.service[87362]: DEBUG keystone.server.flask.request_processing.req_logging [None req-2dfc7853-838c-46cb-9a19-8bf18ce0b1ec None admin] SCRIPT_NAME: `/identity` {{(pid=87362) log_request_info /opt/stack/keystone/keystone/server/flask/request_processing/req_logging.py:28}}
Jul 26 15:24:53.570831 dv-osbrick-836062-12-ceph devstack@keystone.service[87362]: DEBUG keystone.server.flask.request_processing.req_logging [None req-2dfc7853-838c-46cb-9a19-8bf18ce0b1ec None admin] PATH_INFO: `/v3/roles` {{(pid=87362) log_request_info /opt/stack/keystone/keystone/server/flask/request_processing/req_logging.py:29}}
Jul 26 15:24:53.571804 dv-osbrick-836062-12-ceph devstack@keystone.service[87362]: DEBUG keystone.common.rbac_enforcer.enforcer [None req-2dfc7853-838c-46cb-9a19-8bf18ce0b1ec None admin] RBAC: Adding query filter params (name=admin) {{(pid=87362) _extract_filter_values /opt/stack/keystone/keystone/common/rbac_enforcer/enforcer.py:167}}
Jul 26 15:24:53.572341 dv-osbrick-836062-12-ceph devstack@keystone.service[87362]: DEBUG keystone.common.rbac_enforcer.enforcer [None req-2dfc7853-838c-46cb-9a19-8bf18ce0b1ec None admin] RBAC: Authorizing `identity:list_roles()` {{(pid=87362) enforce_call /opt/stack/keystone/keystone/common/rbac_enforcer/enforcer.py:449}}
Jul 26 15:24:53.574034 dv-osbrick-836062-12-ceph devstack@keystone.service[87362]: DEBUG keystone.common.rbac_enforcer.enforcer [None req-2dfc7853-838c-46cb-9a19-8bf18ce0b1ec None admin] RBAC: Authorization granted {{(pid=87362) enforce_call /opt/stack/keystone/keystone/common/rbac_enforcer/enforcer.py:457}}
Jul 26 15:24:53.585072 dv-osbrick-836062-12-ceph devstack@keystone.service[87362]: [pid: 87362|app: 0|req: 111/230] 10.222.0.18 () {56 vars in 1099 bytes} [Tue Jul 26 15:24:53 2022] GET /identity/v3/roles?name=admin => generated 339 bytes in 293 msecs (HTTP/1.1 200) 5 headers in 177 bytes (1 switches on core 0)
Jul 26 15:24:53.593899 dv-osbrick-836062-12-ceph devstack@keystone.service[87362]: DEBUG keystone.server.flask.request_processing.middleware.auth_context [None req-2dfc7853-838c-46cb-9a19-8bf18ce0b1ec None admin] Authenticating user token {{(pid=87362) process_request /usr/local/lib/python3.8/dist-packages/keystonemiddleware/auth_token/__init__.py:407}}
Jul 26 15:24:53.613091 dv-osbrick-836062-12-ceph devstack@keystone.service[87363]: [pid: 87363|app: 0|req: 120/231] 10.222.0.18 () {58 vars in 1439 bytes} [Tue Jul 26 15:24:53 2022] PUT /identity/v3/projects/24c3fa325d8a41dc8ac86599b7fb5180/users/13bac95ef0094f938a977f6819031f7e/roles/c86cdde38565431ebacf53dcfc4d863b => generated 0 bytes in 367 msecs (HTTP/1.1 204) 3 headers in 132 bytes (0 switches on core 0)
Jul 26 15:24:53.869307 dv-osbrick-836062-12-ceph devstack@keystone.service[87362]: DEBUG keystone.server.flask.request_processing.middleware.auth_context [None req-2dfc7853-838c-46cb-9a19-8bf18ce0b1ec None admin] Validating token access rules against request {{(pid=87362) validate_allowed_request /usr/local/lib/python3.8/dist-packages/keystonemiddleware/auth_token/__init__.py:545}}
Jul 26 15:24:53.914134 dv-osbrick-836062-12-ceph devstack@keystone.service[87362]: DEBUG keystone.server.flask.request_processing.middleware.auth_context [None req-62828e2a-73ab-49b3-878a-c75f86d0ea7f None admin] RBAC: auth_context: {'token': , 'domain_id': None, 'trust_id': None, 'trustor_id': None, 'trustee_id': None, 'domain_name': None, 'group_ids': [], 'user_id': '18673fd27512449ab07302f33ac3c310', 'user_domain_id': 'default', 'system_scope': 'all', 'project_id': None, 'project_domain_id': None, 'roles': ['admin', 'member', 'reader'], 'is_admin_project': True, 'service_user_id': None, 'service_user_domain_id': None, 'service_project_id': None, 'service_project_domain_id': None, 'service_roles': []} {{(pid=87362) fill_context /opt/stack/keystone/keystone/server/flask/request_processing/middleware/auth_context.py:478}}
Jul 26 15:24:53.914802 dv-osbrick-836062-12-ceph devstack@keystone.service[87362]: DEBUG keystone.server.flask.request_processing.req_logging [None req-62828e2a-73ab-49b3-878a-c75f86d0ea7f None admin] REQUEST_METHOD: `GET` {{(pid=87362) log_request_info /opt/stack/keystone/keystone/server/flask/request_processing/req_logging.py:27}}
Jul 26 15:24:53.915082 dv-osbrick-836062-12-ceph devstack@keystone.service[87362]: DEBUG keystone.server.flask.request_processing.req_logging [None req-62828e2a-73ab-49b3-878a-c75f86d0ea7f None admin] SCRIPT_NAME: `/identity` {{(pid=87362) log_request_info /opt/stack/keystone/keystone/server/flask/request_processing/req_logging.py:28}}
Jul 26 15:24:53.915393 dv-osbrick-836062-12-ceph devstack@keystone.service[87362]: DEBUG keystone.server.flask.request_processing.req_logging [None req-62828e2a-73ab-49b3-878a-c75f86d0ea7f None admin] PATH_INFO: `/v3/users/13bac95ef0094f938a977f6819031f7e` {{(pid=87362) log_request_info /opt/stack/keystone/keystone/server/flask/request_processing/req_logging.py:29}}
Jul 26 15:24:53.916660 dv-osbrick-836062-12-ceph devstack@keystone.service[87362]: DEBUG keystone.common.rbac_enforcer.enforcer [None req-62828e2a-73ab-49b3-878a-c75f86d0ea7f None admin] RBAC: Authorizing `identity:get_user(user_id=13bac95ef0094f938a977f6819031f7e)` {{(pid=87362) enforce_call /opt/stack/keystone/keystone/common/rbac_enforcer/enforcer.py:449}}
Jul 26 15:24:53.918147 dv-osbrick-836062-12-ceph devstack@keystone.service[87362]: DEBUG keystone.common.rbac_enforcer.enforcer [None req-62828e2a-73ab-49b3-878a-c75f86d0ea7f None admin] RBAC: Authorization granted {{(pid=87362) enforce_call /opt/stack/keystone/keystone/common/rbac_enforcer/enforcer.py:457}}
Jul 26 15:24:53.920144 dv-osbrick-836062-12-ceph devstack@keystone.service[87362]: [pid: 87362|app: 0|req: 112/232] 10.222.0.18 () {56 vars in 1177 bytes} [Tue Jul 26 15:24:53 2022] GET /identity/v3/users/13bac95ef0094f938a977f6819031f7e => generated 283 bytes in 328 msecs (HTTP/1.1 200) 5 headers in 177 bytes (1 switches on core 0)
Jul 26 15:24:53.926474 dv-osbrick-836062-12-ceph devstack@keystone.service[87363]: DEBUG keystone.server.flask.request_processing.middleware.auth_context [None req-22325557-581e-458a-9e0d-d15fab712388 None admin] Authenticating user token {{(pid=87363) process_request /usr/local/lib/python3.8/dist-packages/keystonemiddleware/auth_token/__init__.py:407}}
Jul 26 15:24:54.067674 dv-osbrick-836062-12-ceph devstack@keystone.service[87363]: DEBUG keystone.server.flask.request_processing.middleware.auth_context [None req-22325557-581e-458a-9e0d-d15fab712388 None admin] Validating token access rules against request {{(pid=87363) validate_allowed_request /usr/local/lib/python3.8/dist-packages/keystonemiddleware/auth_token/__init__.py:545}}
Jul 26 15:24:54.121467 dv-osbrick-836062-12-ceph devstack@keystone.service[87363]: DEBUG keystone.server.flask.request_processing.middleware.auth_context [None req-aa7092e9-942d-41b0-853e-0643304061d2 None admin] RBAC: auth_context: {'token': , 'domain_id': None, 'trust_id': None, 'trustor_id': None, 'trustee_id': None, 'domain_name': None, 'group_ids': [], 'user_id': '18673fd27512449ab07302f33ac3c310', 'user_domain_id': 'default', 'system_scope': 'all', 'project_id': None, 'project_domain_id': None, 'roles': ['admin', 'member', 'reader'], 'is_admin_project': True, 'service_user_id': None, 'service_user_domain_id': None, 'service_project_id': None, 'service_project_domain_id': None, 'service_roles': []} {{(pid=87363) fill_context /opt/stack/keystone/keystone/server/flask/request_processing/middleware/auth_context.py:478}}
Jul 26 15:24:54.122056 dv-osbrick-836062-12-ceph devstack@keystone.service[87363]: DEBUG keystone.server.flask.request_processing.req_logging [None req-aa7092e9-942d-41b0-853e-0643304061d2 None admin] REQUEST_METHOD: `GET` {{(pid=87363) log_request_info /opt/stack/keystone/keystone/server/flask/request_processing/req_logging.py:27}}
Jul 26 15:24:54.122340 dv-osbrick-836062-12-ceph devstack@keystone.service[87363]: DEBUG keystone.server.flask.request_processing.req_logging [None req-aa7092e9-942d-41b0-853e-0643304061d2 None admin] SCRIPT_NAME: `/identity` {{(pid=87363) log_request_info /opt/stack/keystone/keystone/server/flask/request_processing/req_logging.py:28}}
Jul 26 15:24:54.122616 dv-osbrick-836062-12-ceph devstack@keystone.service[87363]: DEBUG keystone.server.flask.request_processing.req_logging [None req-aa7092e9-942d-41b0-853e-0643304061d2 None admin] PATH_INFO: `/v3/projects/24c3fa325d8a41dc8ac86599b7fb5180` {{(pid=87363) log_request_info /opt/stack/keystone/keystone/server/flask/request_processing/req_logging.py:29}}
Jul 26 15:24:54.124401 dv-osbrick-836062-12-ceph devstack@keystone.service[87363]: DEBUG keystone.common.rbac_enforcer.enforcer [None req-aa7092e9-942d-41b0-853e-0643304061d2 None admin] RBAC: Authorizing `identity:get_project(project_id=24c3fa325d8a41dc8ac86599b7fb5180)` {{(pid=87363) enforce_call /opt/stack/keystone/keystone/common/rbac_enforcer/enforcer.py:449}}
Jul 26 15:24:54.125891 dv-osbrick-836062-12-ceph devstack@keystone.service[87363]: DEBUG keystone.common.rbac_enforcer.enforcer [None req-aa7092e9-942d-41b0-853e-0643304061d2 None admin] RBAC: Authorization granted {{(pid=87363) enforce_call /opt/stack/keystone/keystone/common/rbac_enforcer/enforcer.py:457}}
Jul 26 15:24:54.127619 dv-osbrick-836062-12-ceph devstack@keystone.service[87363]: [pid: 87363|app: 0|req: 121/233] 10.222.0.18 () {56 vars in 1186 bytes} [Tue Jul 26 15:24:53 2022] GET /identity/v3/projects/24c3fa325d8a41dc8ac86599b7fb5180 => generated 302 bytes in 202 msecs (HTTP/1.1 200) 5 headers in 177 bytes (2 switches on core 0)
Jul 26 15:24:54.133621 dv-osbrick-836062-12-ceph devstack@keystone.service[87362]: DEBUG keystone.server.flask.request_processing.middleware.auth_context [None req-62828e2a-73ab-49b3-878a-c75f86d0ea7f None admin] Authenticating user token {{(pid=87362) process_request /usr/local/lib/python3.8/dist-packages/keystonemiddleware/auth_token/__init__.py:407}}
Jul 26 15:24:54.147164 dv-osbrick-836062-12-ceph devstack@keystone.service[87362]: DEBUG dbcounter [-] [87362] Writing DB stats keystone:SELECT=100 {{(pid=87362) stat_writer /usr/local/lib/python3.8/dist-packages/dbcounter.py:114}}
Jul 26 15:24:54.280988 dv-osbrick-836062-12-ceph devstack@keystone.service[87362]: DEBUG keystone.server.flask.request_processing.middleware.auth_context [None req-62828e2a-73ab-49b3-878a-c75f86d0ea7f None admin] Validating token access rules against request {{(pid=87362) validate_allowed_request /usr/local/lib/python3.8/dist-packages/keystonemiddleware/auth_token/__init__.py:545}}
Jul 26 15:24:54.321504 dv-osbrick-836062-12-ceph devstack@keystone.service[87362]: DEBUG keystone.server.flask.request_processing.middleware.auth_context [None req-66b40c53-78a5-4da6-82ca-d941fe94f87f None admin] RBAC: auth_context: {'token': , 'domain_id': None, 'trust_id': None, 'trustor_id': None, 'trustee_id': None, 'domain_name': None, 'group_ids': [], 'user_id': '18673fd27512449ab07302f33ac3c310', 'user_domain_id': 'default', 'system_scope': 'all', 'project_id': None, 'project_domain_id': None, 'roles': ['admin', 'member', 'reader'], 'is_admin_project': True, 'service_user_id': None, 'service_user_domain_id': None, 'service_project_id': None, 'service_project_domain_id': None, 'service_roles': []} {{(pid=87362) fill_context /opt/stack/keystone/keystone/server/flask/request_processing/middleware/auth_context.py:478}}
Jul 26 15:24:54.322221 dv-osbrick-836062-12-ceph devstack@keystone.service[87362]: DEBUG keystone.server.flask.request_processing.req_logging [None req-66b40c53-78a5-4da6-82ca-d941fe94f87f None admin] REQUEST_METHOD: `PUT` {{(pid=87362) log_request_info /opt/stack/keystone/keystone/server/flask/request_processing/req_logging.py:27}}
Jul 26 15:24:54.322506 dv-osbrick-836062-12-ceph devstack@keystone.service[87362]: DEBUG keystone.server.flask.request_processing.req_logging [None req-66b40c53-78a5-4da6-82ca-d941fe94f87f None admin] SCRIPT_NAME: `/identity` {{(pid=87362) log_request_info /opt/stack/keystone/keystone/server/flask/request_processing/req_logging.py:28}}
Jul 26 15:24:54.322792 dv-osbrick-836062-12-ceph devstack@keystone.service[87362]: DEBUG keystone.server.flask.request_processing.req_logging [None req-66b40c53-78a5-4da6-82ca-d941fe94f87f None admin] PATH_INFO: `/v3/projects/24c3fa325d8a41dc8ac86599b7fb5180/users/13bac95ef0094f938a977f6819031f7e/roles/2c659645e15c4204b1457556939397cb` {{(pid=87362) log_request_info /opt/stack/keystone/keystone/server/flask/request_processing/req_logging.py:29}}
Jul 26 15:24:54.325116 dv-osbrick-836062-12-ceph devstack@keystone.service[87362]: DEBUG keystone.common.rbac_enforcer.enforcer [None req-66b40c53-78a5-4da6-82ca-d941fe94f87f None admin] RBAC: Authorizing `identity:create_grant(project_id=24c3fa325d8a41dc8ac86599b7fb5180, user_id=13bac95ef0094f938a977f6819031f7e, role_id=2c659645e15c4204b1457556939397cb)` {{(pid=87362) enforce_call /opt/stack/keystone/keystone/common/rbac_enforcer/enforcer.py:449}}
Jul 26 15:24:54.326682 dv-osbrick-836062-12-ceph devstack@keystone.service[87362]: DEBUG keystone.common.rbac_enforcer.enforcer [None req-66b40c53-78a5-4da6-82ca-d941fe94f87f None admin] RBAC: Authorization granted {{(pid=87362) enforce_call /opt/stack/keystone/keystone/common/rbac_enforcer/enforcer.py:457}}
Jul 26 15:24:54.431883 dv-osbrick-836062-12-ceph devstack@keystone.service[87362]: [pid: 87362|app: 0|req: 113/234] 10.222.0.18 () {58 vars in 1439 bytes} [Tue Jul 26 15:24:54 2022] PUT /identity/v3/projects/24c3fa325d8a41dc8ac86599b7fb5180/users/13bac95ef0094f938a977f6819031f7e/roles/2c659645e15c4204b1457556939397cb => generated 0 bytes in 299 msecs (HTTP/1.1 204) 3 headers in 132 bytes (0 switches on core 0)
Jul 26 15:24:55.100081 dv-osbrick-836062-12-ceph devstack@keystone.service[87363]: DEBUG keystone.server.flask.request_processing.req_logging [None req-bd4ec1ec-8b6f-43e5-8893-9afd51b72e93 None None] REQUEST_METHOD: `GET` {{(pid=87363) log_request_info /opt/stack/keystone/keystone/server/flask/request_processing/req_logging.py:27}}
Jul 26 15:24:55.100081 dv-osbrick-836062-12-ceph devstack@keystone.service[87363]: DEBUG keystone.server.flask.request_processing.req_logging [None req-bd4ec1ec-8b6f-43e5-8893-9afd51b72e93 None None] SCRIPT_NAME: `/identity` {{(pid=87363) log_request_info /opt/stack/keystone/keystone/server/flask/request_processing/req_logging.py:28}}
Jul 26 15:24:55.100081 dv-osbrick-836062-12-ceph devstack@keystone.service[87363]: DEBUG keystone.server.flask.request_processing.req_logging [None req-bd4ec1ec-8b6f-43e5-8893-9afd51b72e93 None None] PATH_INFO: `/` {{(pid=87363) log_request_info /opt/stack/keystone/keystone/server/flask/request_processing/req_logging.py:29}}
Jul 26 15:24:55.101188 dv-osbrick-836062-12-ceph devstack@keystone.service[87363]: [pid: 87363|app: 0|req: 122/235] 10.222.0.18 () {54 vars in 926 bytes} [Tue Jul 26 15:24:55 2022] GET /identity => generated 270 bytes in 4 msecs (HTTP/1.1 300) 6 headers in 234 bytes (1 switches on core 0)
Jul 26 15:24:55.108759 dv-osbrick-836062-12-ceph devstack@keystone.service[87362]: DEBUG keystone.server.flask.request_processing.req_logging [None req-0166501a-7f2e-43ad-ba5e-89f6a27615ec None None] REQUEST_METHOD: `POST` {{(pid=87362) log_request_info /opt/stack/keystone/keystone/server/flask/request_processing/req_logging.py:27}}
Jul 26 15:24:55.109234 dv-osbrick-836062-12-ceph devstack@keystone.service[87362]: DEBUG keystone.server.flask.request_processing.req_logging [None req-0166501a-7f2e-43ad-ba5e-89f6a27615ec None None] SCRIPT_NAME: `/identity` {{(pid=87362) log_request_info /opt/stack/keystone/keystone/server/flask/request_processing/req_logging.py:28}}
