Jul 15 21:00:27.235423 dv-osbrick-836059-7-iscsi neutron-server[110803]: DEBUG neutron_lib.callbacks.manager [None req-8fca1494-6d1e-48a4-9e86-3967aa9466a1 admin admin] Publish callbacks ['neutron.plugins.ml2.plugin.SecurityGroupServerNotifierRpcMixin._notify_sg_on_port_change-1709318', 'neutron.plugins.ml2.ovo_rpc._ObjectChangeHandler.handle_event-92937', 'neutron.api.rpc.agentnotifiers.dhcp_rpc_agent_api.DhcpAgentNotifyAPI._native_event_send_dhcp_notification-621299', 'neutron.db.l3_dvrscheduler_db._notify_l3_agent_new_port-8738595852791'] for port (b02d13f5-13ea-4643-a76a-1478952127fe), after_create {{(pid=110803) _notify_loop /usr/local/lib/python3.8/dist-packages/neutron_lib/callbacks/manager.py:176}}
Jul 15 21:00:27.245867 dv-osbrick-836059-7-iscsi neutron-server[110805]: DEBUG neutron.plugins.ml2.plugin [None req-5dab4b39-c657-406f-b147-d5bb697000bb None None] Current status of the port 9f04f285-06d7-49a8-ba17-2e8287841be6 is: ACTIVE; New status is: ACTIVE {{(pid=110805) _update_individual_port_db_status /opt/stack/neutron/neutron/plugins/ml2/plugin.py:2292}}
Jul 15 21:00:27.246992 dv-osbrick-836059-7-iscsi neutron-server[110805]: DEBUG neutron.plugins.ml2.rpc [None req-5dab4b39-c657-406f-b147-d5bb697000bb None None] Device a991f4d1-9c6a-4774-bd43-59fc563361e2 up at agent ovs-agent-dv-osbrick-836059-7-iscsi {{(pid=110805) update_device_up /opt/stack/neutron/neutron/plugins/ml2/rpc.py:296}}
Jul 15 21:00:27.296017 dv-osbrick-836059-7-iscsi neutron-server[110803]: DEBUG neutron.scheduler.dhcp_agent_scheduler [None req-8fca1494-6d1e-48a4-9e86-3967aa9466a1 admin admin] Network 2abb4565-3fa5-4a2b-b2ca-a52dd5a2a7d7 is already hosted by enough agents. {{(pid=110803) _get_dhcp_agents_hosting_network /opt/stack/neutron/neutron/scheduler/dhcp_agent_scheduler.py:275}}
Jul 15 21:00:27.302509 dv-osbrick-836059-7-iscsi neutron-server[110803]: DEBUG neutron.scheduler.base_scheduler [None req-8fca1494-6d1e-48a4-9e86-3967aa9466a1 admin admin] Resources bound (agent type, host, resource id): {{(pid=110803) schedule /opt/stack/neutron/neutron/scheduler/base_scheduler.py:57}}
Jul 15 21:00:27.304747 dv-osbrick-836059-7-iscsi neutron-server[110803]: DEBUG neutron.db.l3_dvrscheduler_db [None req-8fca1494-6d1e-48a4-9e86-3967aa9466a1 admin admin] Received port after_create {{(pid=110803) _notify_l3_agent_new_port /opt/stack/neutron/neutron/db/l3_dvrscheduler_db.py:542}}
Jul 15 21:00:27.307525 dv-osbrick-836059-7-iscsi neutron-server[110803]: DEBUG dbcounter [-] [110803] Writing DB stats neutron:SELECT=90,neutron:INSERT=6,neutron:UPDATE=4 {{(pid=110803) stat_writer /usr/local/lib/python3.8/dist-packages/dbcounter.py:114}}
Jul 15 21:00:27.308763 dv-osbrick-836059-7-iscsi neutron-server[110803]: DEBUG neutron.api.rpc.handlers.resources_rpc [None req-8fca1494-6d1e-48a4-9e86-3967aa9466a1 admin admin] Pushing event updated for resources: {'Port': ['ID=b02d13f5-13ea-4643-a76a-1478952127fe,revision_number=1']} {{(pid=110803) push /opt/stack/neutron/neutron/api/rpc/handlers/resources_rpc.py:237}}
Jul 15 21:00:27.329483 dv-osbrick-836059-7-iscsi neutron-server[110805]: DEBUG neutron.api.rpc.handlers.resources_rpc [None req-f84bd09d-a962-4a5f-b1f7-e97cb75874e4 None None] Pushing event updated for resources: {'Port': ['ID=e522513d-ebb4-4137-af19-723955f494a9,revision_number=3']} {{(pid=110805) push /opt/stack/neutron/neutron/api/rpc/handlers/resources_rpc.py:237}}
Jul 15 21:00:27.355387 dv-osbrick-836059-7-iscsi neutron-server[110805]: DEBUG neutron_lib.callbacks.manager [None req-b5ac0598-ca61-4702-8b1f-2743dafb04ca None None] Publish callbacks [] for port (b99935a8-03d7-415e-a0f8-cb3eac9fde2b), precommit_create {{(pid=110805) _notify_loop /usr/local/lib/python3.8/dist-packages/neutron_lib/callbacks/manager.py:176}}
Jul 15 21:00:27.363387 dv-osbrick-836059-7-iscsi neutron-server[110804]: DEBUG neutron.db.db_base_plugin_common [None req-ab2d2386-60f9-4484-bac4-47956c0053ff admin admin] Allocated IP 172.29.0.160 (2abb4565-3fa5-4a2b-b2ca-a52dd5a2a7d7/ec766790-f882-4f4e-afb2-20d1c33d2d23/c25a6136-1f3e-4b4c-969f-63c985ca2bfa) {{(pid=110804) _store_ip_allocation /opt/stack/neutron/neutron/db/db_base_plugin_common.py:131}}
Jul 15 21:00:27.478022 dv-osbrick-836059-7-iscsi neutron-server[110805]: DEBUG neutron_lib.callbacks.manager [None req-b5ac0598-ca61-4702-8b1f-2743dafb04ca None None] Publish callbacks ['neutron.plugins.ml2.plugin.SecurityGroupServerNotifierRpcMixin._notify_sg_on_port_change-1709318', 'neutron.plugins.ml2.ovo_rpc._ObjectChangeHandler.handle_event-92937', 'neutron.api.rpc.agentnotifiers.dhcp_rpc_agent_api.DhcpAgentNotifyAPI._native_event_send_dhcp_notification-621299', 'neutron.db.l3_dvrscheduler_db._notify_l3_agent_new_port-8738595852791'] for port (b99935a8-03d7-415e-a0f8-cb3eac9fde2b), after_create {{(pid=110805) _notify_loop /usr/local/lib/python3.8/dist-packages/neutron_lib/callbacks/manager.py:176}}
Jul 15 21:00:27.480631 dv-osbrick-836059-7-iscsi neutron-server[110805]: DEBUG neutron_lib.callbacks.manager [None req-d7e5e2f1-7988-4d20-a7e6-b39a8a99a495 None None] Publish callbacks [] for port (a053dd4d-5b8e-4d98-a071-e6911dcec050), precommit_create {{(pid=110805) _notify_loop /usr/local/lib/python3.8/dist-packages/neutron_lib/callbacks/manager.py:176}}
Jul 15 21:00:27.508797 dv-osbrick-836059-7-iscsi neutron-server[110804]: DEBUG dbcounter [-] [110804] Writing DB stats neutron:SELECT=85,neutron:INSERT=9,neutron:UPDATE=4,neutron:DELETE=2 {{(pid=110804) stat_writer /usr/local/lib/python3.8/dist-packages/dbcounter.py:114}}
Jul 15 21:00:27.532773 dv-osbrick-836059-7-iscsi neutron-server[110804]: DEBUG neutron_lib.callbacks.manager [None req-ab2d2386-60f9-4484-bac4-47956c0053ff admin admin] Publish callbacks [] for port (c25a6136-1f3e-4b4c-969f-63c985ca2bfa), precommit_create {{(pid=110804) _notify_loop /usr/local/lib/python3.8/dist-packages/neutron_lib/callbacks/manager.py:176}}
Jul 15 21:00:27.537877 dv-osbrick-836059-7-iscsi neutron-server[110805]: DEBUG neutron.plugins.ml2.managers [None req-b85a0abe-f237-471f-930e-53c322801c00 None None] Attempting to bind port e522513d-ebb4-4137-af19-723955f494a9 on host dv-osbrick-836059-7-iscsi for vnic_type normal with profile {{(pid=110805) bind_port /opt/stack/neutron/neutron/plugins/ml2/managers.py:810}}
Jul 15 21:00:27.538289 dv-osbrick-836059-7-iscsi neutron-server[110805]: DEBUG neutron.plugins.ml2.managers [None req-b85a0abe-f237-471f-930e-53c322801c00 None None] Attempting to bind port e522513d-ebb4-4137-af19-723955f494a9 by drivers openvswitch,hyperv on host dv-osbrick-836059-7-iscsi at level 0 using segments [{'id': 'ca3514fa-6a5f-446c-95ff-db0bf514e5d9', 'network_type': 'vlan', 'physical_network': 'physnet1', 'segmentation_id': 143, 'network_id': '83f1231d-1327-45f2-b0b2-d2667ed67b87'}] {{(pid=110805) _bind_port_level /opt/stack/neutron/neutron/plugins/ml2/managers.py:835}}
Jul 15 21:00:27.538649 dv-osbrick-836059-7-iscsi neutron-server[110805]: DEBUG neutron.plugins.ml2.drivers.mech_agent [None req-b85a0abe-f237-471f-930e-53c322801c00 None None] Attempting to bind port e522513d-ebb4-4137-af19-723955f494a9 on network 83f1231d-1327-45f2-b0b2-d2667ed67b87 {{(pid=110805) bind_port /opt/stack/neutron/neutron/plugins/ml2/drivers/mech_agent.py:91}}
Jul 15 21:00:27.540648 dv-osbrick-836059-7-iscsi neutron-server[110805]: DEBUG neutron.db.provisioning_blocks [None req-5dab4b39-c657-406f-b147-d5bb697000bb None None] Provisioning complete for port a991f4d1-9c6a-4774-bd43-59fc563361e2 triggered by entity L2. {{(pid=110805) provisioning_complete /opt/stack/neutron/neutron/db/provisioning_blocks.py:145}}
Jul 15 21:00:27.541003 dv-osbrick-836059-7-iscsi neutron-server[110805]: DEBUG neutron_lib.callbacks.manager [None req-5dab4b39-c657-406f-b147-d5bb697000bb None None] Publish callbacks ['neutron.plugins.ml2.plugin.Ml2Plugin._port_provisioned-1912523'] for port (a991f4d1-9c6a-4774-bd43-59fc563361e2), provisioning_complete {{(pid=110805) _notify_loop /usr/local/lib/python3.8/dist-packages/neutron_lib/callbacks/manager.py:176}}
Jul 15 21:00:27.568507 dv-osbrick-836059-7-iscsi neutron-server[110805]: DEBUG neutron.scheduler.dhcp_agent_scheduler [None req-b5ac0598-ca61-4702-8b1f-2743dafb04ca None None] Network 70bdc32d-926f-42d1-96b7-c1d886981aad is already hosted by enough agents. {{(pid=110805) _get_dhcp_agents_hosting_network /opt/stack/neutron/neutron/scheduler/dhcp_agent_scheduler.py:275}}
Jul 15 21:00:27.579996 dv-osbrick-836059-7-iscsi neutron-server[110805]: DEBUG neutron.scheduler.base_scheduler [None req-b5ac0598-ca61-4702-8b1f-2743dafb04ca None None] Resources bound (agent type, host, resource id): {{(pid=110805) schedule /opt/stack/neutron/neutron/scheduler/base_scheduler.py:57}}
Jul 15 21:00:27.583867 dv-osbrick-836059-7-iscsi neutron-server[110805]: DEBUG neutron.api.rpc.handlers.resources_rpc [None req-b5ac0598-ca61-4702-8b1f-2743dafb04ca None None] Pushing event updated for resources: {'Port': ['ID=b99935a8-03d7-415e-a0f8-cb3eac9fde2b,revision_number=1']} {{(pid=110805) push /opt/stack/neutron/neutron/api/rpc/handlers/resources_rpc.py:237}}
Jul 15 21:00:27.588837 dv-osbrick-836059-7-iscsi neutron-server[110805]: DEBUG neutron.plugins.ml2.drivers.mech_agent [None req-b85a0abe-f237-471f-930e-53c322801c00 None None] Checking agent: {'id': 'd0fea1e8-2b52-4b52-b9b8-de811ba4d1b9', 'agent_type': 'Open vSwitch agent', 'binary': 'neutron-openvswitch-agent', 'topic': 'N/A', 'host': 'dv-osbrick-836059-7-iscsi', 'admin_state_up': True, 'created_at': datetime.datetime(2022, 7, 15, 20, 52, 14), 'started_at': datetime.datetime(2022, 7, 15, 20, 52, 44), 'heartbeat_timestamp': datetime.datetime(2022, 7, 15, 21, 0, 14), 'description': None, 'resources_synced': None, 'availability_zone': None, 'alive': True, 'configurations': {'arp_responder_enabled': False, 'baremetal_smartnic': False, 'bridge_mappings': {'physnet1': 'br-data'}, 'datapath_type': 'system', 'devices': 0, 'enable_distributed_routing': False, 'extensions': [], 'in_distributed_mode': False, 'integration_bridge': 'br-int', 'l2_population': False, 'log_agent_heartbeats': False, 'ovs_capabilities': {'datapath_types': ['netdev', 'system'], 'iface_types': ['erspan', 'geneve', 'gre', 'internal', 'ip6erspan', 'ip6gre', 'lisp', 'patch', 'stt', 'system', 'tap', 'vxlan']}, 'ovs_hybrid_plug': False, 'resource_provider_bandwidths': {}, 'resource_provider_hypervisors': {'br-data': 'dv-osbrick-836059-7-iscsi'}, 'resource_provider_inventory_defaults': {'allocation_ratio': 1.0, 'min_unit': 1, 'step_size': 1, 'reserved': 0}, 'resource_provider_packet_processing_inventory_defaults': {'allocation_ratio': 1.0, 'min_unit': 1, 'step_size': 1, 'reserved': 0}, 'resource_provider_packet_processing_with_direction': {}, 'resource_provider_packet_processing_without_direction': {}, 'tunnel_types': [], 'tunneling_ip': None, 'vhostuser_socket_dir': '/var/run/openvswitch'}, 'resource_versions': {'AddressGroup': '1.2', 'Agent': '1.1', 'ConntrackHelper': '1.0', 'LocalIPAssociation': '1.0', 'Log': '1.0', 'NDPProxy': '1.0', 'Network': '1.1', 'Port': '1.7', 'PortForwarding': '1.3', 'QosPolicy': '1.10', 'SecurityGroup': '1.5', 'SecurityGroupRule': '1.2', 'SubPort': '1.0', 'Subnet': '1.1', 'Trunk': '1.1'}} {{(pid=110805) bind_port /opt/stack/neutron/neutron/plugins/ml2/drivers/mech_agent.py:110}}
Jul 15 21:00:27.589138 dv-osbrick-836059-7-iscsi neutron-server[110805]: DEBUG neutron.plugins.ml2.drivers.mech_agent [None req-b85a0abe-f237-471f-930e-53c322801c00 None None] Checking segment: {'id': 'ca3514fa-6a5f-446c-95ff-db0bf514e5d9', 'network_type': 'vlan', 'physical_network': 'physnet1', 'segmentation_id': 143, 'network_id': '83f1231d-1327-45f2-b0b2-d2667ed67b87'} for mappings: {'physnet1': 'br-data'} with network types: ['local', 'flat', 'vlan'] {{(pid=110805) check_segment_for_agent /opt/stack/neutron/neutron/plugins/ml2/drivers/mech_agent.py:373}}
Jul 15 21:00:27.589534 dv-osbrick-836059-7-iscsi neutron-server[110805]: DEBUG neutron_lib.callbacks.manager [None req-b85a0abe-f237-471f-930e-53c322801c00 None None] Publish callbacks [] for ovs_bridge_name (None), before_read {{(pid=110805) _notify_loop /usr/local/lib/python3.8/dist-packages/neutron_lib/callbacks/manager.py:176}}
Jul 15 21:00:27.589915 dv-osbrick-836059-7-iscsi neutron-server[110805]: DEBUG neutron.plugins.ml2.drivers.mech_agent [None req-b85a0abe-f237-471f-930e-53c322801c00 None None] Bound using segment: {'id': 'ca3514fa-6a5f-446c-95ff-db0bf514e5d9', 'network_type': 'vlan', 'physical_network': 'physnet1', 'segmentation_id': 143, 'network_id': '83f1231d-1327-45f2-b0b2-d2667ed67b87'} {{(pid=110805) bind_port /opt/stack/neutron/neutron/plugins/ml2/drivers/mech_agent.py:120}}
Jul 15 21:00:27.590413 dv-osbrick-836059-7-iscsi neutron-server[110805]: DEBUG neutron.plugins.ml2.managers [None req-b85a0abe-f237-471f-930e-53c322801c00 None None] Bound port: e522513d-ebb4-4137-af19-723955f494a9, host: dv-osbrick-836059-7-iscsi, vif_type: ovs, vif_details: {"connectivity": "l2", "port_filter": true, "ovs_hybrid_plug": false, "datapath_type": "system", "bridge_name": "br-int"}, binding_levels: [{'bound_driver': 'openvswitch', 'bound_segment': {'id': 'ca3514fa-6a5f-446c-95ff-db0bf514e5d9', 'network_type': 'vlan', 'physical_network': 'physnet1', 'segmentation_id': 143, 'network_id': '83f1231d-1327-45f2-b0b2-d2667ed67b87'}}] {{(pid=110805) _bind_port_level /opt/stack/neutron/neutron/plugins/ml2/managers.py:947}}
Jul 15 21:00:27.590788 dv-osbrick-836059-7-iscsi neutron-server[110805]: DEBUG neutron_lib.callbacks.manager [None req-b85a0abe-f237-471f-930e-53c322801c00 None None] Publish callbacks ['neutron.plugins.ml2.plugin.SecurityGroupDbMixin._ensure_default_security_group_handler-1709771'] for port (e522513d-ebb4-4137-af19-723955f494a9), before_update {{(pid=110805) _notify_loop /usr/local/lib/python3.8/dist-packages/neutron_lib/callbacks/manager.py:176}}
Jul 15 21:00:27.595087 dv-osbrick-836059-7-iscsi neutron-server[110805]: DEBUG neutron.db.l3_dvrscheduler_db [None req-b5ac0598-ca61-4702-8b1f-2743dafb04ca None None] Received port after_create {{(pid=110805) _notify_l3_agent_new_port /opt/stack/neutron/neutron/db/l3_dvrscheduler_db.py:542}}
Jul 15 21:00:27.617293 dv-osbrick-836059-7-iscsi neutron-server[110805]: DEBUG neutron_lib.callbacks.manager [None req-d7e5e2f1-7988-4d20-a7e6-b39a8a99a495 None None] Publish callbacks ['neutron.plugins.ml2.plugin.SecurityGroupServerNotifierRpcMixin._notify_sg_on_port_change-1709318', 'neutron.plugins.ml2.ovo_rpc._ObjectChangeHandler.handle_event-92937', 'neutron.api.rpc.agentnotifiers.dhcp_rpc_agent_api.DhcpAgentNotifyAPI._native_event_send_dhcp_notification-621299', 'neutron.db.l3_dvrscheduler_db._notify_l3_agent_new_port-8738595852791'] for port (a053dd4d-5b8e-4d98-a071-e6911dcec050), after_create {{(pid=110805) _notify_loop /usr/local/lib/python3.8/dist-packages/neutron_lib/callbacks/manager.py:176}}
Jul 15 21:00:27.629993 dv-osbrick-836059-7-iscsi neutron-server[110805]: DEBUG dbcounter [-] [110805] Writing DB stats neutron:SELECT=95,neutron:INSERT=1,neutron:UPDATE=4 {{(pid=110805) stat_writer /usr/local/lib/python3.8/dist-packages/dbcounter.py:114}}
Jul 15 21:00:27.654481 dv-osbrick-836059-7-iscsi neutron-server[110803]: DEBUG neutron_lib.callbacks.manager [None req-8fca1494-6d1e-48a4-9e86-3967aa9466a1 admin admin] Publish callbacks [] for router_gateway (db557b0a-4a83-46ac-8f73-2ce415c051e1), after_create {{(pid=110803) _notify_loop /usr/local/lib/python3.8/dist-packages/neutron_lib/callbacks/manager.py:176}}
Jul 15 21:00:27.664902 dv-osbrick-836059-7-iscsi neutron-server[110804]: DEBUG neutron_lib.callbacks.manager [None req-ab2d2386-60f9-4484-bac4-47956c0053ff admin admin] Publish callbacks ['neutron.plugins.ml2.plugin.SecurityGroupServerNotifierRpcMixin._notify_sg_on_port_change-1709318', 'neutron.plugins.ml2.ovo_rpc._ObjectChangeHandler.handle_event-92937', 'neutron.api.rpc.agentnotifiers.dhcp_rpc_agent_api.DhcpAgentNotifyAPI._native_event_send_dhcp_notification-621299', 'neutron.db.l3_dvrscheduler_db._notify_l3_agent_new_port-8738595852791'] for port (c25a6136-1f3e-4b4c-969f-63c985ca2bfa), after_create {{(pid=110804) _notify_loop /usr/local/lib/python3.8/dist-packages/neutron_lib/callbacks/manager.py:176}}
Jul 15 21:00:27.721554 dv-osbrick-836059-7-iscsi neutron-server[110804]: DEBUG neutron.scheduler.dhcp_agent_scheduler [None req-ab2d2386-60f9-4484-bac4-47956c0053ff admin admin] Network 2abb4565-3fa5-4a2b-b2ca-a52dd5a2a7d7 is already hosted by enough agents. {{(pid=110804) _get_dhcp_agents_hosting_network /opt/stack/neutron/neutron/scheduler/dhcp_agent_scheduler.py:275}}
Jul 15 21:00:27.726341 dv-osbrick-836059-7-iscsi neutron-server[110804]: DEBUG neutron.scheduler.base_scheduler [None req-ab2d2386-60f9-4484-bac4-47956c0053ff admin admin] Resources bound (agent type, host, resource id): {{(pid=110804) schedule /opt/stack/neutron/neutron/scheduler/base_scheduler.py:57}}
Jul 15 21:00:27.729153 dv-osbrick-836059-7-iscsi neutron-server[110804]: DEBUG neutron.db.l3_dvrscheduler_db [None req-ab2d2386-60f9-4484-bac4-47956c0053ff admin admin] Received port after_create {{(pid=110804) _notify_l3_agent_new_port /opt/stack/neutron/neutron/db/l3_dvrscheduler_db.py:542}}
Jul 15 21:00:27.757554 dv-osbrick-836059-7-iscsi neutron-server[110805]: DEBUG neutron.scheduler.dhcp_agent_scheduler [None req-d7e5e2f1-7988-4d20-a7e6-b39a8a99a495 None None] Network 50861c1c-8d85-4642-ba5b-82aebc91d640 is already hosted by enough agents. {{(pid=110805) _get_dhcp_agents_hosting_network /opt/stack/neutron/neutron/scheduler/dhcp_agent_scheduler.py:275}}
Jul 15 21:00:27.769259 dv-osbrick-836059-7-iscsi neutron-server[110805]: DEBUG neutron.scheduler.base_scheduler [None req-d7e5e2f1-7988-4d20-a7e6-b39a8a99a495 None None] Resources bound (agent type, host, resource id): {{(pid=110805) schedule /opt/stack/neutron/neutron/scheduler/base_scheduler.py:57}}
Jul 15 21:00:27.773467 dv-osbrick-836059-7-iscsi neutron-server[110804]: DEBUG neutron.api.rpc.handlers.resources_rpc [None req-ab2d2386-60f9-4484-bac4-47956c0053ff admin admin] Pushing event updated for resources: {'Port': ['ID=c25a6136-1f3e-4b4c-969f-63c985ca2bfa,revision_number=1']} {{(pid=110804) push /opt/stack/neutron/neutron/api/rpc/handlers/resources_rpc.py:237}}
Jul 15 21:00:27.797104 dv-osbrick-836059-7-iscsi neutron-server[110805]: DEBUG neutron.api.rpc.handlers.resources_rpc [None req-d7e5e2f1-7988-4d20-a7e6-b39a8a99a495 None None] Pushing event updated for resources: {'Port': ['ID=a053dd4d-5b8e-4d98-a071-e6911dcec050,revision_number=1']} {{(pid=110805) push /opt/stack/neutron/neutron/api/rpc/handlers/resources_rpc.py:237}}
Jul 15 21:00:27.806082 dv-osbrick-836059-7-iscsi neutron-server[110805]: DEBUG neutron.db.l3_dvrscheduler_db [None req-d7e5e2f1-7988-4d20-a7e6-b39a8a99a495 None None] Received port after_create {{(pid=110805) _notify_l3_agent_new_port /opt/stack/neutron/neutron/db/l3_dvrscheduler_db.py:542}}
Jul 15 21:00:27.812397 dv-osbrick-836059-7-iscsi neutron-server[110805]: DEBUG neutron.db.provisioning_blocks [None req-3a692361-249b-47b3-9de9-bce945f5b566 None None] Provisioning complete for port e522513d-ebb4-4137-af19-723955f494a9 triggered by entity DHCP. {{(pid=110805) provisioning_complete /opt/stack/neutron/neutron/db/provisioning_blocks.py:145}}
Jul 15 21:00:27.812655 dv-osbrick-836059-7-iscsi neutron-server[110805]: DEBUG neutron_lib.callbacks.manager [None req-3a692361-249b-47b3-9de9-bce945f5b566 None None] Publish callbacks ['neutron.plugins.ml2.plugin.Ml2Plugin._port_provisioned-1912523'] for port (e522513d-ebb4-4137-af19-723955f494a9), provisioning_complete {{(pid=110805) _notify_loop /usr/local/lib/python3.8/dist-packages/neutron_lib/callbacks/manager.py:176}}
Jul 15 21:00:27.819586 dv-osbrick-836059-7-iscsi neutron-server[110804]: DEBUG dbcounter [-] [110804] Writing DB stats neutron:SELECT=93,neutron:INSERT=4,neutron:UPDATE=3 {{(pid=110804) stat_writer /usr/local/lib/python3.8/dist-packages/dbcounter.py:114}}
Jul 15 21:00:27.913250 dv-osbrick-836059-7-iscsi neutron-server[110803]: DEBUG neutron_lib.callbacks.manager [None req-8fca1494-6d1e-48a4-9e86-3967aa9466a1 admin admin] Publish callbacks ['neutron.services.l3_router.l3_router_plugin.L3_HA_NAT_db_mixin._after_router_create-685915', 'neutron.services.l3_router.l3_router_plugin.DVRResourceOperationHandler._create_snat_interfaces_after_change-680171'] for router (db557b0a-4a83-46ac-8f73-2ce415c051e1), after_create {{(pid=110803) _notify_loop /usr/local/lib/python3.8/dist-packages/neutron_lib/callbacks/manager.py:176}}
Jul 15 21:00:28.000912 dv-osbrick-836059-7-iscsi neutron-server[110805]: DEBUG neutron.plugins.ml2.managers [None req-b5ac0598-ca61-4702-8b1f-2743dafb04ca None None] Attempting to bind port b99935a8-03d7-415e-a0f8-cb3eac9fde2b on host dv-osbrick-836059-7-iscsi for vnic_type normal with profile {{(pid=110805) bind_port /opt/stack/neutron/neutron/plugins/ml2/managers.py:810}}
Jul 15 21:00:28.000912 dv-osbrick-836059-7-iscsi neutron-server[110805]: DEBUG neutron.plugins.ml2.managers [None req-b5ac0598-ca61-4702-8b1f-2743dafb04ca None None] Attempting to bind port b99935a8-03d7-415e-a0f8-cb3eac9fde2b by drivers openvswitch,hyperv on host dv-osbrick-836059-7-iscsi at level 0 using segments [{'id': '1b33f2bf-8a95-4ef9-98d7-848282690216', 'network_type': 'vlan', 'physical_network': 'physnet1', 'segmentation_id': 102, 'network_id': '70bdc32d-926f-42d1-96b7-c1d886981aad'}] {{(pid=110805) _bind_port_level /opt/stack/neutron/neutron/plugins/ml2/managers.py:835}}
Jul 15 21:00:28.000912 dv-osbrick-836059-7-iscsi neutron-server[110805]: DEBUG neutron.plugins.ml2.drivers.mech_agent [None req-b5ac0598-ca61-4702-8b1f-2743dafb04ca None None] Attempting to bind port b99935a8-03d7-415e-a0f8-cb3eac9fde2b on network 70bdc32d-926f-42d1-96b7-c1d886981aad {{(pid=110805) bind_port /opt/stack/neutron/neutron/plugins/ml2/drivers/mech_agent.py:91}}
Jul 15 21:00:28.015381 dv-osbrick-836059-7-iscsi neutron-server[110805]: DEBUG neutron.plugins.ml2.drivers.mech_agent [None req-b5ac0598-ca61-4702-8b1f-2743dafb04ca None None] Checking agent: {'id': 'd0fea1e8-2b52-4b52-b9b8-de811ba4d1b9', 'agent_type': 'Open vSwitch agent', 'binary': 'neutron-openvswitch-agent', 'topic': 'N/A', 'host': 'dv-osbrick-836059-7-iscsi', 'admin_state_up': True, 'created_at': datetime.datetime(2022, 7, 15, 20, 52, 14), 'started_at': datetime.datetime(2022, 7, 15, 20, 52, 44), 'heartbeat_timestamp': datetime.datetime(2022, 7, 15, 21, 0, 14), 'description': None, 'resources_synced': None, 'availability_zone': None, 'alive': True, 'configurations': {'arp_responder_enabled': False, 'baremetal_smartnic': False, 'bridge_mappings': {'physnet1': 'br-data'}, 'datapath_type': 'system', 'devices': 0, 'enable_distributed_routing': False, 'extensions': [], 'in_distributed_mode': False, 'integration_bridge': 'br-int', 'l2_population': False, 'log_agent_heartbeats': False, 'ovs_capabilities': {'datapath_types': ['netdev', 'system'], 'iface_types': ['erspan', 'geneve', 'gre', 'internal', 'ip6erspan', 'ip6gre', 'lisp', 'patch', 'stt', 'system', 'tap', 'vxlan']}, 'ovs_hybrid_plug': False, 'resource_provider_bandwidths': {}, 'resource_provider_hypervisors': {'br-data': 'dv-osbrick-836059-7-iscsi'}, 'resource_provider_inventory_defaults': {'allocation_ratio': 1.0, 'min_unit': 1, 'step_size': 1, 'reserved': 0}, 'resource_provider_packet_processing_inventory_defaults': {'allocation_ratio': 1.0, 'min_unit': 1, 'step_size': 1, 'reserved': 0}, 'resource_provider_packet_processing_with_direction': {}, 'resource_provider_packet_processing_without_direction': {}, 'tunnel_types': [], 'tunneling_ip': None, 'vhostuser_socket_dir': '/var/run/openvswitch'}, 'resource_versions': {'AddressGroup': '1.2', 'Agent': '1.1', 'ConntrackHelper': '1.0', 'LocalIPAssociation': '1.0', 'Log': '1.0', 'NDPProxy': '1.0', 'Network': '1.1', 'Port': '1.7', 'PortForwarding': '1.3', 'QosPolicy': '1.10', 'SecurityGroup': '1.5', 'SecurityGroupRule': '1.2', 'SubPort': '1.0', 'Subnet': '1.1', 'Trunk': '1.1'}} {{(pid=110805) bind_port /opt/stack/neutron/neutron/plugins/ml2/drivers/mech_agent.py:110}}
Jul 15 21:00:28.015758 dv-osbrick-836059-7-iscsi neutron-server[110805]: DEBUG neutron.plugins.ml2.drivers.mech_agent [None req-b5ac0598-ca61-4702-8b1f-2743dafb04ca None None] Checking segment: {'id': '1b33f2bf-8a95-4ef9-98d7-848282690216', 'network_type': 'vlan', 'physical_network': 'physnet1', 'segmentation_id': 102, 'network_id': '70bdc32d-926f-42d1-96b7-c1d886981aad'} for mappings: {'physnet1': 'br-data'} with network types: ['local', 'flat', 'vlan'] {{(pid=110805) check_segment_for_agent /opt/stack/neutron/neutron/plugins/ml2/drivers/mech_agent.py:373}}
Jul 15 21:00:28.016156 dv-osbrick-836059-7-iscsi neutron-server[110805]: DEBUG neutron_lib.callbacks.manager [None req-b5ac0598-ca61-4702-8b1f-2743dafb04ca None None] Publish callbacks [] for ovs_bridge_name (None), before_read {{(pid=110805) _notify_loop /usr/local/lib/python3.8/dist-packages/neutron_lib/callbacks/manager.py:176}}
Jul 15 21:00:28.016545 dv-osbrick-836059-7-iscsi neutron-server[110805]: DEBUG neutron.plugins.ml2.drivers.mech_agent [None req-b5ac0598-ca61-4702-8b1f-2743dafb04ca None None] Bound using segment: {'id': '1b33f2bf-8a95-4ef9-98d7-848282690216', 'network_type': 'vlan', 'physical_network': 'physnet1', 'segmentation_id': 102, 'network_id': '70bdc32d-926f-42d1-96b7-c1d886981aad'} {{(pid=110805) bind_port /opt/stack/neutron/neutron/plugins/ml2/drivers/mech_agent.py:120}}
Jul 15 21:00:28.017026 dv-osbrick-836059-7-iscsi neutron-server[110805]: DEBUG neutron.plugins.ml2.managers [None req-b5ac0598-ca61-4702-8b1f-2743dafb04ca None None] Bound port: b99935a8-03d7-415e-a0f8-cb3eac9fde2b, host: dv-osbrick-836059-7-iscsi, vif_type: ovs, vif_details: {"connectivity": "l2", "port_filter": true, "ovs_hybrid_plug": false, "datapath_type": "system", "bridge_name": "br-int"}, binding_levels: [{'bound_driver': 'openvswitch', 'bound_segment': {'id': '1b33f2bf-8a95-4ef9-98d7-848282690216', 'network_type': 'vlan', 'physical_network': 'physnet1', 'segmentation_id': 102, 'network_id': '70bdc32d-926f-42d1-96b7-c1d886981aad'}}] {{(pid=110805) _bind_port_level /opt/stack/neutron/neutron/plugins/ml2/managers.py:947}}
Jul 15 21:00:28.017401 dv-osbrick-836059-7-iscsi neutron-server[110805]: DEBUG neutron_lib.callbacks.manager [None req-b5ac0598-ca61-4702-8b1f-2743dafb04ca None None] Publish callbacks ['neutron.plugins.ml2.plugin.SecurityGroupDbMixin._ensure_default_security_group_handler-1709771'] for port (b99935a8-03d7-415e-a0f8-cb3eac9fde2b), before_update {{(pid=110805) _notify_loop /usr/local/lib/python3.8/dist-packages/neutron_lib/callbacks/manager.py:176}}
Jul 15 21:00:28.024142 dv-osbrick-836059-7-iscsi neutron-server[110803]: DEBUG dbcounter [-] [110803] Writing DB stats neutron:SELECT=97,neutron:UPDATE=2,neutron:INSERT=1 {{(pid=110803) stat_writer /usr/local/lib/python3.8/dist-packages/dbcounter.py:114}}
Jul 15 21:00:28.068870 dv-osbrick-836059-7-iscsi neutron-server[110804]: DEBUG neutron_lib.callbacks.manager [None req-ab2d2386-60f9-4484-bac4-47956c0053ff admin admin] Publish callbacks [] for router_gateway (75437c59-0ece-4fc0-9966-4203a8639df6), after_create {{(pid=110804) _notify_loop /usr/local/lib/python3.8/dist-packages/neutron_lib/callbacks/manager.py:176}}
Jul 15 21:00:28.074907 dv-osbrick-836059-7-iscsi neutron-server[110805]: DEBUG neutron.plugins.ml2.db [None req-b85a0abe-f237-471f-930e-53c322801c00 None None] For port e522513d-ebb4-4137-af19-723955f494a9, host dv-osbrick-836059-7-iscsi, cleared binding levels {{(pid=110805) clear_binding_levels /opt/stack/neutron/neutron/plugins/ml2/db.py:87}}
Jul 15 21:00:28.093921 dv-osbrick-836059-7-iscsi neutron-server[110805]: DEBUG neutron.plugins.ml2.plugin [None req-5dab4b39-c657-406f-b147-d5bb697000bb None None] Current status of the port a991f4d1-9c6a-4774-bd43-59fc563361e2 is: ACTIVE; New status is: ACTIVE {{(pid=110805) _update_individual_port_db_status /opt/stack/neutron/neutron/plugins/ml2/plugin.py:2292}}
Jul 15 21:00:28.101158 dv-osbrick-836059-7-iscsi neutron-server[110805]: DEBUG neutron.plugins.ml2.plugin [None req-3a692361-249b-47b3-9de9-bce945f5b566 None None] Port e522513d-ebb4-4137-af19-723955f494a9 cannot update to ACTIVE because it is not bound. {{(pid=110805) _port_provisioned /opt/stack/neutron/neutron/plugins/ml2/plugin.py:348}}
Jul 15 21:00:28.130521 dv-osbrick-836059-7-iscsi neutron-server[110805]: DEBUG neutron.plugins.ml2.db [None req-b85a0abe-f237-471f-930e-53c322801c00 None None] For port e522513d-ebb4-4137-af19-723955f494a9, host dv-osbrick-836059-7-iscsi, set binding levels [PortBindingLevel(driver='openvswitch',host='dv-osbrick-836059-7-iscsi',level=0,port_id=e522513d-ebb4-4137-af19-723955f494a9,segment=NetworkSegment(ca3514fa-6a5f-446c-95ff-db0bf514e5d9),segment_id=ca3514fa-6a5f-446c-95ff-db0bf514e5d9)] {{(pid=110805) set_binding_levels /opt/stack/neutron/neutron/plugins/ml2/db.py:59}}
Jul 15 21:00:28.133281 dv-osbrick-836059-7-iscsi neutron-server[110803]: DEBUG neutron.scheduler.l3_agent_scheduler [None req-8fca1494-6d1e-48a4-9e86-3967aa9466a1 admin admin] Router db557b0a-4a83-46ac-8f73-2ce415c051e1 is scheduled to L3 agent f3c057e9-0d2e-4632-963a-3f4d6d54d656 with binding_index 1 {{(pid=110803) bind_router /opt/stack/neutron/neutron/scheduler/l3_agent_scheduler.py:209}}
Jul 15 21:00:28.147902 dv-osbrick-836059-7-iscsi neutron-server[110805]: DEBUG neutron.plugins.ml2.managers [None req-d7e5e2f1-7988-4d20-a7e6-b39a8a99a495 None None] Attempting to bind port a053dd4d-5b8e-4d98-a071-e6911dcec050 on host dv-osbrick-836059-7-iscsi for vnic_type normal with profile {{(pid=110805) bind_port /opt/stack/neutron/neutron/plugins/ml2/managers.py:810}}
Jul 15 21:00:28.148354 dv-osbrick-836059-7-iscsi neutron-server[110805]: DEBUG neutron.plugins.ml2.managers [None req-d7e5e2f1-7988-4d20-a7e6-b39a8a99a495 None None] Attempting to bind port a053dd4d-5b8e-4d98-a071-e6911dcec050 by drivers openvswitch,hyperv on host dv-osbrick-836059-7-iscsi at level 0 using segments [{'id': '23b229da-e449-4f6e-aea5-b3f2b0b7dfe0', 'network_type': 'vlan', 'physical_network': 'physnet1', 'segmentation_id': 108, 'network_id': '50861c1c-8d85-4642-ba5b-82aebc91d640'}] {{(pid=110805) _bind_port_level /opt/stack/neutron/neutron/plugins/ml2/managers.py:835}}
Jul 15 21:00:28.148639 dv-osbrick-836059-7-iscsi neutron-server[110805]: DEBUG neutron.plugins.ml2.drivers.mech_agent [None req-d7e5e2f1-7988-4d20-a7e6-b39a8a99a495 None None] Attempting to bind port a053dd4d-5b8e-4d98-a071-e6911dcec050 on network 50861c1c-8d85-4642-ba5b-82aebc91d640 {{(pid=110805) bind_port /opt/stack/neutron/neutron/plugins/ml2/drivers/mech_agent.py:91}}
Jul 15 21:00:28.174734 dv-osbrick-836059-7-iscsi neutron-server[110805]: DEBUG neutron.plugins.ml2.drivers.mech_agent [None req-d7e5e2f1-7988-4d20-a7e6-b39a8a99a495 None None] Checking agent: {'id': 'd0fea1e8-2b52-4b52-b9b8-de811ba4d1b9', 'agent_type': 'Open vSwitch agent', 'binary': 'neutron-openvswitch-agent', 'topic': 'N/A', 'host': 'dv-osbrick-836059-7-iscsi', 'admin_state_up': True, 'created_at': datetime.datetime(2022, 7, 15, 20, 52, 14), 'started_at': datetime.datetime(2022, 7, 15, 20, 52, 44), 'heartbeat_timestamp': datetime.datetime(2022, 7, 15, 21, 0, 14), 'description': None, 'resources_synced': None, 'availability_zone': None, 'alive': True, 'configurations': {'arp_responder_enabled': False, 'baremetal_smartnic': False, 'bridge_mappings': {'physnet1': 'br-data'}, 'datapath_type': 'system', 'devices': 0, 'enable_distributed_routing': False, 'extensions': [], 'in_distributed_mode': False, 'integration_bridge': 'br-int', 'l2_population': False, 'log_agent_heartbeats': False, 'ovs_capabilities': {'datapath_types': ['netdev', 'system'], 'iface_types': ['erspan', 'geneve', 'gre', 'internal', 'ip6erspan', 'ip6gre', 'lisp', 'patch', 'stt', 'system', 'tap', 'vxlan']}, 'ovs_hybrid_plug': False, 'resource_provider_bandwidths': {}, 'resource_provider_hypervisors': {'br-data': 'dv-osbrick-836059-7-iscsi'}, 'resource_provider_inventory_defaults': {'allocation_ratio': 1.0, 'min_unit': 1, 'step_size': 1, 'reserved': 0}, 'resource_provider_packet_processing_inventory_defaults': {'allocation_ratio': 1.0, 'min_unit': 1, 'step_size': 1, 'reserved': 0}, 'resource_provider_packet_processing_with_direction': {}, 'resource_provider_packet_processing_without_direction': {}, 'tunnel_types': [], 'tunneling_ip': None, 'vhostuser_socket_dir': '/var/run/openvswitch'}, 'resource_versions': {'AddressGroup': '1.2', 'Agent': '1.1', 'ConntrackHelper': '1.0', 'LocalIPAssociation': '1.0', 'Log': '1.0', 'NDPProxy': '1.0', 'Network': '1.1', 'Port': '1.7', 'PortForwarding': '1.3', 'QosPolicy': '1.10', 'SecurityGroup': '1.5', 'SecurityGroupRule': '1.2', 'SubPort': '1.0', 'Subnet': '1.1', 'Trunk': '1.1'}} {{(pid=110805) bind_port /opt/stack/neutron/neutron/plugins/ml2/drivers/mech_agent.py:110}}
Jul 15 21:00:28.175132 dv-osbrick-836059-7-iscsi neutron-server[110805]: DEBUG neutron.plugins.ml2.drivers.mech_agent [None req-d7e5e2f1-7988-4d20-a7e6-b39a8a99a495 None None] Checking segment: {'id': '23b229da-e449-4f6e-aea5-b3f2b0b7dfe0', 'network_type': 'vlan', 'physical_network': 'physnet1', 'segmentation_id': 108, 'network_id': '50861c1c-8d85-4642-ba5b-82aebc91d640'} for mappings: {'physnet1': 'br-data'} with network types: ['local', 'flat', 'vlan'] {{(pid=110805) check_segment_for_agent /opt/stack/neutron/neutron/plugins/ml2/drivers/mech_agent.py:373}}
Jul 15 21:00:28.175507 dv-osbrick-836059-7-iscsi neutron-server[110805]: DEBUG neutron_lib.callbacks.manager [None req-d7e5e2f1-7988-4d20-a7e6-b39a8a99a495 None None] Publish callbacks [] for ovs_bridge_name (None), before_read {{(pid=110805) _notify_loop /usr/local/lib/python3.8/dist-packages/neutron_lib/callbacks/manager.py:176}}
Jul 15 21:00:28.175906 dv-osbrick-836059-7-iscsi neutron-server[110805]: DEBUG neutron.plugins.ml2.drivers.mech_agent [None req-d7e5e2f1-7988-4d20-a7e6-b39a8a99a495 None None] Bound using segment: {'id': '23b229da-e449-4f6e-aea5-b3f2b0b7dfe0', 'network_type': 'vlan', 'physical_network': 'physnet1', 'segmentation_id': 108, 'network_id': '50861c1c-8d85-4642-ba5b-82aebc91d640'} {{(pid=110805) bind_port /opt/stack/neutron/neutron/plugins/ml2/drivers/mech_agent.py:120}}
Jul 15 21:00:28.176388 dv-osbrick-836059-7-iscsi neutron-server[110805]: DEBUG neutron.plugins.ml2.managers [None req-d7e5e2f1-7988-4d20-a7e6-b39a8a99a495 None None] Bound port: a053dd4d-5b8e-4d98-a071-e6911dcec050, host: dv-osbrick-836059-7-iscsi, vif_type: ovs, vif_details: {"connectivity": "l2", "port_filter": true, "ovs_hybrid_plug": false, "datapath_type": "system", "bridge_name": "br-int"}, binding_levels: [{'bound_driver': 'openvswitch', 'bound_segment': {'id': '23b229da-e449-4f6e-aea5-b3f2b0b7dfe0', 'network_type': 'vlan', 'physical_network': 'physnet1', 'segmentation_id': 108, 'network_id': '50861c1c-8d85-4642-ba5b-82aebc91d640'}}] {{(pid=110805) _bind_port_level /opt/stack/neutron/neutron/plugins/ml2/managers.py:947}}
Jul 15 21:00:28.177025 dv-osbrick-836059-7-iscsi neutron-server[110805]: DEBUG neutron_lib.callbacks.manager [None req-d7e5e2f1-7988-4d20-a7e6-b39a8a99a495 None None] Publish callbacks ['neutron.plugins.ml2.plugin.SecurityGroupDbMixin._ensure_default_security_group_handler-1709771'] for port (a053dd4d-5b8e-4d98-a071-e6911dcec050), before_update {{(pid=110805) _notify_loop /usr/local/lib/python3.8/dist-packages/neutron_lib/callbacks/manager.py:176}}
Jul 15 21:00:28.184442 dv-osbrick-836059-7-iscsi neutron-server[110805]: DEBUG dbcounter [-] [110805] Writing DB stats neutron:SELECT=95,neutron:UPDATE=4,neutron:INSERT=1 {{(pid=110805) stat_writer /usr/local/lib/python3.8/dist-packages/dbcounter.py:114}}
Jul 15 21:00:28.197244 dv-osbrick-836059-7-iscsi neutron-server[110805]: DEBUG neutron.plugins.ml2.db [None req-b5ac0598-ca61-4702-8b1f-2743dafb04ca None None] For port b99935a8-03d7-415e-a0f8-cb3eac9fde2b, host dv-osbrick-836059-7-iscsi, cleared binding levels {{(pid=110805) clear_binding_levels /opt/stack/neutron/neutron/plugins/ml2/db.py:87}}
Jul 15 21:00:28.234156 dv-osbrick-836059-7-iscsi neutron-server[110805]: DEBUG neutron.plugins.ml2.db [None req-b5ac0598-ca61-4702-8b1f-2743dafb04ca None None] For port b99935a8-03d7-415e-a0f8-cb3eac9fde2b, host dv-osbrick-836059-7-iscsi, set binding levels [PortBindingLevel(driver='openvswitch',host='dv-osbrick-836059-7-iscsi',level=0,port_id=b99935a8-03d7-415e-a0f8-cb3eac9fde2b,segment=NetworkSegment(1b33f2bf-8a95-4ef9-98d7-848282690216),segment_id=1b33f2bf-8a95-4ef9-98d7-848282690216)] {{(pid=110805) set_binding_levels /opt/stack/neutron/neutron/plugins/ml2/db.py:59}}
Jul 15 21:00:28.234475 dv-osbrick-836059-7-iscsi neutron-server[110805]: DEBUG neutron_lib.callbacks.manager [None req-b85a0abe-f237-471f-930e-53c322801c00 None None] Publish callbacks ['neutron.plugins.ml2.plugin.SecurityGroupServerNotifierRpcMixin._notify_sg_on_port_change-1709318', 'neutron.plugins.ml2.ovo_rpc._ObjectChangeHandler.handle_event-92937', 'neutron.api.rpc.agentnotifiers.dhcp_rpc_agent_api.DhcpAgentNotifyAPI._native_event_send_dhcp_notification-621299', 'neutron.db.l3_db.L3RpcNotifierMixin._notify_gateway_port_ip_changed-8738596201957', 'neutron.db.l3_dvrscheduler_db._notify_l3_agent_port_update-8738595851789', 'neutron.db.l3_hascheduler_db._notify_l3_agent_ha_port_update-8738595851807'] for port (e522513d-ebb4-4137-af19-723955f494a9), after_update {{(pid=110805) _notify_loop /usr/local/lib/python3.8/dist-packages/neutron_lib/callbacks/manager.py:176}}
Jul 15 21:00:28.280614 dv-osbrick-836059-7-iscsi neutron-server[110805]: DEBUG neutron.plugins.ml2.rpc [None req-5dab4b39-c657-406f-b147-d5bb697000bb None None] Device 32dd1a59-9be9-482c-9146-d5a7273f149f up at agent ovs-agent-dv-osbrick-836059-7-iscsi {{(pid=110805) update_device_up /opt/stack/neutron/neutron/plugins/ml2/rpc.py:296}}
Jul 15 21:00:28.314958 dv-osbrick-836059-7-iscsi neutron-server[110804]: DEBUG neutron_lib.callbacks.manager [None req-ab2d2386-60f9-4484-bac4-47956c0053ff admin admin] Publish callbacks ['neutron.services.l3_router.l3_router_plugin.L3_HA_NAT_db_mixin._after_router_create-685915', 'neutron.services.l3_router.l3_router_plugin.DVRResourceOperationHandler._create_snat_interfaces_after_change-680171'] for router (75437c59-0ece-4fc0-9966-4203a8639df6), after_create {{(pid=110804) _notify_loop /usr/local/lib/python3.8/dist-packages/neutron_lib/callbacks/manager.py:176}}
Jul 15 21:00:28.326382 dv-osbrick-836059-7-iscsi neutron-server[110803]: DEBUG neutron.api.rpc.agentnotifiers.l3_rpc_agent_api [None req-8fca1494-6d1e-48a4-9e86-3967aa9466a1 admin admin] Notify agent at l3_agent.dv-osbrick-836059-7-iscsi the message routers_updated {{(pid=110803) _agent_notification /opt/stack/neutron/neutron/api/rpc/agentnotifiers/l3_rpc_agent_api.py:65}}
Jul 15 21:00:28.333344 dv-osbrick-836059-7-iscsi neutron-server[110805]: DEBUG neutron.plugins.ml2.db [None req-d7e5e2f1-7988-4d20-a7e6-b39a8a99a495 None None] For port a053dd4d-5b8e-4d98-a071-e6911dcec050, host dv-osbrick-836059-7-iscsi, cleared binding levels {{(pid=110805) clear_binding_levels /opt/stack/neutron/neutron/plugins/ml2/db.py:87}}
Jul 15 21:00:28.341700 dv-osbrick-836059-7-iscsi neutron-server[110806]: DEBUG neutron.api.rpc.handlers.l3_rpc [None req-f6a27d56-2c8d-4896-bc0b-94a89046a340 None None] Sync routers for ids ['db557b0a-4a83-46ac-8f73-2ce415c051e1'] in dv-osbrick-836059-7-iscsi {{(pid=110806) sync_routers /opt/stack/neutron/neutron/api/rpc/handlers/l3_rpc.py:125}}
Jul 15 21:00:28.345770 dv-osbrick-836059-7-iscsi neutron-server[110805]: DEBUG neutron_lib.callbacks.manager [None req-b5ac0598-ca61-4702-8b1f-2743dafb04ca None None] Publish callbacks ['neutron.plugins.ml2.plugin.SecurityGroupServerNotifierRpcMixin._notify_sg_on_port_change-1709318', 'neutron.plugins.ml2.ovo_rpc._ObjectChangeHandler.handle_event-92937', 'neutron.api.rpc.agentnotifiers.dhcp_rpc_agent_api.DhcpAgentNotifyAPI._native_event_send_dhcp_notification-621299', 'neutron.db.l3_db.L3RpcNotifierMixin._notify_gateway_port_ip_changed-8738596201957', 'neutron.db.l3_dvrscheduler_db._notify_l3_agent_port_update-8738595851789', 'neutron.db.l3_hascheduler_db._notify_l3_agent_ha_port_update-8738595851807'] for port (b99935a8-03d7-415e-a0f8-cb3eac9fde2b), after_update {{(pid=110805) _notify_loop /usr/local/lib/python3.8/dist-packages/neutron_lib/callbacks/manager.py:176}}
Jul 15 21:00:28.355952 dv-osbrick-836059-7-iscsi neutron-server[110806]: DEBUG neutron.db.l3_dvrscheduler_db [None req-f6a27d56-2c8d-4896-bc0b-94a89046a340 None None] Routers {'db557b0a-4a83-46ac-8f73-2ce415c051e1'} bound to L3 agent in host dv-osbrick-836059-7-iscsi {{(pid=110806) _get_router_ids_for_agent /opt/stack/neutron/neutron/db/l3_dvrscheduler_db.py:426}}
Jul 15 21:00:28.356503 dv-osbrick-836059-7-iscsi neutron-server[110806]: DEBUG neutron.db.l3_hamode_db [None req-f6a27d56-2c8d-4896-bc0b-94a89046a340 None None] neutron.services.l3_router.l3_router_plugin.L3RouterPlugin method get_ha_sync_data_for_host called with arguments (, 'dv-osbrick-836059-7-iscsi', Agent(admin_state_up=True,agent_type='L3 agent',availability_zone='nova',binary='neutron-l3-agent',configurations={"agent_mode": "legacy", "ex_gw_ports": 1, "extensions": [], "floating_ips": 0, "handle_internal_only_routers": true, "interface_driver": "openvswitch", "interfaces": 1, "log_agent_heartbeats": false, "routers": 1},created_at=2022-07-15T20:52:11Z,description=,heartbeat_timestamp=2022-07-15T21:00:11Z,host='dv-osbrick-836059-7-iscsi',id=f3c057e9-0d2e-4632-963a-3f4d6d54d656,load=0,resource_versions=,resources_synced=,started_at=2022-07-15T20:52:12Z,topic='l3_agent')) {'router_ids': ['db557b0a-4a83-46ac-8f73-2ce415c051e1'], 'active': True} {{(pid=110806) wrapper /usr/local/lib/python3.8/dist-packages/oslo_log/helpers.py:65}}
Jul 15 21:00:28.363377 dv-osbrick-836059-7-iscsi neutron-server[110805]: DEBUG neutron.api.rpc.handlers.resources_rpc [None req-f84bd09d-a962-4a5f-b1f7-e97cb75874e4 None None] Pushing event updated for resources: {'Port': ['ID=e522513d-ebb4-4137-af19-723955f494a9,revision_number=4']} {{(pid=110805) push /opt/stack/neutron/neutron/api/rpc/handlers/resources_rpc.py:237}}
Jul 15 21:00:28.371654 dv-osbrick-836059-7-iscsi neutron-server[110805]: DEBUG neutron.plugins.ml2.db [None req-d7e5e2f1-7988-4d20-a7e6-b39a8a99a495 None None] For port a053dd4d-5b8e-4d98-a071-e6911dcec050, host dv-osbrick-836059-7-iscsi, set binding levels [PortBindingLevel(driver='openvswitch',host='dv-osbrick-836059-7-iscsi',level=0,port_id=a053dd4d-5b8e-4d98-a071-e6911dcec050,segment=NetworkSegment(23b229da-e449-4f6e-aea5-b3f2b0b7dfe0),segment_id=23b229da-e449-4f6e-aea5-b3f2b0b7dfe0)] {{(pid=110805) set_binding_levels /opt/stack/neutron/neutron/plugins/ml2/db.py:59}}
Jul 15 21:00:28.413278 dv-osbrick-836059-7-iscsi neutron-server[110805]: DEBUG neutron.db.l3_dvrscheduler_db [None req-b85a0abe-f237-471f-930e-53c322801c00 None None] Routers {'51bc53aa-fe24-48c4-b50c-e8f5a2b8e862'} bound to L3 agent in host dv-osbrick-836059-7-iscsi {{(pid=110805) _get_router_ids_for_agent /opt/stack/neutron/neutron/db/l3_dvrscheduler_db.py:426}}
Jul 15 21:00:28.413909 dv-osbrick-836059-7-iscsi neutron-server[110805]: DEBUG neutron.db.l3_hamode_db [None req-b85a0abe-f237-471f-930e-53c322801c00 None None] neutron.services.l3_router.l3_router_plugin.L3RouterPlugin method get_ha_sync_data_for_host called with arguments (, 'dv-osbrick-836059-7-iscsi', Agent(admin_state_up=True,agent_type='L3 agent',availability_zone='nova',binary='neutron-l3-agent',configurations={"agent_mode": "legacy", "ex_gw_ports": 1, "extensions": [], "floating_ips": 0, "handle_internal_only_routers": true, "interface_driver": "openvswitch", "interfaces": 1, "log_agent_heartbeats": false, "routers": 1},created_at=2022-07-15T20:52:11Z,description=,heartbeat_timestamp=2022-07-15T21:00:11Z,host='dv-osbrick-836059-7-iscsi',id=f3c057e9-0d2e-4632-963a-3f4d6d54d656,load=0,resource_versions=,resources_synced=,started_at=2022-07-15T20:52:12Z,topic='l3_agent')) {'router_ids': ['51bc53aa-fe24-48c4-b50c-e8f5a2b8e862'], 'active': True} {{(pid=110805) wrapper /usr/local/lib/python3.8/dist-packages/oslo_log/helpers.py:65}}
Jul 15 21:00:28.425380 dv-osbrick-836059-7-iscsi neutron-server[110803]: DEBUG neutron_lib.callbacks.manager [None req-8fca1494-6d1e-48a4-9e86-3967aa9466a1 admin admin] Publish callbacks [] for router (None), before_response {{(pid=110803) _notify_loop /usr/local/lib/python3.8/dist-packages/neutron_lib/callbacks/manager.py:176}}
Jul 15 21:00:28.427311 dv-osbrick-836059-7-iscsi neutron-server[110803]: INFO neutron.wsgi [None req-8fca1494-6d1e-48a4-9e86-3967aa9466a1 admin admin] 10.222.0.40 "POST /v2.0/routers HTTP/1.1" status: 201 len: 922 time: 2.6373081
Jul 15 21:00:28.430022 dv-osbrick-836059-7-iscsi neutron-server[110803]: DEBUG neutron.wsgi [-] (110803) accepted ('10.222.0.40', 37170) {{(pid=110803) server /usr/local/lib/python3.8/dist-packages/eventlet/wsgi.py:1004}}
Jul 15 21:00:28.497127 dv-osbrick-836059-7-iscsi neutron-server[110805]: DEBUG neutron_lib.callbacks.manager [None req-d7e5e2f1-7988-4d20-a7e6-b39a8a99a495 None None] Publish callbacks ['neutron.plugins.ml2.plugin.SecurityGroupServerNotifierRpcMixin._notify_sg_on_port_change-1709318', 'neutron.plugins.ml2.ovo_rpc._ObjectChangeHandler.handle_event-92937', 'neutron.api.rpc.agentnotifiers.dhcp_rpc_agent_api.DhcpAgentNotifyAPI._native_event_send_dhcp_notification-621299', 'neutron.db.l3_db.L3RpcNotifierMixin._notify_gateway_port_ip_changed-8738596201957', 'neutron.db.l3_dvrscheduler_db._notify_l3_agent_port_update-8738595851789', 'neutron.db.l3_hascheduler_db._notify_l3_agent_ha_port_update-8738595851807'] for port (a053dd4d-5b8e-4d98-a071-e6911dcec050), after_update {{(pid=110805) _notify_loop /usr/local/lib/python3.8/dist-packages/neutron_lib/callbacks/manager.py:176}}
Jul 15 21:00:28.532987 dv-osbrick-836059-7-iscsi neutron-server[110805]: DEBUG neutron.db.provisioning_blocks [None req-5dab4b39-c657-406f-b147-d5bb697000bb None None] Provisioning complete for port 32dd1a59-9be9-482c-9146-d5a7273f149f triggered by entity L2. {{(pid=110805) provisioning_complete /opt/stack/neutron/neutron/db/provisioning_blocks.py:145}}
Jul 15 21:00:28.533355 dv-osbrick-836059-7-iscsi neutron-server[110805]: DEBUG neutron_lib.callbacks.manager [None req-5dab4b39-c657-406f-b147-d5bb697000bb None None] Publish callbacks ['neutron.plugins.ml2.plugin.Ml2Plugin._port_provisioned-1912523'] for port (32dd1a59-9be9-482c-9146-d5a7273f149f), provisioning_complete {{(pid=110805) _notify_loop /usr/local/lib/python3.8/dist-packages/neutron_lib/callbacks/manager.py:176}}
Jul 15 21:00:28.541161 dv-osbrick-836059-7-iscsi neutron-server[110805]: DEBUG neutron.api.rpc.handlers.resources_rpc [None req-b5ac0598-ca61-4702-8b1f-2743dafb04ca None None] Pushing event updated for resources: {'Port': ['ID=b99935a8-03d7-415e-a0f8-cb3eac9fde2b,revision_number=2']} {{(pid=110805) push /opt/stack/neutron/neutron/api/rpc/handlers/resources_rpc.py:237}}
Jul 15 21:00:28.551220 dv-osbrick-836059-7-iscsi neutron-server[110806]: DEBUG neutron.db.l3_dvr_db [None req-f6a27d56-2c8d-4896-bc0b-94a89046a340 None None] Set router db557b0a-4a83-46ac-8f73-2ce415c051e1 gateway port host: dv-osbrick-836059-7-iscsi {{(pid=110806) _build_routers_list /opt/stack/neutron/neutron/db/l3_dvr_db.py:907}}
Jul 15 21:00:28.641183 dv-osbrick-836059-7-iscsi neutron-server[110804]: DEBUG neutron.scheduler.l3_agent_scheduler [None req-ab2d2386-60f9-4484-bac4-47956c0053ff admin admin] Router 75437c59-0ece-4fc0-9966-4203a8639df6 is scheduled to L3 agent f3c057e9-0d2e-4632-963a-3f4d6d54d656 with binding_index 1 {{(pid=110804) bind_router /opt/stack/neutron/neutron/scheduler/l3_agent_scheduler.py:209}}
Jul 15 21:00:28.674958 dv-osbrick-836059-7-iscsi neutron-server[110805]: DEBUG dbcounter [-] [110805] Writing DB stats neutron:SELECT=96,neutron:INSERT=2,neutron:UPDATE=2 {{(pid=110805) stat_writer /usr/local/lib/python3.8/dist-packages/dbcounter.py:114}}
Jul 15 21:00:28.730634 dv-osbrick-836059-7-iscsi neutron-server[110804]: DEBUG dbcounter [-] [110804] Writing DB stats neutron:SELECT=97,neutron:UPDATE=2,neutron:INSERT=1 {{(pid=110804) stat_writer /usr/local/lib/python3.8/dist-packages/dbcounter.py:114}}
Jul 15 21:00:28.741487 dv-osbrick-836059-7-iscsi neutron-server[110805]: DEBUG neutron.db.l3_dvr_db [None req-b85a0abe-f237-471f-930e-53c322801c00 None None] Set router 51bc53aa-fe24-48c4-b50c-e8f5a2b8e862 gateway port host: dv-osbrick-836059-7-iscsi {{(pid=110805) _build_routers_list /opt/stack/neutron/neutron/db/l3_dvr_db.py:907}}
Jul 15 21:00:28.879574 dv-osbrick-836059-7-iscsi neutron-server[110804]: DEBUG neutron.api.rpc.agentnotifiers.l3_rpc_agent_api [None req-ab2d2386-60f9-4484-bac4-47956c0053ff admin admin] Notify agent at l3_agent.dv-osbrick-836059-7-iscsi the message routers_updated {{(pid=110804) _agent_notification /opt/stack/neutron/neutron/api/rpc/agentnotifiers/l3_rpc_agent_api.py:65}}
