May 11 15:25:32.663692 dv-osbrick-836058-3-iscsi devstack@n-api.service[102825]: DEBUG nova.api.openstack.wsgi_app [-] oslo_limit.auth_section = None {{(pid=102825) log_opt_values /usr/local/lib/python3.8/dist-packages/oslo_config/cfg.py:2609}}
May 11 15:25:32.663997 dv-osbrick-836058-3-iscsi devstack@n-api.service[102825]: DEBUG nova.api.openstack.wsgi_app [-] oslo_limit.auth_type = None {{(pid=102825) log_opt_values /usr/local/lib/python3.8/dist-packages/oslo_config/cfg.py:2609}}
May 11 15:25:32.664839 dv-osbrick-836058-3-iscsi devstack@n-api.service[102825]: DEBUG nova.api.openstack.wsgi_app [-] oslo_limit.cafile = None {{(pid=102825) log_opt_values /usr/local/lib/python3.8/dist-packages/oslo_config/cfg.py:2609}}
May 11 15:25:32.665140 dv-osbrick-836058-3-iscsi devstack@n-api.service[102825]: DEBUG nova.api.openstack.wsgi_app [-] oslo_limit.certfile = None {{(pid=102825) log_opt_values /usr/local/lib/python3.8/dist-packages/oslo_config/cfg.py:2609}}
May 11 15:25:32.665492 dv-osbrick-836058-3-iscsi devstack@n-api.service[102825]: DEBUG nova.api.openstack.wsgi_app [-] oslo_limit.collect_timing = False {{(pid=102825) log_opt_values /usr/local/lib/python3.8/dist-packages/oslo_config/cfg.py:2609}}
May 11 15:25:32.665782 dv-osbrick-836058-3-iscsi devstack@n-api.service[102825]: DEBUG nova.api.openstack.wsgi_app [-] oslo_limit.connect_retries = None {{(pid=102825) log_opt_values /usr/local/lib/python3.8/dist-packages/oslo_config/cfg.py:2609}}
May 11 15:25:32.666087 dv-osbrick-836058-3-iscsi devstack@n-api.service[102825]: DEBUG nova.api.openstack.wsgi_app [-] oslo_limit.connect_retry_delay = None {{(pid=102825) log_opt_values /usr/local/lib/python3.8/dist-packages/oslo_config/cfg.py:2609}}
May 11 15:25:32.666381 dv-osbrick-836058-3-iscsi devstack@n-api.service[102825]: DEBUG nova.api.openstack.wsgi_app [-] oslo_limit.endpoint_id = None {{(pid=102825) log_opt_values /usr/local/lib/python3.8/dist-packages/oslo_config/cfg.py:2609}}
May 11 15:25:32.666858 dv-osbrick-836058-3-iscsi devstack@n-api.service[102825]: DEBUG nova.api.openstack.wsgi_app [-] oslo_limit.endpoint_override = None {{(pid=102825) log_opt_values /usr/local/lib/python3.8/dist-packages/oslo_config/cfg.py:2609}}
May 11 15:25:32.667172 dv-osbrick-836058-3-iscsi devstack@n-api.service[102825]: DEBUG nova.api.openstack.wsgi_app [-] oslo_limit.insecure = False {{(pid=102825) log_opt_values /usr/local/lib/python3.8/dist-packages/oslo_config/cfg.py:2609}}
May 11 15:25:32.667477 dv-osbrick-836058-3-iscsi devstack@n-api.service[102825]: DEBUG nova.api.openstack.wsgi_app [-] oslo_limit.keyfile = None {{(pid=102825) log_opt_values /usr/local/lib/python3.8/dist-packages/oslo_config/cfg.py:2609}}
May 11 15:25:32.667779 dv-osbrick-836058-3-iscsi devstack@n-api.service[102825]: DEBUG nova.api.openstack.wsgi_app [-] oslo_limit.max_version = None {{(pid=102825) log_opt_values /usr/local/lib/python3.8/dist-packages/oslo_config/cfg.py:2609}}
May 11 15:25:32.668083 dv-osbrick-836058-3-iscsi devstack@n-api.service[102825]: DEBUG nova.api.openstack.wsgi_app [-] oslo_limit.min_version = None {{(pid=102825) log_opt_values /usr/local/lib/python3.8/dist-packages/oslo_config/cfg.py:2609}}
May 11 15:25:32.668384 dv-osbrick-836058-3-iscsi devstack@n-api.service[102825]: DEBUG nova.api.openstack.wsgi_app [-] oslo_limit.region_name = None {{(pid=102825) log_opt_values /usr/local/lib/python3.8/dist-packages/oslo_config/cfg.py:2609}}
May 11 15:25:32.668693 dv-osbrick-836058-3-iscsi devstack@n-api.service[102825]: DEBUG nova.api.openstack.wsgi_app [-] oslo_limit.service_name = None {{(pid=102825) log_opt_values /usr/local/lib/python3.8/dist-packages/oslo_config/cfg.py:2609}}
May 11 15:25:32.668995 dv-osbrick-836058-3-iscsi devstack@n-api.service[102825]: DEBUG nova.api.openstack.wsgi_app [-] oslo_limit.service_type = None {{(pid=102825) log_opt_values /usr/local/lib/python3.8/dist-packages/oslo_config/cfg.py:2609}}
May 11 15:25:32.669311 dv-osbrick-836058-3-iscsi devstack@n-api.service[102825]: DEBUG nova.api.openstack.wsgi_app [-] oslo_limit.split_loggers = False {{(pid=102825) log_opt_values /usr/local/lib/python3.8/dist-packages/oslo_config/cfg.py:2609}}
May 11 15:25:32.669638 dv-osbrick-836058-3-iscsi devstack@n-api.service[102825]: DEBUG nova.api.openstack.wsgi_app [-] oslo_limit.status_code_retries = None {{(pid=102825) log_opt_values /usr/local/lib/python3.8/dist-packages/oslo_config/cfg.py:2609}}
May 11 15:25:32.669938 dv-osbrick-836058-3-iscsi devstack@n-api.service[102825]: DEBUG nova.api.openstack.wsgi_app [-] oslo_limit.status_code_retry_delay = None {{(pid=102825) log_opt_values /usr/local/lib/python3.8/dist-packages/oslo_config/cfg.py:2609}}
May 11 15:25:32.670241 dv-osbrick-836058-3-iscsi devstack@n-api.service[102825]: DEBUG nova.api.openstack.wsgi_app [-] oslo_limit.timeout = None {{(pid=102825) log_opt_values /usr/local/lib/python3.8/dist-packages/oslo_config/cfg.py:2609}}
May 11 15:25:32.670548 dv-osbrick-836058-3-iscsi devstack@n-api.service[102825]: DEBUG nova.api.openstack.wsgi_app [-] oslo_limit.valid_interfaces = None {{(pid=102825) log_opt_values /usr/local/lib/python3.8/dist-packages/oslo_config/cfg.py:2609}}
May 11 15:25:32.670847 dv-osbrick-836058-3-iscsi devstack@n-api.service[102825]: DEBUG nova.api.openstack.wsgi_app [-] oslo_limit.version = None {{(pid=102825) log_opt_values /usr/local/lib/python3.8/dist-packages/oslo_config/cfg.py:2609}}
May 11 15:25:32.671179 dv-osbrick-836058-3-iscsi devstack@n-api.service[102825]: DEBUG nova.api.openstack.wsgi_app [-] oslo_middleware.http_basic_auth_user_file = /etc/htpasswd {{(pid=102825) log_opt_values /usr/local/lib/python3.8/dist-packages/oslo_config/cfg.py:2609}}
May 11 15:25:32.671507 dv-osbrick-836058-3-iscsi devstack@n-api.service[102825]: DEBUG nova.api.openstack.wsgi_app [-] profiler.connection_string = messaging:// {{(pid=102825) log_opt_values /usr/local/lib/python3.8/dist-packages/oslo_config/cfg.py:2609}}
May 11 15:25:32.671825 dv-osbrick-836058-3-iscsi devstack@n-api.service[102825]: DEBUG nova.api.openstack.wsgi_app [-] profiler.enabled = False {{(pid=102825) log_opt_values /usr/local/lib/python3.8/dist-packages/oslo_config/cfg.py:2609}}
May 11 15:25:32.672146 dv-osbrick-836058-3-iscsi devstack@n-api.service[102825]: DEBUG nova.api.openstack.wsgi_app [-] profiler.es_doc_type = notification {{(pid=102825) log_opt_values /usr/local/lib/python3.8/dist-packages/oslo_config/cfg.py:2609}}
May 11 15:25:32.672456 dv-osbrick-836058-3-iscsi devstack@n-api.service[102825]: DEBUG nova.api.openstack.wsgi_app [-] profiler.es_scroll_size = 10000 {{(pid=102825) log_opt_values /usr/local/lib/python3.8/dist-packages/oslo_config/cfg.py:2609}}
May 11 15:25:32.672776 dv-osbrick-836058-3-iscsi devstack@n-api.service[102825]: DEBUG nova.api.openstack.wsgi_app [-] profiler.es_scroll_time = 2m {{(pid=102825) log_opt_values /usr/local/lib/python3.8/dist-packages/oslo_config/cfg.py:2609}}
May 11 15:25:32.673079 dv-osbrick-836058-3-iscsi devstack@n-api.service[102825]: DEBUG nova.api.openstack.wsgi_app [-] profiler.filter_error_trace = False {{(pid=102825) log_opt_values /usr/local/lib/python3.8/dist-packages/oslo_config/cfg.py:2609}}
May 11 15:25:32.673399 dv-osbrick-836058-3-iscsi devstack@n-api.service[102825]: DEBUG nova.api.openstack.wsgi_app [-] profiler.hmac_keys = SECRET_KEY {{(pid=102825) log_opt_values /usr/local/lib/python3.8/dist-packages/oslo_config/cfg.py:2609}}
May 11 15:25:32.673743 dv-osbrick-836058-3-iscsi devstack@n-api.service[102825]: DEBUG nova.api.openstack.wsgi_app [-] profiler.sentinel_service_name = mymaster {{(pid=102825) log_opt_values /usr/local/lib/python3.8/dist-packages/oslo_config/cfg.py:2609}}
May 11 15:25:32.674065 dv-osbrick-836058-3-iscsi devstack@n-api.service[102825]: DEBUG nova.api.openstack.wsgi_app [-] profiler.socket_timeout = 0.1 {{(pid=102825) log_opt_values /usr/local/lib/python3.8/dist-packages/oslo_config/cfg.py:2609}}
May 11 15:25:32.674374 dv-osbrick-836058-3-iscsi devstack@n-api.service[102825]: DEBUG nova.api.openstack.wsgi_app [-] profiler.trace_sqlalchemy = False {{(pid=102825) log_opt_values /usr/local/lib/python3.8/dist-packages/oslo_config/cfg.py:2609}}
May 11 15:25:32.674705 dv-osbrick-836058-3-iscsi devstack@n-api.service[102825]: DEBUG nova.api.openstack.wsgi_app [-] oslo_messaging_rabbit.amqp_auto_delete = False {{(pid=102825) log_opt_values /usr/local/lib/python3.8/dist-packages/oslo_config/cfg.py:2609}}
May 11 15:25:32.675006 dv-osbrick-836058-3-iscsi devstack@n-api.service[102825]: DEBUG nova.api.openstack.wsgi_app [-] oslo_messaging_rabbit.amqp_durable_queues = False {{(pid=102825) log_opt_values /usr/local/lib/python3.8/dist-packages/oslo_config/cfg.py:2609}}
May 11 15:25:32.675313 dv-osbrick-836058-3-iscsi devstack@n-api.service[102825]: DEBUG nova.api.openstack.wsgi_app [-] oslo_messaging_rabbit.conn_pool_min_size = 2 {{(pid=102825) log_opt_values /usr/local/lib/python3.8/dist-packages/oslo_config/cfg.py:2609}}
May 11 15:25:32.675622 dv-osbrick-836058-3-iscsi devstack@n-api.service[102825]: DEBUG nova.api.openstack.wsgi_app [-] oslo_messaging_rabbit.conn_pool_ttl = 1200 {{(pid=102825) log_opt_values /usr/local/lib/python3.8/dist-packages/oslo_config/cfg.py:2609}}
May 11 15:25:32.675942 dv-osbrick-836058-3-iscsi devstack@n-api.service[102825]: DEBUG nova.api.openstack.wsgi_app [-] oslo_messaging_rabbit.direct_mandatory_flag = True {{(pid=102825) log_opt_values /usr/local/lib/python3.8/dist-packages/oslo_config/cfg.py:2609}}
May 11 15:25:32.676242 dv-osbrick-836058-3-iscsi devstack@n-api.service[102825]: DEBUG nova.api.openstack.wsgi_app [-] oslo_messaging_rabbit.enable_cancel_on_failover = False {{(pid=102825) log_opt_values /usr/local/lib/python3.8/dist-packages/oslo_config/cfg.py:2609}}
May 11 15:25:32.676547 dv-osbrick-836058-3-iscsi devstack@n-api.service[102825]: DEBUG nova.api.openstack.wsgi_app [-] oslo_messaging_rabbit.heartbeat_in_pthread = True {{(pid=102825) log_opt_values /usr/local/lib/python3.8/dist-packages/oslo_config/cfg.py:2609}}
May 11 15:25:32.676874 dv-osbrick-836058-3-iscsi devstack@n-api.service[102825]: DEBUG nova.api.openstack.wsgi_app [-] oslo_messaging_rabbit.heartbeat_rate = 3 {{(pid=102825) log_opt_values /usr/local/lib/python3.8/dist-packages/oslo_config/cfg.py:2609}}
May 11 15:25:32.677198 dv-osbrick-836058-3-iscsi devstack@n-api.service[102825]: DEBUG nova.api.openstack.wsgi_app [-] oslo_messaging_rabbit.heartbeat_timeout_threshold = 600 {{(pid=102825) log_opt_values /usr/local/lib/python3.8/dist-packages/oslo_config/cfg.py:2609}}
May 11 15:25:32.677523 dv-osbrick-836058-3-iscsi devstack@n-api.service[102825]: DEBUG nova.api.openstack.wsgi_app [-] oslo_messaging_rabbit.kombu_compression = None {{(pid=102825) log_opt_values /usr/local/lib/python3.8/dist-packages/oslo_config/cfg.py:2609}}
May 11 15:25:32.677851 dv-osbrick-836058-3-iscsi devstack@n-api.service[102825]: DEBUG nova.api.openstack.wsgi_app [-] oslo_messaging_rabbit.kombu_failover_strategy = round-robin {{(pid=102825) log_opt_values /usr/local/lib/python3.8/dist-packages/oslo_config/cfg.py:2609}}
May 11 15:25:32.678167 dv-osbrick-836058-3-iscsi devstack@n-api.service[102825]: DEBUG nova.api.openstack.wsgi_app [-] oslo_messaging_rabbit.kombu_missing_consumer_retry_timeout = 60 {{(pid=102825) log_opt_values /usr/local/lib/python3.8/dist-packages/oslo_config/cfg.py:2609}}
May 11 15:25:32.678489 dv-osbrick-836058-3-iscsi devstack@n-api.service[102825]: DEBUG nova.api.openstack.wsgi_app [-] oslo_messaging_rabbit.kombu_reconnect_delay = 1.0 {{(pid=102825) log_opt_values /usr/local/lib/python3.8/dist-packages/oslo_config/cfg.py:2609}}
May 11 15:25:32.678809 dv-osbrick-836058-3-iscsi devstack@n-api.service[102825]: DEBUG nova.api.openstack.wsgi_app [-] oslo_messaging_rabbit.rabbit_ha_queues = False {{(pid=102825) log_opt_values /usr/local/lib/python3.8/dist-packages/oslo_config/cfg.py:2609}}
May 11 15:25:32.679123 dv-osbrick-836058-3-iscsi devstack@n-api.service[102825]: DEBUG nova.api.openstack.wsgi_app [-] oslo_messaging_rabbit.rabbit_interval_max = 30 {{(pid=102825) log_opt_values /usr/local/lib/python3.8/dist-packages/oslo_config/cfg.py:2609}}
May 11 15:25:32.679453 dv-osbrick-836058-3-iscsi devstack@n-api.service[102825]: DEBUG nova.api.openstack.wsgi_app [-] oslo_messaging_rabbit.rabbit_login_method = AMQPLAIN {{(pid=102825) log_opt_values /usr/local/lib/python3.8/dist-packages/oslo_config/cfg.py:2609}}
May 11 15:25:32.679865 dv-osbrick-836058-3-iscsi devstack@n-api.service[102825]: DEBUG nova.api.openstack.wsgi_app [-] oslo_messaging_rabbit.rabbit_qos_prefetch_count = 0 {{(pid=102825) log_opt_values /usr/local/lib/python3.8/dist-packages/oslo_config/cfg.py:2609}}
May 11 15:25:32.680137 dv-osbrick-836058-3-iscsi devstack@n-api.service[102825]: DEBUG nova.api.openstack.wsgi_app [-] oslo_messaging_rabbit.rabbit_quorum_queue = False {{(pid=102825) log_opt_values /usr/local/lib/python3.8/dist-packages/oslo_config/cfg.py:2609}}
May 11 15:25:32.680452 dv-osbrick-836058-3-iscsi devstack@n-api.service[102825]: DEBUG nova.api.openstack.wsgi_app [-] oslo_messaging_rabbit.rabbit_retry_backoff = 2 {{(pid=102825) log_opt_values /usr/local/lib/python3.8/dist-packages/oslo_config/cfg.py:2609}}
May 11 15:25:32.680763 dv-osbrick-836058-3-iscsi devstack@n-api.service[102825]: DEBUG nova.api.openstack.wsgi_app [-] oslo_messaging_rabbit.rabbit_retry_interval = 1 {{(pid=102825) log_opt_values /usr/local/lib/python3.8/dist-packages/oslo_config/cfg.py:2609}}
May 11 15:25:32.681071 dv-osbrick-836058-3-iscsi devstack@n-api.service[102825]: DEBUG nova.api.openstack.wsgi_app [-] oslo_messaging_rabbit.rabbit_transient_queues_ttl = 1800 {{(pid=102825) log_opt_values /usr/local/lib/python3.8/dist-packages/oslo_config/cfg.py:2609}}
May 11 15:25:32.681393 dv-osbrick-836058-3-iscsi devstack@n-api.service[102825]: DEBUG nova.api.openstack.wsgi_app [-] oslo_messaging_rabbit.rpc_conn_pool_size = 30 {{(pid=102825) log_opt_values /usr/local/lib/python3.8/dist-packages/oslo_config/cfg.py:2609}}
May 11 15:25:32.681728 dv-osbrick-836058-3-iscsi devstack@n-api.service[102825]: DEBUG nova.api.openstack.wsgi_app [-] oslo_messaging_rabbit.ssl = False {{(pid=102825) log_opt_values /usr/local/lib/python3.8/dist-packages/oslo_config/cfg.py:2609}}
May 11 15:25:32.682058 dv-osbrick-836058-3-iscsi devstack@n-api.service[102825]: DEBUG nova.api.openstack.wsgi_app [-] oslo_messaging_rabbit.ssl_ca_file = {{(pid=102825) log_opt_values /usr/local/lib/python3.8/dist-packages/oslo_config/cfg.py:2609}}
May 11 15:25:32.682384 dv-osbrick-836058-3-iscsi devstack@n-api.service[102825]: DEBUG nova.api.openstack.wsgi_app [-] oslo_messaging_rabbit.ssl_cert_file = {{(pid=102825) log_opt_values /usr/local/lib/python3.8/dist-packages/oslo_config/cfg.py:2609}}
May 11 15:25:32.682707 dv-osbrick-836058-3-iscsi devstack@n-api.service[102825]: DEBUG nova.api.openstack.wsgi_app [-] oslo_messaging_rabbit.ssl_key_file = {{(pid=102825) log_opt_values /usr/local/lib/python3.8/dist-packages/oslo_config/cfg.py:2609}}
May 11 15:25:32.683031 dv-osbrick-836058-3-iscsi devstack@n-api.service[102825]: DEBUG nova.api.openstack.wsgi_app [-] oslo_messaging_rabbit.ssl_version = {{(pid=102825) log_opt_values /usr/local/lib/python3.8/dist-packages/oslo_config/cfg.py:2609}}
May 11 15:25:32.683389 dv-osbrick-836058-3-iscsi devstack@n-api.service[102825]: DEBUG nova.api.openstack.wsgi_app [-] oslo_messaging_notifications.driver = ['messagingv2'] {{(pid=102825) log_opt_values /usr/local/lib/python3.8/dist-packages/oslo_config/cfg.py:2609}}
May 11 15:25:32.683703 dv-osbrick-836058-3-iscsi devstack@n-api.service[102825]: DEBUG nova.api.openstack.wsgi_app [-] oslo_messaging_notifications.retry = -1 {{(pid=102825) log_opt_values /usr/local/lib/python3.8/dist-packages/oslo_config/cfg.py:2609}}
May 11 15:25:32.684039 dv-osbrick-836058-3-iscsi devstack@n-api.service[102825]: DEBUG nova.api.openstack.wsgi_app [-] oslo_messaging_notifications.topics = ['notifications'] {{(pid=102825) log_opt_values /usr/local/lib/python3.8/dist-packages/oslo_config/cfg.py:2609}}
May 11 15:25:32.684364 dv-osbrick-836058-3-iscsi devstack@n-api.service[102825]: DEBUG nova.api.openstack.wsgi_app [-] oslo_messaging_notifications.transport_url = **** {{(pid=102825) log_opt_values /usr/local/lib/python3.8/dist-packages/oslo_config/cfg.py:2609}}
May 11 15:25:32.684677 dv-osbrick-836058-3-iscsi devstack@n-api.service[102825]: DEBUG nova.api.openstack.wsgi_app [-] oslo_reports.file_event_handler = None {{(pid=102825) log_opt_values /usr/local/lib/python3.8/dist-packages/oslo_config/cfg.py:2609}}
May 11 15:25:32.684997 dv-osbrick-836058-3-iscsi devstack@n-api.service[102825]: DEBUG nova.api.openstack.wsgi_app [-] oslo_reports.file_event_handler_interval = 1 {{(pid=102825) log_opt_values /usr/local/lib/python3.8/dist-packages/oslo_config/cfg.py:2609}}
May 11 15:25:32.685300 dv-osbrick-836058-3-iscsi devstack@n-api.service[102825]: DEBUG nova.api.openstack.wsgi_app [-] oslo_reports.log_dir = None {{(pid=102825) log_opt_values /usr/local/lib/python3.8/dist-packages/oslo_config/cfg.py:2609}}
May 11 15:25:32.685568 dv-osbrick-836058-3-iscsi devstack@n-api.service[102825]: DEBUG nova.api.openstack.wsgi_app [-] ******************************************************************************** {{(pid=102825) log_opt_values /usr/local/lib/python3.8/dist-packages/oslo_config/cfg.py:2613}}
May 11 15:25:32.690269 dv-osbrick-836058-3-iscsi devstack@n-api.service[102824]: DEBUG nova.context [None req-a2495211-c822-445a-a613-b17417ea58a2 None None] Found 2 cells: 00000000-0000-0000-0000-000000000000(cell0),0e5006cb-4eb6-45c0-ab6f-f9d967792d1c(cell1) {{(pid=102824) load_cells /opt/stack/nova/nova/context.py:464}}
May 11 15:25:32.699470 dv-osbrick-836058-3-iscsi devstack@n-api.service[102824]: DEBUG oslo_concurrency.lockutils [None req-a2495211-c822-445a-a613-b17417ea58a2 None None] Lock "00000000-0000-0000-0000-000000000000" acquired by "nova.context.set_target_cell..get_or_set_cached_cell_and_set_connections" :: waited 0.000s {{(pid=102824) inner /usr/local/lib/python3.8/dist-packages/oslo_concurrency/lockutils.py:386}}
May 11 15:25:32.701892 dv-osbrick-836058-3-iscsi devstack@n-api.service[102824]: DEBUG oslo_concurrency.lockutils [None req-a2495211-c822-445a-a613-b17417ea58a2 None None] Lock "00000000-0000-0000-0000-000000000000" "released" by "nova.context.set_target_cell..get_or_set_cached_cell_and_set_connections" :: held 0.003s {{(pid=102824) inner /usr/local/lib/python3.8/dist-packages/oslo_concurrency/lockutils.py:400}}
May 11 15:25:32.703489 dv-osbrick-836058-3-iscsi devstack@n-api.service[102824]: DEBUG oslo_concurrency.lockutils [None req-a2495211-c822-445a-a613-b17417ea58a2 None None] Lock "0e5006cb-4eb6-45c0-ab6f-f9d967792d1c" acquired by "nova.context.set_target_cell..get_or_set_cached_cell_and_set_connections" :: waited 0.000s {{(pid=102824) inner /usr/local/lib/python3.8/dist-packages/oslo_concurrency/lockutils.py:386}}
May 11 15:25:32.706809 dv-osbrick-836058-3-iscsi devstack@n-api.service[102824]: DEBUG oslo_concurrency.lockutils [None req-a2495211-c822-445a-a613-b17417ea58a2 None None] Lock "0e5006cb-4eb6-45c0-ab6f-f9d967792d1c" "released" by "nova.context.set_target_cell..get_or_set_cached_cell_and_set_connections" :: held 0.003s {{(pid=102824) inner /usr/local/lib/python3.8/dist-packages/oslo_concurrency/lockutils.py:400}}
May 11 15:25:32.720100 dv-osbrick-836058-3-iscsi devstack@n-api.service[102825]: DEBUG oslo_db.sqlalchemy.engines [None req-5daa4a0c-f9b2-4c48-9624-177e5b038b77 None None] MySQL server mode set to STRICT_TRANS_TABLES,STRICT_ALL_TABLES,NO_ZERO_IN_DATE,NO_ZERO_DATE,ERROR_FOR_DIVISION_BY_ZERO,TRADITIONAL,NO_ENGINE_SUBSTITUTION {{(pid=102825) _check_effective_sql_mode /usr/local/lib/python3.8/dist-packages/oslo_db/sqlalchemy/engines.py:314}}
May 11 15:25:32.728678 dv-osbrick-836058-3-iscsi devstack@n-api.service[102824]: DEBUG oslo_db.sqlalchemy.engines [None req-a2495211-c822-445a-a613-b17417ea58a2 None None] MySQL server mode set to STRICT_TRANS_TABLES,STRICT_ALL_TABLES,NO_ZERO_IN_DATE,NO_ZERO_DATE,ERROR_FOR_DIVISION_BY_ZERO,TRADITIONAL,NO_ENGINE_SUBSTITUTION {{(pid=102824) _check_effective_sql_mode /usr/local/lib/python3.8/dist-packages/oslo_db/sqlalchemy/engines.py:314}}
May 11 15:25:32.730305 dv-osbrick-836058-3-iscsi devstack@n-api.service[102824]: DEBUG oslo_db.sqlalchemy.engines [None req-a2495211-c822-445a-a613-b17417ea58a2 None None] MySQL server mode set to STRICT_TRANS_TABLES,STRICT_ALL_TABLES,NO_ZERO_IN_DATE,NO_ZERO_DATE,ERROR_FOR_DIVISION_BY_ZERO,TRADITIONAL,NO_ENGINE_SUBSTITUTION {{(pid=102824) _check_effective_sql_mode /usr/local/lib/python3.8/dist-packages/oslo_db/sqlalchemy/engines.py:314}}
May 11 15:25:32.785299 dv-osbrick-836058-3-iscsi devstack@n-api.service[102825]: DEBUG nova.context [None req-5daa4a0c-f9b2-4c48-9624-177e5b038b77 None None] Found 2 cells: 00000000-0000-0000-0000-000000000000(cell0),0e5006cb-4eb6-45c0-ab6f-f9d967792d1c(cell1) {{(pid=102825) load_cells /opt/stack/nova/nova/context.py:464}}
May 11 15:25:32.790402 dv-osbrick-836058-3-iscsi devstack@n-api.service[102825]: DEBUG oslo_concurrency.lockutils [None req-5daa4a0c-f9b2-4c48-9624-177e5b038b77 None None] Lock "00000000-0000-0000-0000-000000000000" acquired by "nova.context.set_target_cell..get_or_set_cached_cell_and_set_connections" :: waited 0.000s {{(pid=102825) inner /usr/local/lib/python3.8/dist-packages/oslo_concurrency/lockutils.py:386}}
May 11 15:25:32.791999 dv-osbrick-836058-3-iscsi devstack@n-api.service[102825]: DEBUG oslo_concurrency.lockutils [None req-5daa4a0c-f9b2-4c48-9624-177e5b038b77 None None] Lock "00000000-0000-0000-0000-000000000000" "released" by "nova.context.set_target_cell..get_or_set_cached_cell_and_set_connections" :: held 0.002s {{(pid=102825) inner /usr/local/lib/python3.8/dist-packages/oslo_concurrency/lockutils.py:400}}
May 11 15:25:32.792816 dv-osbrick-836058-3-iscsi devstack@n-api.service[102825]: DEBUG oslo_concurrency.lockutils [None req-5daa4a0c-f9b2-4c48-9624-177e5b038b77 None None] Lock "0e5006cb-4eb6-45c0-ab6f-f9d967792d1c" acquired by "nova.context.set_target_cell..get_or_set_cached_cell_and_set_connections" :: waited 0.000s {{(pid=102825) inner /usr/local/lib/python3.8/dist-packages/oslo_concurrency/lockutils.py:386}}
May 11 15:25:32.794807 dv-osbrick-836058-3-iscsi devstack@n-api.service[102825]: DEBUG oslo_concurrency.lockutils [None req-5daa4a0c-f9b2-4c48-9624-177e5b038b77 None None] Lock "0e5006cb-4eb6-45c0-ab6f-f9d967792d1c" "released" by "nova.context.set_target_cell..get_or_set_cached_cell_and_set_connections" :: held 0.002s {{(pid=102825) inner /usr/local/lib/python3.8/dist-packages/oslo_concurrency/lockutils.py:400}}
May 11 15:25:32.809281 dv-osbrick-836058-3-iscsi devstack@n-api.service[102825]: DEBUG oslo_db.sqlalchemy.engines [None req-5daa4a0c-f9b2-4c48-9624-177e5b038b77 None None] MySQL server mode set to STRICT_TRANS_TABLES,STRICT_ALL_TABLES,NO_ZERO_IN_DATE,NO_ZERO_DATE,ERROR_FOR_DIVISION_BY_ZERO,TRADITIONAL,NO_ENGINE_SUBSTITUTION {{(pid=102825) _check_effective_sql_mode /usr/local/lib/python3.8/dist-packages/oslo_db/sqlalchemy/engines.py:314}}
May 11 15:25:32.813883 dv-osbrick-836058-3-iscsi devstack@n-api.service[102825]: DEBUG oslo_db.sqlalchemy.engines [None req-5daa4a0c-f9b2-4c48-9624-177e5b038b77 None None] MySQL server mode set to STRICT_TRANS_TABLES,STRICT_ALL_TABLES,NO_ZERO_IN_DATE,NO_ZERO_DATE,ERROR_FOR_DIVISION_BY_ZERO,TRADITIONAL,NO_ENGINE_SUBSTITUTION {{(pid=102825) _check_effective_sql_mode /usr/local/lib/python3.8/dist-packages/oslo_db/sqlalchemy/engines.py:314}}
May 11 15:25:32.918403 dv-osbrick-836058-3-iscsi devstack@n-api.service[102824]: DEBUG oslo_db.sqlalchemy.engines [None req-a2495211-c822-445a-a613-b17417ea58a2 None None] MySQL server mode set to STRICT_TRANS_TABLES,STRICT_ALL_TABLES,NO_ZERO_IN_DATE,NO_ZERO_DATE,ERROR_FOR_DIVISION_BY_ZERO,TRADITIONAL,NO_ENGINE_SUBSTITUTION {{(pid=102824) _check_effective_sql_mode /usr/local/lib/python3.8/dist-packages/oslo_db/sqlalchemy/engines.py:314}}
May 11 15:25:32.976523 dv-osbrick-836058-3-iscsi devstack@n-api.service[102825]: DEBUG oslo_db.sqlalchemy.engines [None req-5daa4a0c-f9b2-4c48-9624-177e5b038b77 None None] MySQL server mode set to STRICT_TRANS_TABLES,STRICT_ALL_TABLES,NO_ZERO_IN_DATE,NO_ZERO_DATE,ERROR_FOR_DIVISION_BY_ZERO,TRADITIONAL,NO_ENGINE_SUBSTITUTION {{(pid=102825) _check_effective_sql_mode /usr/local/lib/python3.8/dist-packages/oslo_db/sqlalchemy/engines.py:314}}
May 11 15:25:33.306846 dv-osbrick-836058-3-iscsi devstack@n-api.service[102825]: WARNING keystonemiddleware.auth_token [None req-5daa4a0c-f9b2-4c48-9624-177e5b038b77 None None] AuthToken middleware is set with keystone_authtoken.service_token_roles_required set to False. This is backwards compatible but deprecated behaviour. Please set this to True.
May 11 15:25:33.311084 dv-osbrick-836058-3-iscsi devstack@n-api.service[102824]: WARNING keystonemiddleware.auth_token [None req-a2495211-c822-445a-a613-b17417ea58a2 None None] AuthToken middleware is set with keystone_authtoken.service_token_roles_required set to False. This is backwards compatible but deprecated behaviour. Please set this to True.
May 11 15:25:33.314366 dv-osbrick-836058-3-iscsi devstack@n-api.service[102825]: WARNING keystonemiddleware.auth_token [None req-5daa4a0c-f9b2-4c48-9624-177e5b038b77 None None] Configuring www_authenticate_uri to point to the public identity endpoint is required; clients may not be able to authenticate against an admin endpoint
May 11 15:25:33.318559 dv-osbrick-836058-3-iscsi devstack@n-api.service[102824]: WARNING keystonemiddleware.auth_token [None req-a2495211-c822-445a-a613-b17417ea58a2 None None] Configuring www_authenticate_uri to point to the public identity endpoint is required; clients may not be able to authenticate against an admin endpoint
May 11 15:25:33.671367 dv-osbrick-836058-3-iscsi devstack@n-api.service[102825]: WARNING keystonemiddleware.auth_token [None req-5daa4a0c-f9b2-4c48-9624-177e5b038b77 None None] AuthToken middleware is set with keystone_authtoken.service_token_roles_required set to False. This is backwards compatible but deprecated behaviour. Please set this to True.
May 11 15:25:33.677406 dv-osbrick-836058-3-iscsi devstack@n-api.service[102825]: WARNING keystonemiddleware.auth_token [None req-5daa4a0c-f9b2-4c48-9624-177e5b038b77 None None] Configuring www_authenticate_uri to point to the public identity endpoint is required; clients may not be able to authenticate against an admin endpoint
May 11 15:25:33.683813 dv-osbrick-836058-3-iscsi devstack@n-api.service[102825]: WSGI app 0 (mountpoint='') ready in 6 seconds on interpreter 0x5575456a39c0 pid: 102825 (default app)
May 11 15:25:33.685933 dv-osbrick-836058-3-iscsi devstack@n-api.service[102825]: DEBUG nova.api.openstack.wsgi [None req-5daa4a0c-f9b2-4c48-9624-177e5b038b77 None None] Calling method '>' {{(pid=102825) _process_stack /opt/stack/nova/nova/api/openstack/wsgi.py:513}}
May 11 15:25:33.687122 dv-osbrick-836058-3-iscsi devstack@n-api.service[102825]: INFO nova.api.openstack.requestlog [None req-5daa4a0c-f9b2-4c48-9624-177e5b038b77 None None] 10.222.0.71 "GET /compute/v2.1/" status: 200 len: 388 microversion: 2.1 time: 0.001787
May 11 15:25:33.687517 dv-osbrick-836058-3-iscsi devstack@n-api.service[102825]: [pid: 102825|app: 0|req: 1/1] 10.222.0.71 () {50 vars in 788 bytes} [Wed May 11 15:25:33 2022] GET /compute/v2.1/ => generated 388 bytes in 3 msecs (HTTP/1.1 200) 9 headers in 357 bytes (1 switches on core 0)
May 11 15:25:33.703411 dv-osbrick-836058-3-iscsi devstack@n-api.service[102824]: WARNING keystonemiddleware.auth_token [None req-a2495211-c822-445a-a613-b17417ea58a2 None None] AuthToken middleware is set with keystone_authtoken.service_token_roles_required set to False. This is backwards compatible but deprecated behaviour. Please set this to True.
May 11 15:25:33.709665 dv-osbrick-836058-3-iscsi devstack@n-api.service[102824]: WARNING keystonemiddleware.auth_token [None req-a2495211-c822-445a-a613-b17417ea58a2 None None] Configuring www_authenticate_uri to point to the public identity endpoint is required; clients may not be able to authenticate against an admin endpoint
May 11 15:25:33.716480 dv-osbrick-836058-3-iscsi devstack@n-api.service[102824]: WSGI app 0 (mountpoint='') ready in 6 seconds on interpreter 0x5575456a39c0 pid: 102824 (default app)
May 11 15:26:57.669213 dv-osbrick-836058-3-iscsi devstack@n-api.service[102825]: DEBUG nova.api.openstack.wsgi [None req-5daa4a0c-f9b2-4c48-9624-177e5b038b77 None None] Calling method '>' {{(pid=102825) _process_stack /opt/stack/nova/nova/api/openstack/wsgi.py:513}}
May 11 15:26:57.670258 dv-osbrick-836058-3-iscsi devstack@n-api.service[102825]: INFO nova.api.openstack.requestlog [None req-5daa4a0c-f9b2-4c48-9624-177e5b038b77 None None] 10.222.0.71 "GET /compute/v2.1" status: 200 len: 388 microversion: 2.1 time: 0.001497
May 11 15:26:57.670644 dv-osbrick-836058-3-iscsi devstack@n-api.service[102825]: [pid: 102825|app: 0|req: 2/2] 10.222.0.71 () {54 vars in 930 bytes} [Wed May 11 15:26:57 2022] GET /compute/v2.1 => generated 388 bytes in 2 msecs (HTTP/1.1 200) 9 headers in 357 bytes (1 switches on core 0)
May 11 15:26:58.100667 dv-osbrick-836058-3-iscsi devstack@n-api.service[102824]: DEBUG nova.api.openstack.wsgi [None req-e531d8a8-a644-43b5-96b3-6fa8d3d3bb33 admin admin] Calling method '>' {{(pid=102824) _process_stack /opt/stack/nova/nova/api/openstack/wsgi.py:513}}
May 11 15:26:58.129923 dv-osbrick-836058-3-iscsi devstack@n-api.service[102824]: INFO nova.api.openstack.requestlog [None req-e531d8a8-a644-43b5-96b3-6fa8d3d3bb33 admin admin] 10.222.0.71 "GET /compute/v2.1/flavors/detail?is_public=True" status: 200 len: 15 microversion: 2.61 time: 0.452170
May 11 15:26:58.145453 dv-osbrick-836058-3-iscsi devstack@n-api.service[102824]: [pid: 102824|app: 0|req: 1/3] 10.222.0.71 () {60 vars in 1291 bytes} [Wed May 11 15:26:57 2022] GET /compute/v2.1/flavors/detail?is_public=True => generated 15 bytes in 454 msecs (HTTP/1.1 200) 9 headers in 358 bytes (2 switches on core 0)
May 11 15:27:00.449207 dv-osbrick-836058-3-iscsi devstack@n-api.service[102825]: DEBUG nova.api.openstack.wsgi [None req-5daa4a0c-f9b2-4c48-9624-177e5b038b77 None None] Calling method '>' {{(pid=102825) _process_stack /opt/stack/nova/nova/api/openstack/wsgi.py:513}}
May 11 15:27:00.451009 dv-osbrick-836058-3-iscsi devstack@n-api.service[102825]: INFO nova.api.openstack.requestlog [None req-5daa4a0c-f9b2-4c48-9624-177e5b038b77 None None] 10.222.0.71 "GET /compute/v2.1" status: 200 len: 388 microversion: 2.1 time: 0.002281
May 11 15:27:00.451529 dv-osbrick-836058-3-iscsi devstack@n-api.service[102825]: [pid: 102825|app: 0|req: 3/4] 10.222.0.71 () {54 vars in 930 bytes} [Wed May 11 15:27:00 2022] GET /compute/v2.1 => generated 388 bytes in 3 msecs (HTTP/1.1 200) 9 headers in 357 bytes (1 switches on core 0)
May 11 15:27:00.519598 dv-osbrick-836058-3-iscsi devstack@n-api.service[102824]: DEBUG nova.api.openstack.wsgi [None req-437fc1f8-4910-4898-a4bc-21fbdae522b9 admin admin] Action: 'create', calling method: >, body: {"flavor": {"vcpus": 1, "name": "cirros256", "rxtx_factor": 1.0, "os-flavor-access:is_public": true, "OS-FLV-EXT-DATA:ephemeral": 0, "disk": 1, "swap": 0, "ram": 256, "id": "c1"}} {{(pid=102824) _process_stack /opt/stack/nova/nova/api/openstack/wsgi.py:511}}
May 11 15:27:00.537858 dv-osbrick-836058-3-iscsi devstack@n-api.service[102824]: /usr/local/lib/python3.8/dist-packages/oslo_policy/policy.py:1129: UserWarning: Policy "os_compute_api:os-flavor-manage:create": "rule:context_is_admin" failed scope check. The token used to make the request was project scoped but the policy requires ['system'] scope. This behavior may change in the future where using the intended scope is required
May 11 15:27:00.537858 dv-osbrick-836058-3-iscsi devstack@n-api.service[102824]: warnings.warn(msg)
May 11 15:27:00.567102 dv-osbrick-836058-3-iscsi devstack@n-api.service[102824]: INFO nova.api.openstack.requestlog [None req-437fc1f8-4910-4898-a4bc-21fbdae522b9 admin admin] 10.222.0.71 "POST /compute/v2.1/flavors" status: 200 len: 407 microversion: 2.61 time: 0.108485
May 11 15:27:00.567102 dv-osbrick-836058-3-iscsi devstack@n-api.service[102824]: [pid: 102824|app: 0|req: 2/5] 10.222.0.71 () {64 vars in 1282 bytes} [Wed May 11 15:27:00 2022] POST /compute/v2.1/flavors => generated 407 bytes in 110 msecs (HTTP/1.1 200) 9 headers in 359 bytes (1 switches on core 0)
May 11 15:27:00.782730 dv-osbrick-836058-3-iscsi devstack@n-api.service[102825]: DEBUG nova.api.openstack.wsgi [None req-40a4d3fa-a901-4c25-b0e3-16ba7f407359 admin admin] Action: 'create', calling method: >, body: {"extra_specs": {"hw_rng:allowed": "True"}} {{(pid=102825) _process_stack /opt/stack/nova/nova/api/openstack/wsgi.py:511}}
May 11 15:27:00.785177 dv-osbrick-836058-3-iscsi devstack@n-api.service[102825]: /usr/local/lib/python3.8/dist-packages/oslo_policy/policy.py:1129: UserWarning: Policy "os_compute_api:os-flavor-extra-specs:create": "rule:context_is_admin" failed scope check. The token used to make the request was project scoped but the policy requires ['system'] scope. This behavior may change in the future where using the intended scope is required
May 11 15:27:00.785177 dv-osbrick-836058-3-iscsi devstack@n-api.service[102825]: warnings.warn(msg)
May 11 15:27:00.833509 dv-osbrick-836058-3-iscsi devstack@n-api.service[102825]: INFO nova.api.openstack.requestlog [None req-40a4d3fa-a901-4c25-b0e3-16ba7f407359 admin admin] 10.222.0.71 "POST /compute/v2.1/flavors/c1/os-extra_specs" status: 200 len: 43 microversion: 2.61 time: 0.258277
May 11 15:27:00.849457 dv-osbrick-836058-3-iscsi devstack@n-api.service[102825]: [pid: 102825|app: 0|req: 4/6] 10.222.0.71 () {64 vars in 1335 bytes} [Wed May 11 15:27:00 2022] POST /compute/v2.1/flavors/c1/os-extra_specs => generated 43 bytes in 260 msecs (HTTP/1.1 200) 9 headers in 358 bytes (1 switches on core 0)
May 11 15:27:03.135497 dv-osbrick-836058-3-iscsi devstack@n-api.service[102824]: DEBUG nova.api.openstack.wsgi [None req-437fc1f8-4910-4898-a4bc-21fbdae522b9 admin admin] Calling method '>' {{(pid=102824) _process_stack /opt/stack/nova/nova/api/openstack/wsgi.py:513}}
May 11 15:27:03.137005 dv-osbrick-836058-3-iscsi devstack@n-api.service[102824]: INFO nova.api.openstack.requestlog [None req-437fc1f8-4910-4898-a4bc-21fbdae522b9 admin admin] 10.222.0.71 "GET /compute/v2.1" status: 200 len: 388 microversion: 2.1 time: 0.001914
May 11 15:27:03.137679 dv-osbrick-836058-3-iscsi devstack@n-api.service[102824]: [pid: 102824|app: 0|req: 3/7] 10.222.0.71 () {54 vars in 930 bytes} [Wed May 11 15:27:03 2022] GET /compute/v2.1 => generated 388 bytes in 3 msecs (HTTP/1.1 200) 9 headers in 357 bytes (1 switches on core 0)
May 11 15:27:03.269819 dv-osbrick-836058-3-iscsi devstack@n-api.service[102825]: DEBUG nova.api.openstack.wsgi [None req-feba45ba-a4f2-4457-83f0-0bdbbf1036ef admin admin] Action: 'create', calling method: >, body: {"flavor": {"ram": 512, "rxtx_factor": 1.0, "name": "ds512M", "disk": 5, "id": "d1", "vcpus": 1, "swap": 0, "os-flavor-access:is_public": true, "OS-FLV-EXT-DATA:ephemeral": 0}} {{(pid=102825) _process_stack /opt/stack/nova/nova/api/openstack/wsgi.py:511}}
May 11 15:27:03.288045 dv-osbrick-836058-3-iscsi devstack@n-api.service[102825]: /usr/local/lib/python3.8/dist-packages/oslo_policy/policy.py:1129: UserWarning: Policy "os_compute_api:os-flavor-manage:create": "rule:context_is_admin" failed scope check. The token used to make the request was project scoped but the policy requires ['system'] scope. This behavior may change in the future where using the intended scope is required
May 11 15:27:03.288045 dv-osbrick-836058-3-iscsi devstack@n-api.service[102825]: warnings.warn(msg)
May 11 15:27:03.306636 dv-osbrick-836058-3-iscsi devstack@n-api.service[102825]: INFO nova.api.openstack.requestlog [None req-feba45ba-a4f2-4457-83f0-0bdbbf1036ef admin admin] 10.222.0.71 "POST /compute/v2.1/flavors" status: 200 len: 404 microversion: 2.61 time: 0.161111
May 11 15:27:03.307220 dv-osbrick-836058-3-iscsi devstack@n-api.service[102825]: [pid: 102825|app: 0|req: 5/8] 10.222.0.71 () {64 vars in 1282 bytes} [Wed May 11 15:27:03 2022] POST /compute/v2.1/flavors => generated 404 bytes in 162 msecs (HTTP/1.1 200) 9 headers in 359 bytes (1 switches on core 0)
May 11 15:27:03.319213 dv-osbrick-836058-3-iscsi devstack@n-api.service[102824]: DEBUG nova.api.openstack.wsgi [None req-c844fc25-cc1c-4b48-ad32-61223c276b4b admin admin] Action: 'create', calling method: >, body: {"extra_specs": {"hw_rng:allowed": "True"}} {{(pid=102824) _process_stack /opt/stack/nova/nova/api/openstack/wsgi.py:511}}
May 11 15:27:03.320757 dv-osbrick-836058-3-iscsi devstack@n-api.service[102824]: /usr/local/lib/python3.8/dist-packages/oslo_policy/policy.py:1129: UserWarning: Policy "os_compute_api:os-flavor-extra-specs:create": "rule:context_is_admin" failed scope check. The token used to make the request was project scoped but the policy requires ['system'] scope. This behavior may change in the future where using the intended scope is required
May 11 15:27:03.320757 dv-osbrick-836058-3-iscsi devstack@n-api.service[102824]: warnings.warn(msg)
May 11 15:27:03.354124 dv-osbrick-836058-3-iscsi devstack@n-api.service[102824]: INFO nova.api.openstack.requestlog [None req-c844fc25-cc1c-4b48-ad32-61223c276b4b admin admin] 10.222.0.71 "POST /compute/v2.1/flavors/d1/os-extra_specs" status: 200 len: 43 microversion: 2.61 time: 0.038605
May 11 15:27:03.354786 dv-osbrick-836058-3-iscsi devstack@n-api.service[102824]: [pid: 102824|app: 0|req: 4/9] 10.222.0.71 () {64 vars in 1335 bytes} [Wed May 11 15:27:03 2022] POST /compute/v2.1/flavors/d1/os-extra_specs => generated 43 bytes in 40 msecs (HTTP/1.1 200) 9 headers in 358 bytes (1 switches on core 0)
May 11 15:27:05.653932 dv-osbrick-836058-3-iscsi devstack@n-api.service[102825]: DEBUG nova.api.openstack.wsgi [None req-feba45ba-a4f2-4457-83f0-0bdbbf1036ef admin admin] Calling method '>' {{(pid=102825) _process_stack /opt/stack/nova/nova/api/openstack/wsgi.py:513}}
May 11 15:27:05.654973 dv-osbrick-836058-3-iscsi devstack@n-api.service[102825]: INFO nova.api.openstack.requestlog [None req-feba45ba-a4f2-4457-83f0-0bdbbf1036ef admin admin] 10.222.0.71 "GET /compute/v2.1" status: 200 len: 388 microversion: 2.1 time: 0.001523
May 11 15:27:05.655401 dv-osbrick-836058-3-iscsi devstack@n-api.service[102825]: [pid: 102825|app: 0|req: 6/10] 10.222.0.71 () {54 vars in 930 bytes} [Wed May 11 15:27:05 2022] GET /compute/v2.1 => generated 388 bytes in 2 msecs (HTTP/1.1 200) 9 headers in 357 bytes (1 switches on core 0)
May 11 15:27:05.717601 dv-osbrick-836058-3-iscsi devstack@n-api.service[102824]: DEBUG nova.api.openstack.wsgi [None req-05af5c9c-2c64-4eee-9438-470336071043 admin admin] Action: 'create', calling method: >, body: {"flavor": {"id": "d2", "OS-FLV-EXT-DATA:ephemeral": 0, "disk": 10, "rxtx_factor": 1.0, "os-flavor-access:is_public": true, "swap": 0, "ram": 1024, "vcpus": 1, "name": "ds1G"}} {{(pid=102824) _process_stack /opt/stack/nova/nova/api/openstack/wsgi.py:511}}
May 11 15:27:05.739867 dv-osbrick-836058-3-iscsi devstack@n-api.service[102824]: INFO nova.api.openstack.requestlog [None req-05af5c9c-2c64-4eee-9438-470336071043 admin admin] 10.222.0.71 "POST /compute/v2.1/flavors" status: 200 len: 404 microversion: 2.61 time: 0.077918
May 11 15:27:05.748452 dv-osbrick-836058-3-iscsi devstack@n-api.service[102824]: [pid: 102824|app: 0|req: 5/11] 10.222.0.71 () {64 vars in 1282 bytes} [Wed May 11 15:27:05 2022] POST /compute/v2.1/flavors => generated 404 bytes in 87 msecs (HTTP/1.1 200) 9 headers in 359 bytes (1 switches on core 0)
May 11 15:27:05.754917 dv-osbrick-836058-3-iscsi devstack@n-api.service[102825]: DEBUG nova.api.openstack.wsgi [None req-809c0be6-dbd9-4eed-96c2-c1b131dcca64 admin admin] Action: 'create', calling method: >, body: {"extra_specs": {"hw_rng:allowed": "True"}} {{(pid=102825) _process_stack /opt/stack/nova/nova/api/openstack/wsgi.py:511}}
May 11 15:27:05.782575 dv-osbrick-836058-3-iscsi devstack@n-api.service[102825]: INFO nova.api.openstack.requestlog [None req-809c0be6-dbd9-4eed-96c2-c1b131dcca64 admin admin] 10.222.0.71 "POST /compute/v2.1/flavors/d2/os-extra_specs" status: 200 len: 43 microversion: 2.61 time: 0.031779
May 11 15:27:05.783605 dv-osbrick-836058-3-iscsi devstack@n-api.service[102825]: [pid: 102825|app: 0|req: 7/12] 10.222.0.71 () {64 vars in 1335 bytes} [Wed May 11 15:27:05 2022] POST /compute/v2.1/flavors/d2/os-extra_specs => generated 43 bytes in 34 msecs (HTTP/1.1 200) 9 headers in 358 bytes (1 switches on core 0)
May 11 15:27:08.131853 dv-osbrick-836058-3-iscsi devstack@n-api.service[102824]: DEBUG nova.api.openstack.wsgi [None req-05af5c9c-2c64-4eee-9438-470336071043 admin admin] Calling method '>' {{(pid=102824) _process_stack /opt/stack/nova/nova/api/openstack/wsgi.py:513}}
May 11 15:27:08.132889 dv-osbrick-836058-3-iscsi devstack@n-api.service[102824]: INFO nova.api.openstack.requestlog [None req-05af5c9c-2c64-4eee-9438-470336071043 admin admin] 10.222.0.71 "GET /compute/v2.1" status: 200 len: 388 microversion: 2.1 time: 0.002078
May 11 15:27:08.133559 dv-osbrick-836058-3-iscsi devstack@n-api.service[102824]: [pid: 102824|app: 0|req: 6/13] 10.222.0.71 () {54 vars in 930 bytes} [Wed May 11 15:27:08 2022] GET /compute/v2.1 => generated 388 bytes in 3 msecs (HTTP/1.1 200) 9 headers in 357 bytes (1 switches on core 0)
May 11 15:27:08.196306 dv-osbrick-836058-3-iscsi devstack@n-api.service[102825]: DEBUG nova.api.openstack.wsgi [None req-509e7da8-9f6f-4473-9c2c-fc8212a95c92 admin admin] Action: 'create', calling method: >, body: {"flavor": {"ram": 2048, "swap": 0, "OS-FLV-EXT-DATA:ephemeral": 0, "name": "ds2G", "id": "d3", "rxtx_factor": 1.0, "os-flavor-access:is_public": true, "vcpus": 2, "disk": 10}} {{(pid=102825) _process_stack /opt/stack/nova/nova/api/openstack/wsgi.py:511}}
May 11 15:27:08.214816 dv-osbrick-836058-3-iscsi devstack@n-api.service[102825]: INFO nova.api.openstack.requestlog [None req-509e7da8-9f6f-4473-9c2c-fc8212a95c92 admin admin] 10.222.0.71 "POST /compute/v2.1/flavors" status: 200 len: 404 microversion: 2.61 time: 0.074994
May 11 15:27:08.215732 dv-osbrick-836058-3-iscsi devstack@n-api.service[102825]: [pid: 102825|app: 0|req: 8/14] 10.222.0.71 () {64 vars in 1282 bytes} [Wed May 11 15:27:08 2022] POST /compute/v2.1/flavors => generated 404 bytes in 76 msecs (HTTP/1.1 200) 9 headers in 359 bytes (1 switches on core 0)
May 11 15:27:08.227662 dv-osbrick-836058-3-iscsi devstack@n-api.service[102824]: DEBUG nova.api.openstack.wsgi [None req-89f8b3c1-5daa-4caa-a9bd-f7d2b06d3040 admin admin] Action: 'create', calling method: >, body: {"extra_specs": {"hw_rng:allowed": "True"}} {{(pid=102824) _process_stack /opt/stack/nova/nova/api/openstack/wsgi.py:511}}
May 11 15:27:08.253725 dv-osbrick-836058-3-iscsi devstack@n-api.service[102824]: INFO nova.api.openstack.requestlog [None req-89f8b3c1-5daa-4caa-a9bd-f7d2b06d3040 admin admin] 10.222.0.71 "POST /compute/v2.1/flavors/d3/os-extra_specs" status: 200 len: 43 microversion: 2.61 time: 0.029816
May 11 15:27:08.254330 dv-osbrick-836058-3-iscsi devstack@n-api.service[102824]: [pid: 102824|app: 0|req: 7/15] 10.222.0.71 () {64 vars in 1335 bytes} [Wed May 11 15:27:08 2022] POST /compute/v2.1/flavors/d3/os-extra_specs => generated 43 bytes in 31 msecs (HTTP/1.1 200) 9 headers in 358 bytes (2 switches on core 0)
May 11 15:27:10.725743 dv-osbrick-836058-3-iscsi devstack@n-api.service[102825]: DEBUG nova.api.openstack.wsgi [None req-509e7da8-9f6f-4473-9c2c-fc8212a95c92 admin admin] Calling method '>' {{(pid=102825) _process_stack /opt/stack/nova/nova/api/openstack/wsgi.py:513}}
May 11 15:27:10.726879 dv-osbrick-836058-3-iscsi devstack@n-api.service[102825]: INFO nova.api.openstack.requestlog [None req-509e7da8-9f6f-4473-9c2c-fc8212a95c92 admin admin] 10.222.0.71 "GET /compute/v2.1" status: 200 len: 388 microversion: 2.1 time: 0.002163
May 11 15:27:10.727338 dv-osbrick-836058-3-iscsi devstack@n-api.service[102825]: [pid: 102825|app: 0|req: 9/16] 10.222.0.71 () {54 vars in 930 bytes} [Wed May 11 15:27:10 2022] GET /compute/v2.1 => generated 388 bytes in 3 msecs (HTTP/1.1 200) 9 headers in 357 bytes (1 switches on core 0)
May 11 15:27:10.812268 dv-osbrick-836058-3-iscsi devstack@n-api.service[102824]: DEBUG nova.api.openstack.wsgi [None req-1663dad2-6f32-4003-8e28-317217360bca admin admin] Action: 'create', calling method: >, body: {"flavor": {"vcpus": 4, "id": "d4", "rxtx_factor": 1.0, "name": "ds4G", "os-flavor-access:is_public": true, "disk": 20, "ram": 4096, "swap": 0, "OS-FLV-EXT-DATA:ephemeral": 0}} {{(pid=102824) _process_stack /opt/stack/nova/nova/api/openstack/wsgi.py:511}}
May 11 15:27:10.832602 dv-osbrick-836058-3-iscsi devstack@n-api.service[102824]: INFO nova.api.openstack.requestlog [None req-1663dad2-6f32-4003-8e28-317217360bca admin admin] 10.222.0.71 "POST /compute/v2.1/flavors" status: 200 len: 404 microversion: 2.61 time: 0.098762
May 11 15:27:10.833443 dv-osbrick-836058-3-iscsi devstack@n-api.service[102824]: [pid: 102824|app: 0|req: 8/17] 10.222.0.71 () {64 vars in 1282 bytes} [Wed May 11 15:27:10 2022] POST /compute/v2.1/flavors => generated 404 bytes in 100 msecs (HTTP/1.1 200) 9 headers in 359 bytes (1 switches on core 0)
May 11 15:27:10.845805 dv-osbrick-836058-3-iscsi devstack@n-api.service[102825]: DEBUG nova.api.openstack.wsgi [None req-b38b20f5-f43e-4570-baac-eb57079db325 admin admin] Action: 'create', calling method: >, body: {"extra_specs": {"hw_rng:allowed": "True"}} {{(pid=102825) _process_stack /opt/stack/nova/nova/api/openstack/wsgi.py:511}}
May 11 15:27:10.877605 dv-osbrick-836058-3-iscsi devstack@n-api.service[102825]: INFO nova.api.openstack.requestlog [None req-b38b20f5-f43e-4570-baac-eb57079db325 admin admin] 10.222.0.71 "POST /compute/v2.1/flavors/d4/os-extra_specs" status: 200 len: 43 microversion: 2.61 time: 0.035571
May 11 15:27:10.878611 dv-osbrick-836058-3-iscsi devstack@n-api.service[102825]: [pid: 102825|app: 0|req: 10/18] 10.222.0.71 () {64 vars in 1335 bytes} [Wed May 11 15:27:10 2022] POST /compute/v2.1/flavors/d4/os-extra_specs => generated 43 bytes in 37 msecs (HTTP/1.1 200) 9 headers in 358 bytes (2 switches on core 0)
May 11 15:27:13.262823 dv-osbrick-836058-3-iscsi devstack@n-api.service[102824]: DEBUG nova.api.openstack.wsgi [None req-1663dad2-6f32-4003-8e28-317217360bca admin admin] Calling method '>' {{(pid=102824) _process_stack /opt/stack/nova/nova/api/openstack/wsgi.py:513}}
May 11 15:27:13.264477 dv-osbrick-836058-3-iscsi devstack@n-api.service[102824]: INFO nova.api.openstack.requestlog [None req-1663dad2-6f32-4003-8e28-317217360bca admin admin] 10.222.0.71 "GET /compute/v2.1" status: 200 len: 388 microversion: 2.1 time: 0.002475
May 11 15:27:13.265244 dv-osbrick-836058-3-iscsi devstack@n-api.service[102824]: [pid: 102824|app: 0|req: 9/19] 10.222.0.71 () {54 vars in 930 bytes} [Wed May 11 15:27:13 2022] GET /compute/v2.1 => generated 388 bytes in 4 msecs (HTTP/1.1 200) 9 headers in 357 bytes (1 switches on core 0)
May 11 15:27:13.339187 dv-osbrick-836058-3-iscsi devstack@n-api.service[102825]: DEBUG nova.api.openstack.wsgi [None req-742600e7-b400-45b4-b180-e1ea0a3a9854 admin admin] Calling method '>' {{(pid=102825) _process_stack /opt/stack/nova/nova/api/openstack/wsgi.py:513}}
May 11 15:27:13.366034 dv-osbrick-836058-3-iscsi devstack@n-api.service[102825]: INFO nova.api.openstack.requestlog [None req-742600e7-b400-45b4-b180-e1ea0a3a9854 admin admin] 10.222.0.71 "GET /compute/v2.1/flavors/detail?is_public=True" status: 200 len: 2106 microversion: 2.61 time: 0.089212
May 11 15:27:13.366619 dv-osbrick-836058-3-iscsi devstack@n-api.service[102825]: [pid: 102825|app: 0|req: 11/20] 10.222.0.71 () {60 vars in 1291 bytes} [Wed May 11 15:27:13 2022] GET /compute/v2.1/flavors/detail?is_public=True => generated 2106 bytes in 92 msecs (HTTP/1.1 200) 9 headers in 360 bytes (1 switches on core 0)
May 11 15:27:15.880103 dv-osbrick-836058-3-iscsi devstack@n-api.service[102824]: DEBUG nova.api.openstack.wsgi [None req-1663dad2-6f32-4003-8e28-317217360bca admin admin] Calling method '>' {{(pid=102824) _process_stack /opt/stack/nova/nova/api/openstack/wsgi.py:513}}
May 11 15:27:15.881361 dv-osbrick-836058-3-iscsi devstack@n-api.service[102824]: INFO nova.api.openstack.requestlog [None req-1663dad2-6f32-4003-8e28-317217360bca admin admin] 10.222.0.71 "GET /compute/v2.1" status: 200 len: 388 microversion: 2.1 time: 0.001870
May 11 15:27:15.881859 dv-osbrick-836058-3-iscsi devstack@n-api.service[102824]: [pid: 102824|app: 0|req: 10/21] 10.222.0.71 () {54 vars in 930 bytes} [Wed May 11 15:27:15 2022] GET /compute/v2.1 => generated 388 bytes in 3 msecs (HTTP/1.1 200) 9 headers in 357 bytes (1 switches on core 0)
May 11 15:27:15.952839 dv-osbrick-836058-3-iscsi devstack@n-api.service[102825]: DEBUG nova.api.openstack.wsgi [None req-dab8c278-4207-4e1c-be63-456579a5e2b2 admin admin] Action: 'create', calling method: >, body: {"flavor": {"swap": 0, "os-flavor-access:is_public": true, "name": "m1.tiny", "vcpus": 1, "OS-FLV-EXT-DATA:ephemeral": 0, "disk": 1, "ram": 512, "id": "1", "rxtx_factor": 1.0}} {{(pid=102825) _process_stack /opt/stack/nova/nova/api/openstack/wsgi.py:511}}
May 11 15:27:15.975353 dv-osbrick-836058-3-iscsi devstack@n-api.service[102825]: INFO nova.api.openstack.requestlog [None req-dab8c278-4207-4e1c-be63-456579a5e2b2 admin admin] 10.222.0.71 "POST /compute/v2.1/flavors" status: 200 len: 402 microversion: 2.61 time: 0.086449
May 11 15:27:15.976247 dv-osbrick-836058-3-iscsi devstack@n-api.service[102825]: [pid: 102825|app: 0|req: 12/22] 10.222.0.71 () {64 vars in 1282 bytes} [Wed May 11 15:27:15 2022] POST /compute/v2.1/flavors => generated 402 bytes in 89 msecs (HTTP/1.1 200) 9 headers in 359 bytes (2 switches on core 0)
