Jun 02 14:09:33.908733 dv-osbrick-830800-17-smb devstack@keystone.service[80364]: [pid: 80364|app: 0|req: 19/40] 10.222.0.66 () {58 vars in 1361 bytes} [Thu Jun 2 14:09:33 2022] PUT /identity/v3/domains/default/users/d9adb7f198b744e597390c86a9c06d9f/roles/535e145cea7242548c91be853db20d03 => generated 0 bytes in 306 msecs (HTTP/1.1 204) 3 headers in 132 bytes (0 switches on core 0)
Jun 02 14:09:33.909180 dv-osbrick-830800-17-smb devstack@keystone.service[80363]: DEBUG keystone.server.flask.request_processing.middleware.auth_context [None req-b17634d8-15f5-4c4a-991a-04d401342089 None None] Validating token access rules against request {{(pid=80363) validate_allowed_request /usr/local/lib/python3.8/dist-packages/keystonemiddleware/auth_token/__init__.py:545}}
Jun 02 14:09:33.910253 dv-osbrick-830800-17-smb devstack@keystone.service[80364]: DEBUG keystone.server.flask.request_processing.req_logging [None req-51087c50-b4ff-477d-a981-f47956358bda None None] REQUEST_METHOD: `GET` {{(pid=80364) log_request_info /opt/stack/keystone/keystone/server/flask/request_processing/req_logging.py:27}}
Jun 02 14:09:33.910559 dv-osbrick-830800-17-smb devstack@keystone.service[80364]: DEBUG keystone.server.flask.request_processing.req_logging [None req-51087c50-b4ff-477d-a981-f47956358bda None None] SCRIPT_NAME: `/identity` {{(pid=80364) log_request_info /opt/stack/keystone/keystone/server/flask/request_processing/req_logging.py:28}}
Jun 02 14:09:33.910836 dv-osbrick-830800-17-smb devstack@keystone.service[80364]: DEBUG keystone.server.flask.request_processing.req_logging [None req-51087c50-b4ff-477d-a981-f47956358bda None None] PATH_INFO: `/` {{(pid=80364) log_request_info /opt/stack/keystone/keystone/server/flask/request_processing/req_logging.py:29}}
Jun 02 14:09:33.912178 dv-osbrick-830800-17-smb devstack@keystone.service[80364]: [pid: 80364|app: 0|req: 20/41] 10.222.0.66 () {54 vars in 926 bytes} [Thu Jun 2 14:09:33 2022] GET /identity => generated 270 bytes in 3 msecs (HTTP/1.1 300) 6 headers in 234 bytes (1 switches on core 0)
Jun 02 14:09:33.912968 dv-osbrick-830800-17-smb devstack@keystone.service[80364]: DEBUG keystone.server.flask.request_processing.middleware.auth_context [None req-51087c50-b4ff-477d-a981-f47956358bda None None] Authenticating user token {{(pid=80364) process_request /usr/local/lib/python3.8/dist-packages/keystonemiddleware/auth_token/__init__.py:407}}
Jun 02 14:09:33.956141 dv-osbrick-830800-17-smb devstack@keystone.service[80363]: DEBUG keystone.server.flask.request_processing.middleware.auth_context [None req-93fd1d52-81a5-4eb6-9bb0-a646e4bf7a19 None admin] RBAC: auth_context: {'token': , 'domain_id': None, 'trust_id': None, 'trustor_id': None, 'trustee_id': None, 'domain_name': None, 'group_ids': [], 'user_id': 'd9adb7f198b744e597390c86a9c06d9f', 'user_domain_id': 'default', 'system_scope': 'all', 'project_id': None, 'project_domain_id': None, 'roles': ['admin', 'member', 'reader'], 'is_admin_project': True, 'service_user_id': None, 'service_user_domain_id': None, 'service_project_id': None, 'service_project_domain_id': None, 'service_roles': []} {{(pid=80363) fill_context /opt/stack/keystone/keystone/server/flask/request_processing/middleware/auth_context.py:478}}
Jun 02 14:09:33.956836 dv-osbrick-830800-17-smb devstack@keystone.service[80363]: DEBUG keystone.server.flask.request_processing.req_logging [None req-93fd1d52-81a5-4eb6-9bb0-a646e4bf7a19 None admin] REQUEST_METHOD: `POST` {{(pid=80363) log_request_info /opt/stack/keystone/keystone/server/flask/request_processing/req_logging.py:27}}
Jun 02 14:09:33.957125 dv-osbrick-830800-17-smb devstack@keystone.service[80363]: DEBUG keystone.server.flask.request_processing.req_logging [None req-93fd1d52-81a5-4eb6-9bb0-a646e4bf7a19 None admin] SCRIPT_NAME: `/identity` {{(pid=80363) log_request_info /opt/stack/keystone/keystone/server/flask/request_processing/req_logging.py:28}}
Jun 02 14:09:33.957406 dv-osbrick-830800-17-smb devstack@keystone.service[80363]: DEBUG keystone.server.flask.request_processing.req_logging [None req-93fd1d52-81a5-4eb6-9bb0-a646e4bf7a19 None admin] PATH_INFO: `/v3/roles` {{(pid=80363) log_request_info /opt/stack/keystone/keystone/server/flask/request_processing/req_logging.py:29}}
Jun 02 14:09:33.958172 dv-osbrick-830800-17-smb devstack@keystone.service[80363]: DEBUG keystone.common.rbac_enforcer.enforcer [None req-93fd1d52-81a5-4eb6-9bb0-a646e4bf7a19 None admin] RBAC: Authorizing `identity:create_role()` {{(pid=80363) enforce_call /opt/stack/keystone/keystone/common/rbac_enforcer/enforcer.py:449}}
Jun 02 14:09:33.959599 dv-osbrick-830800-17-smb devstack@keystone.service[80363]: DEBUG keystone.common.rbac_enforcer.enforcer [None req-93fd1d52-81a5-4eb6-9bb0-a646e4bf7a19 None admin] RBAC: Authorization granted {{(pid=80363) enforce_call /opt/stack/keystone/keystone/common/rbac_enforcer/enforcer.py:457}}
Jun 02 14:09:33.963508 dv-osbrick-830800-17-smb devstack@keystone.service[80364]: DEBUG dbcounter [-] [80364] Writing DB stats keystone:SELECT=98,keystone:INSERT=2 {{(pid=80364) stat_writer /usr/local/lib/python3.8/dist-packages/dbcounter.py:114}}
Jun 02 14:09:34.030068 dv-osbrick-830800-17-smb devstack@keystone.service[80364]: DEBUG keystone.server.flask.request_processing.middleware.auth_context [None req-51087c50-b4ff-477d-a981-f47956358bda None None] Validating token access rules against request {{(pid=80364) validate_allowed_request /usr/local/lib/python3.8/dist-packages/keystonemiddleware/auth_token/__init__.py:545}}
Jun 02 14:09:34.064873 dv-osbrick-830800-17-smb devstack@keystone.service[80363]: [pid: 80363|app: 0|req: 22/42] 10.222.0.66 () {60 vars in 1131 bytes} [Thu Jun 2 14:09:33 2022] POST /identity/v3/roles => generated 219 bytes in 266 msecs (HTTP/1.1 201) 5 headers in 182 bytes (1 switches on core 0)
Jun 02 14:09:34.066385 dv-osbrick-830800-17-smb devstack@keystone.service[80363]: DEBUG keystone.server.flask.request_processing.req_logging [None req-fb31499e-8dd7-4300-9b58-ceaaad808981 None None] REQUEST_METHOD: `POST` {{(pid=80363) log_request_info /opt/stack/keystone/keystone/server/flask/request_processing/req_logging.py:27}}
Jun 02 14:09:34.066788 dv-osbrick-830800-17-smb devstack@keystone.service[80363]: DEBUG keystone.server.flask.request_processing.req_logging [None req-fb31499e-8dd7-4300-9b58-ceaaad808981 None None] SCRIPT_NAME: `/identity` {{(pid=80363) log_request_info /opt/stack/keystone/keystone/server/flask/request_processing/req_logging.py:28}}
Jun 02 14:09:34.067139 dv-osbrick-830800-17-smb devstack@keystone.service[80363]: DEBUG keystone.server.flask.request_processing.req_logging [None req-fb31499e-8dd7-4300-9b58-ceaaad808981 None None] PATH_INFO: `/v3/auth/tokens` {{(pid=80363) log_request_info /opt/stack/keystone/keystone/server/flask/request_processing/req_logging.py:29}}
Jun 02 14:09:34.078268 dv-osbrick-830800-17-smb devstack@keystone.service[80364]: DEBUG keystone.server.flask.request_processing.middleware.auth_context [None req-2eee871e-1629-4576-a5ec-30376e30dd82 None admin] RBAC: auth_context: {'token': , 'domain_id': None, 'trust_id': None, 'trustor_id': None, 'trustee_id': None, 'domain_name': None, 'group_ids': [], 'user_id': 'd9adb7f198b744e597390c86a9c06d9f', 'user_domain_id': 'default', 'system_scope': 'all', 'project_id': None, 'project_domain_id': None, 'roles': ['admin', 'member', 'reader'], 'is_admin_project': True, 'service_user_id': None, 'service_user_domain_id': None, 'service_project_id': None, 'service_project_domain_id': None, 'service_roles': []} {{(pid=80364) fill_context /opt/stack/keystone/keystone/server/flask/request_processing/middleware/auth_context.py:478}}
Jun 02 14:09:34.079271 dv-osbrick-830800-17-smb devstack@keystone.service[80364]: DEBUG keystone.server.flask.request_processing.req_logging [None req-2eee871e-1629-4576-a5ec-30376e30dd82 None admin] REQUEST_METHOD: `GET` {{(pid=80364) log_request_info /opt/stack/keystone/keystone/server/flask/request_processing/req_logging.py:27}}
Jun 02 14:09:34.079618 dv-osbrick-830800-17-smb devstack@keystone.service[80364]: DEBUG keystone.server.flask.request_processing.req_logging [None req-2eee871e-1629-4576-a5ec-30376e30dd82 None admin] SCRIPT_NAME: `/identity` {{(pid=80364) log_request_info /opt/stack/keystone/keystone/server/flask/request_processing/req_logging.py:28}}
Jun 02 14:09:34.080002 dv-osbrick-830800-17-smb devstack@keystone.service[80364]: DEBUG keystone.server.flask.request_processing.req_logging [None req-2eee871e-1629-4576-a5ec-30376e30dd82 None admin] PATH_INFO: `/v3/domains/default` {{(pid=80364) log_request_info /opt/stack/keystone/keystone/server/flask/request_processing/req_logging.py:29}}
Jun 02 14:09:34.081535 dv-osbrick-830800-17-smb devstack@keystone.service[80364]: DEBUG keystone.common.rbac_enforcer.enforcer [None req-2eee871e-1629-4576-a5ec-30376e30dd82 None admin] RBAC: Authorizing `identity:get_domain(domain_id=default)` {{(pid=80364) enforce_call /opt/stack/keystone/keystone/common/rbac_enforcer/enforcer.py:449}}
Jun 02 14:09:34.083250 dv-osbrick-830800-17-smb devstack@keystone.service[80364]: DEBUG keystone.common.rbac_enforcer.enforcer [None req-2eee871e-1629-4576-a5ec-30376e30dd82 None admin] RBAC: Authorization granted {{(pid=80364) enforce_call /opt/stack/keystone/keystone/common/rbac_enforcer/enforcer.py:457}}
Jun 02 14:09:34.085451 dv-osbrick-830800-17-smb devstack@keystone.service[80364]: [pid: 80364|app: 0|req: 21/43] 10.222.0.66 () {56 vars in 1108 bytes} [Thu Jun 2 14:09:33 2022] GET /identity/v3/domains/default => generated 199 bytes in 173 msecs (HTTP/1.1 200) 5 headers in 177 bytes (1 switches on core 0)
Jun 02 14:09:34.091572 dv-osbrick-830800-17-smb devstack@keystone.service[80364]: DEBUG keystone.server.flask.request_processing.middleware.auth_context [None req-2eee871e-1629-4576-a5ec-30376e30dd82 None admin] Authenticating user token {{(pid=80364) process_request /usr/local/lib/python3.8/dist-packages/keystonemiddleware/auth_token/__init__.py:407}}
Jun 02 14:09:34.099836 dv-osbrick-830800-17-smb devstack@keystone.service[80363]: DEBUG keystone.auth.core [None req-fb31499e-8dd7-4300-9b58-ceaaad808981 None None] MFA Rules not processed for user `d9adb7f198b744e597390c86a9c06d9f`. Rule list: `[]` (Enabled: `True`). {{(pid=80363) check_auth_methods_against_rules /opt/stack/keystone/keystone/auth/core.py:438}}
Jun 02 14:09:34.101383 dv-osbrick-830800-17-smb devstack@keystone.service[80363]: DEBUG keystone.common.fernet_utils [None req-fb31499e-8dd7-4300-9b58-ceaaad808981 None None] Loaded 2 Fernet keys from /etc/keystone/fernet-keys/, but `[fernet_tokens] max_active_keys = 3`; perhaps there have not been enough key rotations to reach `max_active_keys` yet? {{(pid=80363) load_keys /opt/stack/keystone/keystone/common/fernet_utils.py:286}}
Jun 02 14:09:34.200189 dv-osbrick-830800-17-smb devstack@keystone.service[80363]: [pid: 80363|app: 0|req: 23/44] 10.222.0.66 () {58 vars in 1023 bytes} [Thu Jun 2 14:09:34 2022] POST /identity/v3/auth/tokens => generated 799 bytes in 134 msecs (HTTP/1.1 201) 6 headers in 363 bytes (1 switches on core 0)
Jun 02 14:09:34.224681 dv-osbrick-830800-17-smb devstack@keystone.service[80363]: DEBUG keystone.server.flask.request_processing.middleware.auth_context [None req-fb31499e-8dd7-4300-9b58-ceaaad808981 None None] Authenticating user token {{(pid=80363) process_request /usr/local/lib/python3.8/dist-packages/keystonemiddleware/auth_token/__init__.py:407}}
Jun 02 14:09:34.226651 dv-osbrick-830800-17-smb devstack@keystone.service[80364]: DEBUG keystone.server.flask.request_processing.middleware.auth_context [None req-2eee871e-1629-4576-a5ec-30376e30dd82 None admin] Validating token access rules against request {{(pid=80364) validate_allowed_request /usr/local/lib/python3.8/dist-packages/keystonemiddleware/auth_token/__init__.py:545}}
Jun 02 14:09:34.235052 dv-osbrick-830800-17-smb devstack@keystone.service[80364]: DEBUG dbcounter [-] [80364] Writing DB stats keystone:SELECT=100 {{(pid=80364) stat_writer /usr/local/lib/python3.8/dist-packages/dbcounter.py:114}}
Jun 02 14:09:34.238557 dv-osbrick-830800-17-smb devstack@keystone.service[80363]: DEBUG dbcounter [-] [80363] Writing DB stats keystone:SELECT=99,keystone:INSERT=1 {{(pid=80363) stat_writer /usr/local/lib/python3.8/dist-packages/dbcounter.py:114}}
Jun 02 14:09:34.271815 dv-osbrick-830800-17-smb devstack@keystone.service[80364]: DEBUG keystone.server.flask.request_processing.middleware.auth_context [None req-87c76dac-4213-4717-a522-88d23a15d121 None admin] RBAC: auth_context: {'token': , 'domain_id': None, 'trust_id': None, 'trustor_id': None, 'trustee_id': None, 'domain_name': None, 'group_ids': [], 'user_id': 'd9adb7f198b744e597390c86a9c06d9f', 'user_domain_id': 'default', 'system_scope': 'all', 'project_id': None, 'project_domain_id': None, 'roles': ['admin', 'member', 'reader'], 'is_admin_project': True, 'service_user_id': None, 'service_user_domain_id': None, 'service_project_id': None, 'service_project_domain_id': None, 'service_roles': []} {{(pid=80364) fill_context /opt/stack/keystone/keystone/server/flask/request_processing/middleware/auth_context.py:478}}
Jun 02 14:09:34.272556 dv-osbrick-830800-17-smb devstack@keystone.service[80364]: DEBUG keystone.server.flask.request_processing.req_logging [None req-87c76dac-4213-4717-a522-88d23a15d121 None admin] REQUEST_METHOD: `POST` {{(pid=80364) log_request_info /opt/stack/keystone/keystone/server/flask/request_processing/req_logging.py:27}}
Jun 02 14:09:34.272842 dv-osbrick-830800-17-smb devstack@keystone.service[80364]: DEBUG keystone.server.flask.request_processing.req_logging [None req-87c76dac-4213-4717-a522-88d23a15d121 None admin] SCRIPT_NAME: `/identity` {{(pid=80364) log_request_info /opt/stack/keystone/keystone/server/flask/request_processing/req_logging.py:28}}
Jun 02 14:09:34.273121 dv-osbrick-830800-17-smb devstack@keystone.service[80364]: DEBUG keystone.server.flask.request_processing.req_logging [None req-87c76dac-4213-4717-a522-88d23a15d121 None admin] PATH_INFO: `/v3/projects` {{(pid=80364) log_request_info /opt/stack/keystone/keystone/server/flask/request_processing/req_logging.py:29}}
Jun 02 14:09:34.273836 dv-osbrick-830800-17-smb devstack@keystone.service[80364]: DEBUG keystone.common.rbac_enforcer.enforcer [None req-87c76dac-4213-4717-a522-88d23a15d121 None admin] RBAC: Authorizing `identity:create_project()` {{(pid=80364) enforce_call /opt/stack/keystone/keystone/common/rbac_enforcer/enforcer.py:449}}
Jun 02 14:09:34.275297 dv-osbrick-830800-17-smb devstack@keystone.service[80364]: DEBUG keystone.common.rbac_enforcer.enforcer [None req-87c76dac-4213-4717-a522-88d23a15d121 None admin] RBAC: Authorization granted {{(pid=80364) enforce_call /opt/stack/keystone/keystone/common/rbac_enforcer/enforcer.py:457}}
Jun 02 14:09:34.348030 dv-osbrick-830800-17-smb devstack@keystone.service[80363]: DEBUG keystone.server.flask.request_processing.middleware.auth_context [None req-fb31499e-8dd7-4300-9b58-ceaaad808981 None None] Validating token access rules against request {{(pid=80363) validate_allowed_request /usr/local/lib/python3.8/dist-packages/keystonemiddleware/auth_token/__init__.py:545}}
Jun 02 14:09:34.383424 dv-osbrick-830800-17-smb devstack@keystone.service[80363]: DEBUG keystone.server.flask.request_processing.middleware.auth_context [None req-51f07a1b-4744-4770-893b-a60d2801bd36 None admin] RBAC: auth_context: {'token': , 'domain_id': None, 'trust_id': None, 'trustor_id': None, 'trustee_id': None, 'domain_name': None, 'group_ids': [], 'user_id': 'd9adb7f198b744e597390c86a9c06d9f', 'user_domain_id': 'default', 'system_scope': 'all', 'project_id': None, 'project_domain_id': None, 'roles': ['admin', 'member', 'reader'], 'is_admin_project': True, 'service_user_id': None, 'service_user_domain_id': None, 'service_project_id': None, 'service_project_domain_id': None, 'service_roles': []} {{(pid=80363) fill_context /opt/stack/keystone/keystone/server/flask/request_processing/middleware/auth_context.py:478}}
Jun 02 14:09:34.384127 dv-osbrick-830800-17-smb devstack@keystone.service[80363]: DEBUG keystone.server.flask.request_processing.req_logging [None req-51f07a1b-4744-4770-893b-a60d2801bd36 None admin] REQUEST_METHOD: `POST` {{(pid=80363) log_request_info /opt/stack/keystone/keystone/server/flask/request_processing/req_logging.py:27}}
Jun 02 14:09:34.384414 dv-osbrick-830800-17-smb devstack@keystone.service[80363]: DEBUG keystone.server.flask.request_processing.req_logging [None req-51f07a1b-4744-4770-893b-a60d2801bd36 None admin] SCRIPT_NAME: `/identity` {{(pid=80363) log_request_info /opt/stack/keystone/keystone/server/flask/request_processing/req_logging.py:28}}
Jun 02 14:09:34.384696 dv-osbrick-830800-17-smb devstack@keystone.service[80363]: DEBUG keystone.server.flask.request_processing.req_logging [None req-51f07a1b-4744-4770-893b-a60d2801bd36 None admin] PATH_INFO: `/v3/roles` {{(pid=80363) log_request_info /opt/stack/keystone/keystone/server/flask/request_processing/req_logging.py:29}}
Jun 02 14:09:34.385452 dv-osbrick-830800-17-smb devstack@keystone.service[80363]: DEBUG keystone.common.rbac_enforcer.enforcer [None req-51f07a1b-4744-4770-893b-a60d2801bd36 None admin] RBAC: Authorizing `identity:create_role()` {{(pid=80363) enforce_call /opt/stack/keystone/keystone/common/rbac_enforcer/enforcer.py:449}}
Jun 02 14:09:34.386832 dv-osbrick-830800-17-smb devstack@keystone.service[80363]: DEBUG keystone.common.rbac_enforcer.enforcer [None req-51f07a1b-4744-4770-893b-a60d2801bd36 None admin] RBAC: Authorization granted {{(pid=80363) enforce_call /opt/stack/keystone/keystone/common/rbac_enforcer/enforcer.py:457}}
Jun 02 14:09:34.390721 dv-osbrick-830800-17-smb devstack@keystone.service[80364]: [pid: 80364|app: 0|req: 22/45] 10.222.0.66 () {60 vars in 1141 bytes} [Thu Jun 2 14:09:34 2022] POST /identity/v3/projects => generated 312 bytes in 300 msecs (HTTP/1.1 201) 5 headers in 182 bytes (1 switches on core 0)
Jun 02 14:09:34.477355 dv-osbrick-830800-17-smb devstack@keystone.service[80363]: [pid: 80363|app: 0|req: 24/46] 10.222.0.66 () {60 vars in 1131 bytes} [Thu Jun 2 14:09:34 2022] POST /identity/v3/roles => generated 223 bytes in 253 msecs (HTTP/1.1 201) 5 headers in 182 bytes (1 switches on core 0)
Jun 02 14:09:36.232987 dv-osbrick-830800-17-smb devstack@keystone.service[80364]: DEBUG keystone.server.flask.request_processing.req_logging [None req-c4c7542b-d4d8-4930-a2e7-c82f299fcfc3 None None] REQUEST_METHOD: `GET` {{(pid=80364) log_request_info /opt/stack/keystone/keystone/server/flask/request_processing/req_logging.py:27}}
Jun 02 14:09:36.233501 dv-osbrick-830800-17-smb devstack@keystone.service[80364]: DEBUG keystone.server.flask.request_processing.req_logging [None req-c4c7542b-d4d8-4930-a2e7-c82f299fcfc3 None None] SCRIPT_NAME: `/identity` {{(pid=80364) log_request_info /opt/stack/keystone/keystone/server/flask/request_processing/req_logging.py:28}}
Jun 02 14:09:36.233582 dv-osbrick-830800-17-smb devstack@keystone.service[80364]: DEBUG keystone.server.flask.request_processing.req_logging [None req-c4c7542b-d4d8-4930-a2e7-c82f299fcfc3 None None] PATH_INFO: `/` {{(pid=80364) log_request_info /opt/stack/keystone/keystone/server/flask/request_processing/req_logging.py:29}}
Jun 02 14:09:36.234957 dv-osbrick-830800-17-smb devstack@keystone.service[80364]: [pid: 80364|app: 0|req: 23/47] 10.222.0.66 () {54 vars in 926 bytes} [Thu Jun 2 14:09:36 2022] GET /identity => generated 270 bytes in 3 msecs (HTTP/1.1 300) 6 headers in 234 bytes (1 switches on core 0)
Jun 02 14:09:36.240444 dv-osbrick-830800-17-smb devstack@keystone.service[80363]: DEBUG keystone.server.flask.request_processing.req_logging [None req-b1966bed-aa99-4a94-a017-3624788b0113 None None] REQUEST_METHOD: `POST` {{(pid=80363) log_request_info /opt/stack/keystone/keystone/server/flask/request_processing/req_logging.py:27}}
Jun 02 14:09:36.240842 dv-osbrick-830800-17-smb devstack@keystone.service[80363]: DEBUG keystone.server.flask.request_processing.req_logging [None req-b1966bed-aa99-4a94-a017-3624788b0113 None None] SCRIPT_NAME: `/identity` {{(pid=80363) log_request_info /opt/stack/keystone/keystone/server/flask/request_processing/req_logging.py:28}}
Jun 02 14:09:36.241127 dv-osbrick-830800-17-smb devstack@keystone.service[80363]: DEBUG keystone.server.flask.request_processing.req_logging [None req-b1966bed-aa99-4a94-a017-3624788b0113 None None] PATH_INFO: `/v3/auth/tokens` {{(pid=80363) log_request_info /opt/stack/keystone/keystone/server/flask/request_processing/req_logging.py:29}}
Jun 02 14:09:36.258228 dv-osbrick-830800-17-smb devstack@keystone.service[80363]: DEBUG keystone.auth.core [None req-b1966bed-aa99-4a94-a017-3624788b0113 None None] MFA Rules not processed for user `d9adb7f198b744e597390c86a9c06d9f`. Rule list: `[]` (Enabled: `True`). {{(pid=80363) check_auth_methods_against_rules /opt/stack/keystone/keystone/auth/core.py:438}}
Jun 02 14:09:36.259415 dv-osbrick-830800-17-smb devstack@keystone.service[80363]: DEBUG keystone.common.fernet_utils [None req-b1966bed-aa99-4a94-a017-3624788b0113 None None] Loaded 2 Fernet keys from /etc/keystone/fernet-keys/, but `[fernet_tokens] max_active_keys = 3`; perhaps there have not been enough key rotations to reach `max_active_keys` yet? {{(pid=80363) load_keys /opt/stack/keystone/keystone/common/fernet_utils.py:286}}
Jun 02 14:09:36.317755 dv-osbrick-830800-17-smb devstack@keystone.service[80363]: DEBUG dbcounter [-] [80363] Writing DB stats keystone:SELECT=99,keystone:INSERT=1 {{(pid=80363) stat_writer /usr/local/lib/python3.8/dist-packages/dbcounter.py:114}}
Jun 02 14:09:36.326029 dv-osbrick-830800-17-smb devstack@keystone.service[80363]: [pid: 80363|app: 0|req: 25/48] 10.222.0.66 () {58 vars in 1023 bytes} [Thu Jun 2 14:09:36 2022] POST /identity/v3/auth/tokens => generated 799 bytes in 87 msecs (HTTP/1.1 201) 6 headers in 363 bytes (1 switches on core 0)
Jun 02 14:09:36.351158 dv-osbrick-830800-17-smb devstack@keystone.service[80364]: DEBUG keystone.server.flask.request_processing.middleware.auth_context [None req-c4c7542b-d4d8-4930-a2e7-c82f299fcfc3 None None] Authenticating user token {{(pid=80364) process_request /usr/local/lib/python3.8/dist-packages/keystonemiddleware/auth_token/__init__.py:407}}
Jun 02 14:09:36.452227 dv-osbrick-830800-17-smb devstack@keystone.service[80364]: DEBUG keystone.server.flask.request_processing.middleware.auth_context [None req-c4c7542b-d4d8-4930-a2e7-c82f299fcfc3 None None] Validating token access rules against request {{(pid=80364) validate_allowed_request /usr/local/lib/python3.8/dist-packages/keystonemiddleware/auth_token/__init__.py:545}}
Jun 02 14:09:36.485526 dv-osbrick-830800-17-smb devstack@keystone.service[80364]: DEBUG keystone.server.flask.request_processing.middleware.auth_context [None req-47754c43-52f9-4ff4-927a-33eed9f0b9b9 None admin] RBAC: auth_context: {'token': , 'domain_id': None, 'trust_id': None, 'trustor_id': None, 'trustee_id': None, 'domain_name': None, 'group_ids': [], 'user_id': 'd9adb7f198b744e597390c86a9c06d9f', 'user_domain_id': 'default', 'system_scope': 'all', 'project_id': None, 'project_domain_id': None, 'roles': ['admin', 'member', 'reader'], 'is_admin_project': True, 'service_user_id': None, 'service_user_domain_id': None, 'service_project_id': None, 'service_project_domain_id': None, 'service_roles': []} {{(pid=80364) fill_context /opt/stack/keystone/keystone/server/flask/request_processing/middleware/auth_context.py:478}}
Jun 02 14:09:36.486241 dv-osbrick-830800-17-smb devstack@keystone.service[80364]: DEBUG keystone.server.flask.request_processing.req_logging [None req-47754c43-52f9-4ff4-927a-33eed9f0b9b9 None admin] REQUEST_METHOD: `GET` {{(pid=80364) log_request_info /opt/stack/keystone/keystone/server/flask/request_processing/req_logging.py:27}}
Jun 02 14:09:36.486527 dv-osbrick-830800-17-smb devstack@keystone.service[80364]: DEBUG keystone.server.flask.request_processing.req_logging [None req-47754c43-52f9-4ff4-927a-33eed9f0b9b9 None admin] SCRIPT_NAME: `/identity` {{(pid=80364) log_request_info /opt/stack/keystone/keystone/server/flask/request_processing/req_logging.py:28}}
Jun 02 14:09:36.486802 dv-osbrick-830800-17-smb devstack@keystone.service[80364]: DEBUG keystone.server.flask.request_processing.req_logging [None req-47754c43-52f9-4ff4-927a-33eed9f0b9b9 None admin] PATH_INFO: `/v3/roles/admin` {{(pid=80364) log_request_info /opt/stack/keystone/keystone/server/flask/request_processing/req_logging.py:29}}
Jun 02 14:09:36.497803 dv-osbrick-830800-17-smb devstack@keystone.service[80364]: DEBUG keystone.common.rbac_enforcer.enforcer [None req-47754c43-52f9-4ff4-927a-33eed9f0b9b9 None admin] Extracting inferred target data resulted in "NOT FOUND (404)". {{(pid=80364) enforce_call /opt/stack/keystone/keystone/common/rbac_enforcer/enforcer.py:409}}
Jun 02 14:09:36.509061 dv-osbrick-830800-17-smb devstack@keystone.service[80364]: ERROR keystone.server.flask.application [None req-47754c43-52f9-4ff4-927a-33eed9f0b9b9 None admin] Could not find role: admin.: keystone.exception.RoleNotFound: Could not find role: admin.
Jun 02 14:09:36.509061 dv-osbrick-830800-17-smb devstack@keystone.service[80364]: ERROR keystone.server.flask.application
Traceback (most recent call last):
Jun 02 14:09:36.509061 dv-osbrick-830800-17-smb devstack@keystone.service[80364]: ERROR keystone.server.flask.application
File "/usr/local/lib/python3.8/dist-packages/flask/app.py", line 1523, in full_dispatch_request
Jun 02 14:09:36.509061 dv-osbrick-830800-17-smb devstack@keystone.service[80364]: ERROR keystone.server.flask.application rv = self.dispatch_request()
Jun 02 14:09:36.509061 dv-osbrick-830800-17-smb devstack@keystone.service[80364]: ERROR keystone.server.flask.application
File "/usr/local/lib/python3.8/dist-packages/flask/app.py", line 1509, in dispatch_request
Jun 02 14:09:36.509061 dv-osbrick-830800-17-smb devstack@keystone.service[80364]: ERROR keystone.server.flask.application return self.ensure_sync(self.view_functions[rule.endpoint])(**req.view_args)
Jun 02 14:09:36.509061 dv-osbrick-830800-17-smb devstack@keystone.service[80364]: ERROR keystone.server.flask.application
File "/usr/local/lib/python3.8/dist-packages/flask_restful/__init__.py", line 467, in wrapper
Jun 02 14:09:36.509061 dv-osbrick-830800-17-smb devstack@keystone.service[80364]: ERROR keystone.server.flask.application resp = resource(*args, **kwargs)
Jun 02 14:09:36.509061 dv-osbrick-830800-17-smb devstack@keystone.service[80364]: ERROR keystone.server.flask.application
File "/usr/local/lib/python3.8/dist-packages/flask/views.py", line 84, in view
Jun 02 14:09:36.509061 dv-osbrick-830800-17-smb devstack@keystone.service[80364]: ERROR keystone.server.flask.application return current_app.ensure_sync(self.dispatch_request)(*args, **kwargs)
Jun 02 14:09:36.509061 dv-osbrick-830800-17-smb devstack@keystone.service[80364]: ERROR keystone.server.flask.application
File "/usr/local/lib/python3.8/dist-packages/flask_restful/__init__.py", line 582, in dispatch_request
Jun 02 14:09:36.509061 dv-osbrick-830800-17-smb devstack@keystone.service[80364]: ERROR keystone.server.flask.application resp = meth(*args, **kwargs)
Jun 02 14:09:36.509061 dv-osbrick-830800-17-smb devstack@keystone.service[80364]: ERROR keystone.server.flask.application
File "/opt/stack/keystone/keystone/api/roles.py", line 50, in get
Jun 02 14:09:36.509061 dv-osbrick-830800-17-smb devstack@keystone.service[80364]: ERROR keystone.server.flask.application return self._get_role(role_id)
Jun 02 14:09:36.509061 dv-osbrick-830800-17-smb devstack@keystone.service[80364]: ERROR keystone.server.flask.application
File "/opt/stack/keystone/keystone/api/roles.py", line 70, in _get_role
Jun 02 14:09:36.509061 dv-osbrick-830800-17-smb devstack@keystone.service[80364]: ERROR keystone.server.flask.application ENFORCER.enforce_call(action='identity:get_role')
Jun 02 14:09:36.509878 dv-osbrick-830800-17-smb devstack@keystone.service[80364]: ERROR keystone.server.flask.application
File "/opt/stack/keystone/keystone/common/rbac_enforcer/enforcer.py", line 402, in enforce_call
Jun 02 14:09:36.509878 dv-osbrick-830800-17-smb devstack@keystone.service[80364]: ERROR keystone.server.flask.application policy_dict.update(cls._extract_member_target_data(
Jun 02 14:09:36.509878 dv-osbrick-830800-17-smb devstack@keystone.service[80364]: ERROR keystone.server.flask.application
File "/opt/stack/keystone/keystone/common/rbac_enforcer/enforcer.py", line 234, in _extract_member_target_data
Jun 02 14:09:36.509878 dv-osbrick-830800-17-smb devstack@keystone.service[80364]: ERROR keystone.server.flask.application member_name: func(flask.request.view_args[key])
Jun 02 14:09:36.509878 dv-osbrick-830800-17-smb devstack@keystone.service[80364]: ERROR keystone.server.flask.application
File "/opt/stack/keystone/keystone/common/manager.py", line 115, in wrapped
Jun 02 14:09:36.509878 dv-osbrick-830800-17-smb devstack@keystone.service[80364]: ERROR keystone.server.flask.application __ret_val = __f(*args, **kwargs)
Jun 02 14:09:36.509878 dv-osbrick-830800-17-smb devstack@keystone.service[80364]: ERROR keystone.server.flask.application
File "/usr/local/lib/python3.8/dist-packages/decorator.py", line 232, in fun
Jun 02 14:09:36.509878 dv-osbrick-830800-17-smb devstack@keystone.service[80364]: ERROR keystone.server.flask.application return caller(func, *(extras + args), **kw)
Jun 02 14:09:36.509878 dv-osbrick-830800-17-smb devstack@keystone.service[80364]: ERROR keystone.server.flask.application
File "/usr/local/lib/python3.8/dist-packages/dogpile/cache/region.py", line 1577, in get_or_create_for_user_func
Jun 02 14:09:36.509878 dv-osbrick-830800-17-smb devstack@keystone.service[80364]: ERROR keystone.server.flask.application return self.get_or_create(
Jun 02 14:09:36.509878 dv-osbrick-830800-17-smb devstack@keystone.service[80364]: ERROR keystone.server.flask.application
File "/usr/local/lib/python3.8/dist-packages/dogpile/cache/region.py", line 1042, in get_or_create
Jun 02 14:09:36.509878 dv-osbrick-830800-17-smb devstack@keystone.service[80364]: ERROR keystone.server.flask.application with Lock(
Jun 02 14:09:36.509878 dv-osbrick-830800-17-smb devstack@keystone.service[80364]: ERROR keystone.server.flask.application
File "/usr/local/lib/python3.8/dist-packages/dogpile/lock.py", line 185, in __enter__
Jun 02 14:09:36.509878 dv-osbrick-830800-17-smb devstack@keystone.service[80364]: ERROR keystone.server.flask.application return self._enter()
Jun 02 14:09:36.509878 dv-osbrick-830800-17-smb devstack@keystone.service[80364]: ERROR keystone.server.flask.application
File "/usr/local/lib/python3.8/dist-packages/dogpile/lock.py", line 94, in _enter
Jun 02 14:09:36.509878 dv-osbrick-830800-17-smb devstack@keystone.service[80364]: ERROR keystone.server.flask.application generated = self._enter_create(value, createdtime)
Jun 02 14:09:36.510605 dv-osbrick-830800-17-smb devstack@keystone.service[80364]: ERROR keystone.server.flask.application
File "/usr/local/lib/python3.8/dist-packages/dogpile/lock.py", line 178, in _enter_create
Jun 02 14:09:36.510605 dv-osbrick-830800-17-smb devstack@keystone.service[80364]: ERROR keystone.server.flask.application return self.creator()
Jun 02 14:09:36.510605 dv-osbrick-830800-17-smb devstack@keystone.service[80364]: ERROR keystone.server.flask.application
File "/usr/local/lib/python3.8/dist-packages/dogpile/cache/region.py", line 995, in gen_value
Jun 02 14:09:36.510605 dv-osbrick-830800-17-smb devstack@keystone.service[80364]: ERROR keystone.server.flask.application created_value = creator(
Jun 02 14:09:36.510605 dv-osbrick-830800-17-smb devstack@keystone.service[80364]: ERROR keystone.server.flask.application
File "/opt/stack/keystone/keystone/assignment/core.py", line 1276, in get_role
Jun 02 14:09:36.510605 dv-osbrick-830800-17-smb devstack@keystone.service[80364]: ERROR keystone.server.flask.application return self.driver.get_role(role_id)
Jun 02 14:09:36.510605 dv-osbrick-830800-17-smb devstack@keystone.service[80364]: ERROR keystone.server.flask.application
File "/opt/stack/keystone/keystone/assignment/role_backends/sql.py", line 70, in get_role
Jun 02 14:09:36.510605 dv-osbrick-830800-17-smb devstack@keystone.service[80364]: ERROR keystone.server.flask.application return self._get_role(session, role_id).to_dict()
Jun 02 14:09:36.510605 dv-osbrick-830800-17-smb devstack@keystone.service[80364]: ERROR keystone.server.flask.application
File "/opt/stack/keystone/keystone/assignment/role_backends/sql.py", line 65, in _get_role
Jun 02 14:09:36.510605 dv-osbrick-830800-17-smb devstack@keystone.service[80364]: ERROR keystone.server.flask.application raise exception.RoleNotFound(role_id=role_id)
Jun 02 14:09:36.510605 dv-osbrick-830800-17-smb devstack@keystone.service[80364]: ERROR keystone.server.flask.application keystone.exception.RoleNotFound: Could not find role: admin.
Jun 02 14:09:36.510605 dv-osbrick-830800-17-smb devstack@keystone.service[80364]: ERROR keystone.server.flask.application
Jun 02 14:09:36.510605 dv-osbrick-830800-17-smb devstack@keystone.service[80364]: [pid: 80364|app: 0|req: 24/49] 10.222.0.66 () {56 vars in 1096 bytes} [Thu Jun 2 14:09:36 2022] GET /identity/v3/roles/admin => generated 83 bytes in 160 msecs (HTTP/1.1 404) 5 headers in 183 bytes (1 switches on core 0)
Jun 02 14:09:36.516561 dv-osbrick-830800-17-smb devstack@keystone.service[80363]: DEBUG keystone.server.flask.request_processing.middleware.auth_context [None req-b1966bed-aa99-4a94-a017-3624788b0113 None None] Authenticating user token {{(pid=80363) process_request /usr/local/lib/python3.8/dist-packages/keystonemiddleware/auth_token/__init__.py:407}}
Jun 02 14:09:36.613699 dv-osbrick-830800-17-smb devstack@keystone.service[80363]: DEBUG keystone.server.flask.request_processing.middleware.auth_context [None req-b1966bed-aa99-4a94-a017-3624788b0113 None None] Validating token access rules against request {{(pid=80363) validate_allowed_request /usr/local/lib/python3.8/dist-packages/keystonemiddleware/auth_token/__init__.py:545}}
Jun 02 14:09:36.647897 dv-osbrick-830800-17-smb devstack@keystone.service[80363]: DEBUG keystone.server.flask.request_processing.middleware.auth_context [None req-833a77a6-1d60-4019-a756-18615f582ae6 None admin] RBAC: auth_context: {'token': , 'domain_id': None, 'trust_id': None, 'trustor_id': None, 'trustee_id': None, 'domain_name': None, 'group_ids': [], 'user_id': 'd9adb7f198b744e597390c86a9c06d9f', 'user_domain_id': 'default', 'system_scope': 'all', 'project_id': None, 'project_domain_id': None, 'roles': ['admin', 'member', 'reader'], 'is_admin_project': True, 'service_user_id': None, 'service_user_domain_id': None, 'service_project_id': None, 'service_project_domain_id': None, 'service_roles': []} {{(pid=80363) fill_context /opt/stack/keystone/keystone/server/flask/request_processing/middleware/auth_context.py:478}}
Jun 02 14:09:36.648567 dv-osbrick-830800-17-smb devstack@keystone.service[80363]: DEBUG keystone.server.flask.request_processing.req_logging [None req-833a77a6-1d60-4019-a756-18615f582ae6 None admin] REQUEST_METHOD: `GET` {{(pid=80363) log_request_info /opt/stack/keystone/keystone/server/flask/request_processing/req_logging.py:27}}
Jun 02 14:09:36.648855 dv-osbrick-830800-17-smb devstack@keystone.service[80363]: DEBUG keystone.server.flask.request_processing.req_logging [None req-833a77a6-1d60-4019-a756-18615f582ae6 None admin] SCRIPT_NAME: `/identity` {{(pid=80363) log_request_info /opt/stack/keystone/keystone/server/flask/request_processing/req_logging.py:28}}
Jun 02 14:09:36.649137 dv-osbrick-830800-17-smb devstack@keystone.service[80363]: DEBUG keystone.server.flask.request_processing.req_logging [None req-833a77a6-1d60-4019-a756-18615f582ae6 None admin] PATH_INFO: `/v3/roles` {{(pid=80363) log_request_info /opt/stack/keystone/keystone/server/flask/request_processing/req_logging.py:29}}
Jun 02 14:09:36.649893 dv-osbrick-830800-17-smb devstack@keystone.service[80363]: DEBUG keystone.common.rbac_enforcer.enforcer [None req-833a77a6-1d60-4019-a756-18615f582ae6 None admin] RBAC: Adding query filter params (name=admin) {{(pid=80363) _extract_filter_values /opt/stack/keystone/keystone/common/rbac_enforcer/enforcer.py:167}}
Jun 02 14:09:36.650205 dv-osbrick-830800-17-smb devstack@keystone.service[80363]: DEBUG keystone.common.rbac_enforcer.enforcer [None req-833a77a6-1d60-4019-a756-18615f582ae6 None admin] RBAC: Authorizing `identity:list_roles()` {{(pid=80363) enforce_call /opt/stack/keystone/keystone/common/rbac_enforcer/enforcer.py:449}}
Jun 02 14:09:36.651584 dv-osbrick-830800-17-smb devstack@keystone.service[80363]: DEBUG keystone.common.rbac_enforcer.enforcer [None req-833a77a6-1d60-4019-a756-18615f582ae6 None admin] RBAC: Authorization granted {{(pid=80363) enforce_call /opt/stack/keystone/keystone/common/rbac_enforcer/enforcer.py:457}}
Jun 02 14:09:36.659972 dv-osbrick-830800-17-smb devstack@keystone.service[80363]: [pid: 80363|app: 0|req: 26/50] 10.222.0.66 () {56 vars in 1099 bytes} [Thu Jun 2 14:09:36 2022] GET /identity/v3/roles?name=admin => generated 339 bytes in 144 msecs (HTTP/1.1 200) 5 headers in 177 bytes (1 switches on core 0)
Jun 02 14:09:36.665558 dv-osbrick-830800-17-smb devstack@keystone.service[80364]: DEBUG keystone.server.flask.request_processing.middleware.auth_context [None req-47754c43-52f9-4ff4-927a-33eed9f0b9b9 None admin] Authenticating user token {{(pid=80364) process_request /usr/local/lib/python3.8/dist-packages/keystonemiddleware/auth_token/__init__.py:407}}
Jun 02 14:09:36.670009 dv-osbrick-830800-17-smb devstack@keystone.service[80363]: DEBUG keystone.server.flask.request_processing.req_logging [None req-fe25d691-512f-4765-be02-196b316572be None None] REQUEST_METHOD: `GET` {{(pid=80363) log_request_info /opt/stack/keystone/keystone/server/flask/request_processing/req_logging.py:27}}
Jun 02 14:09:36.670305 dv-osbrick-830800-17-smb devstack@keystone.service[80363]: DEBUG keystone.server.flask.request_processing.req_logging [None req-fe25d691-512f-4765-be02-196b316572be None None] SCRIPT_NAME: `/identity` {{(pid=80363) log_request_info /opt/stack/keystone/keystone/server/flask/request_processing/req_logging.py:28}}
Jun 02 14:09:36.670591 dv-osbrick-830800-17-smb devstack@keystone.service[80363]: DEBUG keystone.server.flask.request_processing.req_logging [None req-fe25d691-512f-4765-be02-196b316572be None None] PATH_INFO: `/` {{(pid=80363) log_request_info /opt/stack/keystone/keystone/server/flask/request_processing/req_logging.py:29}}
Jun 02 14:09:36.672494 dv-osbrick-830800-17-smb devstack@keystone.service[80363]: [pid: 80363|app: 0|req: 27/51] 10.222.0.66 () {54 vars in 926 bytes} [Thu Jun 2 14:09:36 2022] GET /identity => generated 270 bytes in 3 msecs (HTTP/1.1 300) 6 headers in 234 bytes (2 switches on core 0)
Jun 02 14:09:36.677526 dv-osbrick-830800-17-smb devstack@keystone.service[80363]: DEBUG keystone.server.flask.request_processing.req_logging [None req-67a035fc-ed16-4438-9676-47f3c2537de6 None None] REQUEST_METHOD: `POST` {{(pid=80363) log_request_info /opt/stack/keystone/keystone/server/flask/request_processing/req_logging.py:27}}
Jun 02 14:09:36.677826 dv-osbrick-830800-17-smb devstack@keystone.service[80363]: DEBUG keystone.server.flask.request_processing.req_logging [None req-67a035fc-ed16-4438-9676-47f3c2537de6 None None] SCRIPT_NAME: `/identity` {{(pid=80363) log_request_info /opt/stack/keystone/keystone/server/flask/request_processing/req_logging.py:28}}
Jun 02 14:09:36.678114 dv-osbrick-830800-17-smb devstack@keystone.service[80363]: DEBUG keystone.server.flask.request_processing.req_logging [None req-67a035fc-ed16-4438-9676-47f3c2537de6 None None] PATH_INFO: `/v3/auth/tokens` {{(pid=80363) log_request_info /opt/stack/keystone/keystone/server/flask/request_processing/req_logging.py:29}}
Jun 02 14:09:36.686178 dv-osbrick-830800-17-smb devstack@keystone.service[80364]: DEBUG dbcounter [-] [80364] Writing DB stats keystone:SELECT=99,keystone:INSERT=1 {{(pid=80364) stat_writer /usr/local/lib/python3.8/dist-packages/dbcounter.py:114}}
Jun 02 14:09:36.695628 dv-osbrick-830800-17-smb devstack@keystone.service[80363]: DEBUG keystone.auth.core [None req-67a035fc-ed16-4438-9676-47f3c2537de6 None None] MFA Rules not processed for user `d9adb7f198b744e597390c86a9c06d9f`. Rule list: `[]` (Enabled: `True`). {{(pid=80363) check_auth_methods_against_rules /opt/stack/keystone/keystone/auth/core.py:438}}
Jun 02 14:09:36.696932 dv-osbrick-830800-17-smb devstack@keystone.service[80363]: DEBUG keystone.common.fernet_utils [None req-67a035fc-ed16-4438-9676-47f3c2537de6 None None] Loaded 2 Fernet keys from /etc/keystone/fernet-keys/, but `[fernet_tokens] max_active_keys = 3`; perhaps there have not been enough key rotations to reach `max_active_keys` yet? {{(pid=80363) load_keys /opt/stack/keystone/keystone/common/fernet_utils.py:286}}
Jun 02 14:09:36.751726 dv-osbrick-830800-17-smb devstack@keystone.service[80363]: DEBUG dbcounter [-] [80363] Writing DB stats keystone:SELECT=100 {{(pid=80363) stat_writer /usr/local/lib/python3.8/dist-packages/dbcounter.py:114}}
Jun 02 14:09:36.767841 dv-osbrick-830800-17-smb devstack@keystone.service[80363]: [pid: 80363|app: 0|req: 28/52] 10.222.0.66 () {58 vars in 1023 bytes} [Thu Jun 2 14:09:36 2022] POST /identity/v3/auth/tokens => generated 799 bytes in 91 msecs (HTTP/1.1 201) 6 headers in 363 bytes (2 switches on core 0)
Jun 02 14:09:36.768620 dv-osbrick-830800-17-smb devstack@keystone.service[80364]: DEBUG keystone.server.flask.request_processing.middleware.auth_context [None req-47754c43-52f9-4ff4-927a-33eed9f0b9b9 None admin] Validating token access rules against request {{(pid=80364) validate_allowed_request /usr/local/lib/python3.8/dist-packages/keystonemiddleware/auth_token/__init__.py:545}}
Jun 02 14:09:36.792254 dv-osbrick-830800-17-smb devstack@keystone.service[80363]: DEBUG keystone.server.flask.request_processing.middleware.auth_context [None req-67a035fc-ed16-4438-9676-47f3c2537de6 None None] Authenticating user token {{(pid=80363) process_request /usr/local/lib/python3.8/dist-packages/keystonemiddleware/auth_token/__init__.py:407}}
Jun 02 14:09:36.805502 dv-osbrick-830800-17-smb devstack@keystone.service[80364]: DEBUG keystone.server.flask.request_processing.middleware.auth_context [None req-9b8ebcc2-9634-4afc-832b-e7f2c58bd2a8 None admin] RBAC: auth_context: {'token': , 'domain_id': None, 'trust_id': None, 'trustor_id': None, 'trustee_id': None, 'domain_name': None, 'group_ids': [], 'user_id': 'd9adb7f198b744e597390c86a9c06d9f', 'user_domain_id': 'default', 'system_scope': 'all', 'project_id': None, 'project_domain_id': None, 'roles': ['admin', 'member', 'reader'], 'is_admin_project': True, 'service_user_id': None, 'service_user_domain_id': None, 'service_project_id': None, 'service_project_domain_id': None, 'service_roles': []} {{(pid=80364) fill_context /opt/stack/keystone/keystone/server/flask/request_processing/middleware/auth_context.py:478}}
Jun 02 14:09:36.806384 dv-osbrick-830800-17-smb devstack@keystone.service[80364]: DEBUG keystone.server.flask.request_processing.req_logging [None req-9b8ebcc2-9634-4afc-832b-e7f2c58bd2a8 None admin] REQUEST_METHOD: `GET` {{(pid=80364) log_request_info /opt/stack/keystone/keystone/server/flask/request_processing/req_logging.py:27}}
Jun 02 14:09:36.806676 dv-osbrick-830800-17-smb devstack@keystone.service[80364]: DEBUG keystone.server.flask.request_processing.req_logging [None req-9b8ebcc2-9634-4afc-832b-e7f2c58bd2a8 None admin] SCRIPT_NAME: `/identity` {{(pid=80364) log_request_info /opt/stack/keystone/keystone/server/flask/request_processing/req_logging.py:28}}
Jun 02 14:09:36.806957 dv-osbrick-830800-17-smb devstack@keystone.service[80364]: DEBUG keystone.server.flask.request_processing.req_logging [None req-9b8ebcc2-9634-4afc-832b-e7f2c58bd2a8 None admin] PATH_INFO: `/v3/users/d9adb7f198b744e597390c86a9c06d9f` {{(pid=80364) log_request_info /opt/stack/keystone/keystone/server/flask/request_processing/req_logging.py:29}}
Jun 02 14:09:36.808248 dv-osbrick-830800-17-smb devstack@keystone.service[80364]: DEBUG keystone.common.rbac_enforcer.enforcer [None req-9b8ebcc2-9634-4afc-832b-e7f2c58bd2a8 None admin] RBAC: Authorizing `identity:get_user(user_id=d9adb7f198b744e597390c86a9c06d9f)` {{(pid=80364) enforce_call /opt/stack/keystone/keystone/common/rbac_enforcer/enforcer.py:449}}
Jun 02 14:09:36.809728 dv-osbrick-830800-17-smb devstack@keystone.service[80364]: DEBUG keystone.common.rbac_enforcer.enforcer [None req-9b8ebcc2-9634-4afc-832b-e7f2c58bd2a8 None admin] RBAC: Authorization granted {{(pid=80364) enforce_call /opt/stack/keystone/keystone/common/rbac_enforcer/enforcer.py:457}}
Jun 02 14:09:36.811373 dv-osbrick-830800-17-smb devstack@keystone.service[80364]: [pid: 80364|app: 0|req: 25/53] 10.222.0.66 () {56 vars in 1177 bytes} [Thu Jun 2 14:09:36 2022] GET /identity/v3/users/d9adb7f198b744e597390c86a9c06d9f => generated 247 bytes in 146 msecs (HTTP/1.1 200) 5 headers in 177 bytes (2 switches on core 0)
Jun 02 14:09:36.816736 dv-osbrick-830800-17-smb devstack@keystone.service[80364]: DEBUG keystone.server.flask.request_processing.middleware.auth_context [None req-9b8ebcc2-9634-4afc-832b-e7f2c58bd2a8 None admin] Authenticating user token {{(pid=80364) process_request /usr/local/lib/python3.8/dist-packages/keystonemiddleware/auth_token/__init__.py:407}}
Jun 02 14:09:36.893447 dv-osbrick-830800-17-smb devstack@keystone.service[80363]: DEBUG keystone.server.flask.request_processing.middleware.auth_context [None req-67a035fc-ed16-4438-9676-47f3c2537de6 None None] Validating token access rules against request {{(pid=80363) validate_allowed_request /usr/local/lib/python3.8/dist-packages/keystonemiddleware/auth_token/__init__.py:545}}
Jun 02 14:09:36.900934 dv-osbrick-830800-17-smb devstack@keystone.service[80364]: DEBUG dbcounter [-] [80364] Writing DB stats keystone:SELECT=100 {{(pid=80364) stat_writer /usr/local/lib/python3.8/dist-packages/dbcounter.py:114}}
Jun 02 14:09:36.916204 dv-osbrick-830800-17-smb devstack@keystone.service[80364]: DEBUG keystone.server.flask.request_processing.middleware.auth_context [None req-9b8ebcc2-9634-4afc-832b-e7f2c58bd2a8 None admin] Validating token access rules against request {{(pid=80364) validate_allowed_request /usr/local/lib/python3.8/dist-packages/keystonemiddleware/auth_token/__init__.py:545}}
Jun 02 14:09:36.927486 dv-osbrick-830800-17-smb devstack@keystone.service[80363]: DEBUG keystone.server.flask.request_processing.middleware.auth_context [None req-8365004c-65af-48ed-bf4c-f4aedf8eb012 None admin] RBAC: auth_context: {'token': , 'domain_id': None, 'trust_id': None, 'trustor_id': None, 'trustee_id': None, 'domain_name': None, 'group_ids': [], 'user_id': 'd9adb7f198b744e597390c86a9c06d9f', 'user_domain_id': 'default', 'system_scope': 'all', 'project_id': None, 'project_domain_id': None, 'roles': ['admin', 'member', 'reader'], 'is_admin_project': True, 'service_user_id': None, 'service_user_domain_id': None, 'service_project_id': None, 'service_project_domain_id': None, 'service_roles': []} {{(pid=80363) fill_context /opt/stack/keystone/keystone/server/flask/request_processing/middleware/auth_context.py:478}}
Jun 02 14:09:36.928302 dv-osbrick-830800-17-smb devstack@keystone.service[80363]: DEBUG keystone.server.flask.request_processing.req_logging [None req-8365004c-65af-48ed-bf4c-f4aedf8eb012 None admin] REQUEST_METHOD: `GET` {{(pid=80363) log_request_info /opt/stack/keystone/keystone/server/flask/request_processing/req_logging.py:27}}
Jun 02 14:09:36.928589 dv-osbrick-830800-17-smb devstack@keystone.service[80363]: DEBUG keystone.server.flask.request_processing.req_logging [None req-8365004c-65af-48ed-bf4c-f4aedf8eb012 None admin] SCRIPT_NAME: `/identity` {{(pid=80363) log_request_info /opt/stack/keystone/keystone/server/flask/request_processing/req_logging.py:28}}
Jun 02 14:09:36.928866 dv-osbrick-830800-17-smb devstack@keystone.service[80363]: DEBUG keystone.server.flask.request_processing.req_logging [None req-8365004c-65af-48ed-bf4c-f4aedf8eb012 None admin] PATH_INFO: `/v3/domains/default` {{(pid=80363) log_request_info /opt/stack/keystone/keystone/server/flask/request_processing/req_logging.py:29}}
Jun 02 14:09:36.930038 dv-osbrick-830800-17-smb devstack@keystone.service[80363]: DEBUG keystone.common.rbac_enforcer.enforcer [None req-8365004c-65af-48ed-bf4c-f4aedf8eb012 None admin] RBAC: Authorizing `identity:get_domain(domain_id=default)` {{(pid=80363) enforce_call /opt/stack/keystone/keystone/common/rbac_enforcer/enforcer.py:449}}
Jun 02 14:09:36.931480 dv-osbrick-830800-17-smb devstack@keystone.service[80363]: DEBUG keystone.common.rbac_enforcer.enforcer [None req-8365004c-65af-48ed-bf4c-f4aedf8eb012 None admin] RBAC: Authorization granted {{(pid=80363) enforce_call /opt/stack/keystone/keystone/common/rbac_enforcer/enforcer.py:457}}
Jun 02 14:09:36.933133 dv-osbrick-830800-17-smb devstack@keystone.service[80363]: [pid: 80363|app: 0|req: 29/54] 10.222.0.66 () {56 vars in 1108 bytes} [Thu Jun 2 14:09:36 2022] GET /identity/v3/domains/default => generated 199 bytes in 141 msecs (HTTP/1.1 200) 5 headers in 177 bytes (2 switches on core 0)
Jun 02 14:09:36.938987 dv-osbrick-830800-17-smb devstack@keystone.service[80363]: DEBUG keystone.server.flask.request_processing.middleware.auth_context [None req-8365004c-65af-48ed-bf4c-f4aedf8eb012 None admin] Authenticating user token {{(pid=80363) process_request /usr/local/lib/python3.8/dist-packages/keystonemiddleware/auth_token/__init__.py:407}}
