May 10 11:34:28.442361 dv-osbrick-830800-11-smb neutron-server[103232]: DEBUG neutron.api.rpc.handlers.l3_rpc [None req-9cc0859a-ad33-494a-8141-0cb5b0a13d86 None None] New status for floating IP 21c551c6-6f37-4a4d-9cdb-41b08103bffb: DOWN {{(pid=103232) update_floatingip_statuses /opt/stack/neutron/neutron/api/rpc/handlers/l3_rpc.py:270}}
May 10 11:34:28.451588 dv-osbrick-830800-11-smb neutron-server[103230]: INFO neutron.wsgi [req-73c4c6e9-9c41-46de-a492-7a907d35b1b1 req-3585f7e0-20f2-4c7f-8a23-e21b1b1d64ec service neutron] 10.222.0.74 "GET /v2.0/networks/0a87e972-c6d5-46dd-bd67-9f6af15256db?fields=segments HTTP/1.1" status: 200 len: 212 time: 0.0967939
May 10 11:34:28.552586 dv-osbrick-830800-11-smb neutron-server[103230]: INFO neutron.wsgi [req-73c4c6e9-9c41-46de-a492-7a907d35b1b1 req-cf12cb36-0653-4092-85f8-aa5416db7b26 service neutron] 10.222.0.74 "GET /v2.0/networks/0a87e972-c6d5-46dd-bd67-9f6af15256db?fields=provider%3Aphysical_network&fields=provider%3Anetwork_type HTTP/1.1" status: 200 len: 281 time: 0.0853755
May 10 11:34:30.324920 dv-osbrick-830800-11-smb neutron-server[103230]: DEBUG neutron.pecan_wsgi.hooks.policy_enforcement [req-5b87cc0c-dd54-44c6-af37-4fabc53567e9 req-09a8dbcd-e5ff-4f0f-a6ae-ed33cc9d26c5 tempest-TestMinimumBasicScenario-110483146 tempest-TestMinimumBasicScenario-110483146-project] Attributes excluded by policy engine: ['standard_attr_id', 'binding:profile', 'binding:host_id', 'binding:vif_type', 'binding:vif_details'] {{(pid=103230) _exclude_attributes_by_policy /opt/stack/neutron/neutron/pecan_wsgi/hooks/policy_enforcement.py:259}}
May 10 11:34:30.326417 dv-osbrick-830800-11-smb neutron-server[103230]: INFO neutron.wsgi [req-5b87cc0c-dd54-44c6-af37-4fabc53567e9 req-09a8dbcd-e5ff-4f0f-a6ae-ed33cc9d26c5 tempest-TestMinimumBasicScenario-110483146 tempest-TestMinimumBasicScenario-110483146-project] 10.222.0.25 "GET /v2.0/ports?device_id=49658780-5739-46e9-a57c-7039c03dc8dc HTTP/1.1" status: 200 len: 946 time: 0.0541384
May 10 11:34:30.375478 dv-osbrick-830800-11-smb neutron-server[103230]: INFO neutron.wsgi [req-5b87cc0c-dd54-44c6-af37-4fabc53567e9 req-00c1914b-70fb-4418-8d8b-349dbbd75900 tempest-TestMinimumBasicScenario-110483146 tempest-TestMinimumBasicScenario-110483146-project] 10.222.0.25 "GET /v2.0/security-groups?id=6925feab-ddfe-454a-93f8-50844a1b1e2a&fields=id&fields=name HTTP/1.1" status: 200 len: 286 time: 0.0412683
May 10 11:34:31.506606 dv-osbrick-830800-11-smb neutron-server[103230]: DEBUG neutron.pecan_wsgi.hooks.policy_enforcement [req-3005067d-23fa-408c-b92f-e549c0f1ffa3 req-3c6f4966-f509-4736-9730-340e965baed9 tempest-TestMinimumBasicScenario-110483146 tempest-TestMinimumBasicScenario-110483146-project] Attributes excluded by policy engine: ['standard_attr_id', 'binding:profile', 'binding:host_id', 'binding:vif_type', 'binding:vif_details'] {{(pid=103230) _exclude_attributes_by_policy /opt/stack/neutron/neutron/pecan_wsgi/hooks/policy_enforcement.py:259}}
May 10 11:34:31.508075 dv-osbrick-830800-11-smb neutron-server[103230]: INFO neutron.wsgi [req-3005067d-23fa-408c-b92f-e549c0f1ffa3 req-3c6f4966-f509-4736-9730-340e965baed9 tempest-TestMinimumBasicScenario-110483146 tempest-TestMinimumBasicScenario-110483146-project] 10.222.0.25 "GET /v2.0/ports?device_id=49658780-5739-46e9-a57c-7039c03dc8dc HTTP/1.1" status: 200 len: 946 time: 0.0550377
May 10 11:34:31.557436 dv-osbrick-830800-11-smb neutron-server[103230]: INFO neutron.wsgi [req-3005067d-23fa-408c-b92f-e549c0f1ffa3 req-94376c41-0d33-4f59-89b2-0df9391826e6 tempest-TestMinimumBasicScenario-110483146 tempest-TestMinimumBasicScenario-110483146-project] 10.222.0.25 "GET /v2.0/security-groups?id=6925feab-ddfe-454a-93f8-50844a1b1e2a&fields=id&fields=name HTTP/1.1" status: 200 len: 286 time: 0.0436559
May 10 11:34:32.311878 dv-osbrick-830800-11-smb neutron-server[103230]: DEBUG neutron.pecan_wsgi.hooks.policy_enforcement [req-5b2afe16-c9e7-446d-903d-a5e455a23b00 req-548beed6-046c-40bd-9c8a-9d0e75554107 tempest-TestMinimumBasicScenario-110483146 tempest-TestMinimumBasicScenario-110483146-project] Attributes excluded by policy engine: ['standard_attr_id', 'binding:profile', 'binding:host_id', 'binding:vif_type', 'binding:vif_details'] {{(pid=103230) _exclude_attributes_by_policy /opt/stack/neutron/neutron/pecan_wsgi/hooks/policy_enforcement.py:259}}
May 10 11:34:32.313339 dv-osbrick-830800-11-smb neutron-server[103230]: INFO neutron.wsgi [req-5b2afe16-c9e7-446d-903d-a5e455a23b00 req-548beed6-046c-40bd-9c8a-9d0e75554107 tempest-TestMinimumBasicScenario-110483146 tempest-TestMinimumBasicScenario-110483146-project] 10.222.0.74 "GET /v2.0/ports?device_id=49658780-5739-46e9-a57c-7039c03dc8dc HTTP/1.1" status: 200 len: 946 time: 0.0556035
May 10 11:34:32.398779 dv-osbrick-830800-11-smb neutron-server[103230]: DEBUG neutron.plugins.ml2.plugin [req-5b2afe16-c9e7-446d-903d-a5e455a23b00 req-dc9ec240-6913-4d8c-9fa6-1b960e9f2e59 tempest-TestMinimumBasicScenario-110483146 tempest-TestMinimumBasicScenario-110483146-project] Deleting port 52eca027-e8f0-48ca-b63b-a4ec667ebf66 {{(pid=103230) _pre_delete_port /opt/stack/neutron/neutron/plugins/ml2/plugin.py:2041}}
May 10 11:34:32.399121 dv-osbrick-830800-11-smb neutron-server[103230]: DEBUG neutron_lib.callbacks.manager [req-5b2afe16-c9e7-446d-903d-a5e455a23b00 req-dc9ec240-6913-4d8c-9fa6-1b960e9f2e59 tempest-TestMinimumBasicScenario-110483146 tempest-TestMinimumBasicScenario-110483146-project] Publish callbacks ['neutron.db.l3_db.L3_NAT_dbonly_mixin._prevent_l3_port_delete_callback-8781386778628'] for port (52eca027-e8f0-48ca-b63b-a4ec667ebf66), before_delete {{(pid=103230) _notify_loop /usr/local/lib/python3.8/dist-packages/neutron_lib/callbacks/manager.py:176}}
May 10 11:34:32.507628 dv-osbrick-830800-11-smb neutron-server[103230]: DEBUG neutron.plugins.ml2.db [req-5b2afe16-c9e7-446d-903d-a5e455a23b00 req-dc9ec240-6913-4d8c-9fa6-1b960e9f2e59 tempest-TestMinimumBasicScenario-110483146 tempest-TestMinimumBasicScenario-110483146-project] For port 52eca027-e8f0-48ca-b63b-a4ec667ebf66, host hv-osbrick-8308, got binding levels [PortBindingLevel(driver='hyperv',host='hv-osbrick-8308',level=0,port_id=52eca027-e8f0-48ca-b63b-a4ec667ebf66,segment=NetworkSegment(43e82e76-ca18-461a-bc33-5215d7b4fdd6),segment_id=43e82e76-ca18-461a-bc33-5215d7b4fdd6)] {{(pid=103230) get_binding_level_objs /opt/stack/neutron/neutron/plugins/ml2/db.py:74}}
May 10 11:34:32.508319 dv-osbrick-830800-11-smb neutron-server[103230]: DEBUG neutron_lib.callbacks.manager [req-5b2afe16-c9e7-446d-903d-a5e455a23b00 req-dc9ec240-6913-4d8c-9fa6-1b960e9f2e59 tempest-TestMinimumBasicScenario-110483146 tempest-TestMinimumBasicScenario-110483146-project] Publish callbacks ['neutron.services.l3_router.l3_router_plugin.L3_NAT_dbonly_mixin._precommit_delete_port_callback-1802757'] for port (52eca027-e8f0-48ca-b63b-a4ec667ebf66), precommit_delete {{(pid=103230) _notify_loop /usr/local/lib/python3.8/dist-packages/neutron_lib/callbacks/manager.py:176}}
May 10 11:34:32.521190 dv-osbrick-830800-11-smb neutron-server[103230]: DEBUG neutron.plugins.ml2.plugin [req-5b2afe16-c9e7-446d-903d-a5e455a23b00 req-dc9ec240-6913-4d8c-9fa6-1b960e9f2e59 tempest-TestMinimumBasicScenario-110483146 tempest-TestMinimumBasicScenario-110483146-project] Calling delete_port for 52eca027-e8f0-48ca-b63b-a4ec667ebf66 owned by compute:nova {{(pid=103230) delete_port /opt/stack/neutron/neutron/plugins/ml2/plugin.py:2120}}
May 10 11:34:32.685377 dv-osbrick-830800-11-smb neutron-server[103230]: DEBUG neutron.pecan_wsgi.hooks.policy_enforcement [req-e8c16043-1f7b-4ae2-bf4f-877f809a1c26 req-329f0986-e11e-4b5f-b6b6-b19588e7caeb tempest-TestMinimumBasicScenario-110483146 tempest-TestMinimumBasicScenario-110483146-project] Attributes excluded by policy engine: ['standard_attr_id', 'binding:profile', 'binding:host_id', 'binding:vif_type', 'binding:vif_details'] {{(pid=103230) _exclude_attributes_by_policy /opt/stack/neutron/neutron/pecan_wsgi/hooks/policy_enforcement.py:259}}
May 10 11:34:32.686936 dv-osbrick-830800-11-smb neutron-server[103230]: INFO neutron.wsgi [req-e8c16043-1f7b-4ae2-bf4f-877f809a1c26 req-329f0986-e11e-4b5f-b6b6-b19588e7caeb tempest-TestMinimumBasicScenario-110483146 tempest-TestMinimumBasicScenario-110483146-project] 10.222.0.25 "GET /v2.0/ports?device_id=49658780-5739-46e9-a57c-7039c03dc8dc HTTP/1.1" status: 200 len: 946 time: 0.0586569
May 10 11:34:32.688017 dv-osbrick-830800-11-smb neutron-server[103230]: DEBUG neutron_lib.callbacks.manager [req-5b2afe16-c9e7-446d-903d-a5e455a23b00 req-dc9ec240-6913-4d8c-9fa6-1b960e9f2e59 tempest-TestMinimumBasicScenario-110483146 tempest-TestMinimumBasicScenario-110483146-project] Publish callbacks ['neutron.plugins.ml2.plugin.SecurityGroupServerNotifierRpcMixin._notify_sg_on_port_change-783476', 'neutron.plugins.ml2.ovo_rpc._ObjectChangeHandler.handle_event-243974', 'neutron.api.rpc.agentnotifiers.dhcp_rpc_agent_api.DhcpAgentNotifyAPI._native_event_send_dhcp_notification-1664343', 'neutron.db.l3_db.L3RpcNotifierMixin._notify_routers_callback-8781386785172', 'neutron.db.l3_dvrscheduler_db._notify_port_delete-8781386405515'] for port (52eca027-e8f0-48ca-b63b-a4ec667ebf66), after_delete {{(pid=103230) _notify_loop /usr/local/lib/python3.8/dist-packages/neutron_lib/callbacks/manager.py:176}}
May 10 11:34:32.723339 dv-osbrick-830800-11-smb neutron-server[103232]: DEBUG neutron.plugins.ml2.db [None req-3429a1fa-2378-49c7-a464-d5ef7ed372d5 None None] get_ports_and_sgs() called for port_ids ['52eca027-e8f0-48ca-b63b-a4ec667ebf66'] {{(pid=103232) get_ports_and_sgs /opt/stack/neutron/neutron/plugins/ml2/db.py:156}}
May 10 11:34:32.729267 dv-osbrick-830800-11-smb neutron-server[103230]: DEBUG neutron.api.rpc.handlers.resources_rpc [None req-dc9ec240-6913-4d8c-9fa6-1b960e9f2e59 tempest-TestMinimumBasicScenario-110483146 tempest-TestMinimumBasicScenario-110483146-project] Pushing event deleted for resources: {'Port': ['ID=52eca027-e8f0-48ca-b63b-a4ec667ebf66,revision_number=None']} {{(pid=103230) push /opt/stack/neutron/neutron/api/rpc/handlers/resources_rpc.py:237}}
May 10 11:34:32.781690 dv-osbrick-830800-11-smb neutron-server[103230]: DEBUG neutron.db.l3_dvrscheduler_db [req-5b2afe16-c9e7-446d-903d-a5e455a23b00 req-dc9ec240-6913-4d8c-9fa6-1b960e9f2e59 tempest-TestMinimumBasicScenario-110483146 tempest-TestMinimumBasicScenario-110483146-project] No DVR routers for this DVR port 52eca027-e8f0-48ca-b63b-a4ec667ebf66 on host hv-osbrick-8308 {{(pid=103230) get_dvr_routers_to_remove /opt/stack/neutron/neutron/db/l3_dvrscheduler_db.py:214}}
May 10 11:34:32.786502 dv-osbrick-830800-11-smb neutron-server[103230]: DEBUG neutron_lib.callbacks.manager [req-5b2afe16-c9e7-446d-903d-a5e455a23b00 req-dc9ec240-6913-4d8c-9fa6-1b960e9f2e59 tempest-TestMinimumBasicScenario-110483146 tempest-TestMinimumBasicScenario-110483146-project] Publish callbacks ['neutron.notifiers.nova.Notifier._send_nova_notification-12577'] for port (None), before_response {{(pid=103230) _notify_loop /usr/local/lib/python3.8/dist-packages/neutron_lib/callbacks/manager.py:176}}
May 10 11:34:32.789719 dv-osbrick-830800-11-smb neutron-server[103230]: INFO neutron.wsgi [req-5b2afe16-c9e7-446d-903d-a5e455a23b00 req-dc9ec240-6913-4d8c-9fa6-1b960e9f2e59 tempest-TestMinimumBasicScenario-110483146 tempest-TestMinimumBasicScenario-110483146-project] 10.222.0.74 "DELETE /v2.0/ports/52eca027-e8f0-48ca-b63b-a4ec667ebf66 HTTP/1.1" status: 204 len: 173 time: 0.4702401
May 10 11:34:32.790187 dv-osbrick-830800-11-smb neutron-server[103230]: DEBUG neutron.notifiers.nova [-] Sending events: [{'server_uuid': '49658780-5739-46e9-a57c-7039c03dc8dc', 'name': 'network-vif-deleted', 'tag': '52eca027-e8f0-48ca-b63b-a4ec667ebf66'}] {{(pid=103230) send_events /opt/stack/neutron/neutron/notifiers/nova.py:271}}
May 10 11:34:32.792463 dv-osbrick-830800-11-smb neutron-server[103230]: DEBUG novaclient.v2.client [-] REQ: curl -g -i --cacert "/opt/stack/data/ca-bundle.pem" -X POST http://10.222.0.25/compute/v2.1/os-server-external-events -H "Accept: application/json" -H "Content-Type: application/json" -H "User-Agent: python-novaclient" -H "X-Auth-Token: {SHA256}f973c5bf067831249e40bf778a9d5d60faa24964c50b7badefde95cd5ded7ce8" -H "X-OpenStack-Nova-API-Version: 2.1" -H "X-OpenStack-Request-ID: req-2196cc20-620a-40b1-89d1-0e56229a0468" -d '{"events": [{"server_uuid": "49658780-5739-46e9-a57c-7039c03dc8dc", "name": "network-vif-deleted", "tag": "52eca027-e8f0-48ca-b63b-a4ec667ebf66"}]}' {{(pid=103230) _http_log_request /usr/local/lib/python3.8/dist-packages/keystoneauth1/session.py:519}}
May 10 11:34:32.806827 dv-osbrick-830800-11-smb neutron-server[103230]: INFO neutron.wsgi [req-e8c16043-1f7b-4ae2-bf4f-877f809a1c26 req-6488f69e-abb0-4831-9eff-b9f1c83f4b89 tempest-TestMinimumBasicScenario-110483146 tempest-TestMinimumBasicScenario-110483146-project] 10.222.0.25 "GET /v2.0/security-groups?id=6925feab-ddfe-454a-93f8-50844a1b1e2a&fields=id&fields=name HTTP/1.1" status: 200 len: 286 time: 0.1116297
May 10 11:34:32.833810 dv-osbrick-830800-11-smb neutron-server[103230]: DEBUG novaclient.v2.client [-] RESP: [200] Connection: close Content-Length: 183 Content-Type: application/json Date: Tue, 10 May 2022 11:34:32 GMT OpenStack-API-Version: compute 2.1 Server: Apache/2.4.41 (Ubuntu) Vary: OpenStack-API-Version,X-OpenStack-Nova-API-Version X-OpenStack-Nova-API-Version: 2.1 x-compute-request-id: req-4d654596-e24f-4a82-a6df-0b6aad7fc5d1 x-openstack-request-id: req-4d654596-e24f-4a82-a6df-0b6aad7fc5d1 {{(pid=103230) _http_log_response /usr/local/lib/python3.8/dist-packages/keystoneauth1/session.py:550}}
May 10 11:34:32.834113 dv-osbrick-830800-11-smb neutron-server[103230]: DEBUG novaclient.v2.client [-] RESP BODY: {"events": [{"server_uuid": "49658780-5739-46e9-a57c-7039c03dc8dc", "name": "network-vif-deleted", "tag": "52eca027-e8f0-48ca-b63b-a4ec667ebf66", "status": "completed", "code": 200}]} {{(pid=103230) _http_log_response /usr/local/lib/python3.8/dist-packages/keystoneauth1/session.py:582}}
May 10 11:34:32.834406 dv-osbrick-830800-11-smb neutron-server[103230]: DEBUG novaclient.v2.client [-] POST call to compute for http://10.222.0.25/compute/v2.1/os-server-external-events used request id req-4d654596-e24f-4a82-a6df-0b6aad7fc5d1 {{(pid=103230) request /usr/local/lib/python3.8/dist-packages/keystoneauth1/session.py:954}}
May 10 11:34:32.834806 dv-osbrick-830800-11-smb neutron-server[103230]: INFO neutron.notifiers.nova [-] Nova event matching ['req-4d654596-e24f-4a82-a6df-0b6aad7fc5d1'] response: {'server_uuid': '49658780-5739-46e9-a57c-7039c03dc8dc', 'name': 'network-vif-deleted', 'tag': '52eca027-e8f0-48ca-b63b-a4ec667ebf66', 'status': 'completed', 'code': 200}
May 10 11:34:34.500511 dv-osbrick-830800-11-smb neutron-server[103231]: DEBUG neutron.wsgi [-] (103231) accepted ('10.222.0.25', 53958) {{(pid=103231) server /usr/local/lib/python3.8/dist-packages/eventlet/wsgi.py:1004}}
May 10 11:34:34.902536 dv-osbrick-830800-11-smb neutron-server[103231]: DEBUG neutron_lib.callbacks.manager [None req-30e405c9-ed1d-4531-92e5-784a3c4bdb24 admin admin] Publish callbacks ['neutron.services.l3_router.l3_router_plugin.DVRResourceOperationHandler._cache_related_dvr_routers_info_before_interface_removal-1802963'] for router_interface (3afc068e-db35-4c21-a293-bbeb10c46451), before_delete {{(pid=103231) _notify_loop /usr/local/lib/python3.8/dist-packages/neutron_lib/callbacks/manager.py:176}}
May 10 11:34:35.184669 dv-osbrick-830800-11-smb neutron-server[103231]: DEBUG neutron.plugins.ml2.plugin [None req-30e405c9-ed1d-4531-92e5-784a3c4bdb24 admin admin] Deleting port 35d574a3-167c-4492-a01e-96796853456b {{(pid=103231) _pre_delete_port /opt/stack/neutron/neutron/plugins/ml2/plugin.py:2041}}
May 10 11:34:35.184957 dv-osbrick-830800-11-smb neutron-server[103231]: DEBUG neutron_lib.callbacks.manager [None req-30e405c9-ed1d-4531-92e5-784a3c4bdb24 admin admin] Publish callbacks ['neutron.db.l3_db.L3_NAT_dbonly_mixin._prevent_l3_port_delete_callback-8781386778628'] for port (35d574a3-167c-4492-a01e-96796853456b), before_delete {{(pid=103231) _notify_loop /usr/local/lib/python3.8/dist-packages/neutron_lib/callbacks/manager.py:176}}
May 10 11:34:35.400059 dv-osbrick-830800-11-smb neutron-server[103231]: DEBUG neutron.plugins.ml2.db [None req-30e405c9-ed1d-4531-92e5-784a3c4bdb24 admin admin] For port 35d574a3-167c-4492-a01e-96796853456b, host dv-osbrick-830800-11-smb, got binding levels [PortBindingLevel(driver='openvswitch',host='dv-osbrick-830800-11-smb',level=0,port_id=35d574a3-167c-4492-a01e-96796853456b,segment=NetworkSegment(43e82e76-ca18-461a-bc33-5215d7b4fdd6),segment_id=43e82e76-ca18-461a-bc33-5215d7b4fdd6)] {{(pid=103231) get_binding_level_objs /opt/stack/neutron/neutron/plugins/ml2/db.py:74}}
May 10 11:34:35.400431 dv-osbrick-830800-11-smb neutron-server[103231]: DEBUG neutron_lib.callbacks.manager [None req-30e405c9-ed1d-4531-92e5-784a3c4bdb24 admin admin] Publish callbacks ['neutron.services.l3_router.l3_router_plugin.L3_NAT_dbonly_mixin._precommit_delete_port_callback-1802757'] for port (35d574a3-167c-4492-a01e-96796853456b), precommit_delete {{(pid=103231) _notify_loop /usr/local/lib/python3.8/dist-packages/neutron_lib/callbacks/manager.py:176}}
May 10 11:34:35.416022 dv-osbrick-830800-11-smb neutron-server[103231]: DEBUG neutron.plugins.ml2.plugin [None req-30e405c9-ed1d-4531-92e5-784a3c4bdb24 admin admin] Calling delete_port for 35d574a3-167c-4492-a01e-96796853456b owned by network:router_interface {{(pid=103231) delete_port /opt/stack/neutron/neutron/plugins/ml2/plugin.py:2120}}
May 10 11:34:35.606423 dv-osbrick-830800-11-smb neutron-server[103231]: DEBUG neutron_lib.callbacks.manager [None req-30e405c9-ed1d-4531-92e5-784a3c4bdb24 admin admin] Publish callbacks ['neutron.plugins.ml2.plugin.SecurityGroupServerNotifierRpcMixin._notify_sg_on_port_change-783476', 'neutron.plugins.ml2.ovo_rpc._ObjectChangeHandler.handle_event-243974', 'neutron.api.rpc.agentnotifiers.dhcp_rpc_agent_api.DhcpAgentNotifyAPI._native_event_send_dhcp_notification-1664343', 'neutron.db.l3_db.L3RpcNotifierMixin._notify_routers_callback-8781386785172', 'neutron.db.l3_dvrscheduler_db._notify_port_delete-8781386405515'] for port (35d574a3-167c-4492-a01e-96796853456b), after_delete {{(pid=103231) _notify_loop /usr/local/lib/python3.8/dist-packages/neutron_lib/callbacks/manager.py:176}}
May 10 11:34:35.631144 dv-osbrick-830800-11-smb neutron-server[103231]: DEBUG neutron.api.rpc.handlers.resources_rpc [None req-30e405c9-ed1d-4531-92e5-784a3c4bdb24 admin admin] Pushing event deleted for resources: {'Port': ['ID=35d574a3-167c-4492-a01e-96796853456b,revision_number=None']} {{(pid=103231) push /opt/stack/neutron/neutron/api/rpc/handlers/resources_rpc.py:237}}
May 10 11:34:35.735109 dv-osbrick-830800-11-smb neutron-server[103232]: DEBUG neutron.plugins.ml2.rpc [None req-3429a1fa-2378-49c7-a464-d5ef7ed372d5 None None] Device 52eca027-e8f0-48ca-b63b-a4ec667ebf66 no longer exists at agent hyperv_hv-osbrick-8308 {{(pid=103232) update_device_down /opt/stack/neutron/neutron/plugins/ml2/rpc.py:259}}
May 10 11:34:35.755995 dv-osbrick-830800-11-smb neutron-server[103232]: DEBUG neutron.plugins.ml2.plugin [None req-3429a1fa-2378-49c7-a464-d5ef7ed372d5 None None] No Port match for: 52eca027-e8f0-48ca-b63b-a4ec667ebf66 {{(pid=103232) port_bound_to_host /opt/stack/neutron/neutron/plugins/ml2/plugin.py:2380}}
May 10 11:34:35.756333 dv-osbrick-830800-11-smb neutron-server[103232]: DEBUG neutron.plugins.ml2.rpc [None req-3429a1fa-2378-49c7-a464-d5ef7ed372d5 None None] Device 52eca027-e8f0-48ca-b63b-a4ec667ebf66 not bound to the agent host hv-osbrick-8308 {{(pid=103232) update_device_down /opt/stack/neutron/neutron/plugins/ml2/rpc.py:269}}
May 10 11:34:35.760443 dv-osbrick-830800-11-smb neutron-server[103231]: DEBUG neutron_lib.callbacks.manager [None req-30e405c9-ed1d-4531-92e5-784a3c4bdb24 admin admin] Publish callbacks ['neutron.api.rpc.agentnotifiers.dhcp_rpc_agent_api.DhcpAgentNotifyAPI._after_router_interface_deleted-1664348', 'neutron.services.l3_router.l3_router_plugin.DVRResourceOperationHandler._cleanup_after_interface_removal-1809882'] for router_interface (3afc068e-db35-4c21-a293-bbeb10c46451), after_delete {{(pid=103231) _notify_loop /usr/local/lib/python3.8/dist-packages/neutron_lib/callbacks/manager.py:176}}
May 10 11:34:35.981339 dv-osbrick-830800-11-smb neutron-server[103231]: DEBUG neutron.scheduler.l3_agent_scheduler [None req-30e405c9-ed1d-4531-92e5-784a3c4bdb24 admin admin] Router 3afc068e-db35-4c21-a293-bbeb10c46451 has already been hosted by L3 agent 55e1db8f-194a-4526-bd99-b9c4124569df {{(pid=103231) _get_candidates /opt/stack/neutron/neutron/scheduler/l3_agent_scheduler.py:126}}
May 10 11:34:36.089836 dv-osbrick-830800-11-smb neutron-server[103231]: DEBUG neutron.api.rpc.agentnotifiers.l3_rpc_agent_api [None req-30e405c9-ed1d-4531-92e5-784a3c4bdb24 admin admin] Notify agent at l3_agent.dv-osbrick-830800-11-smb the message routers_updated {{(pid=103231) _agent_notification /opt/stack/neutron/neutron/api/rpc/agentnotifiers/l3_rpc_agent_api.py:65}}
May 10 11:34:36.095175 dv-osbrick-830800-11-smb neutron-server[103231]: INFO neutron.wsgi [None req-30e405c9-ed1d-4531-92e5-784a3c4bdb24 admin admin] 10.222.0.25 "PUT /v2.0/routers/3afc068e-db35-4c21-a293-bbeb10c46451/remove_router_interface HTTP/1.1" status: 200 len: 503 time: 1.5936182
May 10 11:34:36.098245 dv-osbrick-830800-11-smb neutron-server[103230]: DEBUG neutron.wsgi [-] (103230) accepted ('10.222.0.25', 53962) {{(pid=103230) server /usr/local/lib/python3.8/dist-packages/eventlet/wsgi.py:1004}}
May 10 11:34:36.099930 dv-osbrick-830800-11-smb neutron-server[103233]: DEBUG neutron.api.rpc.handlers.l3_rpc [None req-2d817d40-f56e-4c7e-9fed-2b7fcea7f180 None None] Sync routers for ids ['3afc068e-db35-4c21-a293-bbeb10c46451'] in dv-osbrick-830800-11-smb {{(pid=103233) sync_routers /opt/stack/neutron/neutron/api/rpc/handlers/l3_rpc.py:125}}
May 10 11:34:36.110687 dv-osbrick-830800-11-smb neutron-server[103233]: DEBUG neutron.db.l3_dvrscheduler_db [None req-2d817d40-f56e-4c7e-9fed-2b7fcea7f180 None None] Routers {'3afc068e-db35-4c21-a293-bbeb10c46451'} bound to L3 agent in host dv-osbrick-830800-11-smb {{(pid=103233) _get_router_ids_for_agent /opt/stack/neutron/neutron/db/l3_dvrscheduler_db.py:421}}
May 10 11:34:36.111321 dv-osbrick-830800-11-smb neutron-server[103233]: DEBUG neutron.db.l3_hamode_db [None req-2d817d40-f56e-4c7e-9fed-2b7fcea7f180 None None] neutron.services.l3_router.l3_router_plugin.L3RouterPlugin method get_ha_sync_data_for_host called with arguments (, 'dv-osbrick-830800-11-smb', Agent(admin_state_up=True,agent_type='L3 agent',availability_zone='nova',binary='neutron-l3-agent',configurations={"agent_mode": "legacy", "ex_gw_ports": 5, "extensions": [], "floating_ips": 2, "handle_internal_only_routers": true, "interface_driver": "openvswitch", "interfaces": 5, "log_agent_heartbeats": false, "routers": 5},created_at=2022-05-10T11:22:45Z,description=,heartbeat_timestamp=2022-05-10T11:34:15Z,host='dv-osbrick-830800-11-smb',id=55e1db8f-194a-4526-bd99-b9c4124569df,load=0,resource_versions=,resources_synced=,started_at=2022-05-10T11:22:45Z,topic='l3_agent')) {'router_ids': ['3afc068e-db35-4c21-a293-bbeb10c46451'], 'active': True} {{(pid=103233) wrapper /usr/local/lib/python3.8/dist-packages/oslo_log/helpers.py:65}}
May 10 11:34:36.216430 dv-osbrick-830800-11-smb neutron-server[103230]: DEBUG neutron_lib.callbacks.manager [None req-edf8f4b7-92c5-418f-820d-5399cd56c6d5 admin admin] Publish callbacks [] for router (3afc068e-db35-4c21-a293-bbeb10c46451), before_delete {{(pid=103230) _notify_loop /usr/local/lib/python3.8/dist-packages/neutron_lib/callbacks/manager.py:176}}
May 10 11:34:36.223213 dv-osbrick-830800-11-smb neutron-server[103233]: DEBUG neutron.db.l3_dvr_db [None req-2d817d40-f56e-4c7e-9fed-2b7fcea7f180 None None] Set router 3afc068e-db35-4c21-a293-bbeb10c46451 gateway port host: dv-osbrick-830800-11-smb {{(pid=103233) _build_routers_list /opt/stack/neutron/neutron/db/l3_dvr_db.py:906}}
May 10 11:34:36.328827 dv-osbrick-830800-11-smb neutron-server[103230]: DEBUG neutron_lib.callbacks.manager [None req-edf8f4b7-92c5-418f-820d-5399cd56c6d5 admin admin] Publish callbacks [] for router_gateway (3afc068e-db35-4c21-a293-bbeb10c46451), before_delete {{(pid=103230) _notify_loop /usr/local/lib/python3.8/dist-packages/neutron_lib/callbacks/manager.py:176}}
May 10 11:34:36.377155 dv-osbrick-830800-11-smb neutron-server[103230]: DEBUG neutron.plugins.ml2.plugin [None req-edf8f4b7-92c5-418f-820d-5399cd56c6d5 admin admin] Deleting port 31722718-cedf-4eff-8f01-7f6ea91fb2ef {{(pid=103230) _pre_delete_port /opt/stack/neutron/neutron/plugins/ml2/plugin.py:2041}}
May 10 11:34:36.377503 dv-osbrick-830800-11-smb neutron-server[103230]: DEBUG neutron_lib.callbacks.manager [None req-edf8f4b7-92c5-418f-820d-5399cd56c6d5 admin admin] Publish callbacks ['neutron.db.l3_db.L3_NAT_dbonly_mixin._prevent_l3_port_delete_callback-8781386778628'] for port (31722718-cedf-4eff-8f01-7f6ea91fb2ef), before_delete {{(pid=103230) _notify_loop /usr/local/lib/python3.8/dist-packages/neutron_lib/callbacks/manager.py:176}}
May 10 11:34:36.395170 dv-osbrick-830800-11-smb neutron-server[103233]: DEBUG neutron.db.l3_hamode_db [None req-2d817d40-f56e-4c7e-9fed-2b7fcea7f180 None None] neutron.services.l3_router.l3_router_plugin.L3RouterPlugin method _process_sync_ha_data called with arguments (, [{'id': '3afc068e-db35-4c21-a293-bbeb10c46451', 'name': 'tempest-TestMinimumBasicScenario-1644507537-router', 'tenant_id': '902f40deb92749b5a923f107ffa3bff4', 'admin_state_up': True, 'status': 'ACTIVE', 'external_gateway_info': {'network_id': '1728618e-a50f-4203-9f82-cd749f872d00', 'external_fixed_ips': [{'subnet_id': 'e578995a-1e11-4cd2-8722-ae01607c59c2', 'ip_address': '172.30.1.18'}], 'enable_snat': True}, 'gw_port_id': '31722718-cedf-4eff-8f01-7f6ea91fb2ef', 'description': '', 'availability_zones': ['nova'], 'distributed': False, 'ha': False, 'ha_vr_id': 0, 'availability_zone_hints': [], 'routes': [], 'flavor_id': None, 'tags': [], 'created_at': '2022-05-10T11:30:50Z', 'updated_at': '2022-05-10T11:34:35Z', 'revision_number': 5, 'project_id': '902f40deb92749b5a923f107ffa3bff4', 'gw_port': {'id': '31722718-cedf-4eff-8f01-7f6ea91fb2ef', 'name': '', 'network_id': '1728618e-a50f-4203-9f82-cd749f872d00', 'tenant_id': '', 'mac_address': 'fa:16:3e:d3:f5:52', 'admin_state_up': True, 'status': 'ACTIVE', 'device_id': '3afc068e-db35-4c21-a293-bbeb10c46451', 'device_owner': 'network:router_gateway', 'standard_attr_id': 52, 'fixed_ips': [{'subnet_id': 'e578995a-1e11-4cd2-8722-ae01607c59c2', 'ip_address': '172.30.1.18', 'prefixlen': 24}], 'allowed_address_pairs': [], 'extra_dhcp_opts': [], 'security_groups': [], 'description': '', 'binding:vnic_type': 'normal', 'binding:profile': {}, 'binding:host_id': 'dv-osbrick-830800-11-smb', 'binding:vif_type': 'ovs', 'binding:vif_details': {'connectivity': 'l2', 'port_filter': True, 'ovs_hybrid_plug': False, 'datapath_type': 'system', 'bridge_name': 'br-int', 'bound_drivers': {'0': 'openvswitch'}}, 'port_security_enabled': False, 'tags': [], 'created_at': '2022-05-10T11:30:51Z', 'updated_at': '2022-05-10T11:30:59Z', 'revision_number': 4, 'project_id': '', 'subnets': [{'id': 'e578995a-1e11-4cd2-8722-ae01607c59c2', 'cidr': '172.30.1.0/24', 'gateway_ip': '172.30.1.1', 'dns_nameservers': [], 'ipv6_ra_mode': None, 'subnetpool_id': None}], 'extra_subnets': [], 'address_scopes': {4: None, 6: None}, 'mtu': 1500}, 'enable_snat': True, 'gw_port_host': 'dv-osbrick-830800-11-smb'}], 'dv-osbrick-830800-11-smb', False) {} {{(pid=103233) wrapper /usr/local/lib/python3.8/dist-packages/oslo_log/helpers.py:65}}
May 10 11:34:36.421248 dv-osbrick-830800-11-smb neutron-server[103233]: DEBUG neutron.api.rpc.handlers.l3_rpc [None req-2d817d40-f56e-4c7e-9fed-2b7fcea7f180 None None] Checking router: 3afc068e-db35-4c21-a293-bbeb10c46451 for host: dv-osbrick-830800-11-smb {{(pid=103233) _ensure_host_set_on_ports /opt/stack/neutron/neutron/api/rpc/handlers/l3_rpc.py:155}}
May 10 11:34:36.429314 dv-osbrick-830800-11-smb neutron-server[103233]: DEBUG neutron.db.l3_dvrscheduler_db [None req-2d817d40-f56e-4c7e-9fed-2b7fcea7f180 None None] Routers {'3afc068e-db35-4c21-a293-bbeb10c46451'} bound to L3 agent in host dv-osbrick-830800-11-smb {{(pid=103233) _get_router_ids_for_agent /opt/stack/neutron/neutron/db/l3_dvrscheduler_db.py:421}}
May 10 11:34:36.429920 dv-osbrick-830800-11-smb neutron-server[103233]: DEBUG neutron.db.l3_hamode_db [None req-2d817d40-f56e-4c7e-9fed-2b7fcea7f180 None None] neutron.services.l3_router.l3_router_plugin.L3RouterPlugin method get_ha_sync_data_for_host called with arguments (, 'dv-osbrick-830800-11-smb', Agent(admin_state_up=True,agent_type='L3 agent',availability_zone='nova',binary='neutron-l3-agent',configurations={"agent_mode": "legacy", "ex_gw_ports": 5, "extensions": [], "floating_ips": 2, "handle_internal_only_routers": true, "interface_driver": "openvswitch", "interfaces": 5, "log_agent_heartbeats": false, "routers": 5},created_at=2022-05-10T11:22:45Z,description=,heartbeat_timestamp=2022-05-10T11:34:15Z,host='dv-osbrick-830800-11-smb',id=55e1db8f-194a-4526-bd99-b9c4124569df,load=0,resource_versions=,resources_synced=,started_at=2022-05-10T11:22:45Z,topic='l3_agent')) {'router_ids': ['3afc068e-db35-4c21-a293-bbeb10c46451'], 'active': True} {{(pid=103233) wrapper /usr/local/lib/python3.8/dist-packages/oslo_log/helpers.py:65}}
May 10 11:34:36.467097 dv-osbrick-830800-11-smb neutron-server[103230]: DEBUG neutron.plugins.ml2.db [None req-edf8f4b7-92c5-418f-820d-5399cd56c6d5 admin admin] For port 31722718-cedf-4eff-8f01-7f6ea91fb2ef, host dv-osbrick-830800-11-smb, got binding levels [PortBindingLevel(driver='openvswitch',host='dv-osbrick-830800-11-smb',level=0,port_id=31722718-cedf-4eff-8f01-7f6ea91fb2ef,segment=NetworkSegment(a5221df1-8091-4f0c-afac-fde92a2839ef),segment_id=a5221df1-8091-4f0c-afac-fde92a2839ef)] {{(pid=103230) get_binding_level_objs /opt/stack/neutron/neutron/plugins/ml2/db.py:74}}
May 10 11:34:36.467465 dv-osbrick-830800-11-smb neutron-server[103230]: DEBUG neutron_lib.callbacks.manager [None req-edf8f4b7-92c5-418f-820d-5399cd56c6d5 admin admin] Publish callbacks ['neutron.services.l3_router.l3_router_plugin.L3_NAT_dbonly_mixin._precommit_delete_port_callback-1802757'] for port (31722718-cedf-4eff-8f01-7f6ea91fb2ef), precommit_delete {{(pid=103230) _notify_loop /usr/local/lib/python3.8/dist-packages/neutron_lib/callbacks/manager.py:176}}
May 10 11:34:36.480615 dv-osbrick-830800-11-smb neutron-server[103230]: DEBUG neutron.plugins.ml2.plugin [None req-edf8f4b7-92c5-418f-820d-5399cd56c6d5 admin admin] Calling delete_port for 31722718-cedf-4eff-8f01-7f6ea91fb2ef owned by network:router_gateway {{(pid=103230) delete_port /opt/stack/neutron/neutron/plugins/ml2/plugin.py:2120}}
May 10 11:34:36.531304 dv-osbrick-830800-11-smb neutron-server[103233]: DEBUG neutron.db.l3_dvr_db [None req-2d817d40-f56e-4c7e-9fed-2b7fcea7f180 None None] Set router 3afc068e-db35-4c21-a293-bbeb10c46451 gateway port host: None {{(pid=103233) _build_routers_list /opt/stack/neutron/neutron/db/l3_dvr_db.py:906}}
May 10 11:34:36.590372 dv-osbrick-830800-11-smb neutron-server[103233]: DEBUG neutron.db.l3_hamode_db [None req-2d817d40-f56e-4c7e-9fed-2b7fcea7f180 None None] neutron.services.l3_router.l3_router_plugin.L3RouterPlugin method _process_sync_ha_data called with arguments (, [{'id': '3afc068e-db35-4c21-a293-bbeb10c46451', 'name': 'tempest-TestMinimumBasicScenario-1644507537-router', 'tenant_id': '902f40deb92749b5a923f107ffa3bff4', 'admin_state_up': True, 'status': 'ACTIVE', 'external_gateway_info': None, 'gw_port_id': None, 'description': '', 'availability_zones': ['nova'], 'distributed': False, 'ha': False, 'ha_vr_id': 0, 'availability_zone_hints': [], 'routes': [], 'flavor_id': None, 'tags': [], 'created_at': '2022-05-10T11:30:50Z', 'updated_at': '2022-05-10T11:34:36Z', 'revision_number': 6, 'project_id': '902f40deb92749b5a923f107ffa3bff4', 'gw_port_host': None}], 'dv-osbrick-830800-11-smb', False) {} {{(pid=103233) wrapper /usr/local/lib/python3.8/dist-packages/oslo_log/helpers.py:65}}
May 10 11:34:36.617466 dv-osbrick-830800-11-smb neutron-server[103233]: DEBUG neutron.api.rpc.handlers.l3_rpc [None req-2d817d40-f56e-4c7e-9fed-2b7fcea7f180 None None] The sync data for ids ['3afc068e-db35-4c21-a293-bbeb10c46451'] in dv-osbrick-830800-11-smb is: [{'id': '3afc068e-db35-4c21-a293-bbeb10c46451', 'name': 'tempest-TestMinimumBasicScenario-1644507537-router', 'tenant_id': '902f40deb92749b5a923f107ffa3bff4', 'admin_state_up': True, 'status': 'ACTIVE', 'external_gateway_info': None, 'gw_port_id': None, 'description': '', 'availability_zones': ['nova'], 'distributed': False, 'ha': False, 'ha_vr_id': 0, 'availability_zone_hints': [], 'routes': [], 'flavor_id': None, 'tags': [], 'created_at': '2022-05-10T11:30:50Z', 'updated_at': '2022-05-10T11:34:36Z', 'revision_number': 6, 'project_id': '902f40deb92749b5a923f107ffa3bff4', 'gw_port_host': None}] {{(pid=103233) sync_routers /opt/stack/neutron/neutron/api/rpc/handlers/l3_rpc.py:137}}
May 10 11:34:36.677275 dv-osbrick-830800-11-smb neutron-server[103230]: DEBUG neutron_lib.callbacks.manager [None req-edf8f4b7-92c5-418f-820d-5399cd56c6d5 admin admin] Publish callbacks ['neutron.plugins.ml2.plugin.SecurityGroupServerNotifierRpcMixin._notify_sg_on_port_change-783476', 'neutron.plugins.ml2.ovo_rpc._ObjectChangeHandler.handle_event-243974', 'neutron.api.rpc.agentnotifiers.dhcp_rpc_agent_api.DhcpAgentNotifyAPI._native_event_send_dhcp_notification-1664343', 'neutron.db.l3_db.L3RpcNotifierMixin._notify_routers_callback-8781386785172', 'neutron.db.l3_dvrscheduler_db._notify_port_delete-8781386405515'] for port (31722718-cedf-4eff-8f01-7f6ea91fb2ef), after_delete {{(pid=103230) _notify_loop /usr/local/lib/python3.8/dist-packages/neutron_lib/callbacks/manager.py:176}}
May 10 11:34:36.702010 dv-osbrick-830800-11-smb neutron-server[103230]: DEBUG neutron.api.rpc.handlers.resources_rpc [None req-edf8f4b7-92c5-418f-820d-5399cd56c6d5 admin admin] Pushing event deleted for resources: {'Port': ['ID=31722718-cedf-4eff-8f01-7f6ea91fb2ef,revision_number=None']} {{(pid=103230) push /opt/stack/neutron/neutron/api/rpc/handlers/resources_rpc.py:237}}
May 10 11:34:36.729868 dv-osbrick-830800-11-smb neutron-server[103230]: DEBUG neutron_lib.callbacks.manager [None req-edf8f4b7-92c5-418f-820d-5399cd56c6d5 admin admin] Publish callbacks ['neutron.services.l3_router.l3_router_plugin.DVRResourceOperationHandler._delete_dvr_internal_ports-1816509'] for router_gateway (3afc068e-db35-4c21-a293-bbeb10c46451), after_delete {{(pid=103230) _notify_loop /usr/local/lib/python3.8/dist-packages/neutron_lib/callbacks/manager.py:176}}
May 10 11:34:36.832723 dv-osbrick-830800-11-smb neutron-server[103230]: DEBUG neutron_lib.callbacks.manager [None req-edf8f4b7-92c5-418f-820d-5399cd56c6d5 admin admin] Publish callbacks ['neutron.services.l3_router.l3_router_plugin.L3_HA_NAT_db_mixin._release_router_vr_id-1816689', 'neutron.services.l3_router.service_providers.driver_controller.DriverController._clear_router_provider-56674'] for router (3afc068e-db35-4c21-a293-bbeb10c46451), precommit_delete {{(pid=103230) _notify_loop /usr/local/lib/python3.8/dist-packages/neutron_lib/callbacks/manager.py:176}}
May 10 11:34:36.835102 dv-osbrick-830800-11-smb neutron-server[103230]: DEBUG neutron_lib.callbacks.manager [None req-edf8f4b7-92c5-418f-820d-5399cd56c6d5 admin admin] Publish callbacks [] for router_controller (3afc068e-db35-4c21-a293-bbeb10c46451), precommit_delete_associations {{(pid=103230) _notify_loop /usr/local/lib/python3.8/dist-packages/neutron_lib/callbacks/manager.py:176}}
May 10 11:34:36.906251 dv-osbrick-830800-11-smb neutron-server[103230]: DEBUG neutron_lib.callbacks.manager [None req-edf8f4b7-92c5-418f-820d-5399cd56c6d5 admin admin] Publish callbacks ['neutron.services.l3_router.l3_router_plugin.L3_HA_NAT_db_mixin._cleanup_ha_network_handler-1816682'] for router (3afc068e-db35-4c21-a293-bbeb10c46451), after_delete {{(pid=103230) _notify_loop /usr/local/lib/python3.8/dist-packages/neutron_lib/callbacks/manager.py:176}}
May 10 11:34:36.907090 dv-osbrick-830800-11-smb neutron-server[103230]: DEBUG neutron.api.rpc.agentnotifiers.l3_rpc_agent_api [None req-edf8f4b7-92c5-418f-820d-5399cd56c6d5 admin admin] Fanout notify agent at l3_agent the message router_deleted on router 3afc068e-db35-4c21-a293-bbeb10c46451 {{(pid=103230) _notification_fanout /opt/stack/neutron/neutron/api/rpc/agentnotifiers/l3_rpc_agent_api.py:114}}
May 10 11:34:36.912825 dv-osbrick-830800-11-smb neutron-server[103230]: DEBUG neutron_lib.callbacks.manager [None req-edf8f4b7-92c5-418f-820d-5399cd56c6d5 admin admin] Publish callbacks [] for router (None), before_response {{(pid=103230) _notify_loop /usr/local/lib/python3.8/dist-packages/neutron_lib/callbacks/manager.py:176}}
May 10 11:34:36.913976 dv-osbrick-830800-11-smb neutron-server[103230]: INFO neutron.wsgi [None req-edf8f4b7-92c5-418f-820d-5399cd56c6d5 admin admin] 10.222.0.25 "DELETE /v2.0/routers/3afc068e-db35-4c21-a293-bbeb10c46451 HTTP/1.1" status: 204 len: 168 time: 0.8138657
May 10 11:34:36.917185 dv-osbrick-830800-11-smb neutron-server[103230]: DEBUG neutron.wsgi [-] (103230) accepted ('10.222.0.25', 53964) {{(pid=103230) server /usr/local/lib/python3.8/dist-packages/eventlet/wsgi.py:1004}}
May 10 11:34:36.965863 dv-osbrick-830800-11-smb neutron-server[103230]: DEBUG neutron.db.db_base_plugin_v2 [None req-05658435-99bc-4bea-878c-638e12617dcd admin admin] Deleting subnet a5cd6d19-5676-4f3d-8588-3deb1a41195f {{(pid=103230) delete_subnet /opt/stack/neutron/neutron/db/db_base_plugin_v2.py:1067}}
May 10 11:34:36.969570 dv-osbrick-830800-11-smb neutron-server[103230]: DEBUG neutron_lib.callbacks.manager [None req-05658435-99bc-4bea-878c-638e12617dcd admin admin] Publish callbacks [] for subnet (a5cd6d19-5676-4f3d-8588-3deb1a41195f), before_delete {{(pid=103230) _notify_loop /usr/local/lib/python3.8/dist-packages/neutron_lib/callbacks/manager.py:176}}
May 10 11:34:37.006039 dv-osbrick-830800-11-smb neutron-server[103230]: DEBUG neutron_lib.callbacks.manager [None req-05658435-99bc-4bea-878c-638e12617dcd admin admin] Publish callbacks [] for subnet (a5cd6d19-5676-4f3d-8588-3deb1a41195f), precommit_delete_associations {{(pid=103230) _notify_loop /usr/local/lib/python3.8/dist-packages/neutron_lib/callbacks/manager.py:176}}
May 10 11:34:37.085712 dv-osbrick-830800-11-smb neutron-server[103230]: DEBUG neutron_lib.callbacks.manager [None req-05658435-99bc-4bea-878c-638e12617dcd admin admin] Publish callbacks ['neutron.plugins.ml2.plugin.Ml2Plugin._subnet_delete_precommit_handler-673607'] for subnet (a5cd6d19-5676-4f3d-8588-3deb1a41195f), precommit_delete {{(pid=103230) _notify_loop /usr/local/lib/python3.8/dist-packages/neutron_lib/callbacks/manager.py:176}}
May 10 11:34:37.141155 dv-osbrick-830800-11-smb neutron-server[103230]: DEBUG neutron_lib.callbacks.manager [None req-05658435-99bc-4bea-878c-638e12617dcd admin admin] Publish callbacks ['neutron.plugins.ml2.plugin.Ml2Plugin._subnet_delete_after_delete_handler-673608', 'neutron.plugins.ml2.ovo_rpc._ObjectChangeHandler.handle_event-1666909', 'neutron.api.rpc.agentnotifiers.dhcp_rpc_agent_api.DhcpAgentNotifyAPI._native_event_send_dhcp_notification-1664343'] for subnet (a5cd6d19-5676-4f3d-8588-3deb1a41195f), after_delete {{(pid=103230) _notify_loop /usr/local/lib/python3.8/dist-packages/neutron_lib/callbacks/manager.py:176}}
May 10 11:34:37.166344 dv-osbrick-830800-11-smb neutron-server[103230]: DEBUG neutron.api.rpc.handlers.resources_rpc [None req-05658435-99bc-4bea-878c-638e12617dcd admin admin] Pushing event deleted for resources: {'Subnet': ['ID=a5cd6d19-5676-4f3d-8588-3deb1a41195f,revision_number=None']} {{(pid=103230) push /opt/stack/neutron/neutron/api/rpc/handlers/resources_rpc.py:237}}
May 10 11:34:37.169932 dv-osbrick-830800-11-smb neutron-server[103230]: DEBUG neutron_lib.callbacks.manager [None req-05658435-99bc-4bea-878c-638e12617dcd admin admin] Publish callbacks ['neutron.api.rpc.agentnotifiers.dhcp_rpc_agent_api.DhcpAgentNotifyAPI._send_dhcp_notification-1664289'] for subnet (None), before_response {{(pid=103230) _notify_loop /usr/local/lib/python3.8/dist-packages/neutron_lib/callbacks/manager.py:176}}
May 10 11:34:37.173206 dv-osbrick-830800-11-smb neutron-server[103230]: INFO neutron.wsgi [None req-05658435-99bc-4bea-878c-638e12617dcd admin admin] 10.222.0.25 "DELETE /v2.0/subnets/a5cd6d19-5676-4f3d-8588-3deb1a41195f HTTP/1.1" status: 204 len: 168 time: 0.2550375
May 10 11:34:37.176283 dv-osbrick-830800-11-smb neutron-server[103230]: DEBUG neutron.wsgi [-] (103230) accepted ('10.222.0.25', 53966) {{(pid=103230) server /usr/local/lib/python3.8/dist-packages/eventlet/wsgi.py:1004}}
May 10 11:34:37.178893 dv-osbrick-830800-11-smb neutron-server[103232]: DEBUG neutron.api.rpc.handlers.dhcp_rpc [None req-a342e354-d801-45d0-a9b5-88d43d55193c None None] Network 0a87e972-c6d5-46dd-bd67-9f6af15256db requested from dv-osbrick-830800-11-smb {{(pid=103232) get_network_info /opt/stack/neutron/neutron/api/rpc/handlers/dhcp_rpc.py:191}}
May 10 11:34:37.244990 dv-osbrick-830800-11-smb neutron-server[103230]: DEBUG neutron_lib.callbacks.manager [None req-a6725250-4c5c-4294-9221-df6ffb6ea0d3 admin admin] Publish callbacks ['neutron.plugins.ml2.plugin.External_net_db_mixin._before_network_delete_handler-1337362'] for network (0a87e972-c6d5-46dd-bd67-9f6af15256db), before_delete {{(pid=103230) _notify_loop /usr/local/lib/python3.8/dist-packages/neutron_lib/callbacks/manager.py:176}}
May 10 11:34:37.296346 dv-osbrick-830800-11-smb neutron-server[103230]: DEBUG neutron.plugins.ml2.plugin [None req-a6725250-4c5c-4294-9221-df6ffb6ea0d3 admin admin] Deleting port 42f4035d-a848-4e90-ac8f-d689b9475180 {{(pid=103230) _pre_delete_port /opt/stack/neutron/neutron/plugins/ml2/plugin.py:2041}}
May 10 11:34:37.296737 dv-osbrick-830800-11-smb neutron-server[103230]: DEBUG neutron_lib.callbacks.manager [None req-a6725250-4c5c-4294-9221-df6ffb6ea0d3 admin admin] Publish callbacks ['neutron.db.l3_db.L3_NAT_dbonly_mixin._prevent_l3_port_delete_callback-8781386778628'] for port (42f4035d-a848-4e90-ac8f-d689b9475180), before_delete {{(pid=103230) _notify_loop /usr/local/lib/python3.8/dist-packages/neutron_lib/callbacks/manager.py:176}}
May 10 11:34:37.360526 dv-osbrick-830800-11-smb neutron-server[103230]: DEBUG neutron.plugins.ml2.db [None req-a6725250-4c5c-4294-9221-df6ffb6ea0d3 admin admin] For port 42f4035d-a848-4e90-ac8f-d689b9475180, host dv-osbrick-830800-11-smb, got binding levels [PortBindingLevel(driver='openvswitch',host='dv-osbrick-830800-11-smb',level=0,port_id=42f4035d-a848-4e90-ac8f-d689b9475180,segment=NetworkSegment(43e82e76-ca18-461a-bc33-5215d7b4fdd6),segment_id=43e82e76-ca18-461a-bc33-5215d7b4fdd6)] {{(pid=103230) get_binding_level_objs /opt/stack/neutron/neutron/plugins/ml2/db.py:74}}
May 10 11:34:37.360901 dv-osbrick-830800-11-smb neutron-server[103230]: DEBUG neutron_lib.callbacks.manager [None req-a6725250-4c5c-4294-9221-df6ffb6ea0d3 admin admin] Publish callbacks ['neutron.services.l3_router.l3_router_plugin.L3_NAT_dbonly_mixin._precommit_delete_port_callback-1802757'] for port (42f4035d-a848-4e90-ac8f-d689b9475180), precommit_delete {{(pid=103230) _notify_loop /usr/local/lib/python3.8/dist-packages/neutron_lib/callbacks/manager.py:176}}
May 10 11:34:37.369797 dv-osbrick-830800-11-smb neutron-server[103232]: DEBUG neutron.api.rpc.handlers.dhcp_rpc [None req-95069124-0cb7-4f83-87e7-3d31d7ed96d3 None None] DHCP port deletion for 0a87e972-c6d5-46dd-bd67-9f6af15256db request from dv-osbrick-830800-11-smb {{(pid=103232) release_dhcp_port /opt/stack/neutron/neutron/api/rpc/handlers/dhcp_rpc.py:249}}
May 10 11:34:37.376161 dv-osbrick-830800-11-smb neutron-server[103230]: DEBUG neutron.plugins.ml2.plugin [None req-a6725250-4c5c-4294-9221-df6ffb6ea0d3 admin admin] Calling delete_port for 42f4035d-a848-4e90-ac8f-d689b9475180 owned by network:dhcp {{(pid=103230) delete_port /opt/stack/neutron/neutron/plugins/ml2/plugin.py:2120}}
May 10 11:34:37.409246 dv-osbrick-830800-11-smb neutron-server[103232]: DEBUG neutron.plugins.ml2.plugin [None req-95069124-0cb7-4f83-87e7-3d31d7ed96d3 None None] Deleting port 42f4035d-a848-4e90-ac8f-d689b9475180 {{(pid=103232) _pre_delete_port /opt/stack/neutron/neutron/plugins/ml2/plugin.py:2041}}
May 10 11:34:37.409617 dv-osbrick-830800-11-smb neutron-server[103232]: DEBUG neutron_lib.callbacks.manager [None req-95069124-0cb7-4f83-87e7-3d31d7ed96d3 None None] Publish callbacks ['neutron.db.l3_db.L3_NAT_dbonly_mixin._prevent_l3_port_delete_callback-8781386778628'] for port (42f4035d-a848-4e90-ac8f-d689b9475180), before_delete {{(pid=103232) _notify_loop /usr/local/lib/python3.8/dist-packages/neutron_lib/callbacks/manager.py:176}}
May 10 11:34:37.461158 dv-osbrick-830800-11-smb neutron-server[103230]: DEBUG neutron_lib.callbacks.manager [None req-a6725250-4c5c-4294-9221-df6ffb6ea0d3 admin admin] Publish callbacks ['neutron.plugins.ml2.plugin.SecurityGroupServerNotifierRpcMixin._notify_sg_on_port_change-783476', 'neutron.plugins.ml2.ovo_rpc._ObjectChangeHandler.handle_event-243974', 'neutron.api.rpc.agentnotifiers.dhcp_rpc_agent_api.DhcpAgentNotifyAPI._native_event_send_dhcp_notification-1664343', 'neutron.db.l3_db.L3RpcNotifierMixin._notify_routers_callback-8781386785172', 'neutron.db.l3_dvrscheduler_db._notify_port_delete-8781386405515'] for port (42f4035d-a848-4e90-ac8f-d689b9475180), after_delete {{(pid=103230) _notify_loop /usr/local/lib/python3.8/dist-packages/neutron_lib/callbacks/manager.py:176}}
May 10 11:34:37.478150 dv-osbrick-830800-11-smb neutron-server[103232]: DEBUG neutron.plugins.ml2.db [None req-95069124-0cb7-4f83-87e7-3d31d7ed96d3 None None] For port 42f4035d-a848-4e90-ac8f-d689b9475180, host dv-osbrick-830800-11-smb, got binding levels [PortBindingLevel(driver='openvswitch',host='dv-osbrick-830800-11-smb',level=0,port_id=42f4035d-a848-4e90-ac8f-d689b9475180,segment=NetworkSegment(43e82e76-ca18-461a-bc33-5215d7b4fdd6),segment_id=43e82e76-ca18-461a-bc33-5215d7b4fdd6)] {{(pid=103232) get_binding_level_objs /opt/stack/neutron/neutron/plugins/ml2/db.py:74}}
May 10 11:34:37.478565 dv-osbrick-830800-11-smb neutron-server[103232]: DEBUG neutron_lib.callbacks.manager [None req-95069124-0cb7-4f83-87e7-3d31d7ed96d3 None None] Publish callbacks ['neutron.services.l3_router.l3_router_plugin.L3_NAT_dbonly_mixin._precommit_delete_port_callback-1802757'] for port (42f4035d-a848-4e90-ac8f-d689b9475180), precommit_delete {{(pid=103232) _notify_loop /usr/local/lib/python3.8/dist-packages/neutron_lib/callbacks/manager.py:176}}
May 10 11:34:37.489719 dv-osbrick-830800-11-smb neutron-server[103230]: DEBUG neutron.api.rpc.handlers.resources_rpc [None req-a6725250-4c5c-4294-9221-df6ffb6ea0d3 admin admin] Pushing event deleted for resources: {'Port': ['ID=42f4035d-a848-4e90-ac8f-d689b9475180,revision_number=None']} {{(pid=103230) push /opt/stack/neutron/neutron/api/rpc/handlers/resources_rpc.py:237}}
May 10 11:34:37.491712 dv-osbrick-830800-11-smb neutron-server[103230]: DEBUG neutron.db.l3_dvrscheduler_db [None req-a6725250-4c5c-4294-9221-df6ffb6ea0d3 admin admin] No DVR routers for this DVR port 42f4035d-a848-4e90-ac8f-d689b9475180 on host dv-osbrick-830800-11-smb {{(pid=103230) get_dvr_routers_to_remove /opt/stack/neutron/neutron/db/l3_dvrscheduler_db.py:214}}
May 10 11:34:37.491997 dv-osbrick-830800-11-smb neutron-server[103232]: DEBUG neutron.plugins.ml2.plugin [None req-95069124-0cb7-4f83-87e7-3d31d7ed96d3 None None] Calling delete_port for 42f4035d-a848-4e90-ac8f-d689b9475180 owned by network:dhcp {{(pid=103232) delete_port /opt/stack/neutron/neutron/plugins/ml2/plugin.py:2120}}
May 10 11:34:37.562468 dv-osbrick-830800-11-smb neutron-server[103230]: DEBUG neutron_lib.callbacks.manager [None req-a6725250-4c5c-4294-9221-df6ffb6ea0d3 admin admin] Publish callbacks ['neutron.plugins.ml2.plugin.Ml2Plugin._network_delete_precommit_handler-675516', 'neutron.services.segments.db._delete_segments_for_network-8781386704945'] for network (0a87e972-c6d5-46dd-bd67-9f6af15256db), precommit_delete {{(pid=103230) _notify_loop /usr/local/lib/python3.8/dist-packages/neutron_lib/callbacks/manager.py:176}}
May 10 11:34:37.587789 dv-osbrick-830800-11-smb neutron-server[103230]: DEBUG neutron_lib.callbacks.manager [None req-a6725250-4c5c-4294-9221-df6ffb6ea0d3 admin admin] Subscribe: > segment before_delete 55550000 {{(pid=103230) subscribe /usr/local/lib/python3.8/dist-packages/neutron_lib/callbacks/manager.py:45}}
May 10 11:34:37.588401 dv-osbrick-830800-11-smb neutron-server[103230]: DEBUG neutron_lib.callbacks.manager [None req-a6725250-4c5c-4294-9221-df6ffb6ea0d3 admin admin] Subscribe: > subnet precommit_delete_associations 55550000 {{(pid=103230) subscribe /usr/local/lib/python3.8/dist-packages/neutron_lib/callbacks/manager.py:45}}
May 10 11:34:37.589290 dv-osbrick-830800-11-smb neutron-server[103230]: DEBUG neutron_lib.callbacks.manager [None req-a6725250-4c5c-4294-9221-df6ffb6ea0d3 admin admin] Subscribe: > segment_host_mapping after_create 55550000 {{(pid=103230) subscribe /usr/local/lib/python3.8/dist-packages/neutron_lib/callbacks/manager.py:45}}
May 10 11:34:37.589767 dv-osbrick-830800-11-smb neutron-server[103230]: DEBUG neutron_lib.callbacks.manager [None req-a6725250-4c5c-4294-9221-df6ffb6ea0d3 admin admin] Subscribe: > port after_create 55550000 {{(pid=103230) subscribe /usr/local/lib/python3.8/dist-packages/neutron_lib/callbacks/manager.py:45}}
May 10 11:34:37.590412 dv-osbrick-830800-11-smb neutron-server[103230]: DEBUG neutron_lib.callbacks.manager [None req-a6725250-4c5c-4294-9221-df6ffb6ea0d3 admin admin] Subscribe: > port after_delete 55550000 {{(pid=103230) subscribe /usr/local/lib/python3.8/dist-packages/neutron_lib/callbacks/manager.py:45}}
