Feb 16 20:17:29.428964 dv-osbrick-829588-2-iscsi neutron-server[102793]: DEBUG neutron.api.rpc.handlers.resources_rpc [None req-08b25457-e8b9-4a6a-a563-376d8ab50ff6 tempest-TestMinimumBasicScenario-440053359 tempest-TestMinimumBasicScenario-440053359-project] Pushing event updated for resources: {'SecurityGroupRule': ['ID=c37691e4-eed6-43c6-b184-c1a196089197,revision_number=0']} {{(pid=102793) push /opt/stack/neutron/neutron/api/rpc/handlers/resources_rpc.py:237}}
Feb 16 20:17:29.443862 dv-osbrick-829588-2-iscsi neutron-server[102793]: DEBUG neutron_lib.callbacks.manager [None req-08b25457-e8b9-4a6a-a563-376d8ab50ff6 tempest-TestMinimumBasicScenario-440053359 tempest-TestMinimumBasicScenario-440053359-project] Publish callbacks [] for security_group_rule (None), before_response {{(pid=102793) _notify_loop /usr/local/lib/python3.8/dist-packages/neutron_lib/callbacks/manager.py:176}}
Feb 16 20:17:29.448177 dv-osbrick-829588-2-iscsi neutron-server[102794]: DEBUG neutron.wsgi [-] (102794) accepted ('10.222.0.65', 55616) {{(pid=102794) server /usr/local/lib/python3.8/dist-packages/eventlet/wsgi.py:1004}}
Feb 16 20:17:29.450314 dv-osbrick-829588-2-iscsi neutron-server[102793]: INFO neutron.wsgi [None req-08b25457-e8b9-4a6a-a563-376d8ab50ff6 tempest-TestMinimumBasicScenario-440053359 tempest-TestMinimumBasicScenario-440053359-project] 10.222.0.65 "POST /v2.0/security-group-rules HTTP/1.1" status: 201 len: 768 time: 0.1511827
Feb 16 20:17:29.452342 dv-osbrick-829588-2-iscsi neutron-server[102796]: DEBUG neutron.api.rpc.handlers.l3_rpc [None req-487b1841-e2fa-44a8-81f0-3d09fa1a5f03 None None] The sync data for ids ['a16629a5-03dd-4317-ab18-bdf5dd363bad'] in dv-osbrick-829588-2-iscsi is: [{'id': 'a16629a5-03dd-4317-ab18-bdf5dd363bad', 'name': 'tempest-TestMinimumBasicScenario-1602482216-router', 'tenant_id': 'e07d0c15561e436f9daa90b33699918a', 'admin_state_up': True, 'status': 'ACTIVE', 'external_gateway_info': {'network_id': 'f11fbf78-95fa-41a3-a8ab-5c5f5c58e578', 'external_fixed_ips': [{'subnet_id': 'b32de15a-84c8-433b-a207-ed63e865650f', 'ip_address': '172.29.0.21'}], 'enable_snat': True}, 'gw_port_id': '7afcdec2-ca07-44ac-955d-d312b0386db9', 'description': '', 'availability_zones': ['nova'], 'distributed': False, 'ha': False, 'ha_vr_id': 0, 'availability_zone_hints': [], 'routes': [], 'flavor_id': None, 'tags': [], 'created_at': '2022-02-16T20:16:17Z', 'updated_at': '2022-02-16T20:16:20Z', 'revision_number': 4, 'project_id': 'e07d0c15561e436f9daa90b33699918a', 'gw_port': {'id': '7afcdec2-ca07-44ac-955d-d312b0386db9', 'name': '', 'network_id': 'f11fbf78-95fa-41a3-a8ab-5c5f5c58e578', 'tenant_id': '', 'mac_address': 'fa:16:3e:dc:d4:5c', 'admin_state_up': True, 'status': 'ACTIVE', 'device_id': 'a16629a5-03dd-4317-ab18-bdf5dd363bad', 'device_owner': 'network:router_gateway', 'standard_attr_id': 52, 'fixed_ips': [{'subnet_id': 'b32de15a-84c8-433b-a207-ed63e865650f', 'ip_address': '172.29.0.21', 'prefixlen': 24}], 'allowed_address_pairs': [], 'extra_dhcp_opts': [], 'security_groups': [], 'description': '', 'binding:vnic_type': 'normal', 'binding:profile': {}, 'binding:host_id': 'dv-osbrick-829588-2-iscsi', 'binding:vif_type': 'ovs', 'binding:vif_details': {'connectivity': 'l2', 'port_filter': True, 'ovs_hybrid_plug': False, 'datapath_type': 'system', 'bridge_name': 'br-int', 'bound_drivers': {'0': 'openvswitch'}}, 'port_security_enabled': False, 'tags': [], 'created_at': '2022-02-16T20:16:17Z', 'updated_at': '2022-02-16T20:16:25Z', 'revision_number': 4, 'project_id': '', 'subnets': [{'id': 'b32de15a-84c8-433b-a207-ed63e865650f', 'cidr': '172.29.0.0/24', 'gateway_ip': '172.29.0.1', 'dns_nameservers': [], 'ipv6_ra_mode': None, 'subnetpool_id': None}], 'extra_subnets': [], 'address_scopes': {4: None, 6: None}, 'mtu': 1500}, 'enable_snat': True, 'gw_port_host': 'dv-osbrick-829588-2-iscsi', '_floatingips': [{'id': '5ad74190-2319-42d4-b6a3-3d3dd94ddaa1', 'tenant_id': 'e07d0c15561e436f9daa90b33699918a', 'floating_ip_address': '172.29.0.15', 'floating_network_id': 'f11fbf78-95fa-41a3-a8ab-5c5f5c58e578', 'router_id': 'a16629a5-03dd-4317-ab18-bdf5dd363bad', 'port_id': 'f46a7731-2b37-455f-95f2-2181b56ef489', 'fixed_ip_address': '172.20.0.7', 'status': 'DOWN', 'standard_attr_id': 87, 'description': '', 'qos_policy_id': None, 'qos_network_policy_id': None, 'port_details': {'name': '', 'network_id': '7b30c3ca-c948-4d7e-bd91-6f86ef66546a', 'mac_address': 'fa:16:3e:f6:d9:ce', 'admin_state_up': True, 'status': 'ACTIVE', 'device_id': '98da700b-ca3c-454f-a474-0efd788c34d1', 'device_owner': 'compute:nova'}, 'dns_domain': '', 'dns_name': '', 'tags': [], 'created_at': '2022-02-16T20:17:27Z', 'updated_at': '2022-02-16T20:17:27Z', 'revision_number': 0, 'project_id': 'e07d0c15561e436f9daa90b33699918a', 'fixed_ip_address_scope': None}], '_interfaces': [{'id': 'a1d2177e-da8a-4bfa-b018-e47ec68e30fe', 'name': '', 'network_id': '7b30c3ca-c948-4d7e-bd91-6f86ef66546a', 'tenant_id': 'e07d0c15561e436f9daa90b33699918a', 'mac_address': 'fa:16:3e:f5:5a:52', 'admin_state_up': True, 'status': 'ACTIVE', 'device_id': 'a16629a5-03dd-4317-ab18-bdf5dd363bad', 'device_owner': 'network:router_interface', 'standard_attr_id': 54, 'fixed_ips': [{'subnet_id': 'ef966efb-c87e-4d52-8e15-8e06b8136872', 'ip_address': '172.20.0.1', 'prefixlen': 28}], 'allowed_address_pairs': [], 'extra_dhcp_opts': [], 'security_groups': [], 'description': '', 'binding:vnic_type': 'normal', 'binding:profile': {}, 'binding:host_id': 'dv-osbrick-829588-2-iscsi', 'binding:vif_type': 'ovs', 'binding:vif_details': {'connectivity': 'l2', 'port_filter': True, 'ovs_hybrid_plug': False, 'datapath_type': 'system', 'bridge_name': 'br-int', 'bound_drivers': {'0': 'openvswitch'}}, 'port_security_enabled': False, 'tags': [], 'created_at': '2022-02-16T20:16:19Z', 'updated_at': '2022-02-16T20:16:31Z', 'revision_number': 5, 'project_id': 'e07d0c15561e436f9daa90b33699918a', 'subnets': [{'id': 'ef966efb-c87e-4d52-8e15-8e06b8136872', 'cidr': '172.20.0.0/28', 'gateway_ip': '172.20.0.1', 'dns_nameservers': [], 'ipv6_ra_mode': None, 'subnetpool_id': None}], 'extra_subnets': [], 'address_scopes': {4: None, 6: None}, 'mtu': 1500}]}] {{(pid=102796) sync_routers /opt/stack/neutron/neutron/api/rpc/handlers/l3_rpc.py:137}}
Feb 16 20:17:29.452792 dv-osbrick-829588-2-iscsi neutron-server[102794]: DEBUG neutron.api.v2.base [None req-2891330c-347d-49c8-8169-02c37192d63b tempest-TestMinimumBasicScenario-440053359 tempest-TestMinimumBasicScenario-440053359-project] Request body: {'security_group_rule': {'security_group_id': '4c9a5922-b62f-45b8-9cbf-de14e6fda720', 'project_id': 'e07d0c15561e436f9daa90b33699918a', 'protocol': 'icmp', 'ethertype': 'IPv6', 'direction': 'ingress'}} {{(pid=102794) prepare_request_body /opt/stack/neutron/neutron/api/v2/base.py:729}}
Feb 16 20:17:29.476731 dv-osbrick-829588-2-iscsi neutron-server[102794]: INFO neutron.db.securitygroups_db [None req-2891330c-347d-49c8-8169-02c37192d63b tempest-TestMinimumBasicScenario-440053359 tempest-TestMinimumBasicScenario-440053359-project] Project e07d0c15561e436f9daa90b33699918a added a security group rule with legacy IPv6 ICMP protocol name icmp, ipv6-icmp should be used instead. It was automatically converted.
Feb 16 20:17:29.485918 dv-osbrick-829588-2-iscsi neutron-server[102794]: DEBUG neutron_lib.callbacks.manager [None req-2891330c-347d-49c8-8169-02c37192d63b tempest-TestMinimumBasicScenario-440053359 tempest-TestMinimumBasicScenario-440053359-project] Publish callbacks [] for security_group_rule (da2fc2e4-cd3b-4e2f-9510-b35804782b7e), before_create {{(pid=102794) _notify_loop /usr/local/lib/python3.8/dist-packages/neutron_lib/callbacks/manager.py:176}}
Feb 16 20:17:29.551545 dv-osbrick-829588-2-iscsi neutron-server[102794]: DEBUG neutron_lib.callbacks.manager [None req-2891330c-347d-49c8-8169-02c37192d63b tempest-TestMinimumBasicScenario-440053359 tempest-TestMinimumBasicScenario-440053359-project] Publish callbacks [] for security_group_rule (da2fc2e4-cd3b-4e2f-9510-b35804782b7e), precommit_create {{(pid=102794) _notify_loop /usr/local/lib/python3.8/dist-packages/neutron_lib/callbacks/manager.py:176}}
Feb 16 20:17:29.555194 dv-osbrick-829588-2-iscsi neutron-server[102794]: DEBUG neutron_lib.callbacks.manager [None req-2891330c-347d-49c8-8169-02c37192d63b tempest-TestMinimumBasicScenario-440053359 tempest-TestMinimumBasicScenario-440053359-project] Publish callbacks ['neutron.plugins.ml2.ovo_rpc._ObjectChangeHandler.handle_event-3787665'] for security_group_rule (da2fc2e4-cd3b-4e2f-9510-b35804782b7e), after_create {{(pid=102794) _notify_loop /usr/local/lib/python3.8/dist-packages/neutron_lib/callbacks/manager.py:176}}
Feb 16 20:17:29.573244 dv-osbrick-829588-2-iscsi neutron-server[102794]: DEBUG neutron.api.rpc.handlers.resources_rpc [None req-2891330c-347d-49c8-8169-02c37192d63b tempest-TestMinimumBasicScenario-440053359 tempest-TestMinimumBasicScenario-440053359-project] Pushing event updated for resources: {'SecurityGroupRule': ['ID=da2fc2e4-cd3b-4e2f-9510-b35804782b7e,revision_number=0']} {{(pid=102794) push /opt/stack/neutron/neutron/api/rpc/handlers/resources_rpc.py:237}}
Feb 16 20:17:29.582509 dv-osbrick-829588-2-iscsi neutron-server[102794]: DEBUG neutron_lib.callbacks.manager [None req-2891330c-347d-49c8-8169-02c37192d63b tempest-TestMinimumBasicScenario-440053359 tempest-TestMinimumBasicScenario-440053359-project] Publish callbacks [] for security_group_rule (None), before_response {{(pid=102794) _notify_loop /usr/local/lib/python3.8/dist-packages/neutron_lib/callbacks/manager.py:176}}
Feb 16 20:17:29.584742 dv-osbrick-829588-2-iscsi neutron-server[102794]: INFO neutron.wsgi [None req-2891330c-347d-49c8-8169-02c37192d63b tempest-TestMinimumBasicScenario-440053359 tempest-TestMinimumBasicScenario-440053359-project] 10.222.0.65 "POST /v2.0/security-group-rules HTTP/1.1" status: 201 len: 774 time: 0.1347880
Feb 16 20:17:29.586831 dv-osbrick-829588-2-iscsi neutron-server[102794]: DEBUG neutron.wsgi [-] (102794) accepted ('10.222.0.65', 55618) {{(pid=102794) server /usr/local/lib/python3.8/dist-packages/eventlet/wsgi.py:1004}}
Feb 16 20:17:29.591118 dv-osbrick-829588-2-iscsi neutron-server[102794]: DEBUG neutron.api.v2.base [None req-6a414cf2-8eeb-49dd-955d-e155e6f1b10e tempest-TestMinimumBasicScenario-440053359 tempest-TestMinimumBasicScenario-440053359-project] Request body: {'security_group_rule': {'security_group_id': '4c9a5922-b62f-45b8-9cbf-de14e6fda720', 'project_id': 'e07d0c15561e436f9daa90b33699918a', 'protocol': 'icmp', 'ethertype': 'IPv6', 'direction': 'egress'}} {{(pid=102794) prepare_request_body /opt/stack/neutron/neutron/api/v2/base.py:729}}
Feb 16 20:17:29.617034 dv-osbrick-829588-2-iscsi neutron-server[102794]: INFO neutron.db.securitygroups_db [None req-6a414cf2-8eeb-49dd-955d-e155e6f1b10e tempest-TestMinimumBasicScenario-440053359 tempest-TestMinimumBasicScenario-440053359-project] Project e07d0c15561e436f9daa90b33699918a added a security group rule with legacy IPv6 ICMP protocol name icmp, ipv6-icmp should be used instead. It was automatically converted.
Feb 16 20:17:29.623949 dv-osbrick-829588-2-iscsi neutron-server[102794]: DEBUG neutron_lib.callbacks.manager [None req-6a414cf2-8eeb-49dd-955d-e155e6f1b10e tempest-TestMinimumBasicScenario-440053359 tempest-TestMinimumBasicScenario-440053359-project] Publish callbacks [] for security_group_rule (339f688f-ee64-4972-89eb-f6c3bd17ddb9), before_create {{(pid=102794) _notify_loop /usr/local/lib/python3.8/dist-packages/neutron_lib/callbacks/manager.py:176}}
Feb 16 20:17:29.669997 dv-osbrick-829588-2-iscsi neutron-server[102795]: DEBUG neutron.api.rpc.handlers.l3_rpc [None req-76d5458c-0eab-4e68-8be1-b14d31a1ff52 None None] New status for floating IP 5ad74190-2319-42d4-b6a3-3d3dd94ddaa1: ACTIVE {{(pid=102795) update_floatingip_statuses /opt/stack/neutron/neutron/api/rpc/handlers/l3_rpc.py:270}}
Feb 16 20:17:29.692754 dv-osbrick-829588-2-iscsi neutron-server[102794]: DEBUG neutron_lib.callbacks.manager [None req-6a414cf2-8eeb-49dd-955d-e155e6f1b10e tempest-TestMinimumBasicScenario-440053359 tempest-TestMinimumBasicScenario-440053359-project] Publish callbacks [] for security_group_rule (339f688f-ee64-4972-89eb-f6c3bd17ddb9), precommit_create {{(pid=102794) _notify_loop /usr/local/lib/python3.8/dist-packages/neutron_lib/callbacks/manager.py:176}}
Feb 16 20:17:29.696910 dv-osbrick-829588-2-iscsi neutron-server[102794]: DEBUG neutron_lib.callbacks.manager [None req-6a414cf2-8eeb-49dd-955d-e155e6f1b10e tempest-TestMinimumBasicScenario-440053359 tempest-TestMinimumBasicScenario-440053359-project] Publish callbacks ['neutron.plugins.ml2.ovo_rpc._ObjectChangeHandler.handle_event-3787665'] for security_group_rule (339f688f-ee64-4972-89eb-f6c3bd17ddb9), after_create {{(pid=102794) _notify_loop /usr/local/lib/python3.8/dist-packages/neutron_lib/callbacks/manager.py:176}}
Feb 16 20:17:29.714881 dv-osbrick-829588-2-iscsi neutron-server[102794]: DEBUG neutron.api.rpc.handlers.resources_rpc [None req-6a414cf2-8eeb-49dd-955d-e155e6f1b10e tempest-TestMinimumBasicScenario-440053359 tempest-TestMinimumBasicScenario-440053359-project] Pushing event updated for resources: {'SecurityGroupRule': ['ID=339f688f-ee64-4972-89eb-f6c3bd17ddb9,revision_number=0']} {{(pid=102794) push /opt/stack/neutron/neutron/api/rpc/handlers/resources_rpc.py:237}}
Feb 16 20:17:29.724987 dv-osbrick-829588-2-iscsi neutron-server[102794]: DEBUG neutron_lib.callbacks.manager [None req-6a414cf2-8eeb-49dd-955d-e155e6f1b10e tempest-TestMinimumBasicScenario-440053359 tempest-TestMinimumBasicScenario-440053359-project] Publish callbacks [] for security_group_rule (None), before_response {{(pid=102794) _notify_loop /usr/local/lib/python3.8/dist-packages/neutron_lib/callbacks/manager.py:176}}
Feb 16 20:17:29.726232 dv-osbrick-829588-2-iscsi neutron-server[102794]: INFO neutron.wsgi [None req-6a414cf2-8eeb-49dd-955d-e155e6f1b10e tempest-TestMinimumBasicScenario-440053359 tempest-TestMinimumBasicScenario-440053359-project] 10.222.0.65 "POST /v2.0/security-group-rules HTTP/1.1" status: 201 len: 773 time: 0.1384559
Feb 16 20:17:29.827214 dv-osbrick-829588-2-iscsi neutron-server[102794]: INFO neutron.wsgi [req-5821e8bc-958a-4fac-9e32-b578091169ef req-120533fe-4b70-41e6-828d-2b64367456b8 tempest-TestMinimumBasicScenario-440053359 tempest-TestMinimumBasicScenario-440053359-project] 10.222.0.65 "GET /v2.0/security-groups?name=tempest-secgroup-smoke-137661583&fields=id&tenant_id=e07d0c15561e436f9daa90b33699918a HTTP/1.1" status: 200 len: 267 time: 0.0541368
Feb 16 20:17:29.887486 dv-osbrick-829588-2-iscsi neutron-server[102794]: DEBUG neutron.pecan_wsgi.hooks.policy_enforcement [req-5821e8bc-958a-4fac-9e32-b578091169ef req-41dac9d6-ba64-4ede-8a19-4939d9210fc8 tempest-TestMinimumBasicScenario-440053359 tempest-TestMinimumBasicScenario-440053359-project] Attributes excluded by policy engine: ['standard_attr_id', 'binding:profile', 'binding:host_id', 'binding:vif_type', 'binding:vif_details'] {{(pid=102794) _exclude_attributes_by_policy /opt/stack/neutron/neutron/pecan_wsgi/hooks/policy_enforcement.py:255}}
Feb 16 20:17:29.889127 dv-osbrick-829588-2-iscsi neutron-server[102794]: INFO neutron.wsgi [req-5821e8bc-958a-4fac-9e32-b578091169ef req-41dac9d6-ba64-4ede-8a19-4939d9210fc8 tempest-TestMinimumBasicScenario-440053359 tempest-TestMinimumBasicScenario-440053359-project] 10.222.0.65 "GET /v2.0/ports?device_id=98da700b-ca3c-454f-a474-0efd788c34d1 HTTP/1.1" status: 200 len: 945 time: 0.0562363
Feb 16 20:17:29.901989 dv-osbrick-829588-2-iscsi neutron-server[102794]: DEBUG neutron.api.v2.base [req-5821e8bc-958a-4fac-9e32-b578091169ef req-e4c80f99-b257-4a25-a0c5-2e5805768664 tempest-TestMinimumBasicScenario-440053359 tempest-TestMinimumBasicScenario-440053359-project] Request body: {'port': {'security_groups': ['ab6fc740-500f-40f8-8091-343cc46a53d4', '4c9a5922-b62f-45b8-9cbf-de14e6fda720']}} {{(pid=102794) prepare_request_body /opt/stack/neutron/neutron/api/v2/base.py:729}}
Feb 16 20:17:29.973862 dv-osbrick-829588-2-iscsi neutron-server[102794]: DEBUG neutron_lib.callbacks.manager [req-5821e8bc-958a-4fac-9e32-b578091169ef req-e4c80f99-b257-4a25-a0c5-2e5805768664 tempest-TestMinimumBasicScenario-440053359 tempest-TestMinimumBasicScenario-440053359-project] Publish callbacks ['neutron.plugins.ml2.plugin.SecurityGroupDbMixin._ensure_default_security_group_handler-693846'] for port (f46a7731-2b37-455f-95f2-2181b56ef489), before_update {{(pid=102794) _notify_loop /usr/local/lib/python3.8/dist-packages/neutron_lib/callbacks/manager.py:176}}
Feb 16 20:17:29.999439 dv-osbrick-829588-2-iscsi neutron-server[102793]: DEBUG neutron.pecan_wsgi.hooks.policy_enforcement [req-64264ddc-2b15-467e-85a9-4f23bb203946 req-c9fdda26-8535-44f9-9d62-276ea9c48a76 tempest-TestVolumeBootPattern-1306324206 tempest-TestVolumeBootPattern-1306324206-project] Attributes excluded by policy engine: ['standard_attr_id', 'binding:profile', 'binding:host_id', 'binding:vif_type', 'binding:vif_details'] {{(pid=102793) _exclude_attributes_by_policy /opt/stack/neutron/neutron/pecan_wsgi/hooks/policy_enforcement.py:255}}
Feb 16 20:17:30.002943 dv-osbrick-829588-2-iscsi neutron-server[102793]: INFO neutron.wsgi [req-64264ddc-2b15-467e-85a9-4f23bb203946 req-c9fdda26-8535-44f9-9d62-276ea9c48a76 tempest-TestVolumeBootPattern-1306324206 tempest-TestVolumeBootPattern-1306324206-project] 10.222.0.65 "GET /v2.0/ports?device_id=abe362b9-f431-4a7f-be3b-ce370971df47 HTTP/1.1" status: 200 len: 944 time: 0.0534787
Feb 16 20:17:30.050408 dv-osbrick-829588-2-iscsi neutron-server[102793]: INFO neutron.wsgi [req-64264ddc-2b15-467e-85a9-4f23bb203946 req-fdc15f98-5ab7-4bee-a703-1aacb00c0de6 tempest-TestVolumeBootPattern-1306324206 tempest-TestVolumeBootPattern-1306324206-project] 10.222.0.65 "GET /v2.0/security-groups?id=032b7930-d643-4440-8289-35dd29a9e8d9&fields=id&fields=name HTTP/1.1" status: 200 len: 286 time: 0.0435660
Feb 16 20:17:30.387184 dv-osbrick-829588-2-iscsi neutron-server[102794]: DEBUG neutron.plugins.ml2.db [req-5821e8bc-958a-4fac-9e32-b578091169ef req-e4c80f99-b257-4a25-a0c5-2e5805768664 tempest-TestMinimumBasicScenario-440053359 tempest-TestMinimumBasicScenario-440053359-project] For port f46a7731-2b37-455f-95f2-2181b56ef489, host hv-osbrick-8295, got binding levels [PortBindingLevel(driver='hyperv',host='hv-osbrick-8295',level=0,port_id=f46a7731-2b37-455f-95f2-2181b56ef489,segment=NetworkSegment(d70d7285-7eeb-4ab5-b2a9-f7f75e784818),segment_id=d70d7285-7eeb-4ab5-b2a9-f7f75e784818)] {{(pid=102794) get_binding_level_objs /opt/stack/neutron/neutron/plugins/ml2/db.py:74}}
Feb 16 20:17:30.418968 dv-osbrick-829588-2-iscsi neutron-server[102794]: DEBUG neutron_lib.callbacks.manager [req-5821e8bc-958a-4fac-9e32-b578091169ef req-e4c80f99-b257-4a25-a0c5-2e5805768664 tempest-TestMinimumBasicScenario-440053359 tempest-TestMinimumBasicScenario-440053359-project] Publish callbacks [] for port (f46a7731-2b37-455f-95f2-2181b56ef489), precommit_update {{(pid=102794) _notify_loop /usr/local/lib/python3.8/dist-packages/neutron_lib/callbacks/manager.py:176}}
Feb 16 20:17:30.423489 dv-osbrick-829588-2-iscsi neutron-server[102794]: DEBUG neutron_lib.callbacks.manager [req-5821e8bc-958a-4fac-9e32-b578091169ef req-e4c80f99-b257-4a25-a0c5-2e5805768664 tempest-TestMinimumBasicScenario-440053359 tempest-TestMinimumBasicScenario-440053359-project] Publish callbacks ['neutron.plugins.ml2.plugin.SecurityGroupServerNotifierRpcMixin._notify_sg_on_port_change-690835', 'neutron.plugins.ml2.ovo_rpc._ObjectChangeHandler.handle_event-193595', 'neutron.api.rpc.agentnotifiers.dhcp_rpc_agent_api.DhcpAgentNotifyAPI._native_event_send_dhcp_notification-3763261', 'neutron.db.l3_db.L3RpcNotifierMixin._notify_gateway_port_ip_changed-8736163142768', 'neutron.db.l3_dvrscheduler_db._notify_l3_agent_port_update-8736162619194', 'neutron.db.l3_hascheduler_db._notify_l3_agent_ha_port_update-8736162619212'] for port (f46a7731-2b37-455f-95f2-2181b56ef489), after_update {{(pid=102794) _notify_loop /usr/local/lib/python3.8/dist-packages/neutron_lib/callbacks/manager.py:176}}
Feb 16 20:17:30.436385 dv-osbrick-829588-2-iscsi neutron-server[102795]: DEBUG neutron.plugins.ml2.db [None req-2095aad5-5f25-43f0-9345-912c5ba07bad None None] get_ports_and_sgs() called for port_ids ['f46a7731-2b37-455f-95f2-2181b56ef489'] {{(pid=102795) get_ports_and_sgs /opt/stack/neutron/neutron/plugins/ml2/db.py:156}}
Feb 16 20:17:30.513644 dv-osbrick-829588-2-iscsi neutron-server[102794]: DEBUG neutron.pecan_wsgi.hooks.policy_enforcement [req-5821e8bc-958a-4fac-9e32-b578091169ef req-e4c80f99-b257-4a25-a0c5-2e5805768664 tempest-TestMinimumBasicScenario-440053359 tempest-TestMinimumBasicScenario-440053359-project] Attributes excluded by policy engine: ['standard_attr_id', 'binding:profile', 'binding:host_id', 'binding:vif_type', 'binding:vif_details'] {{(pid=102794) _exclude_attributes_by_policy /opt/stack/neutron/neutron/pecan_wsgi/hooks/policy_enforcement.py:255}}
Feb 16 20:17:30.514281 dv-osbrick-829588-2-iscsi neutron-server[102794]: DEBUG neutron_lib.callbacks.manager [req-5821e8bc-958a-4fac-9e32-b578091169ef req-e4c80f99-b257-4a25-a0c5-2e5805768664 tempest-TestMinimumBasicScenario-440053359 tempest-TestMinimumBasicScenario-440053359-project] Publish callbacks ['neutron.notifiers.nova.Notifier._send_nova_notification-223448', 'neutron.api.rpc.agentnotifiers.dhcp_rpc_agent_api.DhcpAgentNotifyAPI._send_dhcp_notification-3763219'] for port (None), before_response {{(pid=102794) _notify_loop /usr/local/lib/python3.8/dist-packages/neutron_lib/callbacks/manager.py:176}}
Feb 16 20:17:30.515995 dv-osbrick-829588-2-iscsi neutron-server[102794]: INFO neutron.wsgi [req-5821e8bc-958a-4fac-9e32-b578091169ef req-e4c80f99-b257-4a25-a0c5-2e5805768664 tempest-TestMinimumBasicScenario-440053359 tempest-TestMinimumBasicScenario-440053359-project] 10.222.0.65 "PUT /v2.0/ports/f46a7731-2b37-455f-95f2-2181b56ef489 HTTP/1.1" status: 200 len: 981 time: 0.6191463
Feb 16 20:17:30.552866 dv-osbrick-829588-2-iscsi neutron-server[102794]: DEBUG neutron.api.rpc.handlers.resources_rpc [None req-e4c80f99-b257-4a25-a0c5-2e5805768664 tempest-TestMinimumBasicScenario-440053359 tempest-TestMinimumBasicScenario-440053359-project] Pushing event updated for resources: {'Port': ['ID=f46a7731-2b37-455f-95f2-2181b56ef489,revision_number=6']} {{(pid=102794) push /opt/stack/neutron/neutron/api/rpc/handlers/resources_rpc.py:237}}
Feb 16 20:17:30.578055 dv-osbrick-829588-2-iscsi neutron-server[102795]: DEBUG neutron.plugins.ml2.db [None req-2095aad5-5f25-43f0-9345-912c5ba07bad None None] get_ports_and_sgs() called for port_ids ['f46a7731-2b37-455f-95f2-2181b56ef489'] {{(pid=102795) get_ports_and_sgs /opt/stack/neutron/neutron/plugins/ml2/db.py:156}}
Feb 16 20:17:30.636042 dv-osbrick-829588-2-iscsi neutron-server[102793]: DEBUG neutron.pecan_wsgi.hooks.policy_enforcement [req-7a823467-dcc4-4057-badd-1a8d640be957 req-3e1a4469-9ebf-48c5-bcbf-4832167669cd tempest-TestMinimumBasicScenario-440053359 tempest-TestMinimumBasicScenario-440053359-project] Attributes excluded by policy engine: ['standard_attr_id', 'binding:profile', 'binding:host_id', 'binding:vif_type', 'binding:vif_details'] {{(pid=102793) _exclude_attributes_by_policy /opt/stack/neutron/neutron/pecan_wsgi/hooks/policy_enforcement.py:255}}
Feb 16 20:17:30.642154 dv-osbrick-829588-2-iscsi neutron-server[102793]: INFO neutron.wsgi [req-7a823467-dcc4-4057-badd-1a8d640be957 req-3e1a4469-9ebf-48c5-bcbf-4832167669cd tempest-TestMinimumBasicScenario-440053359 tempest-TestMinimumBasicScenario-440053359-project] 10.222.0.65 "GET /v2.0/ports?device_id=98da700b-ca3c-454f-a474-0efd788c34d1 HTTP/1.1" status: 200 len: 984 time: 0.0642595
Feb 16 20:17:30.704041 dv-osbrick-829588-2-iscsi neutron-server[102793]: INFO neutron.wsgi [req-7a823467-dcc4-4057-badd-1a8d640be957 req-6d6c5c05-45e2-4d39-9d29-47101947abfc tempest-TestMinimumBasicScenario-440053359 tempest-TestMinimumBasicScenario-440053359-project] 10.222.0.65 "GET /v2.0/security-groups?id=ab6fc740-500f-40f8-8091-343cc46a53d4&id=4c9a5922-b62f-45b8-9cbf-de14e6fda720&fields=id&fields=name HTTP/1.1" status: 200 len: 379 time: 0.0592816
Feb 16 20:17:30.706673 dv-osbrick-829588-2-iscsi neutron-server[102794]: DEBUG neutron.notifiers.nova [-] Sending events: [{'name': 'network-changed', 'server_uuid': '98da700b-ca3c-454f-a474-0efd788c34d1', 'tag': 'f46a7731-2b37-455f-95f2-2181b56ef489'}] {{(pid=102794) send_events /opt/stack/neutron/neutron/notifiers/nova.py:271}}
Feb 16 20:17:30.709128 dv-osbrick-829588-2-iscsi neutron-server[102794]: DEBUG novaclient.v2.client [-] REQ: curl -g -i --cacert "/opt/stack/data/ca-bundle.pem" -X POST http://10.222.0.65/compute/v2.1/os-server-external-events -H "Accept: application/json" -H "Content-Type: application/json" -H "User-Agent: python-novaclient" -H "X-Auth-Token: {SHA256}1c68eca2b4f3676b789c54d15d476514c664ddfb1aa7332327bc7d4fe7b0a304" -H "X-OpenStack-Nova-API-Version: 2.1" -H "X-OpenStack-Request-ID: req-93e9a951-26e0-4acf-8990-4ce06f784d8a" -d '{"events": [{"name": "network-changed", "server_uuid": "98da700b-ca3c-454f-a474-0efd788c34d1", "tag": "f46a7731-2b37-455f-95f2-2181b56ef489"}]}' {{(pid=102794) _http_log_request /usr/local/lib/python3.8/dist-packages/keystoneauth1/session.py:519}}
Feb 16 20:17:30.747348 dv-osbrick-829588-2-iscsi neutron-server[102794]: DEBUG novaclient.v2.client [-] RESP: [200] Connection: close Content-Length: 179 Content-Type: application/json Date: Wed, 16 Feb 2022 20:17:30 GMT OpenStack-API-Version: compute 2.1 Server: Apache/2.4.41 (Ubuntu) Vary: OpenStack-API-Version,X-OpenStack-Nova-API-Version X-OpenStack-Nova-API-Version: 2.1 x-compute-request-id: req-6b15e789-3b94-4829-b3c9-3620767bf15f x-openstack-request-id: req-6b15e789-3b94-4829-b3c9-3620767bf15f {{(pid=102794) _http_log_response /usr/local/lib/python3.8/dist-packages/keystoneauth1/session.py:550}}
Feb 16 20:17:30.747643 dv-osbrick-829588-2-iscsi neutron-server[102794]: DEBUG novaclient.v2.client [-] RESP BODY: {"events": [{"name": "network-changed", "server_uuid": "98da700b-ca3c-454f-a474-0efd788c34d1", "tag": "f46a7731-2b37-455f-95f2-2181b56ef489", "status": "completed", "code": 200}]} {{(pid=102794) _http_log_response /usr/local/lib/python3.8/dist-packages/keystoneauth1/session.py:582}}
Feb 16 20:17:30.747896 dv-osbrick-829588-2-iscsi neutron-server[102794]: DEBUG novaclient.v2.client [-] POST call to compute for http://10.222.0.65/compute/v2.1/os-server-external-events used request id req-6b15e789-3b94-4829-b3c9-3620767bf15f {{(pid=102794) request /usr/local/lib/python3.8/dist-packages/keystoneauth1/session.py:954}}
Feb 16 20:17:30.748295 dv-osbrick-829588-2-iscsi neutron-server[102794]: INFO neutron.notifiers.nova [-] Nova event response: {'name': 'network-changed', 'server_uuid': '98da700b-ca3c-454f-a474-0efd788c34d1', 'tag': 'f46a7731-2b37-455f-95f2-2181b56ef489', 'status': 'completed', 'code': 200}
Feb 16 20:17:30.813852 dv-osbrick-829588-2-iscsi neutron-server[102794]: DEBUG neutron.pecan_wsgi.hooks.policy_enforcement [req-93e9a951-26e0-4acf-8990-4ce06f784d8a req-6ba82a84-fbb4-4658-8775-90bf159cbe37 service neutron] Attributes excluded by policy engine: ['standard_attr_id'] {{(pid=102794) _exclude_attributes_by_policy /opt/stack/neutron/neutron/pecan_wsgi/hooks/policy_enforcement.py:255}}
Feb 16 20:17:30.815293 dv-osbrick-829588-2-iscsi neutron-server[102794]: INFO neutron.wsgi [req-93e9a951-26e0-4acf-8990-4ce06f784d8a req-6ba82a84-fbb4-4658-8775-90bf159cbe37 service neutron] 10.222.0.10 "GET /v2.0/ports?tenant_id=e07d0c15561e436f9daa90b33699918a&device_id=98da700b-ca3c-454f-a474-0efd788c34d1 HTTP/1.1" status: 200 len: 1168 time: 0.0484071
Feb 16 20:17:30.842909 dv-osbrick-829588-2-iscsi neutron-server[102795]: DEBUG neutron.db.provisioning_blocks [None req-7dba45d7-51b5-4855-a4d4-8fdddd48262b None None] Provisioning complete for port f46a7731-2b37-455f-95f2-2181b56ef489 triggered by entity DHCP. {{(pid=102795) provisioning_complete /opt/stack/neutron/neutron/db/provisioning_blocks.py:139}}
Feb 16 20:17:30.843463 dv-osbrick-829588-2-iscsi neutron-server[102795]: DEBUG neutron_lib.callbacks.manager [None req-7dba45d7-51b5-4855-a4d4-8fdddd48262b None None] Publish callbacks ['neutron.plugins.ml2.plugin.Ml2Plugin._port_provisioned-638081'] for port (f46a7731-2b37-455f-95f2-2181b56ef489), provisioning_complete {{(pid=102795) _notify_loop /usr/local/lib/python3.8/dist-packages/neutron_lib/callbacks/manager.py:176}}
Feb 16 20:17:30.906879 dv-osbrick-829588-2-iscsi neutron-server[102794]: DEBUG neutron.pecan_wsgi.hooks.policy_enforcement [req-93e9a951-26e0-4acf-8990-4ce06f784d8a req-89277b3b-f313-4870-8740-725ba72d29b7 service neutron] Attributes excluded by policy engine: ['standard_attr_id', 'vlan_transparent'] {{(pid=102794) _exclude_attributes_by_policy /opt/stack/neutron/neutron/pecan_wsgi/hooks/policy_enforcement.py:255}}
Feb 16 20:17:30.908257 dv-osbrick-829588-2-iscsi neutron-server[102794]: INFO neutron.wsgi [req-93e9a951-26e0-4acf-8990-4ce06f784d8a req-89277b3b-f313-4870-8740-725ba72d29b7 service neutron] 10.222.0.10 "GET /v2.0/networks?id=7b30c3ca-c948-4d7e-bd91-6f86ef66546a HTTP/1.1" status: 200 len: 916 time: 0.0839272
Feb 16 20:17:30.976337 dv-osbrick-829588-2-iscsi neutron-server[102794]: INFO neutron.wsgi [req-93e9a951-26e0-4acf-8990-4ce06f784d8a req-945a4c85-d096-4ebe-8f7f-3c532f54f8a2 service neutron] 10.222.0.10 "GET /v2.0/floatingips?fixed_ip_address=172.20.0.7&port_id=f46a7731-2b37-455f-95f2-2181b56ef489 HTTP/1.1" status: 200 len: 1000 time: 0.0604212
Feb 16 20:17:31.026375 dv-osbrick-829588-2-iscsi neutron-server[102794]: DEBUG neutron.pecan_wsgi.hooks.policy_enforcement [req-93e9a951-26e0-4acf-8990-4ce06f784d8a req-016e413d-ac19-48be-a1da-ad520ac1737d service neutron] Attributes excluded by policy engine: ['standard_attr_id', 'shared'] {{(pid=102794) _exclude_attributes_by_policy /opt/stack/neutron/neutron/pecan_wsgi/hooks/policy_enforcement.py:255}}
Feb 16 20:17:31.027832 dv-osbrick-829588-2-iscsi neutron-server[102794]: INFO neutron.wsgi [req-93e9a951-26e0-4acf-8990-4ce06f784d8a req-016e413d-ac19-48be-a1da-ad520ac1737d service neutron] 10.222.0.10 "GET /v2.0/subnets?id=ef966efb-c87e-4d52-8e15-8e06b8136872 HTTP/1.1" status: 200 len: 854 time: 0.0429051
Feb 16 20:17:31.042201 dv-osbrick-829588-2-iscsi neutron-server[102795]: DEBUG neutron.plugins.ml2.plugin [None req-7dba45d7-51b5-4855-a4d4-8fdddd48262b None None] Current status of the port f46a7731-2b37-455f-95f2-2181b56ef489 is: ACTIVE; New status is: ACTIVE {{(pid=102795) _update_individual_port_db_status /opt/stack/neutron/neutron/plugins/ml2/plugin.py:2232}}
Feb 16 20:17:31.078899 dv-osbrick-829588-2-iscsi neutron-server[102794]: DEBUG neutron.pecan_wsgi.hooks.policy_enforcement [req-93e9a951-26e0-4acf-8990-4ce06f784d8a req-b0cebc11-b409-427d-812e-068fd7615123 service neutron] Attributes excluded by policy engine: ['standard_attr_id'] {{(pid=102794) _exclude_attributes_by_policy /opt/stack/neutron/neutron/pecan_wsgi/hooks/policy_enforcement.py:255}}
Feb 16 20:17:31.080418 dv-osbrick-829588-2-iscsi neutron-server[102794]: INFO neutron.wsgi [req-93e9a951-26e0-4acf-8990-4ce06f784d8a req-b0cebc11-b409-427d-812e-068fd7615123 service neutron] 10.222.0.10 "GET /v2.0/ports?network_id=7b30c3ca-c948-4d7e-bd91-6f86ef66546a&device_owner=network%3Adhcp HTTP/1.1" status: 200 len: 1213 time: 0.0439918
Feb 16 20:17:31.169308 dv-osbrick-829588-2-iscsi neutron-server[102793]: DEBUG neutron.pecan_wsgi.hooks.policy_enforcement [req-212e4cd0-7eb7-4076-8cd1-0bec9da715dd req-f3131797-0e2d-4273-aedd-269442bce873 tempest-TestVolumeBootPattern-1306324206 tempest-TestVolumeBootPattern-1306324206-project] Attributes excluded by policy engine: ['standard_attr_id', 'binding:profile', 'binding:host_id', 'binding:vif_type', 'binding:vif_details'] {{(pid=102793) _exclude_attributes_by_policy /opt/stack/neutron/neutron/pecan_wsgi/hooks/policy_enforcement.py:255}}
Feb 16 20:17:31.170724 dv-osbrick-829588-2-iscsi neutron-server[102793]: INFO neutron.wsgi [req-212e4cd0-7eb7-4076-8cd1-0bec9da715dd req-f3131797-0e2d-4273-aedd-269442bce873 tempest-TestVolumeBootPattern-1306324206 tempest-TestVolumeBootPattern-1306324206-project] 10.222.0.65 "GET /v2.0/ports?device_id=abe362b9-f431-4a7f-be3b-ce370971df47 HTTP/1.1" status: 200 len: 944 time: 0.0536420
Feb 16 20:17:31.175462 dv-osbrick-829588-2-iscsi neutron-server[102794]: INFO neutron.wsgi [req-93e9a951-26e0-4acf-8990-4ce06f784d8a req-2ad3ec9e-6c0f-48c4-b483-88ea276bfc42 service neutron] 10.222.0.10 "GET /v2.0/networks/7b30c3ca-c948-4d7e-bd91-6f86ef66546a?fields=segments HTTP/1.1" status: 200 len: 212 time: 0.0880570
Feb 16 20:17:31.216576 dv-osbrick-829588-2-iscsi neutron-server[102793]: INFO neutron.wsgi [req-212e4cd0-7eb7-4076-8cd1-0bec9da715dd req-ed46a537-35f6-4856-915f-8cca9c4bf16f tempest-TestVolumeBootPattern-1306324206 tempest-TestVolumeBootPattern-1306324206-project] 10.222.0.65 "GET /v2.0/security-groups?id=032b7930-d643-4440-8289-35dd29a9e8d9&fields=id&fields=name HTTP/1.1" status: 200 len: 286 time: 0.0402317
Feb 16 20:17:31.267843 dv-osbrick-829588-2-iscsi neutron-server[102794]: INFO neutron.wsgi [req-93e9a951-26e0-4acf-8990-4ce06f784d8a req-90d58156-39e8-4acd-80bc-547b1f7748ae service neutron] 10.222.0.10 "GET /v2.0/networks/7b30c3ca-c948-4d7e-bd91-6f86ef66546a?fields=provider%3Aphysical_network&fields=provider%3Anetwork_type HTTP/1.1" status: 200 len: 281 time: 0.0849857
Feb 16 20:17:32.332718 dv-osbrick-829588-2-iscsi neutron-server[102794]: DEBUG neutron.pecan_wsgi.hooks.policy_enforcement [req-ce200457-1c5f-4df1-a654-4f206b8b20d3 req-c538815a-8716-4045-af5a-10765a3fe262 tempest-TestVolumeBootPattern-1306324206 tempest-TestVolumeBootPattern-1306324206-project] Attributes excluded by policy engine: ['standard_attr_id', 'binding:profile', 'binding:host_id', 'binding:vif_type', 'binding:vif_details'] {{(pid=102794) _exclude_attributes_by_policy /opt/stack/neutron/neutron/pecan_wsgi/hooks/policy_enforcement.py:255}}
Feb 16 20:17:32.334227 dv-osbrick-829588-2-iscsi neutron-server[102794]: INFO neutron.wsgi [req-ce200457-1c5f-4df1-a654-4f206b8b20d3 req-c538815a-8716-4045-af5a-10765a3fe262 tempest-TestVolumeBootPattern-1306324206 tempest-TestVolumeBootPattern-1306324206-project] 10.222.0.65 "GET /v2.0/ports?device_id=abe362b9-f431-4a7f-be3b-ce370971df47 HTTP/1.1" status: 200 len: 944 time: 0.0519614
Feb 16 20:17:32.378645 dv-osbrick-829588-2-iscsi neutron-server[102794]: INFO neutron.wsgi [req-ce200457-1c5f-4df1-a654-4f206b8b20d3 req-2feb2525-55b3-4b8f-87ed-20db28384a9d tempest-TestVolumeBootPattern-1306324206 tempest-TestVolumeBootPattern-1306324206-project] 10.222.0.65 "GET /v2.0/security-groups?id=032b7930-d643-4440-8289-35dd29a9e8d9&fields=id&fields=name HTTP/1.1" status: 200 len: 286 time: 0.0389225
Feb 16 20:17:33.496662 dv-osbrick-829588-2-iscsi neutron-server[102793]: DEBUG neutron.pecan_wsgi.hooks.policy_enforcement [req-19477794-8599-4a65-9b44-9573501a019e req-7d2a8b72-fcd0-43fb-84a3-d630c0bdc522 tempest-TestVolumeBootPattern-1306324206 tempest-TestVolumeBootPattern-1306324206-project] Attributes excluded by policy engine: ['standard_attr_id', 'binding:profile', 'binding:host_id', 'binding:vif_type', 'binding:vif_details'] {{(pid=102793) _exclude_attributes_by_policy /opt/stack/neutron/neutron/pecan_wsgi/hooks/policy_enforcement.py:255}}
Feb 16 20:17:33.498174 dv-osbrick-829588-2-iscsi neutron-server[102793]: INFO neutron.wsgi [req-19477794-8599-4a65-9b44-9573501a019e req-7d2a8b72-fcd0-43fb-84a3-d630c0bdc522 tempest-TestVolumeBootPattern-1306324206 tempest-TestVolumeBootPattern-1306324206-project] 10.222.0.65 "GET /v2.0/ports?device_id=abe362b9-f431-4a7f-be3b-ce370971df47 HTTP/1.1" status: 200 len: 944 time: 0.0552475
Feb 16 20:17:33.544089 dv-osbrick-829588-2-iscsi neutron-server[102793]: INFO neutron.wsgi [req-19477794-8599-4a65-9b44-9573501a019e req-cc15aa09-bae1-4488-bb84-9283b1b00f83 tempest-TestVolumeBootPattern-1306324206 tempest-TestVolumeBootPattern-1306324206-project] 10.222.0.65 "GET /v2.0/security-groups?id=032b7930-d643-4440-8289-35dd29a9e8d9&fields=id&fields=name HTTP/1.1" status: 200 len: 286 time: 0.0404234
Feb 16 20:17:34.659984 dv-osbrick-829588-2-iscsi neutron-server[102794]: DEBUG neutron.pecan_wsgi.hooks.policy_enforcement [req-864cc848-1e68-46ee-95c3-e28925534350 req-99c6d14c-e9b5-42cc-a78b-aa8ad39957fb tempest-TestVolumeBootPattern-1306324206 tempest-TestVolumeBootPattern-1306324206-project] Attributes excluded by policy engine: ['standard_attr_id', 'binding:profile', 'binding:host_id', 'binding:vif_type', 'binding:vif_details'] {{(pid=102794) _exclude_attributes_by_policy /opt/stack/neutron/neutron/pecan_wsgi/hooks/policy_enforcement.py:255}}
Feb 16 20:17:34.661444 dv-osbrick-829588-2-iscsi neutron-server[102794]: INFO neutron.wsgi [req-864cc848-1e68-46ee-95c3-e28925534350 req-99c6d14c-e9b5-42cc-a78b-aa8ad39957fb tempest-TestVolumeBootPattern-1306324206 tempest-TestVolumeBootPattern-1306324206-project] 10.222.0.65 "GET /v2.0/ports?device_id=abe362b9-f431-4a7f-be3b-ce370971df47 HTTP/1.1" status: 200 len: 944 time: 0.0503802
Feb 16 20:17:34.705205 dv-osbrick-829588-2-iscsi neutron-server[102794]: INFO neutron.wsgi [req-864cc848-1e68-46ee-95c3-e28925534350 req-ff2d7ca0-a498-4b05-aebe-01189beb7c76 tempest-TestVolumeBootPattern-1306324206 tempest-TestVolumeBootPattern-1306324206-project] 10.222.0.65 "GET /v2.0/security-groups?id=032b7930-d643-4440-8289-35dd29a9e8d9&fields=id&fields=name HTTP/1.1" status: 200 len: 286 time: 0.0383449
Feb 16 20:17:35.029636 dv-osbrick-829588-2-iscsi neutron-server[102795]: DEBUG neutron_lib.callbacks.manager [None req-2095aad5-5f25-43f0-9345-912c5ba07bad None None] Publish callbacks ['neutron.services.segments.db._update_segment_host_mapping_for_agent-8736163115385', 'neutron.plugins.ml2.plugin.Ml2Plugin._retry_binding_revived_agents-638183'] for agent (8d6d02ef-ab9d-4b9b-b166-3b1f756f464f), after_update {{(pid=102795) _notify_loop /usr/local/lib/python3.8/dist-packages/neutron_lib/callbacks/manager.py:176}}
Feb 16 20:17:35.059087 dv-osbrick-829588-2-iscsi neutron-server[102794]: INFO neutron.wsgi [req-884074e0-a90d-43ca-ba4e-bd5c76895df9 req-d960327a-9876-4b56-9b21-a2028dac485f service neutron] 10.222.0.10 "GET /v2.0/ports?device_id=98da700b-ca3c-454f-a474-0efd788c34d1&fields=binding%3Ahost_id&fields=binding%3Avif_type HTTP/1.1" status: 200 len: 275 time: 0.0455019
Feb 16 20:17:35.142727 dv-osbrick-829588-2-iscsi neutron-server[102794]: DEBUG neutron.pecan_wsgi.hooks.policy_enforcement [req-884074e0-a90d-43ca-ba4e-bd5c76895df9 req-a23a6229-4676-4d74-9b9f-ba925e620986 service neutron] Attributes excluded by policy engine: ['standard_attr_id'] {{(pid=102794) _exclude_attributes_by_policy /opt/stack/neutron/neutron/pecan_wsgi/hooks/policy_enforcement.py:255}}
Feb 16 20:17:35.144210 dv-osbrick-829588-2-iscsi neutron-server[102794]: INFO neutron.wsgi [req-884074e0-a90d-43ca-ba4e-bd5c76895df9 req-a23a6229-4676-4d74-9b9f-ba925e620986 service neutron] 10.222.0.10 "GET /v2.0/ports?tenant_id=e07d0c15561e436f9daa90b33699918a&device_id=98da700b-ca3c-454f-a474-0efd788c34d1 HTTP/1.1" status: 200 len: 1168 time: 0.0432601
Feb 16 20:17:35.242733 dv-osbrick-829588-2-iscsi neutron-server[102794]: DEBUG neutron.pecan_wsgi.hooks.policy_enforcement [req-884074e0-a90d-43ca-ba4e-bd5c76895df9 req-f8402624-07b1-4d6b-add6-f07d275fd876 service neutron] Attributes excluded by policy engine: ['standard_attr_id', 'vlan_transparent'] {{(pid=102794) _exclude_attributes_by_policy /opt/stack/neutron/neutron/pecan_wsgi/hooks/policy_enforcement.py:255}}
Feb 16 20:17:35.244163 dv-osbrick-829588-2-iscsi neutron-server[102794]: INFO neutron.wsgi [req-884074e0-a90d-43ca-ba4e-bd5c76895df9 req-f8402624-07b1-4d6b-add6-f07d275fd876 service neutron] 10.222.0.10 "GET /v2.0/networks?id=7b30c3ca-c948-4d7e-bd91-6f86ef66546a HTTP/1.1" status: 200 len: 916 time: 0.0823786
Feb 16 20:17:35.309543 dv-osbrick-829588-2-iscsi neutron-server[102794]: INFO neutron.wsgi [req-884074e0-a90d-43ca-ba4e-bd5c76895df9 req-2c006364-c313-4d0d-a86e-19b9f3e37aad service neutron] 10.222.0.10 "GET /v2.0/floatingips?fixed_ip_address=172.20.0.7&port_id=f46a7731-2b37-455f-95f2-2181b56ef489 HTTP/1.1" status: 200 len: 1000 time: 0.0583582
Feb 16 20:17:35.355616 dv-osbrick-829588-2-iscsi neutron-server[102794]: DEBUG neutron.pecan_wsgi.hooks.policy_enforcement [req-884074e0-a90d-43ca-ba4e-bd5c76895df9 req-56a68338-720f-4f4f-8e96-987017704967 service neutron] Attributes excluded by policy engine: ['standard_attr_id', 'shared'] {{(pid=102794) _exclude_attributes_by_policy /opt/stack/neutron/neutron/pecan_wsgi/hooks/policy_enforcement.py:255}}
Feb 16 20:17:35.356998 dv-osbrick-829588-2-iscsi neutron-server[102794]: INFO neutron.wsgi [req-884074e0-a90d-43ca-ba4e-bd5c76895df9 req-56a68338-720f-4f4f-8e96-987017704967 service neutron] 10.222.0.10 "GET /v2.0/subnets?id=ef966efb-c87e-4d52-8e15-8e06b8136872 HTTP/1.1" status: 200 len: 854 time: 0.0411000
Feb 16 20:17:35.411393 dv-osbrick-829588-2-iscsi neutron-server[102794]: DEBUG neutron.pecan_wsgi.hooks.policy_enforcement [req-884074e0-a90d-43ca-ba4e-bd5c76895df9 req-306fe1c9-7149-4bd5-b7c3-fa72ce21af4e service neutron] Attributes excluded by policy engine: ['standard_attr_id'] {{(pid=102794) _exclude_attributes_by_policy /opt/stack/neutron/neutron/pecan_wsgi/hooks/policy_enforcement.py:255}}
Feb 16 20:17:35.412980 dv-osbrick-829588-2-iscsi neutron-server[102794]: INFO neutron.wsgi [req-884074e0-a90d-43ca-ba4e-bd5c76895df9 req-306fe1c9-7149-4bd5-b7c3-fa72ce21af4e service neutron] 10.222.0.10 "GET /v2.0/ports?network_id=7b30c3ca-c948-4d7e-bd91-6f86ef66546a&device_owner=network%3Adhcp HTTP/1.1" status: 200 len: 1213 time: 0.0498655
Feb 16 20:17:35.511506 dv-osbrick-829588-2-iscsi neutron-server[102794]: INFO neutron.wsgi [req-884074e0-a90d-43ca-ba4e-bd5c76895df9 req-4775bc9c-3d8e-4dd7-97c7-0b57af47fbb0 service neutron] 10.222.0.10 "GET /v2.0/networks/7b30c3ca-c948-4d7e-bd91-6f86ef66546a?fields=segments HTTP/1.1" status: 200 len: 212 time: 0.0920792
Feb 16 20:17:35.604500 dv-osbrick-829588-2-iscsi neutron-server[102794]: INFO neutron.wsgi [req-884074e0-a90d-43ca-ba4e-bd5c76895df9 req-46360ce4-62fc-4175-bee4-3dbd01e8627b service neutron] 10.222.0.10 "GET /v2.0/networks/7b30c3ca-c948-4d7e-bd91-6f86ef66546a?fields=provider%3Aphysical_network&fields=provider%3Anetwork_type HTTP/1.1" status: 200 len: 281 time: 0.0843439
Feb 16 20:17:35.821431 dv-osbrick-829588-2-iscsi neutron-server[102793]: DEBUG neutron.pecan_wsgi.hooks.policy_enforcement [req-f228957c-a1e8-498d-88be-bb7d9ad9722e req-d9d60dc0-2547-4516-a9b4-f5f7d2c3fcc7 tempest-TestVolumeBootPattern-1306324206 tempest-TestVolumeBootPattern-1306324206-project] Attributes excluded by policy engine: ['standard_attr_id', 'binding:profile', 'binding:host_id', 'binding:vif_type', 'binding:vif_details'] {{(pid=102793) _exclude_attributes_by_policy /opt/stack/neutron/neutron/pecan_wsgi/hooks/policy_enforcement.py:255}}
Feb 16 20:17:35.823527 dv-osbrick-829588-2-iscsi neutron-server[102793]: INFO neutron.wsgi [req-f228957c-a1e8-498d-88be-bb7d9ad9722e req-d9d60dc0-2547-4516-a9b4-f5f7d2c3fcc7 tempest-TestVolumeBootPattern-1306324206 tempest-TestVolumeBootPattern-1306324206-project] 10.222.0.65 "GET /v2.0/ports?device_id=abe362b9-f431-4a7f-be3b-ce370971df47 HTTP/1.1" status: 200 len: 944 time: 0.0519459
Feb 16 20:17:35.868048 dv-osbrick-829588-2-iscsi neutron-server[102793]: INFO neutron.wsgi [req-f228957c-a1e8-498d-88be-bb7d9ad9722e req-0114b133-fd20-4665-a3fb-f3ef9bb000a9 tempest-TestVolumeBootPattern-1306324206 tempest-TestVolumeBootPattern-1306324206-project] 10.222.0.65 "GET /v2.0/security-groups?id=032b7930-d643-4440-8289-35dd29a9e8d9&fields=id&fields=name HTTP/1.1" status: 200 len: 286 time: 0.0390222
Feb 16 20:17:36.983938 dv-osbrick-829588-2-iscsi neutron-server[102794]: DEBUG neutron.pecan_wsgi.hooks.policy_enforcement [req-fc746e1a-c6ef-44c2-819b-813f248420f3 req-54f443b0-bbc0-45be-a557-99cff97ad99f tempest-TestVolumeBootPattern-1306324206 tempest-TestVolumeBootPattern-1306324206-project] Attributes excluded by policy engine: ['standard_attr_id', 'binding:profile', 'binding:host_id', 'binding:vif_type', 'binding:vif_details'] {{(pid=102794) _exclude_attributes_by_policy /opt/stack/neutron/neutron/pecan_wsgi/hooks/policy_enforcement.py:255}}
Feb 16 20:17:36.985403 dv-osbrick-829588-2-iscsi neutron-server[102794]: INFO neutron.wsgi [req-fc746e1a-c6ef-44c2-819b-813f248420f3 req-54f443b0-bbc0-45be-a557-99cff97ad99f tempest-TestVolumeBootPattern-1306324206 tempest-TestVolumeBootPattern-1306324206-project] 10.222.0.65 "GET /v2.0/ports?device_id=abe362b9-f431-4a7f-be3b-ce370971df47 HTTP/1.1" status: 200 len: 944 time: 0.0506051
Feb 16 20:17:37.032352 dv-osbrick-829588-2-iscsi neutron-server[102794]: INFO neutron.wsgi [req-fc746e1a-c6ef-44c2-819b-813f248420f3 req-6ead90b0-dc49-42ed-ad28-5283c2e5908c tempest-TestVolumeBootPattern-1306324206 tempest-TestVolumeBootPattern-1306324206-project] 10.222.0.65 "GET /v2.0/security-groups?id=032b7930-d643-4440-8289-35dd29a9e8d9&fields=id&fields=name HTTP/1.1" status: 200 len: 286 time: 0.0415354
Feb 16 20:17:38.146738 dv-osbrick-829588-2-iscsi neutron-server[102793]: DEBUG neutron.pecan_wsgi.hooks.policy_enforcement [req-538132e4-2c43-45c1-b30d-1d77d8ccacff req-6dafd8d0-bebd-41de-bf69-d047df40d358 tempest-TestVolumeBootPattern-1306324206 tempest-TestVolumeBootPattern-1306324206-project] Attributes excluded by policy engine: ['standard_attr_id', 'binding:profile', 'binding:host_id', 'binding:vif_type', 'binding:vif_details'] {{(pid=102793) _exclude_attributes_by_policy /opt/stack/neutron/neutron/pecan_wsgi/hooks/policy_enforcement.py:255}}
Feb 16 20:17:38.148271 dv-osbrick-829588-2-iscsi neutron-server[102793]: INFO neutron.wsgi [req-538132e4-2c43-45c1-b30d-1d77d8ccacff req-6dafd8d0-bebd-41de-bf69-d047df40d358 tempest-TestVolumeBootPattern-1306324206 tempest-TestVolumeBootPattern-1306324206-project] 10.222.0.65 "GET /v2.0/ports?device_id=abe362b9-f431-4a7f-be3b-ce370971df47 HTTP/1.1" status: 200 len: 944 time: 0.0512712
Feb 16 20:17:38.195746 dv-osbrick-829588-2-iscsi neutron-server[102793]: INFO neutron.wsgi [req-538132e4-2c43-45c1-b30d-1d77d8ccacff req-637d3375-5182-437b-bbd7-ae1af6c63354 tempest-TestVolumeBootPattern-1306324206 tempest-TestVolumeBootPattern-1306324206-project] 10.222.0.65 "GET /v2.0/security-groups?id=032b7930-d643-4440-8289-35dd29a9e8d9&fields=id&fields=name HTTP/1.1" status: 200 len: 286 time: 0.0421224
Feb 16 20:17:39.310506 dv-osbrick-829588-2-iscsi neutron-server[102794]: DEBUG neutron.pecan_wsgi.hooks.policy_enforcement [req-29db4838-c525-4ac2-b40d-5b07a2856fec req-09f9aef2-9ea2-44a4-a6d2-179248926697 tempest-TestVolumeBootPattern-1306324206 tempest-TestVolumeBootPattern-1306324206-project] Attributes excluded by policy engine: ['standard_attr_id', 'binding:profile', 'binding:host_id', 'binding:vif_type', 'binding:vif_details'] {{(pid=102794) _exclude_attributes_by_policy /opt/stack/neutron/neutron/pecan_wsgi/hooks/policy_enforcement.py:255}}
Feb 16 20:17:39.311981 dv-osbrick-829588-2-iscsi neutron-server[102794]: INFO neutron.wsgi [req-29db4838-c525-4ac2-b40d-5b07a2856fec req-09f9aef2-9ea2-44a4-a6d2-179248926697 tempest-TestVolumeBootPattern-1306324206 tempest-TestVolumeBootPattern-1306324206-project] 10.222.0.65 "GET /v2.0/ports?device_id=abe362b9-f431-4a7f-be3b-ce370971df47 HTTP/1.1" status: 200 len: 944 time: 0.0511711
Feb 16 20:17:39.357428 dv-osbrick-829588-2-iscsi neutron-server[102794]: INFO neutron.wsgi [req-29db4838-c525-4ac2-b40d-5b07a2856fec req-72677aad-1b9c-4828-9040-0efe85593f89 tempest-TestVolumeBootPattern-1306324206 tempest-TestVolumeBootPattern-1306324206-project] 10.222.0.65 "GET /v2.0/security-groups?id=032b7930-d643-4440-8289-35dd29a9e8d9&fields=id&fields=name HTTP/1.1" status: 200 len: 286 time: 0.0398943
Feb 16 20:17:39.439071 dv-osbrick-829588-2-iscsi neutron-server[102795]: DEBUG neutron_lib.callbacks.manager [None req-d2da02fb-4c4d-4511-ae33-9f26b0812965 None None] Publish callbacks ['neutron.services.segments.db._update_segment_host_mapping_for_agent-8736163115385', 'neutron.plugins.ml2.plugin.Ml2Plugin._retry_binding_revived_agents-638183'] for agent (c1eacc2f-6104-4d74-a38d-4fb4df96766a), after_update {{(pid=102795) _notify_loop /usr/local/lib/python3.8/dist-packages/neutron_lib/callbacks/manager.py:176}}
Feb 16 20:17:40.470737 dv-osbrick-829588-2-iscsi neutron-server[102793]: DEBUG neutron.pecan_wsgi.hooks.policy_enforcement [req-3d039063-b913-4479-8f6f-08ca67e83df8 req-766a0dbf-0d0b-4398-bb74-2cee488c56bb tempest-TestVolumeBootPattern-1306324206 tempest-TestVolumeBootPattern-1306324206-project] Attributes excluded by policy engine: ['standard_attr_id', 'binding:profile', 'binding:host_id', 'binding:vif_type', 'binding:vif_details'] {{(pid=102793) _exclude_attributes_by_policy /opt/stack/neutron/neutron/pecan_wsgi/hooks/policy_enforcement.py:255}}
Feb 16 20:17:40.472204 dv-osbrick-829588-2-iscsi neutron-server[102793]: INFO neutron.wsgi [req-3d039063-b913-4479-8f6f-08ca67e83df8 req-766a0dbf-0d0b-4398-bb74-2cee488c56bb tempest-TestVolumeBootPattern-1306324206 tempest-TestVolumeBootPattern-1306324206-project] 10.222.0.65 "GET /v2.0/ports?device_id=abe362b9-f431-4a7f-be3b-ce370971df47 HTTP/1.1" status: 200 len: 944 time: 0.0507894
Feb 16 20:17:40.516855 dv-osbrick-829588-2-iscsi neutron-server[102793]: INFO neutron.wsgi [req-3d039063-b913-4479-8f6f-08ca67e83df8 req-8f242c75-3751-443f-9ecc-e8eea24ff3b4 tempest-TestVolumeBootPattern-1306324206 tempest-TestVolumeBootPattern-1306324206-project] 10.222.0.65 "GET /v2.0/security-groups?id=032b7930-d643-4440-8289-35dd29a9e8d9&fields=id&fields=name HTTP/1.1" status: 200 len: 286 time: 0.0392582
