Feb 10 23:02:56.546998 dv-osbrick-828802-1-smb neutron-server[102527]: DEBUG neutron_lib.callbacks.manager [None req-0b8db66d-7d09-47e4-ac6b-dd58a5fcc544 None None] Publish callbacks ['neutron.services.segments.db._update_segment_host_mapping_for_agent-8778997555366', 'neutron.plugins.ml2.plugin.Ml2Plugin._retry_binding_revived_agents-1363705'] for agent (77db02b5-855e-49ec-8ccc-3430e4abf3ad), after_update {{(pid=102527) _notify_loop /usr/local/lib/python3.8/dist-packages/neutron_lib/callbacks/manager.py:176}}
Feb 10 23:02:56.687101 dv-osbrick-828802-1-smb neutron-server[102526]: DEBUG neutron_lib.callbacks.manager [None req-6f09f534-410d-4a1c-a2e6-e8b6c94a9a50 tempest-TestMinimumBasicScenario-1086473347 tempest-TestMinimumBasicScenario-1086473347-project] Publish callbacks [] for port (05bc72f8-8426-40a4-800f-37c3e43df776), precommit_update {{(pid=102526) _notify_loop /usr/local/lib/python3.8/dist-packages/neutron_lib/callbacks/manager.py:176}}
Feb 10 23:02:56.692461 dv-osbrick-828802-1-smb neutron-server[102526]: DEBUG neutron_lib.callbacks.manager [None req-6f09f534-410d-4a1c-a2e6-e8b6c94a9a50 tempest-TestMinimumBasicScenario-1086473347 tempest-TestMinimumBasicScenario-1086473347-project] Publish callbacks ['neutron.plugins.ml2.plugin.SecurityGroupServerNotifierRpcMixin._notify_sg_on_port_change-1511457', 'neutron.plugins.ml2.ovo_rpc._ObjectChangeHandler.handle_event-260673', 'neutron.api.rpc.agentnotifiers.dhcp_rpc_agent_api.DhcpAgentNotifyAPI._native_event_send_dhcp_notification-551509', 'neutron.db.l3_db.L3RpcNotifierMixin._notify_gateway_port_ip_changed-8778997532676', 'neutron.db.l3_dvrscheduler_db._notify_l3_agent_port_update-8778997032650', 'neutron.db.l3_hascheduler_db._notify_l3_agent_ha_port_update-8778997032668'] for port (05bc72f8-8426-40a4-800f-37c3e43df776), after_update {{(pid=102526) _notify_loop /usr/local/lib/python3.8/dist-packages/neutron_lib/callbacks/manager.py:176}}
Feb 10 23:02:56.726025 dv-osbrick-828802-1-smb neutron-server[102526]: DEBUG neutron_lib.callbacks.manager [None req-6f09f534-410d-4a1c-a2e6-e8b6c94a9a50 tempest-TestMinimumBasicScenario-1086473347 tempest-TestMinimumBasicScenario-1086473347-project] Publish callbacks ['neutron.services.l3_router.l3_router_plugin.DVRResourceOperationHandler._create_dvr_floating_gw_port-496451'] for floatingip (1be17518-3d85-4806-9ace-be52fdd9220a), after_create {{(pid=102526) _notify_loop /usr/local/lib/python3.8/dist-packages/neutron_lib/callbacks/manager.py:176}}
Feb 10 23:02:56.772068 dv-osbrick-828802-1-smb neutron-server[102526]: DEBUG neutron.api.rpc.handlers.resources_rpc [None req-6f09f534-410d-4a1c-a2e6-e8b6c94a9a50 tempest-TestMinimumBasicScenario-1086473347 tempest-TestMinimumBasicScenario-1086473347-project] Pushing event updated for resources: {'Port': ['ID=05bc72f8-8426-40a4-800f-37c3e43df776,revision_number=2']} {{(pid=102526) push /opt/stack/neutron/neutron/api/rpc/handlers/resources_rpc.py:237}}
Feb 10 23:02:56.851650 dv-osbrick-828802-1-smb neutron-server[102526]: INFO neutron.db.l3_db [None req-6f09f534-410d-4a1c-a2e6-e8b6c94a9a50 tempest-TestMinimumBasicScenario-1086473347 tempest-TestMinimumBasicScenario-1086473347-project] Floating IP 1be17518-3d85-4806-9ace-be52fdd9220a associated. External IP: 172.30.1.61, port: fbfad16f-a03e-4a12-ad87-edc2bf30c3af.
Feb 10 23:02:56.977642 dv-osbrick-828802-1-smb neutron-server[102525]: DEBUG neutron.pecan_wsgi.hooks.policy_enforcement [req-c392b438-8534-4445-9163-64282abb3ab9 req-b7d488a8-74bb-4759-bb53-eea2e01435fc tempest-TestVolumeBootPattern-1372144479 tempest-TestVolumeBootPattern-1372144479-project] Attributes excluded by policy engine: ['standard_attr_id', 'vlan_transparent', 'provider:network_type', 'provider:physical_network', 'provider:segmentation_id'] {{(pid=102525) _exclude_attributes_by_policy /opt/stack/neutron/neutron/pecan_wsgi/hooks/policy_enforcement.py:255}}
Feb 10 23:02:56.978331 dv-osbrick-828802-1-smb neutron-server[102525]: INFO neutron.wsgi [req-c392b438-8534-4445-9163-64282abb3ab9 req-b7d488a8-74bb-4759-bb53-eea2e01435fc tempest-TestVolumeBootPattern-1372144479 tempest-TestVolumeBootPattern-1372144479-project] 10.222.0.71 "GET /v2.0/networks?id=d87ee9c0-53fc-4c51-8e9a-ad37f811b5b7 HTTP/1.1" status: 200 len: 812 time: 0.2790184
Feb 10 23:02:56.997084 dv-osbrick-828802-1-smb neutron-server[102525]: DEBUG neutron.api.v2.base [req-c392b438-8534-4445-9163-64282abb3ab9 req-b4f31361-6de6-41a6-9ce5-35376ffdfe9a tempest-TestVolumeBootPattern-1372144479 tempest-TestVolumeBootPattern-1372144479-project] Request body: {'port': {'device_id': 'd00991de-c45f-454a-83db-afa749b09245', 'network_id': 'd87ee9c0-53fc-4c51-8e9a-ad37f811b5b7', 'admin_state_up': True, 'tenant_id': '1313f1f7d54a4c26bc3db7969413932f'}} {{(pid=102525) prepare_request_body /opt/stack/neutron/neutron/api/v2/base.py:729}}
Feb 10 23:02:57.008976 dv-osbrick-828802-1-smb neutron-server[102526]: DEBUG neutron.wsgi [-] (102526) accepted ('10.222.0.71', 49923) {{(pid=102526) server /usr/local/lib/python3.8/dist-packages/eventlet/wsgi.py:1004}}
Feb 10 23:02:57.069624 dv-osbrick-828802-1-smb neutron-server[102527]: DEBUG neutron_lib.callbacks.manager [None req-9ab8ba3c-5168-44c3-b2b3-aa8bb7bef380 None None] Publish callbacks ['neutron.services.segments.db._update_segment_host_mapping_for_agent-8778997555366', 'neutron.plugins.ml2.plugin.Ml2Plugin._retry_binding_revived_agents-1363705'] for agent (8deb8443-e654-44c7-afb4-a0fd88f8ba45), after_update {{(pid=102527) _notify_loop /usr/local/lib/python3.8/dist-packages/neutron_lib/callbacks/manager.py:176}}
Feb 10 23:02:57.119853 dv-osbrick-828802-1-smb neutron-server[102526]: DEBUG neutron.scheduler.l3_agent_scheduler [None req-6f09f534-410d-4a1c-a2e6-e8b6c94a9a50 tempest-TestMinimumBasicScenario-1086473347 tempest-TestMinimumBasicScenario-1086473347-project] Router f7e3a1c4-c190-47f3-b6f3-b4d98ae717e0 has already been hosted by L3 agent 4b42f531-8381-4aeb-bf08-5ddcbb0ab1dc {{(pid=102526) _get_candidates /opt/stack/neutron/neutron/scheduler/l3_agent_scheduler.py:126}}
Feb 10 23:02:57.132671 dv-osbrick-828802-1-smb neutron-server[102525]: DEBUG neutron.pecan_wsgi.hooks.quota_enforcement [req-c392b438-8534-4445-9163-64282abb3ab9 req-b4f31361-6de6-41a6-9ce5-35376ffdfe9a tempest-TestVolumeBootPattern-1372144479 tempest-TestVolumeBootPattern-1372144479-project] Made reservation on behalf of 1313f1f7d54a4c26bc3db7969413932f for: {'port': 1} {{(pid=102525) before /opt/stack/neutron/neutron/pecan_wsgi/hooks/quota_enforcement.py:53}}
Feb 10 23:02:57.136389 dv-osbrick-828802-1-smb neutron-server[102525]: DEBUG neutron_lib.callbacks.manager [req-c392b438-8534-4445-9163-64282abb3ab9 req-b4f31361-6de6-41a6-9ce5-35376ffdfe9a tempest-TestVolumeBootPattern-1372144479 tempest-TestVolumeBootPattern-1372144479-project] Publish callbacks ['neutron.plugins.ml2.plugin.SecurityGroupDbMixin._ensure_default_security_group_handler-1511509'] for port (None), before_create {{(pid=102525) _notify_loop /usr/local/lib/python3.8/dist-packages/neutron_lib/callbacks/manager.py:176}}
Feb 10 23:02:57.142908 dv-osbrick-828802-1-smb neutron-server[102526]: INFO neutron.wsgi [req-999688e2-c60d-4be9-99f6-06b69a61607f req-7b5bd098-15ac-404a-8f8e-f518b34ac1b7 service neutron] 10.222.0.71 "GET /v2.0/ports?device_id=b2b09b5d-70d2-445d-882d-c4e427139690&fields=binding%3Ahost_id&fields=binding%3Avif_type HTTP/1.1" status: 200 len: 275 time: 0.1328037
Feb 10 23:02:57.301877 dv-osbrick-828802-1-smb neutron-server[102525]: DEBUG neutron.db.db_base_plugin_common [req-c392b438-8534-4445-9163-64282abb3ab9 req-b4f31361-6de6-41a6-9ce5-35376ffdfe9a tempest-TestVolumeBootPattern-1372144479 tempest-TestVolumeBootPattern-1372144479-project] Allocated IP 172.20.0.14 (d87ee9c0-53fc-4c51-8e9a-ad37f811b5b7/d0499c0f-5a2b-4027-a642-5988066f8188/7f0ab167-156c-4e1f-911d-061b828d46e1) {{(pid=102525) _store_ip_allocation /opt/stack/neutron/neutron/db/db_base_plugin_common.py:131}}
Feb 10 23:02:57.333346 dv-osbrick-828802-1-smb neutron-server[102526]: DEBUG neutron.api.rpc.agentnotifiers.l3_rpc_agent_api [None req-6f09f534-410d-4a1c-a2e6-e8b6c94a9a50 tempest-TestMinimumBasicScenario-1086473347 tempest-TestMinimumBasicScenario-1086473347-project] Notify agent at l3_agent.dv-osbrick-828802-1-smb the message routers_updated {{(pid=102526) _agent_notification /opt/stack/neutron/neutron/api/rpc/agentnotifiers/l3_rpc_agent_api.py:65}}
Feb 10 23:02:57.344763 dv-osbrick-828802-1-smb neutron-server[102526]: DEBUG neutron.pecan_wsgi.hooks.policy_enforcement [req-999688e2-c60d-4be9-99f6-06b69a61607f req-af28b98a-36d5-4926-ab08-6615c22689da service neutron] Attributes excluded by policy engine: ['standard_attr_id'] {{(pid=102526) _exclude_attributes_by_policy /opt/stack/neutron/neutron/pecan_wsgi/hooks/policy_enforcement.py:255}}
Feb 10 23:02:57.346829 dv-osbrick-828802-1-smb neutron-server[102526]: INFO neutron.wsgi [req-999688e2-c60d-4be9-99f6-06b69a61607f req-af28b98a-36d5-4926-ab08-6615c22689da service neutron] 10.222.0.71 "GET /v2.0/ports?tenant_id=5571c58284954acd84914a7520e929be&device_id=b2b09b5d-70d2-445d-882d-c4e427139690 HTTP/1.1" status: 200 len: 1129 time: 0.1037869
Feb 10 23:02:57.350312 dv-osbrick-828802-1-smb neutron-server[102528]: DEBUG neutron.api.rpc.handlers.l3_rpc [None req-6b15292f-a348-4cb4-85a8-30079d526b08 None None] Sync routers for ids ['f7e3a1c4-c190-47f3-b6f3-b4d98ae717e0'] in dv-osbrick-828802-1-smb {{(pid=102528) sync_routers /opt/stack/neutron/neutron/api/rpc/handlers/l3_rpc.py:125}}
Feb 10 23:02:57.365500 dv-osbrick-828802-1-smb neutron-server[102528]: DEBUG neutron.db.l3_dvrscheduler_db [None req-6b15292f-a348-4cb4-85a8-30079d526b08 None None] Routers {'f7e3a1c4-c190-47f3-b6f3-b4d98ae717e0'} bound to L3 agent in host dv-osbrick-828802-1-smb {{(pid=102528) _get_router_ids_for_agent /opt/stack/neutron/neutron/db/l3_dvrscheduler_db.py:421}}
Feb 10 23:02:57.367026 dv-osbrick-828802-1-smb neutron-server[102528]: DEBUG neutron.db.l3_hamode_db [None req-6b15292f-a348-4cb4-85a8-30079d526b08 None None] neutron.services.l3_router.l3_router_plugin.L3RouterPlugin method get_ha_sync_data_for_host called with arguments (, 'dv-osbrick-828802-1-smb', Agent(admin_state_up=True,agent_type='L3 agent',availability_zone='nova',binary='neutron-l3-agent',configurations={"agent_mode": "legacy", "ex_gw_ports": 5, "extensions": [], "floating_ips": 0, "handle_internal_only_routers": true, "interface_driver": "openvswitch", "interfaces": 5, "log_agent_heartbeats": false, "routers": 5},created_at=2022-02-10T22:54:00Z,description=,heartbeat_timestamp=2022-02-10T23:02:30Z,host='dv-osbrick-828802-1-smb',id=4b42f531-8381-4aeb-bf08-5ddcbb0ab1dc,load=0,resource_versions=,resources_synced=,started_at=2022-02-10T22:54:00Z,topic='l3_agent')) {'router_ids': ['f7e3a1c4-c190-47f3-b6f3-b4d98ae717e0'], 'active': True} {{(pid=102528) wrapper /usr/local/lib/python3.8/dist-packages/oslo_log/helpers.py:65}}
Feb 10 23:02:57.369317 dv-osbrick-828802-1-smb neutron-server[102526]: DEBUG neutron_lib.callbacks.manager [None req-6f09f534-410d-4a1c-a2e6-e8b6c94a9a50 tempest-TestMinimumBasicScenario-1086473347 tempest-TestMinimumBasicScenario-1086473347-project] Publish callbacks ['neutron.notifiers.nova.Notifier._send_nova_notification-149086'] for floatingip (None), before_response {{(pid=102526) _notify_loop /usr/local/lib/python3.8/dist-packages/neutron_lib/callbacks/manager.py:176}}
Feb 10 23:02:57.467837 dv-osbrick-828802-1-smb neutron-server[102526]: INFO neutron.wsgi [None req-6f09f534-410d-4a1c-a2e6-e8b6c94a9a50 tempest-TestMinimumBasicScenario-1086473347 tempest-TestMinimumBasicScenario-1086473347-project] 10.222.0.65 "POST /v2.0/floatingips HTTP/1.1" status: 201 len: 995 time: 2.2848463
Feb 10 23:02:57.474003 dv-osbrick-828802-1-smb neutron-server[102526]: DEBUG neutron.notifiers.nova [-] Sending events: [{'name': 'network-changed', 'server_uuid': 'b2b09b5d-70d2-445d-882d-c4e427139690', 'tag': 'fbfad16f-a03e-4a12-ad87-edc2bf30c3af'}] {{(pid=102526) send_events /opt/stack/neutron/neutron/notifiers/nova.py:271}}
Feb 10 23:02:57.475567 dv-osbrick-828802-1-smb neutron-server[102525]: DEBUG neutron.wsgi [-] (102525) accepted ('10.222.0.65', 47704) {{(pid=102525) server /usr/local/lib/python3.8/dist-packages/eventlet/wsgi.py:1004}}
Feb 10 23:02:57.481046 dv-osbrick-828802-1-smb neutron-server[102525]: DEBUG neutron.api.v2.base [None req-f8830c42-3dad-4c8b-8de0-5a0df93ad53a tempest-TestMinimumBasicScenario-1086473347 tempest-TestMinimumBasicScenario-1086473347-project] Request body: {'security_group': {'name': 'tempest-secgroup-smoke-1086189638', 'description': 'tempest-secgroup-smoke-1086189638 description', 'project_id': '5571c58284954acd84914a7520e929be'}} {{(pid=102525) prepare_request_body /opt/stack/neutron/neutron/api/v2/base.py:729}}
Feb 10 23:02:57.489100 dv-osbrick-828802-1-smb neutron-server[102525]: DEBUG neutron_lib.callbacks.manager [req-c392b438-8534-4445-9163-64282abb3ab9 req-b4f31361-6de6-41a6-9ce5-35376ffdfe9a tempest-TestVolumeBootPattern-1372144479 tempest-TestVolumeBootPattern-1372144479-project] Publish callbacks [] for port (7f0ab167-156c-4e1f-911d-061b828d46e1), precommit_create {{(pid=102525) _notify_loop /usr/local/lib/python3.8/dist-packages/neutron_lib/callbacks/manager.py:176}}
Feb 10 23:02:57.495711 dv-osbrick-828802-1-smb neutron-server[102528]: DEBUG neutron.db.l3_dvr_db [None req-6b15292f-a348-4cb4-85a8-30079d526b08 None None] Set router f7e3a1c4-c190-47f3-b6f3-b4d98ae717e0 gateway port host: dv-osbrick-828802-1-smb {{(pid=102528) _build_routers_list /opt/stack/neutron/neutron/db/l3_dvr_db.py:906}}
Feb 10 23:02:57.548419 dv-osbrick-828802-1-smb neutron-server[102525]: DEBUG neutron_lib.callbacks.manager [req-c392b438-8534-4445-9163-64282abb3ab9 req-b4f31361-6de6-41a6-9ce5-35376ffdfe9a tempest-TestVolumeBootPattern-1372144479 tempest-TestVolumeBootPattern-1372144479-project] Publish callbacks ['neutron.plugins.ml2.plugin.SecurityGroupServerNotifierRpcMixin._notify_sg_on_port_change-1511457', 'neutron.plugins.ml2.ovo_rpc._ObjectChangeHandler.handle_event-260673', 'neutron.api.rpc.agentnotifiers.dhcp_rpc_agent_api.DhcpAgentNotifyAPI._native_event_send_dhcp_notification-551509', 'neutron.db.l3_dvrscheduler_db._notify_l3_agent_new_port-8778997032632'] for port (7f0ab167-156c-4e1f-911d-061b828d46e1), after_create {{(pid=102525) _notify_loop /usr/local/lib/python3.8/dist-packages/neutron_lib/callbacks/manager.py:176}}
Feb 10 23:02:57.575217 dv-osbrick-828802-1-smb neutron-server[102525]: DEBUG neutron.scheduler.dhcp_agent_scheduler [req-c392b438-8534-4445-9163-64282abb3ab9 req-b4f31361-6de6-41a6-9ce5-35376ffdfe9a tempest-TestVolumeBootPattern-1372144479 tempest-TestVolumeBootPattern-1372144479-project] Network d87ee9c0-53fc-4c51-8e9a-ad37f811b5b7 is already hosted by enough agents. {{(pid=102525) _get_dhcp_agents_hosting_network /opt/stack/neutron/neutron/scheduler/dhcp_agent_scheduler.py:275}}
Feb 10 23:02:57.578804 dv-osbrick-828802-1-smb neutron-server[102525]: DEBUG neutron.scheduler.base_scheduler [req-c392b438-8534-4445-9163-64282abb3ab9 req-b4f31361-6de6-41a6-9ce5-35376ffdfe9a tempest-TestVolumeBootPattern-1372144479 tempest-TestVolumeBootPattern-1372144479-project] Resources bound (agent type, host, resource id): {{(pid=102525) schedule /opt/stack/neutron/neutron/scheduler/base_scheduler.py:57}}
Feb 10 23:02:57.587562 dv-osbrick-828802-1-smb neutron-server[102525]: DEBUG neutron.db.l3_dvrscheduler_db [req-c392b438-8534-4445-9163-64282abb3ab9 req-b4f31361-6de6-41a6-9ce5-35376ffdfe9a tempest-TestVolumeBootPattern-1372144479 tempest-TestVolumeBootPattern-1372144479-project] Received port after_create {{(pid=102525) _notify_l3_agent_new_port /opt/stack/neutron/neutron/db/l3_dvrscheduler_db.py:536}}
Feb 10 23:02:57.594735 dv-osbrick-828802-1-smb neutron-server[102525]: DEBUG neutron.pecan_wsgi.hooks.policy_enforcement [req-c392b438-8534-4445-9163-64282abb3ab9 req-b4f31361-6de6-41a6-9ce5-35376ffdfe9a tempest-TestVolumeBootPattern-1372144479 tempest-TestVolumeBootPattern-1372144479-project] Attributes excluded by policy engine: ['standard_attr_id', 'binding:profile', 'binding:host_id', 'binding:vif_type', 'binding:vif_details', 'network'] {{(pid=102525) _exclude_attributes_by_policy /opt/stack/neutron/neutron/pecan_wsgi/hooks/policy_enforcement.py:255}}
Feb 10 23:02:57.595469 dv-osbrick-828802-1-smb neutron-server[102525]: DEBUG neutron_lib.callbacks.manager [req-c392b438-8534-4445-9163-64282abb3ab9 req-b4f31361-6de6-41a6-9ce5-35376ffdfe9a tempest-TestVolumeBootPattern-1372144479 tempest-TestVolumeBootPattern-1372144479-project] Publish callbacks ['neutron.notifiers.nova.Notifier._send_nova_notification-149086', 'neutron.api.rpc.agentnotifiers.dhcp_rpc_agent_api.DhcpAgentNotifyAPI._send_dhcp_notification-551483'] for port (None), before_response {{(pid=102525) _notify_loop /usr/local/lib/python3.8/dist-packages/neutron_lib/callbacks/manager.py:176}}
Feb 10 23:02:57.599467 dv-osbrick-828802-1-smb neutron-server[102525]: DEBUG neutron_lib.callbacks.manager [None req-f8830c42-3dad-4c8b-8de0-5a0df93ad53a tempest-TestMinimumBasicScenario-1086473347 tempest-TestMinimumBasicScenario-1086473347-project] Publish callbacks [] for security_group (None), before_create {{(pid=102525) _notify_loop /usr/local/lib/python3.8/dist-packages/neutron_lib/callbacks/manager.py:176}}
Feb 10 23:02:57.663556 dv-osbrick-828802-1-smb neutron-server[102525]: INFO neutron.wsgi [req-c392b438-8534-4445-9163-64282abb3ab9 req-b4f31361-6de6-41a6-9ce5-35376ffdfe9a tempest-TestVolumeBootPattern-1372144479 tempest-TestVolumeBootPattern-1372144479-project] 10.222.0.71 "POST /v2.0/ports HTTP/1.1" status: 201 len: 934 time: 0.6715310
Feb 10 23:02:57.674695 dv-osbrick-828802-1-smb neutron-server[102525]: DEBUG neutron.api.rpc.handlers.resources_rpc [None req-b4f31361-6de6-41a6-9ce5-35376ffdfe9a tempest-TestVolumeBootPattern-1372144479 tempest-TestVolumeBootPattern-1372144479-project] Pushing event updated for resources: {'Port': ['ID=7f0ab167-156c-4e1f-911d-061b828d46e1,revision_number=1']} {{(pid=102525) push /opt/stack/neutron/neutron/api/rpc/handlers/resources_rpc.py:237}}
Feb 10 23:02:57.684606 dv-osbrick-828802-1-smb neutron-server[102525]: DEBUG neutron.api.v2.base [req-c392b438-8534-4445-9163-64282abb3ab9 req-78b4d81c-1a8f-4f46-b6ae-7a39b3e7be1b service neutron] Request body: {'port': {'device_id': 'd00991de-c45f-454a-83db-afa749b09245', 'device_owner': 'compute:nova', 'binding:host_id': 'hv-osbrick-8288'}} {{(pid=102525) prepare_request_body /opt/stack/neutron/neutron/api/v2/base.py:729}}
Feb 10 23:02:57.688039 dv-osbrick-828802-1-smb neutron-server[102526]: DEBUG novaclient.v2.client [-] REQ: curl -g -i --cacert "/opt/stack/data/ca-bundle.pem" -X POST http://10.222.0.65/compute/v2.1/os-server-external-events -H "Accept: application/json" -H "Content-Type: application/json" -H "User-Agent: python-novaclient" -H "X-Auth-Token: {SHA256}a919da86808cd7f2c5df312bc436f61b4cdac62092ac10142c7bb05495cbc601" -H "X-OpenStack-Nova-API-Version: 2.1" -H "X-OpenStack-Request-ID: req-8b6d2a79-78ba-410e-ad42-4737819acafb" -d '{"events": [{"name": "network-changed", "server_uuid": "b2b09b5d-70d2-445d-882d-c4e427139690", "tag": "fbfad16f-a03e-4a12-ad87-edc2bf30c3af"}]}' {{(pid=102526) _http_log_request /usr/local/lib/python3.8/dist-packages/keystoneauth1/session.py:519}}
Feb 10 23:02:57.719619 dv-osbrick-828802-1-smb neutron-server[102525]: DEBUG neutron.api.rpc.callbacks.version_manager [None req-b4f31361-6de6-41a6-9ce5-35376ffdfe9a tempest-TestVolumeBootPattern-1372144479 tempest-TestVolumeBootPattern-1372144479-project] Version for resource type AddressGroup changed None to 1.2 on consumer Open vSwitch agent@dv-osbrick-828802-1-smb {{(pid=102525) _set_version /opt/stack/neutron/neutron/api/rpc/callbacks/version_manager.py:113}}
Feb 10 23:02:57.719972 dv-osbrick-828802-1-smb neutron-server[102525]: DEBUG neutron.api.rpc.callbacks.version_manager [None req-b4f31361-6de6-41a6-9ce5-35376ffdfe9a tempest-TestVolumeBootPattern-1372144479 tempest-TestVolumeBootPattern-1372144479-project] Version for resource type ConntrackHelper changed None to 1.0 on consumer Open vSwitch agent@dv-osbrick-828802-1-smb {{(pid=102525) _set_version /opt/stack/neutron/neutron/api/rpc/callbacks/version_manager.py:113}}
Feb 10 23:02:57.720321 dv-osbrick-828802-1-smb neutron-server[102525]: DEBUG neutron.api.rpc.callbacks.version_manager [None req-b4f31361-6de6-41a6-9ce5-35376ffdfe9a tempest-TestVolumeBootPattern-1372144479 tempest-TestVolumeBootPattern-1372144479-project] Version for resource type LocalIPAssociation changed None to 1.0 on consumer Open vSwitch agent@dv-osbrick-828802-1-smb {{(pid=102525) _set_version /opt/stack/neutron/neutron/api/rpc/callbacks/version_manager.py:113}}
Feb 10 23:02:57.720739 dv-osbrick-828802-1-smb neutron-server[102525]: DEBUG neutron.api.rpc.callbacks.version_manager [None req-b4f31361-6de6-41a6-9ce5-35376ffdfe9a tempest-TestVolumeBootPattern-1372144479 tempest-TestVolumeBootPattern-1372144479-project] Version for resource type Log changed None to 1.0 on consumer Open vSwitch agent@dv-osbrick-828802-1-smb {{(pid=102525) _set_version /opt/stack/neutron/neutron/api/rpc/callbacks/version_manager.py:113}}
Feb 10 23:02:57.722573 dv-osbrick-828802-1-smb neutron-server[102525]: DEBUG neutron.api.rpc.callbacks.version_manager [None req-b4f31361-6de6-41a6-9ce5-35376ffdfe9a tempest-TestVolumeBootPattern-1372144479 tempest-TestVolumeBootPattern-1372144479-project] Version for resource type Network changed None to 1.1 on consumer Open vSwitch agent@dv-osbrick-828802-1-smb {{(pid=102525) _set_version /opt/stack/neutron/neutron/api/rpc/callbacks/version_manager.py:113}}
Feb 10 23:02:57.722573 dv-osbrick-828802-1-smb neutron-server[102525]: DEBUG neutron.api.rpc.callbacks.version_manager [None req-b4f31361-6de6-41a6-9ce5-35376ffdfe9a tempest-TestVolumeBootPattern-1372144479 tempest-TestVolumeBootPattern-1372144479-project] Version for resource type Port changed None to 1.7 on consumer Open vSwitch agent@dv-osbrick-828802-1-smb {{(pid=102525) _set_version /opt/stack/neutron/neutron/api/rpc/callbacks/version_manager.py:113}}
Feb 10 23:02:57.722573 dv-osbrick-828802-1-smb neutron-server[102525]: DEBUG neutron.api.rpc.callbacks.version_manager [None req-b4f31361-6de6-41a6-9ce5-35376ffdfe9a tempest-TestVolumeBootPattern-1372144479 tempest-TestVolumeBootPattern-1372144479-project] Version for resource type PortForwarding changed None to 1.2 on consumer Open vSwitch agent@dv-osbrick-828802-1-smb {{(pid=102525) _set_version /opt/stack/neutron/neutron/api/rpc/callbacks/version_manager.py:113}}
Feb 10 23:02:57.728854 dv-osbrick-828802-1-smb neutron-server[102525]: DEBUG neutron.api.rpc.callbacks.version_manager [None req-b4f31361-6de6-41a6-9ce5-35376ffdfe9a tempest-TestVolumeBootPattern-1372144479 tempest-TestVolumeBootPattern-1372144479-project] Version for resource type QosPolicy changed None to 1.10 on consumer Open vSwitch agent@dv-osbrick-828802-1-smb {{(pid=102525) _set_version /opt/stack/neutron/neutron/api/rpc/callbacks/version_manager.py:113}}
Feb 10 23:02:57.729979 dv-osbrick-828802-1-smb neutron-server[102525]: DEBUG neutron.api.rpc.callbacks.version_manager [None req-b4f31361-6de6-41a6-9ce5-35376ffdfe9a tempest-TestVolumeBootPattern-1372144479 tempest-TestVolumeBootPattern-1372144479-project] Version for resource type SecurityGroup changed None to 1.5 on consumer Open vSwitch agent@dv-osbrick-828802-1-smb {{(pid=102525) _set_version /opt/stack/neutron/neutron/api/rpc/callbacks/version_manager.py:113}}
Feb 10 23:02:57.730500 dv-osbrick-828802-1-smb neutron-server[102525]: DEBUG neutron.api.rpc.callbacks.version_manager [None req-b4f31361-6de6-41a6-9ce5-35376ffdfe9a tempest-TestVolumeBootPattern-1372144479 tempest-TestVolumeBootPattern-1372144479-project] Version for resource type SecurityGroupRule changed None to 1.2 on consumer Open vSwitch agent@dv-osbrick-828802-1-smb {{(pid=102525) _set_version /opt/stack/neutron/neutron/api/rpc/callbacks/version_manager.py:113}}
Feb 10 23:02:57.730998 dv-osbrick-828802-1-smb neutron-server[102525]: DEBUG neutron.api.rpc.callbacks.version_manager [None req-b4f31361-6de6-41a6-9ce5-35376ffdfe9a tempest-TestVolumeBootPattern-1372144479 tempest-TestVolumeBootPattern-1372144479-project] Version for resource type SubPort changed None to 1.0 on consumer Open vSwitch agent@dv-osbrick-828802-1-smb {{(pid=102525) _set_version /opt/stack/neutron/neutron/api/rpc/callbacks/version_manager.py:113}}
Feb 10 23:02:57.731483 dv-osbrick-828802-1-smb neutron-server[102525]: DEBUG neutron.api.rpc.callbacks.version_manager [None req-b4f31361-6de6-41a6-9ce5-35376ffdfe9a tempest-TestVolumeBootPattern-1372144479 tempest-TestVolumeBootPattern-1372144479-project] Version for resource type Subnet changed None to 1.1 on consumer Open vSwitch agent@dv-osbrick-828802-1-smb {{(pid=102525) _set_version /opt/stack/neutron/neutron/api/rpc/callbacks/version_manager.py:113}}
Feb 10 23:02:57.732630 dv-osbrick-828802-1-smb neutron-server[102525]: DEBUG neutron.api.rpc.callbacks.version_manager [None req-b4f31361-6de6-41a6-9ce5-35376ffdfe9a tempest-TestVolumeBootPattern-1372144479 tempest-TestVolumeBootPattern-1372144479-project] Version for resource type Trunk changed None to 1.1 on consumer Open vSwitch agent@dv-osbrick-828802-1-smb {{(pid=102525) _set_version /opt/stack/neutron/neutron/api/rpc/callbacks/version_manager.py:113}}
Feb 10 23:02:57.759991 dv-osbrick-828802-1-smb neutron-server[102526]: DEBUG neutron.pecan_wsgi.hooks.policy_enforcement [req-d10f1e2d-f7c5-44bd-a635-185b07cc566c req-c3860c92-f23c-4df8-8ce8-eefedd0f5711 tempest-TestVolumeBootPattern-1372144479 tempest-TestVolumeBootPattern-1372144479-project] Attributes excluded by policy engine: ['standard_attr_id', 'binding:profile', 'binding:host_id', 'binding:vif_type', 'binding:vif_details'] {{(pid=102526) _exclude_attributes_by_policy /opt/stack/neutron/neutron/pecan_wsgi/hooks/policy_enforcement.py:255}}
Feb 10 23:02:57.761834 dv-osbrick-828802-1-smb neutron-server[102526]: INFO neutron.wsgi [req-d10f1e2d-f7c5-44bd-a635-185b07cc566c req-c3860c92-f23c-4df8-8ce8-eefedd0f5711 tempest-TestVolumeBootPattern-1372144479 tempest-TestVolumeBootPattern-1372144479-project] 10.222.0.65 "GET /v2.0/ports?device_id=d00991de-c45f-454a-83db-afa749b09245 HTTP/1.1" status: 200 len: 932 time: 0.1422513
Feb 10 23:02:57.763658 dv-osbrick-828802-1-smb neutron-server[102526]: DEBUG neutron.pecan_wsgi.hooks.policy_enforcement [req-999688e2-c60d-4be9-99f6-06b69a61607f req-634db350-973d-4d3a-95f1-1773c01517a2 service neutron] Attributes excluded by policy engine: ['standard_attr_id', 'vlan_transparent'] {{(pid=102526) _exclude_attributes_by_policy /opt/stack/neutron/neutron/pecan_wsgi/hooks/policy_enforcement.py:255}}
Feb 10 23:02:57.765374 dv-osbrick-828802-1-smb neutron-server[102526]: INFO neutron.wsgi [req-999688e2-c60d-4be9-99f6-06b69a61607f req-634db350-973d-4d3a-95f1-1773c01517a2 service neutron] 10.222.0.71 "GET /v2.0/networks?id=483d0d2c-1871-4f02-a593-50aa2cf2cbf3 HTTP/1.1" status: 200 len: 916 time: 0.3660102
Feb 10 23:02:57.852939 dv-osbrick-828802-1-smb neutron-server[102525]: DEBUG neutron_lib.callbacks.manager [None req-f8830c42-3dad-4c8b-8de0-5a0df93ad53a tempest-TestMinimumBasicScenario-1086473347 tempest-TestMinimumBasicScenario-1086473347-project] Publish callbacks [] for security_group (36867a96-66fc-4132-826a-8d5e55e11f99), precommit_create {{(pid=102525) _notify_loop /usr/local/lib/python3.8/dist-packages/neutron_lib/callbacks/manager.py:176}}
Feb 10 23:02:57.857238 dv-osbrick-828802-1-smb neutron-server[102525]: DEBUG neutron_lib.callbacks.manager [req-c392b438-8534-4445-9163-64282abb3ab9 req-78b4d81c-1a8f-4f46-b6ae-7a39b3e7be1b service neutron] Publish callbacks ['neutron.plugins.ml2.plugin.SecurityGroupDbMixin._ensure_default_security_group_handler-1511509'] for port (7f0ab167-156c-4e1f-911d-061b828d46e1), before_update {{(pid=102525) _notify_loop /usr/local/lib/python3.8/dist-packages/neutron_lib/callbacks/manager.py:176}}
Feb 10 23:02:57.861286 dv-osbrick-828802-1-smb neutron-server[102525]: DEBUG neutron_lib.callbacks.manager [None req-f8830c42-3dad-4c8b-8de0-5a0df93ad53a tempest-TestMinimumBasicScenario-1086473347 tempest-TestMinimumBasicScenario-1086473347-project] Publish callbacks ['neutron.plugins.ml2.ovo_rpc._ObjectChangeHandler.handle_event-482585'] for security_group (36867a96-66fc-4132-826a-8d5e55e11f99), after_create {{(pid=102525) _notify_loop /usr/local/lib/python3.8/dist-packages/neutron_lib/callbacks/manager.py:176}}
Feb 10 23:02:57.911959 dv-osbrick-828802-1-smb neutron-server[102525]: DEBUG neutron_lib.callbacks.manager [None req-f8830c42-3dad-4c8b-8de0-5a0df93ad53a tempest-TestMinimumBasicScenario-1086473347 tempest-TestMinimumBasicScenario-1086473347-project] Publish callbacks [] for security_group (None), before_response {{(pid=102525) _notify_loop /usr/local/lib/python3.8/dist-packages/neutron_lib/callbacks/manager.py:176}}
Feb 10 23:02:57.917554 dv-osbrick-828802-1-smb neutron-server[102525]: INFO neutron.wsgi [None req-f8830c42-3dad-4c8b-8de0-5a0df93ad53a tempest-TestMinimumBasicScenario-1086473347 tempest-TestMinimumBasicScenario-1086473347-project] 10.222.0.65 "POST /v2.0/security-groups HTTP/1.1" status: 201 len: 1809 time: 0.4366558
Feb 10 23:02:57.920838 dv-osbrick-828802-1-smb neutron-server[102526]: DEBUG neutron.wsgi [-] (102526) accepted ('10.222.0.65', 47718) {{(pid=102526) server /usr/local/lib/python3.8/dist-packages/eventlet/wsgi.py:1004}}
Feb 10 23:02:57.949603 dv-osbrick-828802-1-smb neutron-server[102525]: DEBUG neutron.api.rpc.handlers.resources_rpc [None req-f8830c42-3dad-4c8b-8de0-5a0df93ad53a tempest-TestMinimumBasicScenario-1086473347 tempest-TestMinimumBasicScenario-1086473347-project] Pushing event updated for resources: {'SecurityGroup': ['ID=36867a96-66fc-4132-826a-8d5e55e11f99,revision_number=1']} {{(pid=102525) push /opt/stack/neutron/neutron/api/rpc/handlers/resources_rpc.py:237}}
Feb 10 23:02:57.966921 dv-osbrick-828802-1-smb neutron-server[102526]: DEBUG neutron.api.v2.base [None req-1e2fe290-0d1b-4443-9508-c7ee86c5bbf4 tempest-TestMinimumBasicScenario-1086473347 tempest-TestMinimumBasicScenario-1086473347-project] Request body: {'security_group_rule': {'security_group_id': '36867a96-66fc-4132-826a-8d5e55e11f99', 'project_id': '5571c58284954acd84914a7520e929be', 'protocol': 'tcp', 'port_range_min': 22, 'port_range_max': 22, 'direction': 'ingress'}} {{(pid=102526) prepare_request_body /opt/stack/neutron/neutron/api/v2/base.py:729}}
Feb 10 23:02:57.989103 dv-osbrick-828802-1-smb neutron-server[102526]: DEBUG novaclient.v2.client [-] RESP: [200] Connection: close Content-Length: 179 Content-Type: application/json Date: Thu, 10 Feb 2022 23:02:57 GMT OpenStack-API-Version: compute 2.1 Server: Apache/2.4.41 (Ubuntu) Vary: OpenStack-API-Version,X-OpenStack-Nova-API-Version X-OpenStack-Nova-API-Version: 2.1 x-compute-request-id: req-730e4df3-41c1-45f5-8b0d-24cb189a1e86 x-openstack-request-id: req-730e4df3-41c1-45f5-8b0d-24cb189a1e86 {{(pid=102526) _http_log_response /usr/local/lib/python3.8/dist-packages/keystoneauth1/session.py:550}}
Feb 10 23:02:57.989808 dv-osbrick-828802-1-smb neutron-server[102526]: DEBUG novaclient.v2.client [-] RESP BODY: {"events": [{"name": "network-changed", "server_uuid": "b2b09b5d-70d2-445d-882d-c4e427139690", "tag": "fbfad16f-a03e-4a12-ad87-edc2bf30c3af", "status": "completed", "code": 200}]} {{(pid=102526) _http_log_response /usr/local/lib/python3.8/dist-packages/keystoneauth1/session.py:582}}
Feb 10 23:02:57.990231 dv-osbrick-828802-1-smb neutron-server[102526]: DEBUG novaclient.v2.client [-] POST call to compute for http://10.222.0.65/compute/v2.1/os-server-external-events used request id req-730e4df3-41c1-45f5-8b0d-24cb189a1e86 {{(pid=102526) request /usr/local/lib/python3.8/dist-packages/keystoneauth1/session.py:954}}
Feb 10 23:02:57.990858 dv-osbrick-828802-1-smb neutron-server[102526]: INFO neutron.notifiers.nova [-] Nova event response: {'name': 'network-changed', 'server_uuid': 'b2b09b5d-70d2-445d-882d-c4e427139690', 'tag': 'fbfad16f-a03e-4a12-ad87-edc2bf30c3af', 'status': 'completed', 'code': 200}
Feb 10 23:02:57.993551 dv-osbrick-828802-1-smb neutron-server[102528]: DEBUG neutron.db.l3_hamode_db [None req-6b15292f-a348-4cb4-85a8-30079d526b08 None None] neutron.services.l3_router.l3_router_plugin.L3RouterPlugin method _process_sync_ha_data called with arguments (, [{'id': 'f7e3a1c4-c190-47f3-b6f3-b4d98ae717e0', 'name': 'tempest-TestMinimumBasicScenario-1821785142-router', 'tenant_id': '5571c58284954acd84914a7520e929be', 'admin_state_up': True, 'status': 'ACTIVE', 'external_gateway_info': {'network_id': '04da215e-6c28-46f6-8aaa-0e235943db56', 'external_fixed_ips': [{'subnet_id': '97753a56-86ef-46ac-9662-a8c040450cca', 'ip_address': '172.30.1.20'}], 'enable_snat': True}, 'gw_port_id': 'ea152d70-d810-4165-a8af-6bbab96e33b1', 'description': '', 'availability_zones': ['nova'], 'distributed': False, 'ha': False, 'ha_vr_id': 0, 'availability_zone_hints': [], 'routes': [], 'flavor_id': None, 'tags': [], 'created_at': '2022-02-10T23:01:52Z', 'updated_at': '2022-02-10T23:01:57Z', 'revision_number': 4, 'project_id': '5571c58284954acd84914a7520e929be', 'gw_port': {'id': 'ea152d70-d810-4165-a8af-6bbab96e33b1', 'name': '', 'network_id': '04da215e-6c28-46f6-8aaa-0e235943db56', 'tenant_id': '', 'mac_address': 'fa:16:3e:2f:f6:14', 'admin_state_up': True, 'status': 'ACTIVE', 'device_id': 'f7e3a1c4-c190-47f3-b6f3-b4d98ae717e0', 'device_owner': 'network:router_gateway', 'standard_attr_id': 52, 'fixed_ips': [{'subnet_id': '97753a56-86ef-46ac-9662-a8c040450cca', 'ip_address': '172.30.1.20', 'prefixlen': 24}], 'allowed_address_pairs': [], 'extra_dhcp_opts': [], 'security_groups': [], 'description': '', 'binding:vnic_type': 'normal', 'binding:profile': {}, 'binding:host_id': 'dv-osbrick-828802-1-smb', 'binding:vif_type': 'ovs', 'binding:vif_details': {'connectivity': 'l2', 'port_filter': True, 'ovs_hybrid_plug': False, 'datapath_type': 'system', 'bridge_name': 'br-int', 'bound_drivers': {'0': 'openvswitch'}}, 'port_security_enabled': False, 'tags': [], 'created_at': '2022-02-10T23:01:53Z', 'updated_at': '2022-02-10T23:02:02Z', 'revision_number': 4, 'project_id': '', 'subnets': [{'id': '97753a56-86ef-46ac-9662-a8c040450cca', 'cidr': '172.30.1.0/24', 'gateway_ip': '172.30.1.1', 'dns_nameservers': [], 'ipv6_ra_mode': None, 'subnetpool_id': None}], 'extra_subnets': [], 'address_scopes': {4: None, 6: None}, 'mtu': 1500}, 'enable_snat': True, 'gw_port_host': 'dv-osbrick-828802-1-smb', '_floatingips': [{'id': '1be17518-3d85-4806-9ace-be52fdd9220a', 'tenant_id': '5571c58284954acd84914a7520e929be', 'floating_ip_address': '172.30.1.61', 'floating_network_id': '04da215e-6c28-46f6-8aaa-0e235943db56', 'router_id': 'f7e3a1c4-c190-47f3-b6f3-b4d98ae717e0', 'port_id': 'fbfad16f-a03e-4a12-ad87-edc2bf30c3af', 'fixed_ip_address': '172.20.0.3', 'status': 'DOWN', 'standard_attr_id': 86, 'description': '', 'qos_policy_id': None, 'qos_network_policy_id': None, 'port_details': {'name': '', 'network_id': '483d0d2c-1871-4f02-a593-50aa2cf2cbf3', 'mac_address': 'fa:16:3e:77:04:78', 'admin_state_up': True, 'status': 'ACTIVE', 'device_id': 'b2b09b5d-70d2-445d-882d-c4e427139690', 'device_owner': 'compute:nova'}, 'dns_domain': '', 'dns_name': '', 'tags': [], 'created_at': '2022-02-10T23:02:56Z', 'updated_at': '2022-02-10T23:02:56Z', 'revision_number': 0, 'project_id': '5571c58284954acd84914a7520e929be', 'fixed_ip_address_scope': None}], '_interfaces': [{'id': '76f8df73-175d-4acf-a78a-585678348150', 'name': '', 'network_id': '483d0d2c-1871-4f02-a593-50aa2cf2cbf3', 'tenant_id': '5571c58284954acd84914a7520e929be', 'mac_address': 'fa:16:3e:d3:5d:3f', 'admin_state_up': True, 'status': 'ACTIVE', 'device_id': 'f7e3a1c4-c190-47f3-b6f3-b4d98ae717e0', 'device_owner': 'network:router_interface', 'standard_attr_id': 54, 'fixed_ips': [{'subnet_id': '9d0ca3ee-340a-4d43-84c7-83d4bd99cf3b', 'ip_address': '172.20.0.1', 'prefixlen': 28}], 'allowed_address_pairs': [], 'extra_dhcp_opts': [], 'security_groups': [], 'description': '', 'binding:vnic_type': 'normal', 'binding:profile': {}, 'binding:host_id': 'dv-osbrick-828802-1-smb', 'binding:vif_type': 'ovs', 'binding:vif_details': {'connectivity': 'l2', 'port_filter': True, 'ovs_hybrid_plug': False, 'datapath_type': 'system', 'bridge_name': 'br-int', 'bound_drivers': {'0': 'openvswitch'}}, 'port_security_enabled': False, 'tags': [], 'created_at': '2022-02-10T23:01:56Z', 'updated_at': '2022-02-10T23:02:08Z', 'revision_number': 5, 'project_id': '5571c58284954acd84914a7520e929be', 'subnets': [{'id': '9d0ca3ee-340a-4d43-84c7-83d4bd99cf3b', 'cidr': '172.20.0.0/28', 'gateway_ip': '172.20.0.1', 'dns_nameservers': [], 'ipv6_ra_mode': None, 'subnetpool_id': None}], 'extra_subnets': [], 'address_scopes': {4: None, 6: None}, 'mtu': 1500}]}], 'dv-osbrick-828802-1-smb', False) {} {{(pid=102528) wrapper /usr/local/lib/python3.8/dist-packages/oslo_log/helpers.py:65}}
Feb 10 23:02:58.032484 dv-osbrick-828802-1-smb neutron-server[102528]: DEBUG neutron.api.rpc.handlers.l3_rpc [None req-6b15292f-a348-4cb4-85a8-30079d526b08 None None] Checking router: f7e3a1c4-c190-47f3-b6f3-b4d98ae717e0 for host: dv-osbrick-828802-1-smb {{(pid=102528) _ensure_host_set_on_ports /opt/stack/neutron/neutron/api/rpc/handlers/l3_rpc.py:155}}
Feb 10 23:02:58.041918 dv-osbrick-828802-1-smb neutron-server[102526]: INFO neutron.wsgi [req-999688e2-c60d-4be9-99f6-06b69a61607f req-25ddea9a-16e2-4adf-9951-4f7b95a03882 service neutron] 10.222.0.71 "GET /v2.0/floatingips?fixed_ip_address=172.20.0.3&port_id=fbfad16f-a03e-4a12-ad87-edc2bf30c3af HTTP/1.1" status: 200 len: 998 time: 0.2658944
Feb 10 23:02:58.045807 dv-osbrick-828802-1-smb neutron-server[102528]: DEBUG neutron.db.l3_dvrscheduler_db [None req-6b15292f-a348-4cb4-85a8-30079d526b08 None None] Routers {'f7e3a1c4-c190-47f3-b6f3-b4d98ae717e0'} bound to L3 agent in host dv-osbrick-828802-1-smb {{(pid=102528) _get_router_ids_for_agent /opt/stack/neutron/neutron/db/l3_dvrscheduler_db.py:421}}
Feb 10 23:02:58.046624 dv-osbrick-828802-1-smb neutron-server[102528]: DEBUG neutron.db.l3_hamode_db [None req-6b15292f-a348-4cb4-85a8-30079d526b08 None None] neutron.services.l3_router.l3_router_plugin.L3RouterPlugin method get_ha_sync_data_for_host called with arguments (, 'dv-osbrick-828802-1-smb', Agent(admin_state_up=True,agent_type='L3 agent',availability_zone='nova',binary='neutron-l3-agent',configurations={"agent_mode": "legacy", "ex_gw_ports": 5, "extensions": [], "floating_ips": 0, "handle_internal_only_routers": true, "interface_driver": "openvswitch", "interfaces": 5, "log_agent_heartbeats": false, "routers": 5},created_at=2022-02-10T22:54:00Z,description=,heartbeat_timestamp=2022-02-10T23:02:30Z,host='dv-osbrick-828802-1-smb',id=4b42f531-8381-4aeb-bf08-5ddcbb0ab1dc,load=0,resource_versions=,resources_synced=,started_at=2022-02-10T22:54:00Z,topic='l3_agent')) {'router_ids': ['f7e3a1c4-c190-47f3-b6f3-b4d98ae717e0'], 'active': True} {{(pid=102528) wrapper /usr/local/lib/python3.8/dist-packages/oslo_log/helpers.py:65}}
Feb 10 23:02:58.075994 dv-osbrick-828802-1-smb neutron-server[102527]: DEBUG neutron.db.provisioning_blocks [None req-c7622819-3257-4136-b060-c3b1254aacfe None None] Provisioning complete for port 7f0ab167-156c-4e1f-911d-061b828d46e1 triggered by entity DHCP. {{(pid=102527) provisioning_complete /opt/stack/neutron/neutron/db/provisioning_blocks.py:139}}
Feb 10 23:02:58.077048 dv-osbrick-828802-1-smb neutron-server[102527]: DEBUG neutron_lib.callbacks.manager [None req-c7622819-3257-4136-b060-c3b1254aacfe None None] Publish callbacks ['neutron.plugins.ml2.plugin.Ml2Plugin._port_provisioned-1363623'] for port (7f0ab167-156c-4e1f-911d-061b828d46e1), provisioning_complete {{(pid=102527) _notify_loop /usr/local/lib/python3.8/dist-packages/neutron_lib/callbacks/manager.py:176}}
Feb 10 23:02:58.103421 dv-osbrick-828802-1-smb neutron-server[102526]: DEBUG neutron_lib.callbacks.manager [None req-1e2fe290-0d1b-4443-9508-c7ee86c5bbf4 tempest-TestMinimumBasicScenario-1086473347 tempest-TestMinimumBasicScenario-1086473347-project] Publish callbacks [] for security_group_rule (e0d8c145-07d4-414e-bcb2-c99509859f6e), before_create {{(pid=102526) _notify_loop /usr/local/lib/python3.8/dist-packages/neutron_lib/callbacks/manager.py:176}}
Feb 10 23:02:58.133098 dv-osbrick-828802-1-smb neutron-server[102527]: DEBUG neutron.plugins.ml2.plugin [None req-c7622819-3257-4136-b060-c3b1254aacfe None None] Port 7f0ab167-156c-4e1f-911d-061b828d46e1 cannot update to ACTIVE because it is not bound. {{(pid=102527) _port_provisioned /opt/stack/neutron/neutron/plugins/ml2/plugin.py:343}}
Feb 10 23:02:58.151666 dv-osbrick-828802-1-smb neutron-server[102526]: INFO neutron.wsgi [req-d10f1e2d-f7c5-44bd-a635-185b07cc566c req-18227c2c-fda2-4b40-b9d4-b35f1265bb07 tempest-TestVolumeBootPattern-1372144479 tempest-TestVolumeBootPattern-1372144479-project] 10.222.0.65 "GET /v2.0/security-groups?id=0b8ccccf-c845-4bd3-b814-76e85562f383&fields=id&fields=name HTTP/1.1" status: 200 len: 286 time: 0.3768656
Feb 10 23:02:58.186898 dv-osbrick-828802-1-smb neutron-server[102526]: DEBUG neutron.pecan_wsgi.hooks.policy_enforcement [req-999688e2-c60d-4be9-99f6-06b69a61607f req-bc2b92d0-e8b9-4d09-a111-51457fd0ddee service neutron] Attributes excluded by policy engine: ['standard_attr_id', 'shared'] {{(pid=102526) _exclude_attributes_by_policy /opt/stack/neutron/neutron/pecan_wsgi/hooks/policy_enforcement.py:255}}
Feb 10 23:02:58.188374 dv-osbrick-828802-1-smb neutron-server[102526]: INFO neutron.wsgi [req-999688e2-c60d-4be9-99f6-06b69a61607f req-bc2b92d0-e8b9-4d09-a111-51457fd0ddee service neutron] 10.222.0.71 "GET /v2.0/subnets?id=9d0ca3ee-340a-4d43-84c7-83d4bd99cf3b HTTP/1.1" status: 200 len: 854 time: 0.1369402
Feb 10 23:02:58.194717 dv-osbrick-828802-1-smb neutron-server[102528]: DEBUG neutron.db.l3_dvr_db [None req-6b15292f-a348-4cb4-85a8-30079d526b08 None None] Set router f7e3a1c4-c190-47f3-b6f3-b4d98ae717e0 gateway port host: dv-osbrick-828802-1-smb {{(pid=102528) _build_routers_list /opt/stack/neutron/neutron/db/l3_dvr_db.py:906}}
Feb 10 23:02:58.272449 dv-osbrick-828802-1-smb neutron-server[102525]: DEBUG neutron.notifiers.nova [req-c392b438-8534-4445-9163-64282abb3ab9 req-78b4d81c-1a8f-4f46-b6ae-7a39b3e7be1b service neutron] Ignoring state change previous_port_status: DOWN current_port_status: DOWN port_id 7f0ab167-156c-4e1f-911d-061b828d46e1 {{(pid=102525) record_port_status_changed /opt/stack/neutron/neutron/notifiers/nova.py:233}}
Feb 10 23:02:58.281923 dv-osbrick-828802-1-smb neutron-server[102525]: DEBUG neutron_lib.callbacks.manager [req-c392b438-8534-4445-9163-64282abb3ab9 req-78b4d81c-1a8f-4f46-b6ae-7a39b3e7be1b service neutron] Publish callbacks [] for port (7f0ab167-156c-4e1f-911d-061b828d46e1), precommit_update {{(pid=102525) _notify_loop /usr/local/lib/python3.8/dist-packages/neutron_lib/callbacks/manager.py:176}}
Feb 10 23:02:58.291197 dv-osbrick-828802-1-smb neutron-server[102526]: DEBUG neutron_lib.callbacks.manager [None req-1e2fe290-0d1b-4443-9508-c7ee86c5bbf4 tempest-TestMinimumBasicScenario-1086473347 tempest-TestMinimumBasicScenario-1086473347-project] Publish callbacks [] for security_group_rule (e0d8c145-07d4-414e-bcb2-c99509859f6e), precommit_create {{(pid=102526) _notify_loop /usr/local/lib/python3.8/dist-packages/neutron_lib/callbacks/manager.py:176}}
Feb 10 23:02:58.296006 dv-osbrick-828802-1-smb neutron-server[102525]: DEBUG neutron.db.provisioning_blocks [req-c392b438-8534-4445-9163-64282abb3ab9 req-78b4d81c-1a8f-4f46-b6ae-7a39b3e7be1b service neutron] Transition to ACTIVE for port object 7f0ab167-156c-4e1f-911d-061b828d46e1 will not be triggered until provisioned by entity L2. {{(pid=102525) add_provisioning_component /opt/stack/neutron/neutron/db/provisioning_blocks.py:73}}
Feb 10 23:02:58.297885 dv-osbrick-828802-1-smb neutron-server[102526]: DEBUG neutron_lib.callbacks.manager [None req-1e2fe290-0d1b-4443-9508-c7ee86c5bbf4 tempest-TestMinimumBasicScenario-1086473347 tempest-TestMinimumBasicScenario-1086473347-project] Publish callbacks ['neutron.plugins.ml2.ovo_rpc._ObjectChangeHandler.handle_event-475309'] for security_group_rule (e0d8c145-07d4-414e-bcb2-c99509859f6e), after_create {{(pid=102526) _notify_loop /usr/local/lib/python3.8/dist-packages/neutron_lib/callbacks/manager.py:176}}
Feb 10 23:02:58.301265 dv-osbrick-828802-1-smb neutron-server[102525]: DEBUG neutron_lib.callbacks.manager [req-c392b438-8534-4445-9163-64282abb3ab9 req-78b4d81c-1a8f-4f46-b6ae-7a39b3e7be1b service neutron] Publish callbacks ['neutron.plugins.ml2.plugin.SecurityGroupServerNotifierRpcMixin._notify_sg_on_port_change-1511457', 'neutron.plugins.ml2.ovo_rpc._ObjectChangeHandler.handle_event-260673', 'neutron.api.rpc.agentnotifiers.dhcp_rpc_agent_api.DhcpAgentNotifyAPI._native_event_send_dhcp_notification-551509', 'neutron.db.l3_db.L3RpcNotifierMixin._notify_gateway_port_ip_changed-8778997532676', 'neutron.db.l3_dvrscheduler_db._notify_l3_agent_port_update-8778997032650', 'neutron.db.l3_hascheduler_db._notify_l3_agent_ha_port_update-8778997032668'] for port (7f0ab167-156c-4e1f-911d-061b828d46e1), after_update {{(pid=102525) _notify_loop /usr/local/lib/python3.8/dist-packages/neutron_lib/callbacks/manager.py:176}}
Feb 10 23:02:58.325498 dv-osbrick-828802-1-smb neutron-server[102526]: DEBUG neutron.pecan_wsgi.hooks.policy_enforcement [req-999688e2-c60d-4be9-99f6-06b69a61607f req-435339ef-2526-40b5-86f3-d3e0b5b412bd service neutron] Attributes excluded by policy engine: ['standard_attr_id'] {{(pid=102526) _exclude_attributes_by_policy /opt/stack/neutron/neutron/pecan_wsgi/hooks/policy_enforcement.py:255}}
Feb 10 23:02:58.327226 dv-osbrick-828802-1-smb neutron-server[102526]: INFO neutron.wsgi [req-999688e2-c60d-4be9-99f6-06b69a61607f req-435339ef-2526-40b5-86f3-d3e0b5b412bd service neutron] 10.222.0.71 "GET /v2.0/ports?network_id=483d0d2c-1871-4f02-a593-50aa2cf2cbf3&device_owner=network%3Adhcp HTTP/1.1" status: 200 len: 1211 time: 0.1268144
Feb 10 23:02:58.328738 dv-osbrick-828802-1-smb neutron-server[102526]: DEBUG neutron.api.rpc.handlers.resources_rpc [None req-1e2fe290-0d1b-4443-9508-c7ee86c5bbf4 tempest-TestMinimumBasicScenario-1086473347 tempest-TestMinimumBasicScenario-1086473347-project] Pushing event updated for resources: {'SecurityGroupRule': ['ID=e0d8c145-07d4-414e-bcb2-c99509859f6e,revision_number=0']} {{(pid=102526) push /opt/stack/neutron/neutron/api/rpc/handlers/resources_rpc.py:237}}
Feb 10 23:02:58.332348 dv-osbrick-828802-1-smb neutron-server[102526]: DEBUG neutron_lib.callbacks.manager [None req-1e2fe290-0d1b-4443-9508-c7ee86c5bbf4 tempest-TestMinimumBasicScenario-1086473347 tempest-TestMinimumBasicScenario-1086473347-project] Publish callbacks [] for security_group_rule (None), before_response {{(pid=102526) _notify_loop /usr/local/lib/python3.8/dist-packages/neutron_lib/callbacks/manager.py:176}}
Feb 10 23:02:58.333478 dv-osbrick-828802-1-smb neutron-server[102526]: INFO neutron.wsgi [None req-1e2fe290-0d1b-4443-9508-c7ee86c5bbf4 tempest-TestMinimumBasicScenario-1086473347 tempest-TestMinimumBasicScenario-1086473347-project] 10.222.0.65 "POST /v2.0/security-group-rules HTTP/1.1" status: 201 len: 764 time: 0.3987226
Feb 10 23:02:58.342132 dv-osbrick-828802-1-smb neutron-server[102526]: DEBUG neutron.wsgi [-] (102526) accepted ('10.222.0.65', 47722) {{(pid=102526) server /usr/local/lib/python3.8/dist-packages/eventlet/wsgi.py:1004}}
Feb 10 23:02:58.357515 dv-osbrick-828802-1-smb neutron-server[102526]: DEBUG neutron.api.v2.base [None req-edfd2b68-bddf-4c32-a28a-e574f909f891 tempest-TestMinimumBasicScenario-1086473347 tempest-TestMinimumBasicScenario-1086473347-project] Request body: {'security_group_rule': {'security_group_id': '36867a96-66fc-4132-826a-8d5e55e11f99', 'project_id': '5571c58284954acd84914a7520e929be', 'protocol': 'tcp', 'port_range_min': 22, 'port_range_max': 22, 'direction': 'egress'}} {{(pid=102526) prepare_request_body /opt/stack/neutron/neutron/api/v2/base.py:729}}
Feb 10 23:02:58.428007 dv-osbrick-828802-1-smb neutron-server[102525]: DEBUG neutron.api.rpc.handlers.resources_rpc [None req-78b4d81c-1a8f-4f46-b6ae-7a39b3e7be1b service neutron] Pushing event updated for resources: {'Port': ['ID=7f0ab167-156c-4e1f-911d-061b828d46e1,revision_number=2']} {{(pid=102525) push /opt/stack/neutron/neutron/api/rpc/handlers/resources_rpc.py:237}}
Feb 10 23:02:58.432693 dv-osbrick-828802-1-smb neutron-server[102525]: DEBUG neutron.plugins.ml2.managers [req-c392b438-8534-4445-9163-64282abb3ab9 req-78b4d81c-1a8f-4f46-b6ae-7a39b3e7be1b service neutron] Attempting to bind port 7f0ab167-156c-4e1f-911d-061b828d46e1 on host hv-osbrick-8288 for vnic_type normal with profile {{(pid=102525) bind_port /opt/stack/neutron/neutron/plugins/ml2/managers.py:795}}
Feb 10 23:02:58.433027 dv-osbrick-828802-1-smb neutron-server[102525]: DEBUG neutron.plugins.ml2.managers [req-c392b438-8534-4445-9163-64282abb3ab9 req-78b4d81c-1a8f-4f46-b6ae-7a39b3e7be1b service neutron] Attempting to bind port 7f0ab167-156c-4e1f-911d-061b828d46e1 by drivers openvswitch,hyperv on host hv-osbrick-8288 at level 0 using segments [{'id': '1bbe4e48-bd30-4e27-8426-814f5a1064d7', 'network_type': 'vlan', 'physical_network': 'physnet1', 'segmentation_id': 440, 'network_id': 'd87ee9c0-53fc-4c51-8e9a-ad37f811b5b7'}] {{(pid=102525) _bind_port_level /opt/stack/neutron/neutron/plugins/ml2/managers.py:820}}
Feb 10 23:02:58.433353 dv-osbrick-828802-1-smb neutron-server[102525]: DEBUG neutron.plugins.ml2.drivers.mech_agent [req-c392b438-8534-4445-9163-64282abb3ab9 req-78b4d81c-1a8f-4f46-b6ae-7a39b3e7be1b service neutron] Attempting to bind port 7f0ab167-156c-4e1f-911d-061b828d46e1 on network d87ee9c0-53fc-4c51-8e9a-ad37f811b5b7 {{(pid=102525) bind_port /opt/stack/neutron/neutron/plugins/ml2/drivers/mech_agent.py:91}}
