Jan 23 18:45:59.483418 dv-osbrick-823654-2-ceph neutron-server[112595]: INFO neutron.wsgi [req-d83c08a2-47f1-4658-b284-6e92135ae7a8 req-99aa88dc-c77e-4882-9d39-c3c48e8c75dd tempest-TestMinimumBasicScenario-885099118 tempest-TestMinimumBasicScenario-885099118-project] 10.222.0.72 "GET /v2.0/security-groups?id=8182e101-1ca4-475d-8ca7-6323b3394d00&fields=id&fields=name HTTP/1.1" status: 200 len: 286 time: 0.0551310
Jan 23 18:45:59.896765 dv-osbrick-823654-2-ceph neutron-server[112595]: DEBUG neutron.pecan_wsgi.hooks.policy_enforcement [req-c2a420cb-e659-4b18-9561-ba735eaae7cb req-6a82feee-f87f-4e90-b419-1fa8cd1b3167 tempest-TestMinimumBasicScenario-885099118 tempest-TestMinimumBasicScenario-885099118-project] Attributes excluded by policy engine: ['standard_attr_id', 'binding:profile', 'binding:host_id', 'binding:vif_type', 'binding:vif_details'] {{(pid=112595) _exclude_attributes_by_policy /opt/stack/neutron/neutron/pecan_wsgi/hooks/policy_enforcement.py:255}}
Jan 23 18:45:59.898377 dv-osbrick-823654-2-ceph neutron-server[112595]: INFO neutron.wsgi [req-c2a420cb-e659-4b18-9561-ba735eaae7cb req-6a82feee-f87f-4e90-b419-1fa8cd1b3167 tempest-TestMinimumBasicScenario-885099118 tempest-TestMinimumBasicScenario-885099118-project] 10.222.0.72 "GET /v2.0/ports?device_id=9acd4fd5-c216-422e-b123-6e4015657c7a HTTP/1.1" status: 200 len: 946 time: 0.0600955
Jan 23 18:45:59.966479 dv-osbrick-823654-2-ceph neutron-server[112595]: INFO neutron.wsgi [req-c2a420cb-e659-4b18-9561-ba735eaae7cb req-afd5a3bb-7d46-4fd2-ab31-9d89c40e7da7 tempest-TestMinimumBasicScenario-885099118 tempest-TestMinimumBasicScenario-885099118-project] 10.222.0.72 "GET /v2.0/security-groups?id=8182e101-1ca4-475d-8ca7-6323b3394d00&fields=id&fields=name HTTP/1.1" status: 200 len: 286 time: 0.0586538
Jan 23 18:46:00.966951 dv-osbrick-823654-2-ceph neutron-server[112596]: DEBUG neutron_lib.callbacks.manager [None req-87e44f6c-5bcc-4fd0-ae3c-b558ce6265bc None None] Publish callbacks ['neutron.services.segments.db._update_segment_host_mapping_for_agent-8731451762445', 'neutron.plugins.ml2.plugin.Ml2Plugin._retry_binding_revived_agents-977063'] for agent (46c6efff-45d1-44ca-964f-c057b583ee7e), after_update {{(pid=112596) _notify_loop /usr/local/lib/python3.8/dist-packages/neutron_lib/callbacks/manager.py:176}}
Jan 23 18:46:03.627934 dv-osbrick-823654-2-ceph neutron-server[112596]: DEBUG neutron_lib.callbacks.manager [None req-319a9e89-128b-4b16-8abf-ec8042d39501 None None] Publish callbacks ['neutron.services.segments.db._update_segment_host_mapping_for_agent-8731451762445', 'neutron.plugins.ml2.plugin.Ml2Plugin._retry_binding_revived_agents-977063'] for agent (44d04bbd-5e3f-450d-8b40-111707678d51), after_update {{(pid=112596) _notify_loop /usr/local/lib/python3.8/dist-packages/neutron_lib/callbacks/manager.py:176}}
Jan 23 18:46:05.151129 dv-osbrick-823654-2-ceph neutron-server[112596]: DEBUG neutron_lib.callbacks.manager [None req-d46feb81-1f21-4ee8-8316-b8c9ab9d9f63 None None] Publish callbacks ['neutron.services.segments.db._update_segment_host_mapping_for_agent-8731451762445', 'neutron.plugins.ml2.plugin.Ml2Plugin._retry_binding_revived_agents-977063'] for agent (758bb95f-f420-4845-896c-1407ebd8209e), after_update {{(pid=112596) _notify_loop /usr/local/lib/python3.8/dist-packages/neutron_lib/callbacks/manager.py:176}}
Jan 23 18:46:06.866252 dv-osbrick-823654-2-ceph neutron-server[112595]: DEBUG neutron.pecan_wsgi.hooks.policy_enforcement [req-2c4e1ed9-58bc-419c-8bf0-6283f3054f28 req-3d252433-d5cb-4693-8dce-a5af1df976db tempest-TestMinimumBasicScenario-885099118 tempest-TestMinimumBasicScenario-885099118-project] Attributes excluded by policy engine: ['standard_attr_id', 'binding:profile', 'binding:host_id', 'binding:vif_type', 'binding:vif_details'] {{(pid=112595) _exclude_attributes_by_policy /opt/stack/neutron/neutron/pecan_wsgi/hooks/policy_enforcement.py:255}}
Jan 23 18:46:06.867685 dv-osbrick-823654-2-ceph neutron-server[112595]: INFO neutron.wsgi [req-2c4e1ed9-58bc-419c-8bf0-6283f3054f28 req-3d252433-d5cb-4693-8dce-a5af1df976db tempest-TestMinimumBasicScenario-885099118 tempest-TestMinimumBasicScenario-885099118-project] 10.222.0.72 "GET /v2.0/ports?device_id=9acd4fd5-c216-422e-b123-6e4015657c7a HTTP/1.1" status: 200 len: 946 time: 0.0548978
Jan 23 18:46:06.930393 dv-osbrick-823654-2-ceph neutron-server[112595]: INFO neutron.wsgi [req-2c4e1ed9-58bc-419c-8bf0-6283f3054f28 req-de58a0b9-2b7c-428c-a9be-4581771c8721 tempest-TestMinimumBasicScenario-885099118 tempest-TestMinimumBasicScenario-885099118-project] 10.222.0.72 "GET /v2.0/security-groups?id=8182e101-1ca4-475d-8ca7-6323b3394d00&fields=id&fields=name HTTP/1.1" status: 200 len: 286 time: 0.0549898
Jan 23 18:46:06.966359 dv-osbrick-823654-2-ceph neutron-server[112594]: DEBUG neutron.wsgi [-] (112594) accepted ('10.222.0.72', 45274) {{(pid=112594) server /usr/local/lib/python3.8/dist-packages/eventlet/wsgi.py:1004}}
Jan 23 18:46:07.085747 dv-osbrick-823654-2-ceph neutron-server[112594]: DEBUG neutron.pecan_wsgi.hooks.policy_enforcement [None req-51990f8c-ce1e-4a26-b592-4b471e7231c5 tempest-TestMinimumBasicScenario-1565347031 tempest-TestMinimumBasicScenario-1565347031-project-admin] Attributes excluded by policy engine: ['standard_attr_id'] {{(pid=112594) _exclude_attributes_by_policy /opt/stack/neutron/neutron/pecan_wsgi/hooks/policy_enforcement.py:255}}
Jan 23 18:46:07.090099 dv-osbrick-823654-2-ceph neutron-server[112594]: INFO neutron.wsgi [None req-51990f8c-ce1e-4a26-b592-4b471e7231c5 tempest-TestMinimumBasicScenario-1565347031 tempest-TestMinimumBasicScenario-1565347031-project-admin] 10.222.0.72 "GET /v2.0/ports?device_id=9acd4fd5-c216-422e-b123-6e4015657c7a HTTP/1.1" status: 200 len: 1094 time: 0.1197648
Jan 23 18:46:07.090292 dv-osbrick-823654-2-ceph neutron-server[112594]: DEBUG neutron.wsgi [-] (112594) accepted ('10.222.0.72', 45278) {{(pid=112594) server /usr/local/lib/python3.8/dist-packages/eventlet/wsgi.py:1004}}
Jan 23 18:46:07.094863 dv-osbrick-823654-2-ceph neutron-server[112594]: DEBUG neutron.api.v2.base [None req-bc604b5a-b455-40d8-9e68-864906e8a177 tempest-TestMinimumBasicScenario-885099118 tempest-TestMinimumBasicScenario-885099118-project] Request body: {'floatingip': {'floating_network_id': 'e9dfbfad-5cdd-4a7d-8575-906d7969db75', 'port_id': '09cdc8c9-ff18-4056-b973-ff183ebd8314', 'tenant_id': '03219398e8c947dd8903847918a739a5', 'fixed_ip_address': '172.20.0.11'}} {{(pid=112594) prepare_request_body /opt/stack/neutron/neutron/api/v2/base.py:729}}
Jan 23 18:46:07.135692 dv-osbrick-823654-2-ceph neutron-server[112594]: DEBUG neutron_lib.callbacks.manager [None req-bc604b5a-b455-40d8-9e68-864906e8a177 tempest-TestMinimumBasicScenario-885099118 tempest-TestMinimumBasicScenario-885099118-project] Publish callbacks [] for floatingip (None), before_create {{(pid=112594) _notify_loop /usr/local/lib/python3.8/dist-packages/neutron_lib/callbacks/manager.py:176}}
Jan 23 18:46:07.167922 dv-osbrick-823654-2-ceph neutron-server[112597]: DEBUG neutron.db.agents_db [None req-ad013e20-9282-42a6-9695-f0522f29a5e6 None None] Agent healthcheck: found 5 active agents {{(pid=112597) agent_health_check /opt/stack/neutron/neutron/db/agents_db.py:317}}
Jan 23 18:46:07.263539 dv-osbrick-823654-2-ceph neutron-server[112594]: DEBUG neutron_lib.callbacks.manager [None req-bc604b5a-b455-40d8-9e68-864906e8a177 tempest-TestMinimumBasicScenario-885099118 tempest-TestMinimumBasicScenario-885099118-project] Publish callbacks ['neutron.plugins.ml2.plugin.SecurityGroupDbMixin._ensure_default_security_group_handler-931105'] for port (None), before_create {{(pid=112594) _notify_loop /usr/local/lib/python3.8/dist-packages/neutron_lib/callbacks/manager.py:176}}
Jan 23 18:46:07.398921 dv-osbrick-823654-2-ceph neutron-server[112594]: DEBUG neutron.db.db_base_plugin_common [None req-bc604b5a-b455-40d8-9e68-864906e8a177 tempest-TestMinimumBasicScenario-885099118 tempest-TestMinimumBasicScenario-885099118-project] Allocated IP 172.31.1.145 (e9dfbfad-5cdd-4a7d-8575-906d7969db75/b2a3fed1-2d61-419a-b3f6-cfeac1b78e43/9d358838-9a3b-403c-bec7-115cfde1b4e8) {{(pid=112594) _store_ip_allocation /opt/stack/neutron/neutron/db/db_base_plugin_common.py:131}}
Jan 23 18:46:07.542636 dv-osbrick-823654-2-ceph neutron-server[112596]: DEBUG neutron_lib.callbacks.manager [None req-44dca1be-34e6-4b36-9a01-78eb0257d7c7 None None] Publish callbacks ['neutron.services.segments.db._update_segment_host_mapping_for_agent-8731451762445', 'neutron.plugins.ml2.plugin.Ml2Plugin._retry_binding_revived_agents-977063'] for agent (f8d5fdd3-e82f-42f7-a5b1-f5e568fa1a2f), after_update {{(pid=112596) _notify_loop /usr/local/lib/python3.8/dist-packages/neutron_lib/callbacks/manager.py:176}}
Jan 23 18:46:07.555172 dv-osbrick-823654-2-ceph neutron-server[112594]: DEBUG neutron_lib.callbacks.manager [None req-bc604b5a-b455-40d8-9e68-864906e8a177 tempest-TestMinimumBasicScenario-885099118 tempest-TestMinimumBasicScenario-885099118-project] Publish callbacks [] for port (9d358838-9a3b-403c-bec7-115cfde1b4e8), precommit_create {{(pid=112594) _notify_loop /usr/local/lib/python3.8/dist-packages/neutron_lib/callbacks/manager.py:176}}
Jan 23 18:46:07.595368 dv-osbrick-823654-2-ceph neutron-server[112594]: DEBUG neutron_lib.callbacks.manager [None req-bc604b5a-b455-40d8-9e68-864906e8a177 tempest-TestMinimumBasicScenario-885099118 tempest-TestMinimumBasicScenario-885099118-project] Publish callbacks ['neutron.plugins.ml2.plugin.SecurityGroupServerNotifierRpcMixin._notify_sg_on_port_change-931639', 'neutron.plugins.ml2.ovo_rpc._ObjectChangeHandler.handle_event-399575', 'neutron.api.rpc.agentnotifiers.dhcp_rpc_agent_api.DhcpAgentNotifyAPI._native_event_send_dhcp_notification-1609888', 'neutron.db.l3_dvrscheduler_db._notify_l3_agent_new_port-8731451241638'] for port (9d358838-9a3b-403c-bec7-115cfde1b4e8), after_create {{(pid=112594) _notify_loop /usr/local/lib/python3.8/dist-packages/neutron_lib/callbacks/manager.py:176}}
Jan 23 18:46:07.641644 dv-osbrick-823654-2-ceph neutron-server[112594]: DEBUG neutron.scheduler.dhcp_agent_scheduler [None req-bc604b5a-b455-40d8-9e68-864906e8a177 tempest-TestMinimumBasicScenario-885099118 tempest-TestMinimumBasicScenario-885099118-project] Network e9dfbfad-5cdd-4a7d-8575-906d7969db75 is already hosted by enough agents. {{(pid=112594) _get_dhcp_agents_hosting_network /opt/stack/neutron/neutron/scheduler/dhcp_agent_scheduler.py:275}}
Jan 23 18:46:07.648540 dv-osbrick-823654-2-ceph neutron-server[112594]: DEBUG neutron.api.rpc.handlers.resources_rpc [None req-bc604b5a-b455-40d8-9e68-864906e8a177 tempest-TestMinimumBasicScenario-885099118 tempest-TestMinimumBasicScenario-885099118-project] Pushing event updated for resources: {'Port': ['ID=9d358838-9a3b-403c-bec7-115cfde1b4e8,revision_number=1']} {{(pid=112594) push /opt/stack/neutron/neutron/api/rpc/handlers/resources_rpc.py:237}}
Jan 23 18:46:07.651402 dv-osbrick-823654-2-ceph neutron-server[112594]: DEBUG neutron.scheduler.base_scheduler [None req-bc604b5a-b455-40d8-9e68-864906e8a177 tempest-TestMinimumBasicScenario-885099118 tempest-TestMinimumBasicScenario-885099118-project] Resources bound (agent type, host, resource id): {{(pid=112594) schedule /opt/stack/neutron/neutron/scheduler/base_scheduler.py:57}}
Jan 23 18:46:07.653312 dv-osbrick-823654-2-ceph neutron-server[112594]: DEBUG neutron.db.l3_dvrscheduler_db [None req-bc604b5a-b455-40d8-9e68-864906e8a177 tempest-TestMinimumBasicScenario-885099118 tempest-TestMinimumBasicScenario-885099118-project] Received port after_create {{(pid=112594) _notify_l3_agent_new_port /opt/stack/neutron/neutron/db/l3_dvrscheduler_db.py:536}}
Jan 23 18:46:08.354430 dv-osbrick-823654-2-ceph neutron-server[112594]: DEBUG neutron_lib.callbacks.manager [None req-bc604b5a-b455-40d8-9e68-864906e8a177 tempest-TestMinimumBasicScenario-885099118 tempest-TestMinimumBasicScenario-885099118-project] Publish callbacks [] for floatingip (ede756fa-3663-45d2-811c-d8eced59b27a), precommit_create {{(pid=112594) _notify_loop /usr/local/lib/python3.8/dist-packages/neutron_lib/callbacks/manager.py:176}}
Jan 23 18:46:08.469193 dv-osbrick-823654-2-ceph neutron-server[112594]: DEBUG neutron_lib.callbacks.manager [None req-bc604b5a-b455-40d8-9e68-864906e8a177 tempest-TestMinimumBasicScenario-885099118 tempest-TestMinimumBasicScenario-885099118-project] Publish callbacks ['neutron.plugins.ml2.plugin.SecurityGroupDbMixin._ensure_default_security_group_handler-931105'] for port (9d358838-9a3b-403c-bec7-115cfde1b4e8), before_update {{(pid=112594) _notify_loop /usr/local/lib/python3.8/dist-packages/neutron_lib/callbacks/manager.py:176}}
Jan 23 18:46:08.666051 dv-osbrick-823654-2-ceph neutron-server[112594]: DEBUG neutron_lib.callbacks.manager [None req-bc604b5a-b455-40d8-9e68-864906e8a177 tempest-TestMinimumBasicScenario-885099118 tempest-TestMinimumBasicScenario-885099118-project] Publish callbacks [] for port (9d358838-9a3b-403c-bec7-115cfde1b4e8), precommit_update {{(pid=112594) _notify_loop /usr/local/lib/python3.8/dist-packages/neutron_lib/callbacks/manager.py:176}}
Jan 23 18:46:08.671366 dv-osbrick-823654-2-ceph neutron-server[112594]: DEBUG neutron_lib.callbacks.manager [None req-bc604b5a-b455-40d8-9e68-864906e8a177 tempest-TestMinimumBasicScenario-885099118 tempest-TestMinimumBasicScenario-885099118-project] Publish callbacks ['neutron.plugins.ml2.plugin.SecurityGroupServerNotifierRpcMixin._notify_sg_on_port_change-931639', 'neutron.plugins.ml2.ovo_rpc._ObjectChangeHandler.handle_event-399575', 'neutron.api.rpc.agentnotifiers.dhcp_rpc_agent_api.DhcpAgentNotifyAPI._native_event_send_dhcp_notification-1609888', 'neutron.db.l3_db.L3RpcNotifierMixin._notify_gateway_port_ip_changed-8731451676609', 'neutron.db.l3_dvrscheduler_db._notify_l3_agent_port_update-8731451241656', 'neutron.db.l3_hascheduler_db._notify_l3_agent_ha_port_update-8731451241674'] for port (9d358838-9a3b-403c-bec7-115cfde1b4e8), after_update {{(pid=112594) _notify_loop /usr/local/lib/python3.8/dist-packages/neutron_lib/callbacks/manager.py:176}}
Jan 23 18:46:08.710145 dv-osbrick-823654-2-ceph neutron-server[112594]: DEBUG neutron_lib.callbacks.manager [None req-bc604b5a-b455-40d8-9e68-864906e8a177 tempest-TestMinimumBasicScenario-885099118 tempest-TestMinimumBasicScenario-885099118-project] Publish callbacks ['neutron.services.l3_router.l3_router_plugin.DVRResourceOperationHandler._create_dvr_floating_gw_port-1992261'] for floatingip (ede756fa-3663-45d2-811c-d8eced59b27a), after_create {{(pid=112594) _notify_loop /usr/local/lib/python3.8/dist-packages/neutron_lib/callbacks/manager.py:176}}
Jan 23 18:46:08.780101 dv-osbrick-823654-2-ceph neutron-server[112594]: DEBUG neutron.api.rpc.handlers.resources_rpc [None req-bc604b5a-b455-40d8-9e68-864906e8a177 tempest-TestMinimumBasicScenario-885099118 tempest-TestMinimumBasicScenario-885099118-project] Pushing event updated for resources: {'Port': ['ID=9d358838-9a3b-403c-bec7-115cfde1b4e8,revision_number=2']} {{(pid=112594) push /opt/stack/neutron/neutron/api/rpc/handlers/resources_rpc.py:237}}
Jan 23 18:46:08.844897 dv-osbrick-823654-2-ceph neutron-server[112594]: INFO neutron.db.l3_db [None req-bc604b5a-b455-40d8-9e68-864906e8a177 tempest-TestMinimumBasicScenario-885099118 tempest-TestMinimumBasicScenario-885099118-project] Floating IP ede756fa-3663-45d2-811c-d8eced59b27a associated. External IP: 172.31.1.145, port: 09cdc8c9-ff18-4056-b973-ff183ebd8314.
Jan 23 18:46:09.109095 dv-osbrick-823654-2-ceph neutron-server[112594]: DEBUG neutron.scheduler.l3_agent_scheduler [None req-bc604b5a-b455-40d8-9e68-864906e8a177 tempest-TestMinimumBasicScenario-885099118 tempest-TestMinimumBasicScenario-885099118-project] Router cdc16451-3227-4572-b0e0-602446f28160 has already been hosted by L3 agent 44d04bbd-5e3f-450d-8b40-111707678d51 {{(pid=112594) _get_candidates /opt/stack/neutron/neutron/scheduler/l3_agent_scheduler.py:126}}
Jan 23 18:46:09.232153 dv-osbrick-823654-2-ceph neutron-server[112594]: DEBUG neutron.api.rpc.agentnotifiers.l3_rpc_agent_api [None req-bc604b5a-b455-40d8-9e68-864906e8a177 tempest-TestMinimumBasicScenario-885099118 tempest-TestMinimumBasicScenario-885099118-project] Notify agent at l3_agent.dv-osbrick-823654-2-ceph the message routers_updated {{(pid=112594) _agent_notification /opt/stack/neutron/neutron/api/rpc/agentnotifiers/l3_rpc_agent_api.py:65}}
Jan 23 18:46:09.247290 dv-osbrick-823654-2-ceph neutron-server[112596]: DEBUG neutron.api.rpc.handlers.l3_rpc [None req-ccbf245d-7e7b-491b-bcc5-71888cac0e17 None None] Sync routers for ids ['cdc16451-3227-4572-b0e0-602446f28160'] in dv-osbrick-823654-2-ceph {{(pid=112596) sync_routers /opt/stack/neutron/neutron/api/rpc/handlers/l3_rpc.py:125}}
Jan 23 18:46:09.258972 dv-osbrick-823654-2-ceph neutron-server[112596]: DEBUG neutron.db.l3_dvrscheduler_db [None req-ccbf245d-7e7b-491b-bcc5-71888cac0e17 None None] Routers {'cdc16451-3227-4572-b0e0-602446f28160'} bound to L3 agent in host dv-osbrick-823654-2-ceph {{(pid=112596) _get_router_ids_for_agent /opt/stack/neutron/neutron/db/l3_dvrscheduler_db.py:421}}
Jan 23 18:46:09.259472 dv-osbrick-823654-2-ceph neutron-server[112594]: DEBUG neutron_lib.callbacks.manager [None req-bc604b5a-b455-40d8-9e68-864906e8a177 tempest-TestMinimumBasicScenario-885099118 tempest-TestMinimumBasicScenario-885099118-project] Publish callbacks ['neutron.notifiers.nova.Notifier._send_nova_notification-30823'] for floatingip (None), before_response {{(pid=112594) _notify_loop /usr/local/lib/python3.8/dist-packages/neutron_lib/callbacks/manager.py:176}}
Jan 23 18:46:09.259890 dv-osbrick-823654-2-ceph neutron-server[112596]: DEBUG neutron.db.l3_hamode_db [None req-ccbf245d-7e7b-491b-bcc5-71888cac0e17 None None] neutron.services.l3_router.l3_router_plugin.L3RouterPlugin method get_ha_sync_data_for_host called with arguments (, 'dv-osbrick-823654-2-ceph', Agent(admin_state_up=True,agent_type='L3 agent',availability_zone='nova',binary='neutron-l3-agent',configurations={"agent_mode": "legacy", "ex_gw_ports": 5, "extensions": [], "floating_ips": 0, "handle_internal_only_routers": true, "interface_driver": "openvswitch", "interfaces": 5, "log_agent_heartbeats": false, "routers": 5},created_at=2022-01-23T18:37:34Z,description=,heartbeat_timestamp=2022-01-23T18:46:04Z,host='dv-osbrick-823654-2-ceph',id=44d04bbd-5e3f-450d-8b40-111707678d51,load=0,resource_versions=,resources_synced=,started_at=2022-01-23T18:37:34Z,topic='l3_agent')) {'router_ids': ['cdc16451-3227-4572-b0e0-602446f28160'], 'active': True} {{(pid=112596) wrapper /usr/local/lib/python3.8/dist-packages/oslo_log/helpers.py:65}}
Jan 23 18:46:09.297407 dv-osbrick-823654-2-ceph neutron-server[112594]: INFO neutron.wsgi [None req-bc604b5a-b455-40d8-9e68-864906e8a177 tempest-TestMinimumBasicScenario-885099118 tempest-TestMinimumBasicScenario-885099118-project] 10.222.0.72 "POST /v2.0/floatingips HTTP/1.1" status: 201 len: 997 time: 2.2059360
Jan 23 18:46:09.298898 dv-osbrick-823654-2-ceph neutron-server[112594]: DEBUG neutron.notifiers.nova [-] Sending events: [{'name': 'network-changed', 'server_uuid': '9acd4fd5-c216-422e-b123-6e4015657c7a', 'tag': '09cdc8c9-ff18-4056-b973-ff183ebd8314'}] {{(pid=112594) send_events /opt/stack/neutron/neutron/notifiers/nova.py:262}}
Jan 23 18:46:09.301555 dv-osbrick-823654-2-ceph neutron-server[112594]: DEBUG novaclient.v2.client [-] REQ: curl -g -i --cacert "/opt/stack/data/ca-bundle.pem" -X POST http://10.222.0.72/compute/v2.1/os-server-external-events -H "Accept: application/json" -H "Content-Type: application/json" -H "User-Agent: python-novaclient" -H "X-Auth-Token: {SHA256}91b9829c9100fd28b9364e2d9d1ee0ea5f237fef957d91cd520779dc9b9e6172" -H "X-OpenStack-Nova-API-Version: 2.1" -H "X-OpenStack-Request-ID: req-58392439-20d8-4aae-ab83-0e94ab072a18" -d '{"events": [{"name": "network-changed", "server_uuid": "9acd4fd5-c216-422e-b123-6e4015657c7a", "tag": "09cdc8c9-ff18-4056-b973-ff183ebd8314"}]}' {{(pid=112594) _http_log_request /usr/local/lib/python3.8/dist-packages/keystoneauth1/session.py:519}}
Jan 23 18:46:09.301955 dv-osbrick-823654-2-ceph neutron-server[112595]: DEBUG neutron.wsgi [-] (112595) accepted ('10.222.0.72', 45284) {{(pid=112595) server /usr/local/lib/python3.8/dist-packages/eventlet/wsgi.py:1004}}
Jan 23 18:46:09.306855 dv-osbrick-823654-2-ceph neutron-server[112595]: DEBUG neutron.api.v2.base [None req-e682f6fa-8349-4c65-b20b-d2fa26092c18 tempest-TestMinimumBasicScenario-885099118 tempest-TestMinimumBasicScenario-885099118-project] Request body: {'security_group': {'name': 'tempest-secgroup-smoke-1400002535', 'description': 'tempest-secgroup-smoke-1400002535 description', 'project_id': '03219398e8c947dd8903847918a739a5'}} {{(pid=112595) prepare_request_body /opt/stack/neutron/neutron/api/v2/base.py:729}}
Jan 23 18:46:09.359597 dv-osbrick-823654-2-ceph neutron-server[112594]: DEBUG novaclient.v2.client [-] RESP: [200] Connection: close Content-Length: 179 Content-Type: application/json Date: Sun, 23 Jan 2022 18:46:09 GMT OpenStack-API-Version: compute 2.1 Server: Apache/2.4.41 (Ubuntu) Vary: OpenStack-API-Version,X-OpenStack-Nova-API-Version X-OpenStack-Nova-API-Version: 2.1 x-compute-request-id: req-46de4618-03b6-4b22-97bb-471de42f0675 x-openstack-request-id: req-46de4618-03b6-4b22-97bb-471de42f0675 {{(pid=112594) _http_log_response /usr/local/lib/python3.8/dist-packages/keystoneauth1/session.py:550}}
Jan 23 18:46:09.361287 dv-osbrick-823654-2-ceph neutron-server[112594]: DEBUG novaclient.v2.client [-] RESP BODY: {"events": [{"name": "network-changed", "server_uuid": "9acd4fd5-c216-422e-b123-6e4015657c7a", "tag": "09cdc8c9-ff18-4056-b973-ff183ebd8314", "status": "completed", "code": 200}]} {{(pid=112594) _http_log_response /usr/local/lib/python3.8/dist-packages/keystoneauth1/session.py:582}}
Jan 23 18:46:09.361287 dv-osbrick-823654-2-ceph neutron-server[112594]: DEBUG novaclient.v2.client [-] POST call to compute for http://10.222.0.72/compute/v2.1/os-server-external-events used request id req-46de4618-03b6-4b22-97bb-471de42f0675 {{(pid=112594) request /usr/local/lib/python3.8/dist-packages/keystoneauth1/session.py:954}}
Jan 23 18:46:09.361287 dv-osbrick-823654-2-ceph neutron-server[112594]: INFO neutron.notifiers.nova [-] Nova event response: {'name': 'network-changed', 'server_uuid': '9acd4fd5-c216-422e-b123-6e4015657c7a', 'tag': '09cdc8c9-ff18-4056-b973-ff183ebd8314', 'status': 'completed', 'code': 200}
Jan 23 18:46:09.366975 dv-osbrick-823654-2-ceph neutron-server[112595]: DEBUG neutron_lib.callbacks.manager [None req-e682f6fa-8349-4c65-b20b-d2fa26092c18 tempest-TestMinimumBasicScenario-885099118 tempest-TestMinimumBasicScenario-885099118-project] Publish callbacks [] for security_group (None), before_create {{(pid=112595) _notify_loop /usr/local/lib/python3.8/dist-packages/neutron_lib/callbacks/manager.py:176}}
Jan 23 18:46:09.446741 dv-osbrick-823654-2-ceph neutron-server[112594]: DEBUG neutron.pecan_wsgi.hooks.policy_enforcement [req-58392439-20d8-4aae-ab83-0e94ab072a18 req-a1853d73-91f9-4f3f-9f2c-c8dcf22bb85f service neutron] Attributes excluded by policy engine: ['standard_attr_id'] {{(pid=112594) _exclude_attributes_by_policy /opt/stack/neutron/neutron/pecan_wsgi/hooks/policy_enforcement.py:255}}
Jan 23 18:46:09.448565 dv-osbrick-823654-2-ceph neutron-server[112594]: INFO neutron.wsgi [req-58392439-20d8-4aae-ab83-0e94ab072a18 req-a1853d73-91f9-4f3f-9f2c-c8dcf22bb85f service neutron] 10.222.0.88 "GET /v2.0/ports?tenant_id=03219398e8c947dd8903847918a739a5&device_id=9acd4fd5-c216-422e-b123-6e4015657c7a HTTP/1.1" status: 200 len: 1099 time: 0.0526953
Jan 23 18:46:09.464911 dv-osbrick-823654-2-ceph neutron-server[112595]: DEBUG neutron_lib.callbacks.manager [None req-e682f6fa-8349-4c65-b20b-d2fa26092c18 tempest-TestMinimumBasicScenario-885099118 tempest-TestMinimumBasicScenario-885099118-project] Publish callbacks [] for security_group (e3ff5ff7-966c-48bb-a259-540eb1c9548f), precommit_create {{(pid=112595) _notify_loop /usr/local/lib/python3.8/dist-packages/neutron_lib/callbacks/manager.py:176}}
Jan 23 18:46:09.470535 dv-osbrick-823654-2-ceph neutron-server[112595]: DEBUG neutron_lib.callbacks.manager [None req-e682f6fa-8349-4c65-b20b-d2fa26092c18 tempest-TestMinimumBasicScenario-885099118 tempest-TestMinimumBasicScenario-885099118-project] Publish callbacks ['neutron.plugins.ml2.ovo_rpc._ObjectChangeHandler.handle_event-1700289'] for security_group (e3ff5ff7-966c-48bb-a259-540eb1c9548f), after_create {{(pid=112595) _notify_loop /usr/local/lib/python3.8/dist-packages/neutron_lib/callbacks/manager.py:176}}
Jan 23 18:46:09.515563 dv-osbrick-823654-2-ceph neutron-server[112596]: DEBUG neutron.db.l3_dvr_db [None req-ccbf245d-7e7b-491b-bcc5-71888cac0e17 None None] Set router cdc16451-3227-4572-b0e0-602446f28160 gateway port host: dv-osbrick-823654-2-ceph {{(pid=112596) _build_routers_list /opt/stack/neutron/neutron/db/l3_dvr_db.py:906}}
Jan 23 18:46:09.518826 dv-osbrick-823654-2-ceph neutron-server[112595]: DEBUG neutron_lib.callbacks.manager [None req-e682f6fa-8349-4c65-b20b-d2fa26092c18 tempest-TestMinimumBasicScenario-885099118 tempest-TestMinimumBasicScenario-885099118-project] Publish callbacks [] for security_group (None), before_response {{(pid=112595) _notify_loop /usr/local/lib/python3.8/dist-packages/neutron_lib/callbacks/manager.py:176}}
Jan 23 18:46:09.520145 dv-osbrick-823654-2-ceph neutron-server[112595]: INFO neutron.wsgi [None req-e682f6fa-8349-4c65-b20b-d2fa26092c18 tempest-TestMinimumBasicScenario-885099118 tempest-TestMinimumBasicScenario-885099118-project] 10.222.0.72 "POST /v2.0/security-groups HTTP/1.1" status: 201 len: 1809 time: 0.2171190
Jan 23 18:46:09.521980 dv-osbrick-823654-2-ceph neutron-server[112595]: DEBUG neutron.api.rpc.handlers.resources_rpc [None req-e682f6fa-8349-4c65-b20b-d2fa26092c18 tempest-TestMinimumBasicScenario-885099118 tempest-TestMinimumBasicScenario-885099118-project] Pushing event updated for resources: {'SecurityGroup': ['ID=e3ff5ff7-966c-48bb-a259-540eb1c9548f,revision_number=1']} {{(pid=112595) push /opt/stack/neutron/neutron/api/rpc/handlers/resources_rpc.py:237}}
Jan 23 18:46:09.524315 dv-osbrick-823654-2-ceph neutron-server[112595]: DEBUG neutron.wsgi [-] (112595) accepted ('10.222.0.72', 45288) {{(pid=112595) server /usr/local/lib/python3.8/dist-packages/eventlet/wsgi.py:1004}}
Jan 23 18:46:09.529085 dv-osbrick-823654-2-ceph neutron-server[112595]: DEBUG neutron.api.v2.base [None req-53f6546e-5e6b-402b-bb50-774c0d1f5da4 tempest-TestMinimumBasicScenario-885099118 tempest-TestMinimumBasicScenario-885099118-project] Request body: {'security_group_rule': {'security_group_id': 'e3ff5ff7-966c-48bb-a259-540eb1c9548f', 'project_id': '03219398e8c947dd8903847918a739a5', 'protocol': 'tcp', 'port_range_min': 22, 'port_range_max': 22, 'direction': 'ingress'}} {{(pid=112595) prepare_request_body /opt/stack/neutron/neutron/api/v2/base.py:729}}
Jan 23 18:46:09.581057 dv-osbrick-823654-2-ceph neutron-server[112595]: DEBUG neutron_lib.callbacks.manager [None req-53f6546e-5e6b-402b-bb50-774c0d1f5da4 tempest-TestMinimumBasicScenario-885099118 tempest-TestMinimumBasicScenario-885099118-project] Publish callbacks [] for security_group_rule (524266de-ded1-43ea-8544-3bcaf01befcd), before_create {{(pid=112595) _notify_loop /usr/local/lib/python3.8/dist-packages/neutron_lib/callbacks/manager.py:176}}
Jan 23 18:46:09.592402 dv-osbrick-823654-2-ceph neutron-server[112594]: DEBUG neutron.pecan_wsgi.hooks.policy_enforcement [req-58392439-20d8-4aae-ab83-0e94ab072a18 req-8ac1c321-629c-4feb-89a2-c7aff5ad1f95 service neutron] Attributes excluded by policy engine: ['standard_attr_id', 'vlan_transparent'] {{(pid=112594) _exclude_attributes_by_policy /opt/stack/neutron/neutron/pecan_wsgi/hooks/policy_enforcement.py:255}}
Jan 23 18:46:09.593916 dv-osbrick-823654-2-ceph neutron-server[112594]: INFO neutron.wsgi [req-58392439-20d8-4aae-ab83-0e94ab072a18 req-8ac1c321-629c-4feb-89a2-c7aff5ad1f95 service neutron] 10.222.0.88 "GET /v2.0/networks?id=216f4a9b-6dbe-479d-bbc6-46ee16458ea3 HTTP/1.1" status: 200 len: 915 time: 0.1372962
Jan 23 18:46:09.701463 dv-osbrick-823654-2-ceph neutron-server[112595]: DEBUG neutron_lib.callbacks.manager [None req-53f6546e-5e6b-402b-bb50-774c0d1f5da4 tempest-TestMinimumBasicScenario-885099118 tempest-TestMinimumBasicScenario-885099118-project] Publish callbacks [] for security_group_rule (524266de-ded1-43ea-8544-3bcaf01befcd), precommit_create {{(pid=112595) _notify_loop /usr/local/lib/python3.8/dist-packages/neutron_lib/callbacks/manager.py:176}}
Jan 23 18:46:09.713301 dv-osbrick-823654-2-ceph neutron-server[112595]: DEBUG neutron_lib.callbacks.manager [None req-53f6546e-5e6b-402b-bb50-774c0d1f5da4 tempest-TestMinimumBasicScenario-885099118 tempest-TestMinimumBasicScenario-885099118-project] Publish callbacks ['neutron.plugins.ml2.ovo_rpc._ObjectChangeHandler.handle_event-1700146'] for security_group_rule (524266de-ded1-43ea-8544-3bcaf01befcd), after_create {{(pid=112595) _notify_loop /usr/local/lib/python3.8/dist-packages/neutron_lib/callbacks/manager.py:176}}
Jan 23 18:46:09.732982 dv-osbrick-823654-2-ceph neutron-server[112595]: DEBUG neutron.api.rpc.handlers.resources_rpc [None req-53f6546e-5e6b-402b-bb50-774c0d1f5da4 tempest-TestMinimumBasicScenario-885099118 tempest-TestMinimumBasicScenario-885099118-project] Pushing event updated for resources: {'SecurityGroupRule': ['ID=524266de-ded1-43ea-8544-3bcaf01befcd,revision_number=0']} {{(pid=112595) push /opt/stack/neutron/neutron/api/rpc/handlers/resources_rpc.py:237}}
Jan 23 18:46:09.746676 dv-osbrick-823654-2-ceph neutron-server[112595]: DEBUG neutron_lib.callbacks.manager [None req-53f6546e-5e6b-402b-bb50-774c0d1f5da4 tempest-TestMinimumBasicScenario-885099118 tempest-TestMinimumBasicScenario-885099118-project] Publish callbacks [] for security_group_rule (None), before_response {{(pid=112595) _notify_loop /usr/local/lib/python3.8/dist-packages/neutron_lib/callbacks/manager.py:176}}
Jan 23 18:46:09.750432 dv-osbrick-823654-2-ceph neutron-server[112594]: INFO neutron.wsgi [req-58392439-20d8-4aae-ab83-0e94ab072a18 req-e206e43a-327c-4b0f-aafd-ba062bfaa7eb service neutron] 10.222.0.88 "GET /v2.0/floatingips?fixed_ip_address=172.20.0.11&port_id=09cdc8c9-ff18-4056-b973-ff183ebd8314 HTTP/1.1" status: 200 len: 1000 time: 0.1469915
Jan 23 18:46:09.750607 dv-osbrick-823654-2-ceph neutron-server[112595]: INFO neutron.wsgi [None req-53f6546e-5e6b-402b-bb50-774c0d1f5da4 tempest-TestMinimumBasicScenario-885099118 tempest-TestMinimumBasicScenario-885099118-project] 10.222.0.72 "POST /v2.0/security-group-rules HTTP/1.1" status: 201 len: 764 time: 0.2226603
Jan 23 18:46:09.750692 dv-osbrick-823654-2-ceph neutron-server[112595]: DEBUG neutron.wsgi [-] (112595) accepted ('10.222.0.72', 45292) {{(pid=112595) server /usr/local/lib/python3.8/dist-packages/eventlet/wsgi.py:1004}}
Jan 23 18:46:09.755079 dv-osbrick-823654-2-ceph neutron-server[112595]: DEBUG neutron.api.v2.base [None req-fda6cda5-6ef7-44c1-9c8b-3645d7a28387 tempest-TestMinimumBasicScenario-885099118 tempest-TestMinimumBasicScenario-885099118-project] Request body: {'security_group_rule': {'security_group_id': 'e3ff5ff7-966c-48bb-a259-540eb1c9548f', 'project_id': '03219398e8c947dd8903847918a739a5', 'protocol': 'tcp', 'port_range_min': 22, 'port_range_max': 22, 'direction': 'egress'}} {{(pid=112595) prepare_request_body /opt/stack/neutron/neutron/api/v2/base.py:729}}
Jan 23 18:46:09.793142 dv-osbrick-823654-2-ceph neutron-server[112595]: DEBUG neutron_lib.callbacks.manager [None req-fda6cda5-6ef7-44c1-9c8b-3645d7a28387 tempest-TestMinimumBasicScenario-885099118 tempest-TestMinimumBasicScenario-885099118-project] Publish callbacks [] for security_group_rule (55e5ccda-58dc-4402-9eb0-baaf18727661), before_create {{(pid=112595) _notify_loop /usr/local/lib/python3.8/dist-packages/neutron_lib/callbacks/manager.py:176}}
Jan 23 18:46:09.817998 dv-osbrick-823654-2-ceph neutron-server[112594]: DEBUG neutron.pecan_wsgi.hooks.policy_enforcement [req-58392439-20d8-4aae-ab83-0e94ab072a18 req-4e30baf1-1715-46e5-a819-dc227311cc1b service neutron] Attributes excluded by policy engine: ['standard_attr_id', 'shared'] {{(pid=112594) _exclude_attributes_by_policy /opt/stack/neutron/neutron/pecan_wsgi/hooks/policy_enforcement.py:255}}
Jan 23 18:46:09.819462 dv-osbrick-823654-2-ceph neutron-server[112594]: INFO neutron.wsgi [req-58392439-20d8-4aae-ab83-0e94ab072a18 req-4e30baf1-1715-46e5-a819-dc227311cc1b service neutron] 10.222.0.88 "GET /v2.0/subnets?id=ef1860a5-3450-47d1-8319-a922025c1e56 HTTP/1.1" status: 200 len: 853 time: 0.0648987
Jan 23 18:46:09.870053 dv-osbrick-823654-2-ceph neutron-server[112595]: DEBUG neutron_lib.callbacks.manager [None req-fda6cda5-6ef7-44c1-9c8b-3645d7a28387 tempest-TestMinimumBasicScenario-885099118 tempest-TestMinimumBasicScenario-885099118-project] Publish callbacks [] for security_group_rule (55e5ccda-58dc-4402-9eb0-baaf18727661), precommit_create {{(pid=112595) _notify_loop /usr/local/lib/python3.8/dist-packages/neutron_lib/callbacks/manager.py:176}}
Jan 23 18:46:09.879050 dv-osbrick-823654-2-ceph neutron-server[112595]: DEBUG neutron_lib.callbacks.manager [None req-fda6cda5-6ef7-44c1-9c8b-3645d7a28387 tempest-TestMinimumBasicScenario-885099118 tempest-TestMinimumBasicScenario-885099118-project] Publish callbacks ['neutron.plugins.ml2.ovo_rpc._ObjectChangeHandler.handle_event-1700146'] for security_group_rule (55e5ccda-58dc-4402-9eb0-baaf18727661), after_create {{(pid=112595) _notify_loop /usr/local/lib/python3.8/dist-packages/neutron_lib/callbacks/manager.py:176}}
Jan 23 18:46:09.879825 dv-osbrick-823654-2-ceph neutron-server[112594]: DEBUG neutron.pecan_wsgi.hooks.policy_enforcement [req-58392439-20d8-4aae-ab83-0e94ab072a18 req-a9a9646d-c32d-4e32-9406-5bfe5cfb3f87 service neutron] Attributes excluded by policy engine: ['standard_attr_id'] {{(pid=112594) _exclude_attributes_by_policy /opt/stack/neutron/neutron/pecan_wsgi/hooks/policy_enforcement.py:255}}
Jan 23 18:46:09.881447 dv-osbrick-823654-2-ceph neutron-server[112594]: INFO neutron.wsgi [req-58392439-20d8-4aae-ab83-0e94ab072a18 req-a9a9646d-c32d-4e32-9406-5bfe5cfb3f87 service neutron] 10.222.0.88 "GET /v2.0/ports?network_id=216f4a9b-6dbe-479d-bbc6-46ee16458ea3&device_owner=network%3Adhcp HTTP/1.1" status: 200 len: 1175 time: 0.0555775
Jan 23 18:46:09.897288 dv-osbrick-823654-2-ceph neutron-server[112595]: DEBUG neutron.api.rpc.handlers.resources_rpc [None req-fda6cda5-6ef7-44c1-9c8b-3645d7a28387 tempest-TestMinimumBasicScenario-885099118 tempest-TestMinimumBasicScenario-885099118-project] Pushing event updated for resources: {'SecurityGroupRule': ['ID=55e5ccda-58dc-4402-9eb0-baaf18727661,revision_number=0']} {{(pid=112595) push /opt/stack/neutron/neutron/api/rpc/handlers/resources_rpc.py:237}}
Jan 23 18:46:09.901674 dv-osbrick-823654-2-ceph neutron-server[112596]: DEBUG neutron.db.l3_hamode_db [None req-ccbf245d-7e7b-491b-bcc5-71888cac0e17 None None] neutron.services.l3_router.l3_router_plugin.L3RouterPlugin method _process_sync_ha_data called with arguments (, [{'id': 'cdc16451-3227-4572-b0e0-602446f28160', 'name': 'tempest-TestMinimumBasicScenario-228727914-router', 'tenant_id': '03219398e8c947dd8903847918a739a5', 'admin_state_up': True, 'status': 'ACTIVE', 'external_gateway_info': {'network_id': 'e9dfbfad-5cdd-4a7d-8575-906d7969db75', 'external_fixed_ips': [{'subnet_id': 'b2a3fed1-2d61-419a-b3f6-cfeac1b78e43', 'ip_address': '172.31.1.90'}], 'enable_snat': True}, 'gw_port_id': 'acfa55e3-3cba-4ef0-b5d0-6c70c65f7db5', 'description': '', 'availability_zones': ['nova'], 'distributed': False, 'ha': False, 'ha_vr_id': 0, 'availability_zone_hints': [], 'routes': [], 'flavor_id': None, 'tags': [], 'created_at': '2022-01-23T18:45:12Z', 'updated_at': '2022-01-23T18:45:16Z', 'revision_number': 4, 'project_id': '03219398e8c947dd8903847918a739a5', 'gw_port': {'id': 'acfa55e3-3cba-4ef0-b5d0-6c70c65f7db5', 'name': '', 'network_id': 'e9dfbfad-5cdd-4a7d-8575-906d7969db75', 'tenant_id': '', 'mac_address': 'fa:16:3e:73:f6:32', 'admin_state_up': True, 'status': 'ACTIVE', 'device_id': 'cdc16451-3227-4572-b0e0-602446f28160', 'device_owner': 'network:router_gateway', 'standard_attr_id': 51, 'fixed_ips': [{'subnet_id': 'b2a3fed1-2d61-419a-b3f6-cfeac1b78e43', 'ip_address': '172.31.1.90', 'prefixlen': 24}], 'allowed_address_pairs': [], 'extra_dhcp_opts': [], 'security_groups': [], 'description': '', 'binding:vnic_type': 'normal', 'binding:profile': {}, 'binding:host_id': 'dv-osbrick-823654-2-ceph', 'binding:vif_type': 'ovs', 'binding:vif_details': {'connectivity': 'l2', 'port_filter': True, 'ovs_hybrid_plug': False, 'datapath_type': 'system', 'bridge_name': 'br-int'}, 'port_security_enabled': False, 'tags': [], 'created_at': '2022-01-23T18:45:13Z', 'updated_at': '2022-01-23T18:45:22Z', 'revision_number': 4, 'project_id': '', 'subnets': [{'id': 'b2a3fed1-2d61-419a-b3f6-cfeac1b78e43', 'cidr': '172.31.1.0/24', 'gateway_ip': '172.31.1.1', 'dns_nameservers': [], 'ipv6_ra_mode': None, 'subnetpool_id': None}], 'extra_subnets': [], 'address_scopes': {4: None, 6: None}, 'mtu': 1500}, 'enable_snat': True, 'gw_port_host': 'dv-osbrick-823654-2-ceph', '_floatingips': [{'id': 'ede756fa-3663-45d2-811c-d8eced59b27a', 'tenant_id': '03219398e8c947dd8903847918a739a5', 'floating_ip_address': '172.31.1.145', 'floating_network_id': 'e9dfbfad-5cdd-4a7d-8575-906d7969db75', 'router_id': 'cdc16451-3227-4572-b0e0-602446f28160', 'port_id': '09cdc8c9-ff18-4056-b973-ff183ebd8314', 'fixed_ip_address': '172.20.0.11', 'status': 'DOWN', 'standard_attr_id': 86, 'description': '', 'qos_policy_id': None, 'qos_network_policy_id': None, 'port_details': {'name': '', 'network_id': '216f4a9b-6dbe-479d-bbc6-46ee16458ea3', 'mac_address': 'fa:16:3e:21:cf:82', 'admin_state_up': True, 'status': 'ACTIVE', 'device_id': '9acd4fd5-c216-422e-b123-6e4015657c7a', 'device_owner': 'compute:nova'}, 'dns_domain': '', 'dns_name': '', 'tags': [], 'created_at': '2022-01-23T18:46:07Z', 'updated_at': '2022-01-23T18:46:07Z', 'revision_number': 0, 'project_id': '03219398e8c947dd8903847918a739a5', 'fixed_ip_address_scope': None}], '_interfaces': [{'id': '85fb5b56-31bc-442e-935f-b6b87317d648', 'name': '', 'network_id': '216f4a9b-6dbe-479d-bbc6-46ee16458ea3', 'tenant_id': '03219398e8c947dd8903847918a739a5', 'mac_address': 'fa:16:3e:f7:4a:08', 'admin_state_up': True, 'status': 'ACTIVE', 'device_id': 'cdc16451-3227-4572-b0e0-602446f28160', 'device_owner': 'network:router_interface', 'standard_attr_id': 53, 'fixed_ips': [{'subnet_id': 'ef1860a5-3450-47d1-8319-a922025c1e56', 'ip_address': '172.20.0.1', 'prefixlen': 28}], 'allowed_address_pairs': [], 'extra_dhcp_opts': [], 'security_groups': [], 'description': '', 'binding:vnic_type': 'normal', 'binding:profile': {}, 'binding:host_id': 'dv-osbrick-823654-2-ceph', 'binding:vif_type': 'ovs', 'binding:vif_details': {'connectivity': 'l2', 'port_filter': True, 'ovs_hybrid_plug': False, 'datapath_type': 'system', 'bridge_name': 'br-int'}, 'port_security_enabled': False, 'tags': [], 'created_at': '2022-01-23T18:45:15Z', 'updated_at': '2022-01-23T18:45:29Z', 'revision_number': 5, 'project_id': '03219398e8c947dd8903847918a739a5', 'subnets': [{'id': 'ef1860a5-3450-47d1-8319-a922025c1e56', 'cidr': '172.20.0.0/28', 'gateway_ip': '172.20.0.1', 'dns_nameservers': [], 'ipv6_ra_mode': None, 'subnetpool_id': None}], 'extra_subnets': [], 'address_scopes': {4: None, 6: None}, 'mtu': 1500}]}], 'dv-osbrick-823654-2-ceph', False) {} {{(pid=112596) wrapper /usr/local/lib/python3.8/dist-packages/oslo_log/helpers.py:65}}
Jan 23 18:46:09.915719 dv-osbrick-823654-2-ceph neutron-server[112595]: DEBUG neutron_lib.callbacks.manager [None req-fda6cda5-6ef7-44c1-9c8b-3645d7a28387 tempest-TestMinimumBasicScenario-885099118 tempest-TestMinimumBasicScenario-885099118-project] Publish callbacks [] for security_group_rule (None), before_response {{(pid=112595) _notify_loop /usr/local/lib/python3.8/dist-packages/neutron_lib/callbacks/manager.py:176}}
Jan 23 18:46:09.921329 dv-osbrick-823654-2-ceph neutron-server[112595]: INFO neutron.wsgi [None req-fda6cda5-6ef7-44c1-9c8b-3645d7a28387 tempest-TestMinimumBasicScenario-885099118 tempest-TestMinimumBasicScenario-885099118-project] 10.222.0.72 "POST /v2.0/security-group-rules HTTP/1.1" status: 201 len: 763 time: 0.1695228
Jan 23 18:46:09.922019 dv-osbrick-823654-2-ceph neutron-server[112595]: DEBUG neutron.wsgi [-] (112595) accepted ('10.222.0.72', 45294) {{(pid=112595) server /usr/local/lib/python3.8/dist-packages/eventlet/wsgi.py:1004}}
Jan 23 18:46:09.927868 dv-osbrick-823654-2-ceph neutron-server[112595]: DEBUG neutron.api.v2.base [None req-e7eb3496-5b4c-4fcc-8f88-ee3a30a41afd tempest-TestMinimumBasicScenario-885099118 tempest-TestMinimumBasicScenario-885099118-project] Request body: {'security_group_rule': {'security_group_id': 'e3ff5ff7-966c-48bb-a259-540eb1c9548f', 'project_id': '03219398e8c947dd8903847918a739a5', 'protocol': 'icmp', 'direction': 'ingress'}} {{(pid=112595) prepare_request_body /opt/stack/neutron/neutron/api/v2/base.py:729}}
Jan 23 18:46:09.934962 dv-osbrick-823654-2-ceph neutron-server[112596]: DEBUG neutron.api.rpc.handlers.l3_rpc [None req-ccbf245d-7e7b-491b-bcc5-71888cac0e17 None None] Checking router: cdc16451-3227-4572-b0e0-602446f28160 for host: dv-osbrick-823654-2-ceph {{(pid=112596) _ensure_host_set_on_ports /opt/stack/neutron/neutron/api/rpc/handlers/l3_rpc.py:155}}
Jan 23 18:46:09.945463 dv-osbrick-823654-2-ceph neutron-server[112596]: DEBUG neutron.db.l3_dvrscheduler_db [None req-ccbf245d-7e7b-491b-bcc5-71888cac0e17 None None] Routers {'cdc16451-3227-4572-b0e0-602446f28160'} bound to L3 agent in host dv-osbrick-823654-2-ceph {{(pid=112596) _get_router_ids_for_agent /opt/stack/neutron/neutron/db/l3_dvrscheduler_db.py:421}}
Jan 23 18:46:09.946094 dv-osbrick-823654-2-ceph neutron-server[112596]: DEBUG neutron.db.l3_hamode_db [None req-ccbf245d-7e7b-491b-bcc5-71888cac0e17 None None] neutron.services.l3_router.l3_router_plugin.L3RouterPlugin method get_ha_sync_data_for_host called with arguments (, 'dv-osbrick-823654-2-ceph', Agent(admin_state_up=True,agent_type='L3 agent',availability_zone='nova',binary='neutron-l3-agent',configurations={"agent_mode": "legacy", "ex_gw_ports": 5, "extensions": [], "floating_ips": 0, "handle_internal_only_routers": true, "interface_driver": "openvswitch", "interfaces": 5, "log_agent_heartbeats": false, "routers": 5},created_at=2022-01-23T18:37:34Z,description=,heartbeat_timestamp=2022-01-23T18:46:04Z,host='dv-osbrick-823654-2-ceph',id=44d04bbd-5e3f-450d-8b40-111707678d51,load=0,resource_versions=,resources_synced=,started_at=2022-01-23T18:37:34Z,topic='l3_agent')) {'router_ids': ['cdc16451-3227-4572-b0e0-602446f28160'], 'active': True} {{(pid=112596) wrapper /usr/local/lib/python3.8/dist-packages/oslo_log/helpers.py:65}}
Jan 23 18:46:09.967207 dv-osbrick-823654-2-ceph neutron-server[112595]: DEBUG neutron_lib.callbacks.manager [None req-e7eb3496-5b4c-4fcc-8f88-ee3a30a41afd tempest-TestMinimumBasicScenario-885099118 tempest-TestMinimumBasicScenario-885099118-project] Publish callbacks [] for security_group_rule (18d263f8-39fd-475e-9e27-ad9a8c2357c4), before_create {{(pid=112595) _notify_loop /usr/local/lib/python3.8/dist-packages/neutron_lib/callbacks/manager.py:176}}
Jan 23 18:46:10.014278 dv-osbrick-823654-2-ceph neutron-server[112594]: INFO neutron.wsgi [req-58392439-20d8-4aae-ab83-0e94ab072a18 req-e6935e08-1357-4be9-85fa-5ae2b7867456 service neutron] 10.222.0.88 "GET /v2.0/networks/216f4a9b-6dbe-479d-bbc6-46ee16458ea3?fields=segments HTTP/1.1" status: 200 len: 212 time: 0.1256030
Jan 23 18:46:10.039702 dv-osbrick-823654-2-ceph neutron-server[112595]: DEBUG neutron_lib.callbacks.manager [None req-e7eb3496-5b4c-4fcc-8f88-ee3a30a41afd tempest-TestMinimumBasicScenario-885099118 tempest-TestMinimumBasicScenario-885099118-project] Publish callbacks [] for security_group_rule (18d263f8-39fd-475e-9e27-ad9a8c2357c4), precommit_create {{(pid=112595) _notify_loop /usr/local/lib/python3.8/dist-packages/neutron_lib/callbacks/manager.py:176}}
Jan 23 18:46:10.045870 dv-osbrick-823654-2-ceph neutron-server[112595]: DEBUG neutron_lib.callbacks.manager [None req-e7eb3496-5b4c-4fcc-8f88-ee3a30a41afd tempest-TestMinimumBasicScenario-885099118 tempest-TestMinimumBasicScenario-885099118-project] Publish callbacks ['neutron.plugins.ml2.ovo_rpc._ObjectChangeHandler.handle_event-1700146'] for security_group_rule (18d263f8-39fd-475e-9e27-ad9a8c2357c4), after_create {{(pid=112595) _notify_loop /usr/local/lib/python3.8/dist-packages/neutron_lib/callbacks/manager.py:176}}
Jan 23 18:46:10.071575 dv-osbrick-823654-2-ceph neutron-server[112595]: DEBUG neutron_lib.callbacks.manager [None req-e7eb3496-5b4c-4fcc-8f88-ee3a30a41afd tempest-TestMinimumBasicScenario-885099118 tempest-TestMinimumBasicScenario-885099118-project] Publish callbacks [] for security_group_rule (None), before_response {{(pid=112595) _notify_loop /usr/local/lib/python3.8/dist-packages/neutron_lib/callbacks/manager.py:176}}
Jan 23 18:46:10.075824 dv-osbrick-823654-2-ceph neutron-server[112595]: INFO neutron.wsgi [None req-e7eb3496-5b4c-4fcc-8f88-ee3a30a41afd tempest-TestMinimumBasicScenario-885099118 tempest-TestMinimumBasicScenario-885099118-project] 10.222.0.72 "POST /v2.0/security-group-rules HTTP/1.1" status: 201 len: 769 time: 0.1500080
Jan 23 18:46:10.075824 dv-osbrick-823654-2-ceph neutron-server[112595]: DEBUG neutron.api.rpc.handlers.resources_rpc [None req-e7eb3496-5b4c-4fcc-8f88-ee3a30a41afd tempest-TestMinimumBasicScenario-885099118 tempest-TestMinimumBasicScenario-885099118-project] Pushing event updated for resources: {'SecurityGroupRule': ['ID=18d263f8-39fd-475e-9e27-ad9a8c2357c4,revision_number=0']} {{(pid=112595) push /opt/stack/neutron/neutron/api/rpc/handlers/resources_rpc.py:237}}
Jan 23 18:46:10.076765 dv-osbrick-823654-2-ceph neutron-server[112595]: DEBUG neutron.wsgi [-] (112595) accepted ('10.222.0.72', 45296) {{(pid=112595) server /usr/local/lib/python3.8/dist-packages/eventlet/wsgi.py:1004}}
Jan 23 18:46:10.082522 dv-osbrick-823654-2-ceph neutron-server[112595]: DEBUG neutron.api.v2.base [None req-44a39eda-7f9e-4ad2-a8eb-cbc7018c22e3 tempest-TestMinimumBasicScenario-885099118 tempest-TestMinimumBasicScenario-885099118-project] Request body: {'security_group_rule': {'security_group_id': 'e3ff5ff7-966c-48bb-a259-540eb1c9548f', 'project_id': '03219398e8c947dd8903847918a739a5', 'protocol': 'icmp', 'direction': 'egress'}} {{(pid=112595) prepare_request_body /opt/stack/neutron/neutron/api/v2/base.py:729}}
Jan 23 18:46:10.088169 dv-osbrick-823654-2-ceph neutron-server[112596]: DEBUG neutron.db.l3_dvr_db [None req-ccbf245d-7e7b-491b-bcc5-71888cac0e17 None None] Set router cdc16451-3227-4572-b0e0-602446f28160 gateway port host: dv-osbrick-823654-2-ceph {{(pid=112596) _build_routers_list /opt/stack/neutron/neutron/db/l3_dvr_db.py:906}}
Jan 23 18:46:10.117519 dv-osbrick-823654-2-ceph neutron-server[112595]: DEBUG neutron_lib.callbacks.manager [None req-44a39eda-7f9e-4ad2-a8eb-cbc7018c22e3 tempest-TestMinimumBasicScenario-885099118 tempest-TestMinimumBasicScenario-885099118-project] Publish callbacks [] for security_group_rule (fb1118d0-cff6-461a-9067-d226fba731cb), before_create {{(pid=112595) _notify_loop /usr/local/lib/python3.8/dist-packages/neutron_lib/callbacks/manager.py:176}}
Jan 23 18:46:10.167684 dv-osbrick-823654-2-ceph neutron-server[112594]: INFO neutron.wsgi [req-58392439-20d8-4aae-ab83-0e94ab072a18 req-0fecb1b3-61a1-4eeb-bb43-2fb80a1bb07b service neutron] 10.222.0.88 "GET /v2.0/networks/216f4a9b-6dbe-479d-bbc6-46ee16458ea3?fields=provider%3Aphysical_network&fields=provider%3Anetwork_type HTTP/1.1" status: 200 len: 281 time: 0.1405084
Jan 23 18:46:10.186996 dv-osbrick-823654-2-ceph neutron-server[112595]: DEBUG neutron_lib.callbacks.manager [None req-44a39eda-7f9e-4ad2-a8eb-cbc7018c22e3 tempest-TestMinimumBasicScenario-885099118 tempest-TestMinimumBasicScenario-885099118-project] Publish callbacks [] for security_group_rule (fb1118d0-cff6-461a-9067-d226fba731cb), precommit_create {{(pid=112595) _notify_loop /usr/local/lib/python3.8/dist-packages/neutron_lib/callbacks/manager.py:176}}
Jan 23 18:46:10.192171 dv-osbrick-823654-2-ceph neutron-server[112595]: DEBUG neutron_lib.callbacks.manager [None req-44a39eda-7f9e-4ad2-a8eb-cbc7018c22e3 tempest-TestMinimumBasicScenario-885099118 tempest-TestMinimumBasicScenario-885099118-project] Publish callbacks ['neutron.plugins.ml2.ovo_rpc._ObjectChangeHandler.handle_event-1700146'] for security_group_rule (fb1118d0-cff6-461a-9067-d226fba731cb), after_create {{(pid=112595) _notify_loop /usr/local/lib/python3.8/dist-packages/neutron_lib/callbacks/manager.py:176}}
Jan 23 18:46:10.216837 dv-osbrick-823654-2-ceph neutron-server[112595]: DEBUG neutron.api.rpc.handlers.resources_rpc [None req-44a39eda-7f9e-4ad2-a8eb-cbc7018c22e3 tempest-TestMinimumBasicScenario-885099118 tempest-TestMinimumBasicScenario-885099118-project] Pushing event updated for resources: {'SecurityGroupRule': ['ID=fb1118d0-cff6-461a-9067-d226fba731cb,revision_number=0']} {{(pid=112595) push /opt/stack/neutron/neutron/api/rpc/handlers/resources_rpc.py:237}}
Jan 23 18:46:10.229121 dv-osbrick-823654-2-ceph neutron-server[112595]: DEBUG neutron_lib.callbacks.manager [None req-44a39eda-7f9e-4ad2-a8eb-cbc7018c22e3 tempest-TestMinimumBasicScenario-885099118 tempest-TestMinimumBasicScenario-885099118-project] Publish callbacks [] for security_group_rule (None), before_response {{(pid=112595) _notify_loop /usr/local/lib/python3.8/dist-packages/neutron_lib/callbacks/manager.py:176}}
Jan 23 18:46:10.230451 dv-osbrick-823654-2-ceph neutron-server[112595]: INFO neutron.wsgi [None req-44a39eda-7f9e-4ad2-a8eb-cbc7018c22e3 tempest-TestMinimumBasicScenario-885099118 tempest-TestMinimumBasicScenario-885099118-project] 10.222.0.72 "POST /v2.0/security-group-rules HTTP/1.1" status: 201 len: 768 time: 0.1525741
Jan 23 18:46:10.233620 dv-osbrick-823654-2-ceph neutron-server[112595]: DEBUG neutron.wsgi [-] (112595) accepted ('10.222.0.72', 45298) {{(pid=112595) server /usr/local/lib/python3.8/dist-packages/eventlet/wsgi.py:1004}}
