Dec 24 06:31:48.980595 dv-osbrick-822871-1-ceph neutron-server[105933]: DEBUG neutron.db.provisioning_blocks [None req-0730b144-0cfa-4537-9ee3-211ca9730a5d None None] Provisioning complete for port 16cda250-6d96-4d91-b0ea-4456266f1b14 triggered by entity L2. {{(pid=105933) provisioning_complete /opt/stack/neutron/neutron/db/provisioning_blocks.py:139}}
Dec 24 06:31:48.980968 dv-osbrick-822871-1-ceph neutron-server[105933]: DEBUG neutron_lib.callbacks.manager [None req-0730b144-0cfa-4537-9ee3-211ca9730a5d None None] Publish callbacks ['neutron.plugins.ml2.plugin.Ml2Plugin._port_provisioned-832957'] for port, provisioning_complete {{(pid=105933) _notify_loop /usr/local/lib/python3.8/dist-packages/neutron_lib/callbacks/manager.py:175}}
Dec 24 06:31:49.064817 dv-osbrick-822871-1-ceph neutron-server[105933]: DEBUG neutron_lib.callbacks.manager [None req-0730b144-0cfa-4537-9ee3-211ca9730a5d None None] Publish callbacks ['neutron.plugins.ml2.plugin.SecurityGroupDbMixin._ensure_default_security_group_handler-595783'] for port, before_update {{(pid=105933) _notify_loop /usr/local/lib/python3.8/dist-packages/neutron_lib/callbacks/manager.py:175}}
Dec 24 06:31:49.087936 dv-osbrick-822871-1-ceph neutron-server[105933]: DEBUG neutron.notifiers.nova [-] Sending events: [{'server_uuid': '9a545147-21a4-42e1-a46f-5afe3bbd2d8e', 'name': 'network-vif-plugged', 'status': 'completed', 'tag': '16cda250-6d96-4d91-b0ea-4456266f1b14'}] {{(pid=105933) send_events /opt/stack/neutron/neutron/notifiers/nova.py:262}}
Dec 24 06:31:49.172256 dv-osbrick-822871-1-ceph neutron-server[105933]: DEBUG neutron.plugins.ml2.db [None req-0730b144-0cfa-4537-9ee3-211ca9730a5d None None] For port 16cda250-6d96-4d91-b0ea-4456266f1b14, host hv-osbrick-8228, got binding levels [PortBindingLevel(driver='hyperv',host='hv-osbrick-8228',level=0,port_id=16cda250-6d96-4d91-b0ea-4456266f1b14,segment=NetworkSegment(1cad683f-1006-4d60-847c-228ed656fd12),segment_id=1cad683f-1006-4d60-847c-228ed656fd12)] {{(pid=105933) get_binding_level_objs /opt/stack/neutron/neutron/plugins/ml2/db.py:74}}
Dec 24 06:31:49.178762 dv-osbrick-822871-1-ceph neutron-server[105933]: DEBUG neutron_lib.callbacks.manager [None req-0730b144-0cfa-4537-9ee3-211ca9730a5d None None] Publish callbacks ['neutron.plugins.ml2.plugin.SecurityGroupServerNotifierRpcMixin._notify_sg_on_port_change-595718', 'neutron.plugins.ml2.ovo_rpc._ObjectChangeHandler.handle_event-106010', 'neutron.api.rpc.agentnotifiers.dhcp_rpc_agent_api.DhcpAgentNotifyAPI._native_event_send_dhcp_notification-1673943', 'neutron.db.l3_db.L3RpcNotifierMixin._notify_gateway_port_ip_changed-8739102116365', 'neutron.db.l3_dvrscheduler_db._notify_l3_agent_port_update-8739101615553', 'neutron.db.l3_hascheduler_db._notify_l3_agent_ha_port_update-8739101615571'] for port, after_update {{(pid=105933) _notify_loop /usr/local/lib/python3.8/dist-packages/neutron_lib/callbacks/manager.py:175}}
Dec 24 06:31:49.212735 dv-osbrick-822871-1-ceph neutron-server[105933]: DEBUG novaclient.v2.client [-] REQ: curl -g -i --cacert "/opt/stack/data/ca-bundle.pem" -X POST http://10.222.0.36/compute/v2.1/os-server-external-events -H "Accept: application/json" -H "Content-Type: application/json" -H "User-Agent: python-novaclient" -H "X-Auth-Token: {SHA256}245ff673180510e9a90c80ead55c634c4015cae7c01a27a893c6ac440a014d08" -H "X-OpenStack-Nova-API-Version: 2.1" -H "X-OpenStack-Request-ID: req-39caf606-a20a-403c-a3e1-6a2d3f086a58" -d '{"events": [{"server_uuid": "9a545147-21a4-42e1-a46f-5afe3bbd2d8e", "name": "network-vif-plugged", "status": "completed", "tag": "16cda250-6d96-4d91-b0ea-4456266f1b14"}]}' {{(pid=105933) _http_log_request /usr/local/lib/python3.8/dist-packages/keystoneauth1/session.py:519}}
Dec 24 06:31:49.237881 dv-osbrick-822871-1-ceph neutron-server[105933]: DEBUG neutron.api.rpc.handlers.resources_rpc [None req-0730b144-0cfa-4537-9ee3-211ca9730a5d None None] Pushing event updated for resources: {'Port': ['ID=16cda250-6d96-4d91-b0ea-4456266f1b14,revision_number=5']} {{(pid=105933) push /opt/stack/neutron/neutron/api/rpc/handlers/resources_rpc.py:237}}
Dec 24 06:31:49.369258 dv-osbrick-822871-1-ceph neutron-server[105933]: DEBUG novaclient.v2.client [-] RESP: [200] Connection: close Content-Length: 183 Content-Type: application/json Date: Fri, 24 Dec 2021 06:31:49 GMT OpenStack-API-Version: compute 2.1 Server: Apache/2.4.41 (Ubuntu) Vary: OpenStack-API-Version,X-OpenStack-Nova-API-Version X-OpenStack-Nova-API-Version: 2.1 x-compute-request-id: req-b81cdd93-7c46-4fd6-8ca3-a758e7daa177 x-openstack-request-id: req-b81cdd93-7c46-4fd6-8ca3-a758e7daa177 {{(pid=105933) _http_log_response /usr/local/lib/python3.8/dist-packages/keystoneauth1/session.py:550}}
Dec 24 06:31:49.369609 dv-osbrick-822871-1-ceph neutron-server[105933]: DEBUG novaclient.v2.client [-] RESP BODY: {"events": [{"server_uuid": "9a545147-21a4-42e1-a46f-5afe3bbd2d8e", "name": "network-vif-plugged", "status": "completed", "tag": "16cda250-6d96-4d91-b0ea-4456266f1b14", "code": 200}]} {{(pid=105933) _http_log_response /usr/local/lib/python3.8/dist-packages/keystoneauth1/session.py:582}}
Dec 24 06:31:49.369874 dv-osbrick-822871-1-ceph neutron-server[105933]: DEBUG novaclient.v2.client [-] POST call to compute for http://10.222.0.36/compute/v2.1/os-server-external-events used request id req-b81cdd93-7c46-4fd6-8ca3-a758e7daa177 {{(pid=105933) request /usr/local/lib/python3.8/dist-packages/keystoneauth1/session.py:954}}
Dec 24 06:31:49.370344 dv-osbrick-822871-1-ceph neutron-server[105933]: INFO neutron.notifiers.nova [-] Nova event response: {'server_uuid': '9a545147-21a4-42e1-a46f-5afe3bbd2d8e', 'name': 'network-vif-plugged', 'status': 'completed', 'tag': '16cda250-6d96-4d91-b0ea-4456266f1b14', 'code': 200}
Dec 24 06:31:49.650257 dv-osbrick-822871-1-ceph neutron-server[105931]: DEBUG neutron.pecan_wsgi.hooks.policy_enforcement [req-c292e658-a2c2-41d3-a2d6-48f4ce7a5705 req-e2cbdebf-cd7f-453f-b069-47b31ba61402 tempest-TestMinimumBasicScenario-327641600 tempest-TestMinimumBasicScenario-327641600-project] Attributes excluded by policy engine: ['standard_attr_id', 'binding:profile', 'binding:host_id', 'binding:vif_type', 'binding:vif_details'] {{(pid=105931) _exclude_attributes_by_policy /opt/stack/neutron/neutron/pecan_wsgi/hooks/policy_enforcement.py:255}}
Dec 24 06:31:49.651748 dv-osbrick-822871-1-ceph neutron-server[105931]: INFO neutron.wsgi [req-c292e658-a2c2-41d3-a2d6-48f4ce7a5705 req-e2cbdebf-cd7f-453f-b069-47b31ba61402 tempest-TestMinimumBasicScenario-327641600 tempest-TestMinimumBasicScenario-327641600-project] 10.222.0.36 "GET /v2.0/ports?device_id=9a545147-21a4-42e1-a46f-5afe3bbd2d8e HTTP/1.1" status: 200 len: 945 time: 0.1033185
Dec 24 06:31:49.661427 dv-osbrick-822871-1-ceph neutron-server[105931]: DEBUG neutron.pecan_wsgi.hooks.policy_enforcement [req-3293caa1-71f4-464f-91bd-8672de8a0f71 req-666e3bf0-ce20-4147-878d-c47a9a706aa0 service neutron] Attributes excluded by policy engine: ['standard_attr_id'] {{(pid=105931) _exclude_attributes_by_policy /opt/stack/neutron/neutron/pecan_wsgi/hooks/policy_enforcement.py:255}}
Dec 24 06:31:49.662957 dv-osbrick-822871-1-ceph neutron-server[105931]: INFO neutron.wsgi [req-3293caa1-71f4-464f-91bd-8672de8a0f71 req-666e3bf0-ce20-4147-878d-c47a9a706aa0 service neutron] 10.222.0.46 "GET /v2.0/ports?device_id=9a545147-21a4-42e1-a46f-5afe3bbd2d8e HTTP/1.1" status: 200 len: 1098 time: 0.1058428
Dec 24 06:31:49.689134 dv-osbrick-822871-1-ceph neutron-server[105931]: DEBUG neutron_lib.callbacks.manager [req-3293caa1-71f4-464f-91bd-8672de8a0f71 req-deaa14be-6d3d-4389-9594-7d91067a4748 service neutron] Publish callbacks [] for security_group, before_create {{(pid=105931) _notify_loop /usr/local/lib/python3.8/dist-packages/neutron_lib/callbacks/manager.py:175}}
Dec 24 06:31:49.729098 dv-osbrick-822871-1-ceph neutron-server[105931]: INFO neutron.wsgi [req-c292e658-a2c2-41d3-a2d6-48f4ce7a5705 req-3a5444e9-74ea-4d10-8861-914af475fd1b tempest-TestMinimumBasicScenario-327641600 tempest-TestMinimumBasicScenario-327641600-project] 10.222.0.36 "GET /v2.0/security-groups?id=99815461-c0e5-472d-8491-f156f0656590&fields=id&fields=name HTTP/1.1" status: 200 len: 286 time: 0.0700030
Dec 24 06:31:49.789222 dv-osbrick-822871-1-ceph neutron-server[105931]: DEBUG neutron_lib.callbacks.manager [req-3293caa1-71f4-464f-91bd-8672de8a0f71 req-deaa14be-6d3d-4389-9594-7d91067a4748 service neutron] Publish callbacks [] for security_group, precommit_create {{(pid=105931) _notify_loop /usr/local/lib/python3.8/dist-packages/neutron_lib/callbacks/manager.py:175}}
Dec 24 06:31:49.793181 dv-osbrick-822871-1-ceph neutron-server[105931]: DEBUG neutron_lib.callbacks.manager [req-3293caa1-71f4-464f-91bd-8672de8a0f71 req-deaa14be-6d3d-4389-9594-7d91067a4748 service neutron] Publish callbacks ['neutron.plugins.ml2.ovo_rpc._ObjectChangeHandler.handle_event-2040770'] for security_group, after_create {{(pid=105931) _notify_loop /usr/local/lib/python3.8/dist-packages/neutron_lib/callbacks/manager.py:175}}
Dec 24 06:31:49.837104 dv-osbrick-822871-1-ceph neutron-server[105931]: DEBUG neutron.api.rpc.handlers.resources_rpc [None req-deaa14be-6d3d-4389-9594-7d91067a4748 service neutron] Pushing event updated for resources: {'SecurityGroup': ['ID=d432327b-4386-4d68-acd8-f6119ba0daa4,revision_number=1']} {{(pid=105931) push /opt/stack/neutron/neutron/api/rpc/handlers/resources_rpc.py:237}}
Dec 24 06:31:49.842446 dv-osbrick-822871-1-ceph neutron-server[105931]: INFO neutron.wsgi [req-3293caa1-71f4-464f-91bd-8672de8a0f71 req-deaa14be-6d3d-4389-9594-7d91067a4748 service neutron] 10.222.0.46 "GET /v2.0/security-groups?id=99815461-c0e5-472d-8491-f156f0656590&fields=id&fields=name HTTP/1.1" status: 200 len: 286 time: 0.1723762
Dec 24 06:31:49.979828 dv-osbrick-822871-1-ceph neutron-server[105933]: DEBUG neutron_lib.callbacks.manager [None req-96cc7494-cf51-446b-9468-bd052136bda0 None None] Publish callbacks ['neutron.services.segments.db._update_segment_host_mapping_for_agent-8739102084711', 'neutron.plugins.ml2.plugin.Ml2Plugin._retry_binding_revived_agents-832610'] for agent, after_update {{(pid=105933) _notify_loop /usr/local/lib/python3.8/dist-packages/neutron_lib/callbacks/manager.py:175}}
Dec 24 06:31:50.848593 dv-osbrick-822871-1-ceph neutron-server[105931]: DEBUG neutron.pecan_wsgi.hooks.policy_enforcement [req-0e7bed92-282e-44f6-af15-0fcec6848a94 req-81a88559-a8c4-4b03-8c5b-d2b08a1707a7 tempest-TestMinimumBasicScenario-327641600 tempest-TestMinimumBasicScenario-327641600-project] Attributes excluded by policy engine: ['standard_attr_id', 'binding:profile', 'binding:host_id', 'binding:vif_type', 'binding:vif_details'] {{(pid=105931) _exclude_attributes_by_policy /opt/stack/neutron/neutron/pecan_wsgi/hooks/policy_enforcement.py:255}}
Dec 24 06:31:50.850037 dv-osbrick-822871-1-ceph neutron-server[105931]: INFO neutron.wsgi [req-0e7bed92-282e-44f6-af15-0fcec6848a94 req-81a88559-a8c4-4b03-8c5b-d2b08a1707a7 tempest-TestMinimumBasicScenario-327641600 tempest-TestMinimumBasicScenario-327641600-project] 10.222.0.36 "GET /v2.0/ports?device_id=9a545147-21a4-42e1-a46f-5afe3bbd2d8e HTTP/1.1" status: 200 len: 945 time: 0.0516882
Dec 24 06:31:50.907874 dv-osbrick-822871-1-ceph neutron-server[105931]: INFO neutron.wsgi [req-0e7bed92-282e-44f6-af15-0fcec6848a94 req-a6a0eee5-1412-42eb-afe7-c52afc5094c1 tempest-TestMinimumBasicScenario-327641600 tempest-TestMinimumBasicScenario-327641600-project] 10.222.0.36 "GET /v2.0/security-groups?id=99815461-c0e5-472d-8491-f156f0656590&fields=id&fields=name HTTP/1.1" status: 200 len: 286 time: 0.0517249
Dec 24 06:31:50.988706 dv-osbrick-822871-1-ceph neutron-server[105933]: DEBUG neutron_lib.callbacks.manager [None req-fceea372-d14b-4a2f-aca1-2a8addb3e954 None None] Publish callbacks ['neutron.services.segments.db._update_segment_host_mapping_for_agent-8739102084711', 'neutron.plugins.ml2.plugin.Ml2Plugin._retry_binding_revived_agents-832610'] for agent, after_update {{(pid=105933) _notify_loop /usr/local/lib/python3.8/dist-packages/neutron_lib/callbacks/manager.py:175}}
Dec 24 06:31:52.022473 dv-osbrick-822871-1-ceph neutron-server[105931]: DEBUG neutron.pecan_wsgi.hooks.policy_enforcement [req-1dc029c7-9518-4b11-a5c7-db9650917a3e req-84dba0e6-140f-41f9-8e3f-b428a7624449 tempest-TestMinimumBasicScenario-327641600 tempest-TestMinimumBasicScenario-327641600-project] Attributes excluded by policy engine: ['standard_attr_id', 'binding:profile', 'binding:host_id', 'binding:vif_type', 'binding:vif_details'] {{(pid=105931) _exclude_attributes_by_policy /opt/stack/neutron/neutron/pecan_wsgi/hooks/policy_enforcement.py:255}}
Dec 24 06:31:52.024006 dv-osbrick-822871-1-ceph neutron-server[105931]: INFO neutron.wsgi [req-1dc029c7-9518-4b11-a5c7-db9650917a3e req-84dba0e6-140f-41f9-8e3f-b428a7624449 tempest-TestMinimumBasicScenario-327641600 tempest-TestMinimumBasicScenario-327641600-project] 10.222.0.36 "GET /v2.0/ports?device_id=9a545147-21a4-42e1-a46f-5afe3bbd2d8e HTTP/1.1" status: 200 len: 945 time: 0.0488915
Dec 24 06:31:52.083521 dv-osbrick-822871-1-ceph neutron-server[105931]: INFO neutron.wsgi [req-1dc029c7-9518-4b11-a5c7-db9650917a3e req-475534f7-2539-4e0d-8251-bf770d12df52 tempest-TestMinimumBasicScenario-327641600 tempest-TestMinimumBasicScenario-327641600-project] 10.222.0.36 "GET /v2.0/security-groups?id=99815461-c0e5-472d-8491-f156f0656590&fields=id&fields=name HTTP/1.1" status: 200 len: 286 time: 0.0448349
Dec 24 06:31:52.202531 dv-osbrick-822871-1-ceph neutron-server[105931]: DEBUG neutron.pecan_wsgi.hooks.policy_enforcement [req-25aeab30-9f33-4f93-aade-36da14560f65 req-37460f94-6afe-4914-abdb-cbaa0fd398ef tempest-TestMinimumBasicScenario-327641600 tempest-TestMinimumBasicScenario-327641600-project] Attributes excluded by policy engine: ['standard_attr_id', 'binding:profile', 'binding:host_id', 'binding:vif_type', 'binding:vif_details'] {{(pid=105931) _exclude_attributes_by_policy /opt/stack/neutron/neutron/pecan_wsgi/hooks/policy_enforcement.py:255}}
Dec 24 06:31:52.203916 dv-osbrick-822871-1-ceph neutron-server[105931]: INFO neutron.wsgi [req-25aeab30-9f33-4f93-aade-36da14560f65 req-37460f94-6afe-4914-abdb-cbaa0fd398ef tempest-TestMinimumBasicScenario-327641600 tempest-TestMinimumBasicScenario-327641600-project] 10.222.0.36 "GET /v2.0/ports?device_id=9a545147-21a4-42e1-a46f-5afe3bbd2d8e HTTP/1.1" status: 200 len: 945 time: 0.0499129
Dec 24 06:31:52.251002 dv-osbrick-822871-1-ceph neutron-server[105931]: INFO neutron.wsgi [req-25aeab30-9f33-4f93-aade-36da14560f65 req-46697e0a-f60e-4078-9604-89b999064d61 tempest-TestMinimumBasicScenario-327641600 tempest-TestMinimumBasicScenario-327641600-project] 10.222.0.36 "GET /v2.0/security-groups?id=99815461-c0e5-472d-8491-f156f0656590&fields=id&fields=name HTTP/1.1" status: 200 len: 286 time: 0.0408044
Dec 24 06:31:52.574603 dv-osbrick-822871-1-ceph neutron-server[105931]: DEBUG neutron.pecan_wsgi.hooks.policy_enforcement [req-81a4b312-a411-4b31-b366-41dd4b5830ca req-32af61c0-ae7a-4275-85ea-a04cc031b75b tempest-TestMinimumBasicScenario-327641600 tempest-TestMinimumBasicScenario-327641600-project] Attributes excluded by policy engine: ['standard_attr_id', 'binding:profile', 'binding:host_id', 'binding:vif_type', 'binding:vif_details'] {{(pid=105931) _exclude_attributes_by_policy /opt/stack/neutron/neutron/pecan_wsgi/hooks/policy_enforcement.py:255}}
Dec 24 06:31:52.576153 dv-osbrick-822871-1-ceph neutron-server[105931]: INFO neutron.wsgi [req-81a4b312-a411-4b31-b366-41dd4b5830ca req-32af61c0-ae7a-4275-85ea-a04cc031b75b tempest-TestMinimumBasicScenario-327641600 tempest-TestMinimumBasicScenario-327641600-project] 10.222.0.36 "GET /v2.0/ports?device_id=9a545147-21a4-42e1-a46f-5afe3bbd2d8e HTTP/1.1" status: 200 len: 945 time: 0.0484757
Dec 24 06:31:52.622814 dv-osbrick-822871-1-ceph neutron-server[105931]: INFO neutron.wsgi [req-81a4b312-a411-4b31-b366-41dd4b5830ca req-dc95c5e7-b3de-4128-82c3-eb9ebf3a7316 tempest-TestMinimumBasicScenario-327641600 tempest-TestMinimumBasicScenario-327641600-project] 10.222.0.36 "GET /v2.0/security-groups?id=99815461-c0e5-472d-8491-f156f0656590&fields=id&fields=name HTTP/1.1" status: 200 len: 286 time: 0.0406280
Dec 24 06:31:53.381409 dv-osbrick-822871-1-ceph neutron-server[105933]: DEBUG neutron_lib.callbacks.manager [None req-dcc5d50d-5e27-4a4e-b805-29621ca00b1c None None] Publish callbacks ['neutron.services.segments.db._update_segment_host_mapping_for_agent-8739102084711', 'neutron.plugins.ml2.plugin.Ml2Plugin._retry_binding_revived_agents-832610'] for agent, after_update {{(pid=105933) _notify_loop /usr/local/lib/python3.8/dist-packages/neutron_lib/callbacks/manager.py:175}}
Dec 24 06:31:58.394157 dv-osbrick-822871-1-ceph neutron-server[105933]: DEBUG neutron_lib.callbacks.manager [None req-0730b144-0cfa-4537-9ee3-211ca9730a5d None None] Publish callbacks ['neutron.services.segments.db._update_segment_host_mapping_for_agent-8739102084711', 'neutron.plugins.ml2.plugin.Ml2Plugin._retry_binding_revived_agents-832610'] for agent, after_update {{(pid=105933) _notify_loop /usr/local/lib/python3.8/dist-packages/neutron_lib/callbacks/manager.py:175}}
Dec 24 06:31:59.092527 dv-osbrick-822871-1-ceph neutron-server[105931]: DEBUG neutron.pecan_wsgi.hooks.policy_enforcement [req-771ff756-356c-4615-90e0-e12697e1ff93 req-8550dc69-5fb0-4300-9545-75c05c61590c tempest-TestMinimumBasicScenario-327641600 tempest-TestMinimumBasicScenario-327641600-project] Attributes excluded by policy engine: ['standard_attr_id', 'binding:profile', 'binding:host_id', 'binding:vif_type', 'binding:vif_details'] {{(pid=105931) _exclude_attributes_by_policy /opt/stack/neutron/neutron/pecan_wsgi/hooks/policy_enforcement.py:255}}
Dec 24 06:31:59.094043 dv-osbrick-822871-1-ceph neutron-server[105931]: INFO neutron.wsgi [req-771ff756-356c-4615-90e0-e12697e1ff93 req-8550dc69-5fb0-4300-9545-75c05c61590c tempest-TestMinimumBasicScenario-327641600 tempest-TestMinimumBasicScenario-327641600-project] 10.222.0.36 "GET /v2.0/ports?device_id=9a545147-21a4-42e1-a46f-5afe3bbd2d8e HTTP/1.1" status: 200 len: 945 time: 0.0512755
Dec 24 06:31:59.140978 dv-osbrick-822871-1-ceph neutron-server[105931]: INFO neutron.wsgi [req-771ff756-356c-4615-90e0-e12697e1ff93 req-b13cecaf-c3ce-4134-adca-e2feec2a02cc tempest-TestMinimumBasicScenario-327641600 tempest-TestMinimumBasicScenario-327641600-project] 10.222.0.36 "GET /v2.0/security-groups?id=99815461-c0e5-472d-8491-f156f0656590&fields=id&fields=name HTTP/1.1" status: 200 len: 286 time: 0.0406420
Dec 24 06:31:59.162965 dv-osbrick-822871-1-ceph neutron-server[105931]: DEBUG neutron.wsgi [-] (105931) accepted ('10.222.0.36', 45492) {{(pid=105931) server /usr/local/lib/python3.8/dist-packages/eventlet/wsgi.py:1004}}
Dec 24 06:31:59.245447 dv-osbrick-822871-1-ceph neutron-server[105931]: DEBUG neutron.pecan_wsgi.hooks.policy_enforcement [None req-b87f9323-0b0c-44e0-a3ff-91d1c9b2aaf8 tempest-TestMinimumBasicScenario-921340562 tempest-TestMinimumBasicScenario-921340562-project-admin] Attributes excluded by policy engine: ['standard_attr_id'] {{(pid=105931) _exclude_attributes_by_policy /opt/stack/neutron/neutron/pecan_wsgi/hooks/policy_enforcement.py:255}}
Dec 24 06:31:59.247027 dv-osbrick-822871-1-ceph neutron-server[105931]: INFO neutron.wsgi [None req-b87f9323-0b0c-44e0-a3ff-91d1c9b2aaf8 tempest-TestMinimumBasicScenario-921340562 tempest-TestMinimumBasicScenario-921340562-project-admin] 10.222.0.36 "GET /v2.0/ports?device_id=9a545147-21a4-42e1-a46f-5afe3bbd2d8e HTTP/1.1" status: 200 len: 1093 time: 0.0830951
Dec 24 06:31:59.250009 dv-osbrick-822871-1-ceph neutron-server[105931]: DEBUG neutron.wsgi [-] (105931) accepted ('10.222.0.36', 45496) {{(pid=105931) server /usr/local/lib/python3.8/dist-packages/eventlet/wsgi.py:1004}}
Dec 24 06:31:59.255357 dv-osbrick-822871-1-ceph neutron-server[105931]: DEBUG neutron.api.v2.base [None req-ae18ec0d-d298-4e7f-a64a-110ce6e8082b tempest-TestMinimumBasicScenario-327641600 tempest-TestMinimumBasicScenario-327641600-project] Request body: {'floatingip': {'floating_network_id': 'feb070d8-0825-4f9d-ad31-39935143d21d', 'port_id': '16cda250-6d96-4d91-b0ea-4456266f1b14', 'tenant_id': '6a273698d9304663b9167fb522b1ee1b', 'fixed_ip_address': '172.20.0.7'}} {{(pid=105931) prepare_request_body /opt/stack/neutron/neutron/api/v2/base.py:729}}
Dec 24 06:31:59.281900 dv-osbrick-822871-1-ceph neutron-server[105931]: DEBUG neutron_lib.callbacks.manager [None req-ae18ec0d-d298-4e7f-a64a-110ce6e8082b tempest-TestMinimumBasicScenario-327641600 tempest-TestMinimumBasicScenario-327641600-project] Publish callbacks [] for floatingip, before_create {{(pid=105931) _notify_loop /usr/local/lib/python3.8/dist-packages/neutron_lib/callbacks/manager.py:175}}
Dec 24 06:31:59.379063 dv-osbrick-822871-1-ceph neutron-server[105931]: DEBUG neutron_lib.callbacks.manager [None req-ae18ec0d-d298-4e7f-a64a-110ce6e8082b tempest-TestMinimumBasicScenario-327641600 tempest-TestMinimumBasicScenario-327641600-project] Publish callbacks ['neutron.plugins.ml2.plugin.SecurityGroupDbMixin._ensure_default_security_group_handler-595783'] for port, before_create {{(pid=105931) _notify_loop /usr/local/lib/python3.8/dist-packages/neutron_lib/callbacks/manager.py:175}}
Dec 24 06:31:59.481584 dv-osbrick-822871-1-ceph neutron-server[105931]: DEBUG neutron.db.db_base_plugin_common [None req-ae18ec0d-d298-4e7f-a64a-110ce6e8082b tempest-TestMinimumBasicScenario-327641600 tempest-TestMinimumBasicScenario-327641600-project] Allocated IP 172.31.1.95 (feb070d8-0825-4f9d-ad31-39935143d21d/9c930a58-7b6d-4b99-9d52-27358e281367/587282a0-8eb5-41d8-a196-a24b9f54cd82) {{(pid=105931) _store_ip_allocation /opt/stack/neutron/neutron/db/db_base_plugin_common.py:131}}
Dec 24 06:31:59.584048 dv-osbrick-822871-1-ceph neutron-server[105931]: DEBUG neutron_lib.callbacks.manager [None req-ae18ec0d-d298-4e7f-a64a-110ce6e8082b tempest-TestMinimumBasicScenario-327641600 tempest-TestMinimumBasicScenario-327641600-project] Publish callbacks [] for port, precommit_create {{(pid=105931) _notify_loop /usr/local/lib/python3.8/dist-packages/neutron_lib/callbacks/manager.py:175}}
Dec 24 06:31:59.618354 dv-osbrick-822871-1-ceph neutron-server[105931]: DEBUG neutron_lib.callbacks.manager [None req-ae18ec0d-d298-4e7f-a64a-110ce6e8082b tempest-TestMinimumBasicScenario-327641600 tempest-TestMinimumBasicScenario-327641600-project] Publish callbacks ['neutron.plugins.ml2.plugin.SecurityGroupServerNotifierRpcMixin._notify_sg_on_port_change-595718', 'neutron.plugins.ml2.ovo_rpc._ObjectChangeHandler.handle_event-106010', 'neutron.api.rpc.agentnotifiers.dhcp_rpc_agent_api.DhcpAgentNotifyAPI._native_event_send_dhcp_notification-1673943', 'neutron.db.l3_dvrscheduler_db._notify_l3_agent_new_port-8739101615535'] for port, after_create {{(pid=105931) _notify_loop /usr/local/lib/python3.8/dist-packages/neutron_lib/callbacks/manager.py:175}}
Dec 24 06:31:59.656055 dv-osbrick-822871-1-ceph neutron-server[105931]: DEBUG neutron.scheduler.dhcp_agent_scheduler [None req-ae18ec0d-d298-4e7f-a64a-110ce6e8082b tempest-TestMinimumBasicScenario-327641600 tempest-TestMinimumBasicScenario-327641600-project] Network feb070d8-0825-4f9d-ad31-39935143d21d is already hosted by enough agents. {{(pid=105931) _get_dhcp_agents_hosting_network /opt/stack/neutron/neutron/scheduler/dhcp_agent_scheduler.py:275}}
Dec 24 06:31:59.658886 dv-osbrick-822871-1-ceph neutron-server[105931]: DEBUG neutron.scheduler.base_scheduler [None req-ae18ec0d-d298-4e7f-a64a-110ce6e8082b tempest-TestMinimumBasicScenario-327641600 tempest-TestMinimumBasicScenario-327641600-project] Resources bound (agent type, host, resource id): {{(pid=105931) schedule /opt/stack/neutron/neutron/scheduler/base_scheduler.py:57}}
Dec 24 06:31:59.662416 dv-osbrick-822871-1-ceph neutron-server[105931]: DEBUG neutron.db.l3_dvrscheduler_db [None req-ae18ec0d-d298-4e7f-a64a-110ce6e8082b tempest-TestMinimumBasicScenario-327641600 tempest-TestMinimumBasicScenario-327641600-project] Received port after_create {{(pid=105931) _notify_l3_agent_new_port /opt/stack/neutron/neutron/db/l3_dvrscheduler_db.py:535}}
Dec 24 06:31:59.705219 dv-osbrick-822871-1-ceph neutron-server[105931]: DEBUG neutron.api.rpc.handlers.resources_rpc [None req-ae18ec0d-d298-4e7f-a64a-110ce6e8082b tempest-TestMinimumBasicScenario-327641600 tempest-TestMinimumBasicScenario-327641600-project] Pushing event updated for resources: {'Port': ['ID=587282a0-8eb5-41d8-a196-a24b9f54cd82,revision_number=1']} {{(pid=105931) push /opt/stack/neutron/neutron/api/rpc/handlers/resources_rpc.py:237}}
Dec 24 06:32:00.141104 dv-osbrick-822871-1-ceph neutron-server[105931]: DEBUG neutron_lib.callbacks.manager [None req-ae18ec0d-d298-4e7f-a64a-110ce6e8082b tempest-TestMinimumBasicScenario-327641600 tempest-TestMinimumBasicScenario-327641600-project] Publish callbacks [] for floatingip, precommit_create {{(pid=105931) _notify_loop /usr/local/lib/python3.8/dist-packages/neutron_lib/callbacks/manager.py:175}}
Dec 24 06:32:00.241744 dv-osbrick-822871-1-ceph neutron-server[105931]: DEBUG neutron_lib.callbacks.manager [None req-ae18ec0d-d298-4e7f-a64a-110ce6e8082b tempest-TestMinimumBasicScenario-327641600 tempest-TestMinimumBasicScenario-327641600-project] Publish callbacks ['neutron.plugins.ml2.plugin.SecurityGroupDbMixin._ensure_default_security_group_handler-595783'] for port, before_update {{(pid=105931) _notify_loop /usr/local/lib/python3.8/dist-packages/neutron_lib/callbacks/manager.py:175}}
Dec 24 06:32:00.593552 dv-osbrick-822871-1-ceph neutron-server[105931]: DEBUG neutron_lib.callbacks.manager [None req-ae18ec0d-d298-4e7f-a64a-110ce6e8082b tempest-TestMinimumBasicScenario-327641600 tempest-TestMinimumBasicScenario-327641600-project] Publish callbacks [] for port, precommit_update {{(pid=105931) _notify_loop /usr/local/lib/python3.8/dist-packages/neutron_lib/callbacks/manager.py:175}}
Dec 24 06:32:00.597961 dv-osbrick-822871-1-ceph neutron-server[105931]: DEBUG neutron_lib.callbacks.manager [None req-ae18ec0d-d298-4e7f-a64a-110ce6e8082b tempest-TestMinimumBasicScenario-327641600 tempest-TestMinimumBasicScenario-327641600-project] Publish callbacks ['neutron.plugins.ml2.plugin.SecurityGroupServerNotifierRpcMixin._notify_sg_on_port_change-595718', 'neutron.plugins.ml2.ovo_rpc._ObjectChangeHandler.handle_event-106010', 'neutron.api.rpc.agentnotifiers.dhcp_rpc_agent_api.DhcpAgentNotifyAPI._native_event_send_dhcp_notification-1673943', 'neutron.db.l3_db.L3RpcNotifierMixin._notify_gateway_port_ip_changed-8739102116365', 'neutron.db.l3_dvrscheduler_db._notify_l3_agent_port_update-8739101615553', 'neutron.db.l3_hascheduler_db._notify_l3_agent_ha_port_update-8739101615571'] for port, after_update {{(pid=105931) _notify_loop /usr/local/lib/python3.8/dist-packages/neutron_lib/callbacks/manager.py:175}}
Dec 24 06:32:00.630381 dv-osbrick-822871-1-ceph neutron-server[105931]: DEBUG neutron_lib.callbacks.manager [None req-ae18ec0d-d298-4e7f-a64a-110ce6e8082b tempest-TestMinimumBasicScenario-327641600 tempest-TestMinimumBasicScenario-327641600-project] Publish callbacks ['neutron.services.l3_router.l3_router_plugin.DVRResourceOperationHandler._create_dvr_floating_gw_port-2062341'] for floatingip, after_create {{(pid=105931) _notify_loop /usr/local/lib/python3.8/dist-packages/neutron_lib/callbacks/manager.py:175}}
Dec 24 06:32:00.679514 dv-osbrick-822871-1-ceph neutron-server[105931]: DEBUG neutron.api.rpc.handlers.resources_rpc [None req-ae18ec0d-d298-4e7f-a64a-110ce6e8082b tempest-TestMinimumBasicScenario-327641600 tempest-TestMinimumBasicScenario-327641600-project] Pushing event updated for resources: {'Port': ['ID=587282a0-8eb5-41d8-a196-a24b9f54cd82,revision_number=2']} {{(pid=105931) push /opt/stack/neutron/neutron/api/rpc/handlers/resources_rpc.py:237}}
Dec 24 06:32:00.753618 dv-osbrick-822871-1-ceph neutron-server[105931]: INFO neutron.db.l3_db [None req-ae18ec0d-d298-4e7f-a64a-110ce6e8082b tempest-TestMinimumBasicScenario-327641600 tempest-TestMinimumBasicScenario-327641600-project] Floating IP b9c7f6a5-379c-4a73-81b7-4c1210c04f3c associated. External IP: 172.31.1.95, port: 16cda250-6d96-4d91-b0ea-4456266f1b14.
Dec 24 06:32:01.009530 dv-osbrick-822871-1-ceph neutron-server[105931]: DEBUG neutron.scheduler.l3_agent_scheduler [None req-ae18ec0d-d298-4e7f-a64a-110ce6e8082b tempest-TestMinimumBasicScenario-327641600 tempest-TestMinimumBasicScenario-327641600-project] Router b1b719e9-750b-4084-ad92-7018e6ef62dc has already been hosted by L3 agent f9937da1-cf8c-44ee-ae19-5a2697ef8467 {{(pid=105931) _get_candidates /opt/stack/neutron/neutron/scheduler/l3_agent_scheduler.py:126}}
Dec 24 06:32:01.132551 dv-osbrick-822871-1-ceph neutron-server[105931]: DEBUG neutron.api.rpc.agentnotifiers.l3_rpc_agent_api [None req-ae18ec0d-d298-4e7f-a64a-110ce6e8082b tempest-TestMinimumBasicScenario-327641600 tempest-TestMinimumBasicScenario-327641600-project] Notify agent at l3_agent.dv-osbrick-822871-1-ceph the message routers_updated {{(pid=105931) _agent_notification /opt/stack/neutron/neutron/api/rpc/agentnotifiers/l3_rpc_agent_api.py:65}}
Dec 24 06:32:01.147014 dv-osbrick-822871-1-ceph neutron-server[105934]: DEBUG neutron.api.rpc.handlers.l3_rpc [None req-db67f449-94e3-4f27-be40-3b66fef57c51 None None] Sync routers for ids ['b1b719e9-750b-4084-ad92-7018e6ef62dc'] in dv-osbrick-822871-1-ceph {{(pid=105934) sync_routers /opt/stack/neutron/neutron/api/rpc/handlers/l3_rpc.py:125}}
Dec 24 06:32:01.156748 dv-osbrick-822871-1-ceph neutron-server[105931]: DEBUG neutron_lib.callbacks.manager [None req-ae18ec0d-d298-4e7f-a64a-110ce6e8082b tempest-TestMinimumBasicScenario-327641600 tempest-TestMinimumBasicScenario-327641600-project] Publish callbacks ['neutron.notifiers.nova.Notifier._send_nova_notification-260657'] for floatingip, before_response {{(pid=105931) _notify_loop /usr/local/lib/python3.8/dist-packages/neutron_lib/callbacks/manager.py:175}}
Dec 24 06:32:01.157854 dv-osbrick-822871-1-ceph neutron-server[105934]: DEBUG neutron.db.l3_dvrscheduler_db [None req-db67f449-94e3-4f27-be40-3b66fef57c51 None None] Routers {'b1b719e9-750b-4084-ad92-7018e6ef62dc'} bound to L3 agent in host dv-osbrick-822871-1-ceph {{(pid=105934) _get_router_ids_for_agent /opt/stack/neutron/neutron/db/l3_dvrscheduler_db.py:420}}
Dec 24 06:32:01.158740 dv-osbrick-822871-1-ceph neutron-server[105934]: DEBUG neutron.db.l3_hamode_db [None req-db67f449-94e3-4f27-be40-3b66fef57c51 None None] neutron.services.l3_router.l3_router_plugin.L3RouterPlugin method get_ha_sync_data_for_host called with arguments (, 'dv-osbrick-822871-1-ceph', Agent(admin_state_up=True,agent_type='L3 agent',availability_zone='nova',binary='neutron-l3-agent',configurations={"agent_mode": "legacy", "ex_gw_ports": 5, "extensions": [], "floating_ips": 0, "handle_internal_only_routers": true, "interface_driver": "openvswitch", "interfaces": 5, "log_agent_heartbeats": false, "routers": 5},created_at=2021-12-24T06:23:50Z,description=,heartbeat_timestamp=2021-12-24T06:31:50Z,host='dv-osbrick-822871-1-ceph',id=f9937da1-cf8c-44ee-ae19-5a2697ef8467,load=0,resource_versions=,resources_synced=,started_at=2021-12-24T06:23:50Z,topic='l3_agent')) {'router_ids': ['b1b719e9-750b-4084-ad92-7018e6ef62dc'], 'active': True} {{(pid=105934) wrapper /usr/local/lib/python3.8/dist-packages/oslo_log/helpers.py:65}}
Dec 24 06:32:01.192834 dv-osbrick-822871-1-ceph neutron-server[105931]: INFO neutron.wsgi [None req-ae18ec0d-d298-4e7f-a64a-110ce6e8082b tempest-TestMinimumBasicScenario-327641600 tempest-TestMinimumBasicScenario-327641600-project] 10.222.0.36 "POST /v2.0/floatingips HTTP/1.1" status: 201 len: 995 time: 1.9400022
Dec 24 06:32:01.193098 dv-osbrick-822871-1-ceph neutron-server[105931]: DEBUG neutron.notifiers.nova [-] Sending events: [{'name': 'network-changed', 'server_uuid': '9a545147-21a4-42e1-a46f-5afe3bbd2d8e', 'tag': '16cda250-6d96-4d91-b0ea-4456266f1b14'}] {{(pid=105931) send_events /opt/stack/neutron/neutron/notifiers/nova.py:262}}
Dec 24 06:32:01.195431 dv-osbrick-822871-1-ceph neutron-server[105931]: DEBUG novaclient.v2.client [-] REQ: curl -g -i --cacert "/opt/stack/data/ca-bundle.pem" -X POST http://10.222.0.36/compute/v2.1/os-server-external-events -H "Accept: application/json" -H "Content-Type: application/json" -H "User-Agent: python-novaclient" -H "X-Auth-Token: {SHA256}4fe0b0479e83dfa0bd30910334803a9ce123dab4527748089500b90d23fa0b6d" -H "X-OpenStack-Nova-API-Version: 2.1" -H "X-OpenStack-Request-ID: req-d9a3fbe2-e9f0-459d-8658-7a2a1a26d66e" -d '{"events": [{"name": "network-changed", "server_uuid": "9a545147-21a4-42e1-a46f-5afe3bbd2d8e", "tag": "16cda250-6d96-4d91-b0ea-4456266f1b14"}]}' {{(pid=105931) _http_log_request /usr/local/lib/python3.8/dist-packages/keystoneauth1/session.py:519}}
Dec 24 06:32:01.195643 dv-osbrick-822871-1-ceph neutron-server[105932]: DEBUG neutron.wsgi [-] (105932) accepted ('10.222.0.36', 45502) {{(pid=105932) server /usr/local/lib/python3.8/dist-packages/eventlet/wsgi.py:1004}}
Dec 24 06:32:01.201393 dv-osbrick-822871-1-ceph neutron-server[105932]: DEBUG neutron.api.v2.base [None req-b01e0dbe-3708-4287-af71-f53d156a98ac tempest-TestMinimumBasicScenario-327641600 tempest-TestMinimumBasicScenario-327641600-project] Request body: {'security_group': {'name': 'tempest-secgroup-smoke-208388978', 'description': 'tempest-secgroup-smoke-208388978 description', 'project_id': '6a273698d9304663b9167fb522b1ee1b'}} {{(pid=105932) prepare_request_body /opt/stack/neutron/neutron/api/v2/base.py:729}}
Dec 24 06:32:01.234874 dv-osbrick-822871-1-ceph neutron-server[105931]: DEBUG novaclient.v2.client [-] RESP: [200] Connection: close Content-Length: 179 Content-Type: application/json Date: Fri, 24 Dec 2021 06:32:01 GMT OpenStack-API-Version: compute 2.1 Server: Apache/2.4.41 (Ubuntu) Vary: OpenStack-API-Version,X-OpenStack-Nova-API-Version X-OpenStack-Nova-API-Version: 2.1 x-compute-request-id: req-6891107a-3126-4802-84c1-20b2487336ec x-openstack-request-id: req-6891107a-3126-4802-84c1-20b2487336ec {{(pid=105931) _http_log_response /usr/local/lib/python3.8/dist-packages/keystoneauth1/session.py:550}}
Dec 24 06:32:01.235290 dv-osbrick-822871-1-ceph neutron-server[105931]: DEBUG novaclient.v2.client [-] RESP BODY: {"events": [{"name": "network-changed", "server_uuid": "9a545147-21a4-42e1-a46f-5afe3bbd2d8e", "tag": "16cda250-6d96-4d91-b0ea-4456266f1b14", "status": "completed", "code": 200}]} {{(pid=105931) _http_log_response /usr/local/lib/python3.8/dist-packages/keystoneauth1/session.py:582}}
Dec 24 06:32:01.235579 dv-osbrick-822871-1-ceph neutron-server[105931]: DEBUG novaclient.v2.client [-] POST call to compute for http://10.222.0.36/compute/v2.1/os-server-external-events used request id req-6891107a-3126-4802-84c1-20b2487336ec {{(pid=105931) request /usr/local/lib/python3.8/dist-packages/keystoneauth1/session.py:954}}
Dec 24 06:32:01.236089 dv-osbrick-822871-1-ceph neutron-server[105931]: INFO neutron.notifiers.nova [-] Nova event response: {'name': 'network-changed', 'server_uuid': '9a545147-21a4-42e1-a46f-5afe3bbd2d8e', 'tag': '16cda250-6d96-4d91-b0ea-4456266f1b14', 'status': 'completed', 'code': 200}
Dec 24 06:32:01.237942 dv-osbrick-822871-1-ceph neutron-server[105932]: DEBUG neutron_lib.callbacks.manager [None req-b01e0dbe-3708-4287-af71-f53d156a98ac tempest-TestMinimumBasicScenario-327641600 tempest-TestMinimumBasicScenario-327641600-project] Publish callbacks [] for security_group, before_create {{(pid=105932) _notify_loop /usr/local/lib/python3.8/dist-packages/neutron_lib/callbacks/manager.py:175}}
Dec 24 06:32:01.273357 dv-osbrick-822871-1-ceph neutron-server[105934]: DEBUG neutron.db.l3_dvr_db [None req-db67f449-94e3-4f27-be40-3b66fef57c51 None None] Set router b1b719e9-750b-4084-ad92-7018e6ef62dc gateway port host: dv-osbrick-822871-1-ceph {{(pid=105934) _build_routers_list /opt/stack/neutron/neutron/db/l3_dvr_db.py:906}}
Dec 24 06:32:01.330179 dv-osbrick-822871-1-ceph neutron-server[105932]: DEBUG neutron_lib.callbacks.manager [None req-b01e0dbe-3708-4287-af71-f53d156a98ac tempest-TestMinimumBasicScenario-327641600 tempest-TestMinimumBasicScenario-327641600-project] Publish callbacks [] for security_group, precommit_create {{(pid=105932) _notify_loop /usr/local/lib/python3.8/dist-packages/neutron_lib/callbacks/manager.py:175}}
Dec 24 06:32:01.334631 dv-osbrick-822871-1-ceph neutron-server[105932]: DEBUG neutron_lib.callbacks.manager [None req-b01e0dbe-3708-4287-af71-f53d156a98ac tempest-TestMinimumBasicScenario-327641600 tempest-TestMinimumBasicScenario-327641600-project] Publish callbacks ['neutron.plugins.ml2.ovo_rpc._ObjectChangeHandler.handle_event-2040770'] for security_group, after_create {{(pid=105932) _notify_loop /usr/local/lib/python3.8/dist-packages/neutron_lib/callbacks/manager.py:175}}
Dec 24 06:32:01.344145 dv-osbrick-822871-1-ceph neutron-server[105931]: DEBUG neutron.pecan_wsgi.hooks.policy_enforcement [req-d9a3fbe2-e9f0-459d-8658-7a2a1a26d66e req-3a6c921f-aec7-44d8-8648-33be399b9b17 service neutron] Attributes excluded by policy engine: ['standard_attr_id'] {{(pid=105931) _exclude_attributes_by_policy /opt/stack/neutron/neutron/pecan_wsgi/hooks/policy_enforcement.py:255}}
Dec 24 06:32:01.346190 dv-osbrick-822871-1-ceph neutron-server[105931]: INFO neutron.wsgi [req-d9a3fbe2-e9f0-459d-8658-7a2a1a26d66e req-3a6c921f-aec7-44d8-8648-33be399b9b17 service neutron] 10.222.0.46 "GET /v2.0/ports?tenant_id=6a273698d9304663b9167fb522b1ee1b&device_id=9a545147-21a4-42e1-a46f-5afe3bbd2d8e HTTP/1.1" status: 200 len: 1098 time: 0.0501103
Dec 24 06:32:01.448340 dv-osbrick-822871-1-ceph neutron-server[105931]: DEBUG neutron.pecan_wsgi.hooks.policy_enforcement [req-d9a3fbe2-e9f0-459d-8658-7a2a1a26d66e req-5a58a1bf-fb04-4512-8c1f-9838a1beacb4 service neutron] Attributes excluded by policy engine: ['standard_attr_id', 'vlan_transparent'] {{(pid=105931) _exclude_attributes_by_policy /opt/stack/neutron/neutron/pecan_wsgi/hooks/policy_enforcement.py:255}}
Dec 24 06:32:01.449893 dv-osbrick-822871-1-ceph neutron-server[105931]: INFO neutron.wsgi [req-d9a3fbe2-e9f0-459d-8658-7a2a1a26d66e req-5a58a1bf-fb04-4512-8c1f-9838a1beacb4 service neutron] 10.222.0.46 "GET /v2.0/networks?id=d9f68876-49e8-4b18-b682-2f0893eb54a1 HTTP/1.1" status: 200 len: 915 time: 0.0966678
Dec 24 06:32:01.502970 dv-osbrick-822871-1-ceph neutron-server[105932]: DEBUG neutron_lib.callbacks.manager [None req-b01e0dbe-3708-4287-af71-f53d156a98ac tempest-TestMinimumBasicScenario-327641600 tempest-TestMinimumBasicScenario-327641600-project] Publish callbacks [] for security_group, before_response {{(pid=105932) _notify_loop /usr/local/lib/python3.8/dist-packages/neutron_lib/callbacks/manager.py:175}}
Dec 24 06:32:01.505129 dv-osbrick-822871-1-ceph neutron-server[105932]: INFO neutron.wsgi [None req-b01e0dbe-3708-4287-af71-f53d156a98ac tempest-TestMinimumBasicScenario-327641600 tempest-TestMinimumBasicScenario-327641600-project] 10.222.0.36 "POST /v2.0/security-groups HTTP/1.1" status: 201 len: 1807 time: 0.3085132
Dec 24 06:32:01.508101 dv-osbrick-822871-1-ceph neutron-server[105932]: DEBUG neutron.wsgi [-] (105932) accepted ('10.222.0.36', 45506) {{(pid=105932) server /usr/local/lib/python3.8/dist-packages/eventlet/wsgi.py:1004}}
Dec 24 06:32:01.514405 dv-osbrick-822871-1-ceph neutron-server[105932]: DEBUG neutron.api.v2.base [None req-0f5e2920-e96c-438a-a628-630b5d10ec65 tempest-TestMinimumBasicScenario-327641600 tempest-TestMinimumBasicScenario-327641600-project] Request body: {'security_group_rule': {'security_group_id': '4e7e00ab-7e0b-46bf-a66f-36cf238cd5be', 'project_id': '6a273698d9304663b9167fb522b1ee1b', 'protocol': 'tcp', 'port_range_min': 22, 'port_range_max': 22, 'direction': 'ingress'}} {{(pid=105932) prepare_request_body /opt/stack/neutron/neutron/api/v2/base.py:729}}
Dec 24 06:32:01.522774 dv-osbrick-822871-1-ceph neutron-server[105932]: DEBUG neutron.api.rpc.handlers.resources_rpc [None req-b01e0dbe-3708-4287-af71-f53d156a98ac tempest-TestMinimumBasicScenario-327641600 tempest-TestMinimumBasicScenario-327641600-project] Pushing event updated for resources: {'SecurityGroup': ['ID=4e7e00ab-7e0b-46bf-a66f-36cf238cd5be,revision_number=1']} {{(pid=105932) push /opt/stack/neutron/neutron/api/rpc/handlers/resources_rpc.py:237}}
Dec 24 06:32:01.559452 dv-osbrick-822871-1-ceph neutron-server[105932]: DEBUG neutron_lib.callbacks.manager [None req-0f5e2920-e96c-438a-a628-630b5d10ec65 tempest-TestMinimumBasicScenario-327641600 tempest-TestMinimumBasicScenario-327641600-project] Publish callbacks [] for security_group_rule, before_create {{(pid=105932) _notify_loop /usr/local/lib/python3.8/dist-packages/neutron_lib/callbacks/manager.py:175}}
Dec 24 06:32:01.577016 dv-osbrick-822871-1-ceph neutron-server[105931]: INFO neutron.wsgi [req-d9a3fbe2-e9f0-459d-8658-7a2a1a26d66e req-de3b1d6f-c6b8-49fe-a38e-a39f173a54a3 service neutron] 10.222.0.46 "GET /v2.0/floatingips?fixed_ip_address=172.20.0.7&port_id=16cda250-6d96-4d91-b0ea-4456266f1b14 HTTP/1.1" status: 200 len: 998 time: 0.1199660
Dec 24 06:32:01.587581 dv-osbrick-822871-1-ceph neutron-server[105934]: DEBUG neutron.db.l3_hamode_db [None req-db67f449-94e3-4f27-be40-3b66fef57c51 None None] neutron.services.l3_router.l3_router_plugin.L3RouterPlugin method _process_sync_ha_data called with arguments (, [{'id': 'b1b719e9-750b-4084-ad92-7018e6ef62dc', 'name': 'tempest-TestMinimumBasicScenario-264136457-router', 'tenant_id': '6a273698d9304663b9167fb522b1ee1b', 'admin_state_up': True, 'status': 'ACTIVE', 'external_gateway_info': {'network_id': 'feb070d8-0825-4f9d-ad31-39935143d21d', 'external_fixed_ips': [{'subnet_id': '9c930a58-7b6d-4b99-9d52-27358e281367', 'ip_address': '172.31.1.11'}], 'enable_snat': True}, 'gw_port_id': '36a160a2-d701-435e-adec-364cf81ebe2c', 'description': '', 'availability_zones': ['nova'], 'distributed': False, 'ha': False, 'ha_vr_id': 0, 'availability_zone_hints': [], 'routes': [], 'flavor_id': None, 'tags': [], 'created_at': '2021-12-24T06:31:03Z', 'updated_at': '2021-12-24T06:31:07Z', 'revision_number': 4, 'project_id': '6a273698d9304663b9167fb522b1ee1b', 'gw_port': {'id': '36a160a2-d701-435e-adec-364cf81ebe2c', 'name': '', 'network_id': 'feb070d8-0825-4f9d-ad31-39935143d21d', 'tenant_id': '', 'mac_address': 'fa:16:3e:a4:ad:1e', 'admin_state_up': True, 'status': 'ACTIVE', 'device_id': 'b1b719e9-750b-4084-ad92-7018e6ef62dc', 'device_owner': 'network:router_gateway', 'standard_attr_id': 52, 'fixed_ips': [{'subnet_id': '9c930a58-7b6d-4b99-9d52-27358e281367', 'ip_address': '172.31.1.11', 'prefixlen': 24}], 'allowed_address_pairs': [], 'extra_dhcp_opts': [], 'security_groups': [], 'description': '', 'binding:vnic_type': 'normal', 'binding:profile': {}, 'binding:host_id': 'dv-osbrick-822871-1-ceph', 'binding:vif_type': 'ovs', 'binding:vif_details': {'connectivity': 'l2', 'port_filter': True, 'ovs_hybrid_plug': False, 'datapath_type': 'system', 'bridge_name': 'br-int'}, 'port_security_enabled': False, 'tags': [], 'created_at': '2021-12-24T06:31:04Z', 'updated_at': '2021-12-24T06:31:12Z', 'revision_number': 4, 'project_id': '', 'subnets': [{'id': '9c930a58-7b6d-4b99-9d52-27358e281367', 'cidr': '172.31.1.0/24', 'gateway_ip': '172.31.1.1', 'dns_nameservers': [], 'ipv6_ra_mode': None, 'subnetpool_id': None}], 'extra_subnets': [], 'address_scopes': {4: None, 6: None}, 'mtu': 1500}, 'enable_snat': True, 'gw_port_host': 'dv-osbrick-822871-1-ceph', '_floatingips': [{'id': 'b9c7f6a5-379c-4a73-81b7-4c1210c04f3c', 'tenant_id': '6a273698d9304663b9167fb522b1ee1b', 'floating_ip_address': '172.31.1.95', 'floating_network_id': 'feb070d8-0825-4f9d-ad31-39935143d21d', 'router_id': 'b1b719e9-750b-4084-ad92-7018e6ef62dc', 'port_id': '16cda250-6d96-4d91-b0ea-4456266f1b14', 'fixed_ip_address': '172.20.0.7', 'status': 'DOWN', 'standard_attr_id': 86, 'description': '', 'qos_policy_id': None, 'qos_network_policy_id': None, 'port_details': {'name': '', 'network_id': 'd9f68876-49e8-4b18-b682-2f0893eb54a1', 'mac_address': 'fa:16:3e:3c:a5:c3', 'admin_state_up': True, 'status': 'ACTIVE', 'device_id': '9a545147-21a4-42e1-a46f-5afe3bbd2d8e', 'device_owner': 'compute:nova'}, 'dns_domain': '', 'dns_name': '', 'tags': [], 'created_at': '2021-12-24T06:31:59Z', 'updated_at': '2021-12-24T06:31:59Z', 'revision_number': 0, 'project_id': '6a273698d9304663b9167fb522b1ee1b', 'fixed_ip_address_scope': None}], '_interfaces': [{'id': '59d7f32d-fb91-4ac3-9e06-e10cad7f9949', 'name': '', 'network_id': 'd9f68876-49e8-4b18-b682-2f0893eb54a1', 'tenant_id': '6a273698d9304663b9167fb522b1ee1b', 'mac_address': 'fa:16:3e:92:7f:e3', 'admin_state_up': True, 'status': 'ACTIVE', 'device_id': 'b1b719e9-750b-4084-ad92-7018e6ef62dc', 'device_owner': 'network:router_interface', 'standard_attr_id': 54, 'fixed_ips': [{'subnet_id': 'eb263a30-0fc1-4a6f-8233-16b35cccebda', 'ip_address': '172.20.0.1', 'prefixlen': 28}], 'allowed_address_pairs': [], 'extra_dhcp_opts': [], 'security_groups': [], 'description': '', 'binding:vnic_type': 'normal', 'binding:profile': {}, 'binding:host_id': 'dv-osbrick-822871-1-ceph', 'binding:vif_type': 'ovs', 'binding:vif_details': {'connectivity': 'l2', 'port_filter': True, 'ovs_hybrid_plug': False, 'datapath_type': 'system', 'bridge_name': 'br-int'}, 'port_security_enabled': False, 'tags': [], 'created_at': '2021-12-24T06:31:06Z', 'updated_at': '2021-12-24T06:31:18Z', 'revision_number': 5, 'project_id': '6a273698d9304663b9167fb522b1ee1b', 'subnets': [{'id': 'eb263a30-0fc1-4a6f-8233-16b35cccebda', 'cidr': '172.20.0.0/28', 'gateway_ip': '172.20.0.1', 'dns_nameservers': [], 'ipv6_ra_mode': None, 'subnetpool_id': None}], 'extra_subnets': [], 'address_scopes': {4: None, 6: None}, 'mtu': 1500}]}], 'dv-osbrick-822871-1-ceph', False) {} {{(pid=105934) wrapper /usr/local/lib/python3.8/dist-packages/oslo_log/helpers.py:65}}
Dec 24 06:32:01.619386 dv-osbrick-822871-1-ceph neutron-server[105932]: DEBUG neutron_lib.callbacks.manager [None req-0f5e2920-e96c-438a-a628-630b5d10ec65 tempest-TestMinimumBasicScenario-327641600 tempest-TestMinimumBasicScenario-327641600-project] Publish callbacks [] for security_group_rule, precommit_create {{(pid=105932) _notify_loop /usr/local/lib/python3.8/dist-packages/neutron_lib/callbacks/manager.py:175}}
Dec 24 06:32:01.619984 dv-osbrick-822871-1-ceph neutron-server[105934]: DEBUG neutron.api.rpc.handlers.l3_rpc [None req-db67f449-94e3-4f27-be40-3b66fef57c51 None None] Checking router: b1b719e9-750b-4084-ad92-7018e6ef62dc for host: dv-osbrick-822871-1-ceph {{(pid=105934) _ensure_host_set_on_ports /opt/stack/neutron/neutron/api/rpc/handlers/l3_rpc.py:155}}
Dec 24 06:32:01.624656 dv-osbrick-822871-1-ceph neutron-server[105932]: DEBUG neutron_lib.callbacks.manager [None req-0f5e2920-e96c-438a-a628-630b5d10ec65 tempest-TestMinimumBasicScenario-327641600 tempest-TestMinimumBasicScenario-327641600-project] Publish callbacks ['neutron.plugins.ml2.ovo_rpc._ObjectChangeHandler.handle_event-111599'] for security_group_rule, after_create {{(pid=105932) _notify_loop /usr/local/lib/python3.8/dist-packages/neutron_lib/callbacks/manager.py:175}}
Dec 24 06:32:01.631344 dv-osbrick-822871-1-ceph neutron-server[105934]: DEBUG neutron.db.l3_dvrscheduler_db [None req-db67f449-94e3-4f27-be40-3b66fef57c51 None None] Routers {'b1b719e9-750b-4084-ad92-7018e6ef62dc'} bound to L3 agent in host dv-osbrick-822871-1-ceph {{(pid=105934) _get_router_ids_for_agent /opt/stack/neutron/neutron/db/l3_dvrscheduler_db.py:420}}
Dec 24 06:32:01.632362 dv-osbrick-822871-1-ceph neutron-server[105934]: DEBUG neutron.db.l3_hamode_db [None req-db67f449-94e3-4f27-be40-3b66fef57c51 None None] neutron.services.l3_router.l3_router_plugin.L3RouterPlugin method get_ha_sync_data_for_host called with arguments (, 'dv-osbrick-822871-1-ceph', Agent(admin_state_up=True,agent_type='L3 agent',availability_zone='nova',binary='neutron-l3-agent',configurations={"agent_mode": "legacy", "ex_gw_ports": 5, "extensions": [], "floating_ips": 0, "handle_internal_only_routers": true, "interface_driver": "openvswitch", "interfaces": 5, "log_agent_heartbeats": false, "routers": 5},created_at=2021-12-24T06:23:50Z,description=,heartbeat_timestamp=2021-12-24T06:31:50Z,host='dv-osbrick-822871-1-ceph',id=f9937da1-cf8c-44ee-ae19-5a2697ef8467,load=0,resource_versions=,resources_synced=,started_at=2021-12-24T06:23:50Z,topic='l3_agent')) {'router_ids': ['b1b719e9-750b-4084-ad92-7018e6ef62dc'], 'active': True} {{(pid=105934) wrapper /usr/local/lib/python3.8/dist-packages/oslo_log/helpers.py:65}}
Dec 24 06:32:01.639361 dv-osbrick-822871-1-ceph neutron-server[105931]: DEBUG neutron.pecan_wsgi.hooks.policy_enforcement [req-d9a3fbe2-e9f0-459d-8658-7a2a1a26d66e req-269d4edc-fbb3-4731-b2ab-2ce13b83cf1f service neutron] Attributes excluded by policy engine: ['standard_attr_id', 'shared'] {{(pid=105931) _exclude_attributes_by_policy /opt/stack/neutron/neutron/pecan_wsgi/hooks/policy_enforcement.py:255}}
Dec 24 06:32:01.641048 dv-osbrick-822871-1-ceph neutron-server[105931]: INFO neutron.wsgi [req-d9a3fbe2-e9f0-459d-8658-7a2a1a26d66e req-269d4edc-fbb3-4731-b2ab-2ce13b83cf1f service neutron] 10.222.0.46 "GET /v2.0/subnets?id=eb263a30-0fc1-4a6f-8233-16b35cccebda HTTP/1.1" status: 200 len: 853 time: 0.0570819
Dec 24 06:32:01.649351 dv-osbrick-822871-1-ceph neutron-server[105932]: DEBUG neutron.api.rpc.handlers.resources_rpc [None req-0f5e2920-e96c-438a-a628-630b5d10ec65 tempest-TestMinimumBasicScenario-327641600 tempest-TestMinimumBasicScenario-327641600-project] Pushing event updated for resources: {'SecurityGroupRule': ['ID=8cc2353f-4aec-4556-84b0-95676a123b8e,revision_number=0']} {{(pid=105932) push /opt/stack/neutron/neutron/api/rpc/handlers/resources_rpc.py:237}}
Dec 24 06:32:01.659977 dv-osbrick-822871-1-ceph neutron-server[105932]: DEBUG neutron_lib.callbacks.manager [None req-0f5e2920-e96c-438a-a628-630b5d10ec65 tempest-TestMinimumBasicScenario-327641600 tempest-TestMinimumBasicScenario-327641600-project] Publish callbacks [] for security_group_rule, before_response {{(pid=105932) _notify_loop /usr/local/lib/python3.8/dist-packages/neutron_lib/callbacks/manager.py:175}}
