Sep 30 10:44:01.068134 dv-osbrick-811944-2-smb neutron-server[100504]: DEBUG neutron.plugins.ml2.drivers.mech_agent [req-e4822641-ff8a-410c-bfce-e7bacaf93863 req-b8f7f134-465b-45aa-8b99-6a19a1937582 service neutron] Checking segment: {'id': 'c029127b-8d9a-4e59-b07d-588461b2f6a6', 'network_type': 'vlan', 'physical_network': 'physnet1', 'segmentation_id': 732, 'network_id': '3204dc72-b514-499d-b76a-686cfdc6d184'} for mappings: {'physnet1$': 'br-data'} with network types: ['local', 'flat', 'vlan'] {{(pid=100504) check_segment_for_agent /opt/stack/neutron/neutron/plugins/ml2/drivers/mech_agent.py:358}}
Sep 30 10:44:01.068549 dv-osbrick-811944-2-smb neutron-server[100504]: DEBUG neutron.plugins.ml2.drivers.mech_agent [req-e4822641-ff8a-410c-bfce-e7bacaf93863 req-b8f7f134-465b-45aa-8b99-6a19a1937582 service neutron] Bound using segment: {'id': 'c029127b-8d9a-4e59-b07d-588461b2f6a6', 'network_type': 'vlan', 'physical_network': 'physnet1', 'segmentation_id': 732, 'network_id': '3204dc72-b514-499d-b76a-686cfdc6d184'} {{(pid=100504) bind_port /opt/stack/neutron/neutron/plugins/ml2/drivers/mech_agent.py:120}}
Sep 30 10:44:01.068974 dv-osbrick-811944-2-smb neutron-server[100504]: DEBUG neutron.plugins.ml2.managers [req-e4822641-ff8a-410c-bfce-e7bacaf93863 req-b8f7f134-465b-45aa-8b99-6a19a1937582 service neutron] Bound port: 8ea285a7-a190-45d0-a2ff-e51e227a2ea7, host: hv-osbrick-8119, vif_type: hyperv, vif_details: {"connectivity": "legacy", "port_filter": false}, binding_levels: [{'bound_driver': 'hyperv', 'bound_segment': {'id': 'c029127b-8d9a-4e59-b07d-588461b2f6a6', 'network_type': 'vlan', 'physical_network': 'physnet1', 'segmentation_id': 732, 'network_id': '3204dc72-b514-499d-b76a-686cfdc6d184'}}] {{(pid=100504) _bind_port_level /opt/stack/neutron/neutron/plugins/ml2/managers.py:928}}
Sep 30 10:44:01.069627 dv-osbrick-811944-2-smb neutron-server[100504]: DEBUG neutron_lib.callbacks.manager [req-e4822641-ff8a-410c-bfce-e7bacaf93863 req-b8f7f134-465b-45aa-8b99-6a19a1937582 service neutron] Notify callbacks ['neutron.plugins.ml2.plugin.SecurityGroupDbMixin._ensure_default_security_group_handler-683794'] for port, before_update {{(pid=100504) _notify_loop /usr/local/lib/python3.8/dist-packages/neutron_lib/callbacks/manager.py:192}}
Sep 30 10:44:01.120923 dv-osbrick-811944-2-smb neutron-server[100506]: DEBUG neutron.db.agents_db [None req-ed904031-080a-4e47-8322-a6ce74fead3d None None] Agent healthcheck: found 6 active agents {{(pid=100506) agent_health_check /opt/stack/neutron/neutron/db/agents_db.py:317}}
Sep 30 10:44:01.144346 dv-osbrick-811944-2-smb neutron-server[100504]: DEBUG neutron.plugins.ml2.db [req-e4822641-ff8a-410c-bfce-e7bacaf93863 req-b8f7f134-465b-45aa-8b99-6a19a1937582 service neutron] For port 8ea285a7-a190-45d0-a2ff-e51e227a2ea7, host hv-osbrick-8119, cleared binding levels {{(pid=100504) clear_binding_levels /opt/stack/neutron/neutron/plugins/ml2/db.py:87}}
Sep 30 10:44:01.149506 dv-osbrick-811944-2-smb neutron-server[100504]: DEBUG neutron.plugins.ml2.db [req-e4822641-ff8a-410c-bfce-e7bacaf93863 req-b8f7f134-465b-45aa-8b99-6a19a1937582 service neutron] For port 8ea285a7-a190-45d0-a2ff-e51e227a2ea7, host hv-osbrick-8119, set binding levels [PortBindingLevel(driver='hyperv',host='hv-osbrick-8119',level=0,port_id=8ea285a7-a190-45d0-a2ff-e51e227a2ea7,segment=NetworkSegment(c029127b-8d9a-4e59-b07d-588461b2f6a6),segment_id=c029127b-8d9a-4e59-b07d-588461b2f6a6)] {{(pid=100504) set_binding_levels /opt/stack/neutron/neutron/plugins/ml2/db.py:59}}
Sep 30 10:44:01.157547 dv-osbrick-811944-2-smb neutron-server[100504]: DEBUG neutron_lib.callbacks.manager [req-e4822641-ff8a-410c-bfce-e7bacaf93863 req-b8f7f134-465b-45aa-8b99-6a19a1937582 service neutron] Notify callbacks ['neutron.plugins.ml2.plugin.SecurityGroupServerNotifierRpcMixin._notify_sg_on_port_change-683857', 'neutron.plugins.ml2.ovo_rpc._ObjectChangeHandler.handle_event-257356', 'neutron.api.rpc.agentnotifiers.dhcp_rpc_agent_api.DhcpAgentNotifyAPI._native_event_send_dhcp_notification-66647620', 'neutron.db.l3_db.L3RpcNotifierMixin._notify_gateway_port_ip_changed-8759485268740', 'neutron.db.l3_dvrscheduler_db._notify_l3_agent_port_update-8759484764883', 'neutron.db.l3_hascheduler_db._notify_l3_agent_ha_port_update-8759484764901'] for port, after_update {{(pid=100504) _notify_loop /usr/local/lib/python3.8/dist-packages/neutron_lib/callbacks/manager.py:192}}
Sep 30 10:44:01.203415 dv-osbrick-811944-2-smb neutron-server[100504]: DEBUG neutron.pecan_wsgi.hooks.policy_enforcement [req-e4822641-ff8a-410c-bfce-e7bacaf93863 req-b8f7f134-465b-45aa-8b99-6a19a1937582 service neutron] Attributes excluded by policy engine: ['standard_attr_id'] {{(pid=100504) _exclude_attributes_by_policy /opt/stack/neutron/neutron/pecan_wsgi/hooks/policy_enforcement.py:255}}
Sep 30 10:44:01.204036 dv-osbrick-811944-2-smb neutron-server[100504]: DEBUG neutron_lib.callbacks.manager [req-e4822641-ff8a-410c-bfce-e7bacaf93863 req-b8f7f134-465b-45aa-8b99-6a19a1937582 service neutron] Notify callbacks ['neutron.notifiers.nova.Notifier._send_nova_notification-46616'] for port, before_response {{(pid=100504) _notify_loop /usr/local/lib/python3.8/dist-packages/neutron_lib/callbacks/manager.py:192}}
Sep 30 10:44:01.205780 dv-osbrick-811944-2-smb neutron-server[100504]: INFO neutron.wsgi [req-e4822641-ff8a-410c-bfce-e7bacaf93863 req-b8f7f134-465b-45aa-8b99-6a19a1937582 service neutron] 10.222.0.35 "PUT /v2.0/ports/8ea285a7-a190-45d0-a2ff-e51e227a2ea7 HTTP/1.1" status: 200 len: 1094 time: 0.6168199
Sep 30 10:44:01.234090 dv-osbrick-811944-2-smb neutron-server[100504]: DEBUG neutron.notifiers.nova [-] Sending events: [{'name': 'network-changed', 'server_uuid': 'f0fd421b-cb9e-4cc1-b16e-7418c8f14cb7', 'tag': '8ea285a7-a190-45d0-a2ff-e51e227a2ea7'}] {{(pid=100504) send_events /opt/stack/neutron/neutron/notifiers/nova.py:262}}
Sep 30 10:44:01.239854 dv-osbrick-811944-2-smb neutron-server[100504]: DEBUG novaclient.v2.client [-] REQ: curl -g -i --cacert "/opt/stack/data/ca-bundle.pem" -X POST http://10.222.0.16/compute/v2.1/os-server-external-events -H "Accept: application/json" -H "Content-Type: application/json" -H "User-Agent: python-novaclient" -H "X-Auth-Token: {SHA256}421b0025af8f89a8e7d5f0d38da60bc801ca50f41508a7a033c078c9af1b5c89" -H "X-OpenStack-Nova-API-Version: 2.1" -H "X-OpenStack-Request-ID: req-ede43b1d-4cf9-4cbd-be83-1b3c594e3d8d" -d '{"events": [{"name": "network-changed", "server_uuid": "f0fd421b-cb9e-4cc1-b16e-7418c8f14cb7", "tag": "8ea285a7-a190-45d0-a2ff-e51e227a2ea7"}]}' {{(pid=100504) _http_log_request /usr/local/lib/python3.8/dist-packages/keystoneauth1/session.py:519}}
Sep 30 10:44:01.281810 dv-osbrick-811944-2-smb neutron-server[100505]: DEBUG neutron_lib.callbacks.manager [None req-ee70fe47-1cff-466d-83db-fd2a7bb8d207 None None] Notify callbacks ['neutron.services.segments.db._update_segment_host_mapping_for_agent-8759485279106', 'neutron.plugins.ml2.plugin.Ml2Plugin._retry_binding_revived_agents-773915'] for agent, after_update {{(pid=100505) _notify_loop /usr/local/lib/python3.8/dist-packages/neutron_lib/callbacks/manager.py:192}}
Sep 30 10:44:01.310672 dv-osbrick-811944-2-smb neutron-server[100504]: DEBUG novaclient.v2.client [-] RESP: [200] Connection: close Content-Length: 179 Content-Type: application/json Date: Thu, 30 Sep 2021 10:44:01 GMT OpenStack-API-Version: compute 2.1 Server: Apache/2.4.41 (Ubuntu) Vary: OpenStack-API-Version,X-OpenStack-Nova-API-Version X-OpenStack-Nova-API-Version: 2.1 x-compute-request-id: req-686386c3-0b66-4aed-9011-f8a03f757972 x-openstack-request-id: req-686386c3-0b66-4aed-9011-f8a03f757972 {{(pid=100504) _http_log_response /usr/local/lib/python3.8/dist-packages/keystoneauth1/session.py:550}}
Sep 30 10:44:01.310913 dv-osbrick-811944-2-smb neutron-server[100504]: DEBUG novaclient.v2.client [-] RESP BODY: {"events": [{"name": "network-changed", "server_uuid": "f0fd421b-cb9e-4cc1-b16e-7418c8f14cb7", "tag": "8ea285a7-a190-45d0-a2ff-e51e227a2ea7", "status": "completed", "code": 200}]} {{(pid=100504) _http_log_response /usr/local/lib/python3.8/dist-packages/keystoneauth1/session.py:582}}
Sep 30 10:44:01.311131 dv-osbrick-811944-2-smb neutron-server[100504]: DEBUG novaclient.v2.client [-] POST call to compute for http://10.222.0.16/compute/v2.1/os-server-external-events used request id req-686386c3-0b66-4aed-9011-f8a03f757972 {{(pid=100504) request /usr/local/lib/python3.8/dist-packages/keystoneauth1/session.py:954}}
Sep 30 10:44:01.311544 dv-osbrick-811944-2-smb neutron-server[100504]: INFO neutron.notifiers.nova [-] Nova event response: {'name': 'network-changed', 'server_uuid': 'f0fd421b-cb9e-4cc1-b16e-7418c8f14cb7', 'tag': '8ea285a7-a190-45d0-a2ff-e51e227a2ea7', 'status': 'completed', 'code': 200}
Sep 30 10:44:01.329093 dv-osbrick-811944-2-smb neutron-server[100504]: DEBUG neutron.api.rpc.handlers.resources_rpc [None req-b8f7f134-465b-45aa-8b99-6a19a1937582 service neutron] Pushing event updated for resources: {'Port': ['ID=8ea285a7-a190-45d0-a2ff-e51e227a2ea7,revision_number=3']} {{(pid=100504) push /opt/stack/neutron/neutron/api/rpc/handlers/resources_rpc.py:237}}
Sep 30 10:44:01.349634 dv-osbrick-811944-2-smb neutron-server[100504]: DEBUG neutron.pecan_wsgi.hooks.policy_enforcement [req-d4ac03e4-72fa-4a80-aa6f-b86d81817fa7 req-e8759bb5-dfbf-40c6-9bb7-e8631fd528f5 tempest-TestVolumeBootPattern-1047686099 tempest-TestVolumeBootPattern-1047686099-project] Attributes excluded by policy engine: ['standard_attr_id', 'binding:profile', 'binding:host_id', 'binding:vif_type', 'binding:vif_details'] {{(pid=100504) _exclude_attributes_by_policy /opt/stack/neutron/neutron/pecan_wsgi/hooks/policy_enforcement.py:255}}
Sep 30 10:44:01.355787 dv-osbrick-811944-2-smb neutron-server[100504]: INFO neutron.wsgi [req-d4ac03e4-72fa-4a80-aa6f-b86d81817fa7 req-e8759bb5-dfbf-40c6-9bb7-e8631fd528f5 tempest-TestVolumeBootPattern-1047686099 tempest-TestVolumeBootPattern-1047686099-project] 10.222.0.16 "GET /v2.0/ports?device_id=f0fd421b-cb9e-4cc1-b16e-7418c8f14cb7 HTTP/1.1" status: 200 len: 944 time: 0.1894689
Sep 30 10:44:01.382759 dv-osbrick-811944-2-smb neutron-server[100504]: DEBUG neutron.pecan_wsgi.hooks.policy_enforcement [req-e4822641-ff8a-410c-bfce-e7bacaf93863 req-5cf413d7-72ac-4373-a572-e7ad11b1183b service neutron] Attributes excluded by policy engine: ['standard_attr_id'] {{(pid=100504) _exclude_attributes_by_policy /opt/stack/neutron/neutron/pecan_wsgi/hooks/policy_enforcement.py:255}}
Sep 30 10:44:01.384354 dv-osbrick-811944-2-smb neutron-server[100504]: INFO neutron.wsgi [req-e4822641-ff8a-410c-bfce-e7bacaf93863 req-5cf413d7-72ac-4373-a572-e7ad11b1183b service neutron] 10.222.0.35 "GET /v2.0/ports?tenant_id=0891b682215c43e3889e0339ffb100b7&device_id=f0fd421b-cb9e-4cc1-b16e-7418c8f14cb7 HTTP/1.1" status: 200 len: 1097 time: 0.1333480
Sep 30 10:44:01.412195 dv-osbrick-811944-2-smb neutron-server[100504]: INFO neutron.wsgi [req-d4ac03e4-72fa-4a80-aa6f-b86d81817fa7 req-146da620-4212-463f-8159-e226b4edae97 tempest-TestVolumeBootPattern-1047686099 tempest-TestVolumeBootPattern-1047686099-project] 10.222.0.16 "GET /v2.0/security-groups?id=b0ada349-5010-4919-9bc8-045020a47ec6&fields=id&fields=name HTTP/1.1" status: 200 len: 286 time: 0.0503032
Sep 30 10:44:01.444012 dv-osbrick-811944-2-smb neutron-server[100504]: INFO neutron.wsgi [req-e4822641-ff8a-410c-bfce-e7bacaf93863 req-25d879a2-5745-4f5c-9882-be9442ac0ca2 service neutron] 10.222.0.35 "GET /v2.0/floatingips?fixed_ip_address=172.20.0.12&port_id=8ea285a7-a190-45d0-a2ff-e51e227a2ea7 HTTP/1.1" status: 200 len: 217 time: 0.0454652
Sep 30 10:44:01.498337 dv-osbrick-811944-2-smb neutron-server[100504]: DEBUG neutron.pecan_wsgi.hooks.policy_enforcement [req-e4822641-ff8a-410c-bfce-e7bacaf93863 req-97f914ca-cb0c-4192-a9d0-1a2325fe7388 service neutron] Attributes excluded by policy engine: ['standard_attr_id', 'shared'] {{(pid=100504) _exclude_attributes_by_policy /opt/stack/neutron/neutron/pecan_wsgi/hooks/policy_enforcement.py:255}}
Sep 30 10:44:01.500682 dv-osbrick-811944-2-smb neutron-server[100504]: INFO neutron.wsgi [req-e4822641-ff8a-410c-bfce-e7bacaf93863 req-97f914ca-cb0c-4192-a9d0-1a2325fe7388 service neutron] 10.222.0.35 "GET /v2.0/subnets?id=9bef3f95-0e9f-4290-ad72-76c04b967302 HTTP/1.1" status: 200 len: 850 time: 0.0491369
Sep 30 10:44:01.547968 dv-osbrick-811944-2-smb neutron-server[100504]: DEBUG neutron.pecan_wsgi.hooks.policy_enforcement [req-e4822641-ff8a-410c-bfce-e7bacaf93863 req-852cc227-1f70-477a-8f60-9a645b2bbba7 service neutron] Attributes excluded by policy engine: ['standard_attr_id'] {{(pid=100504) _exclude_attributes_by_policy /opt/stack/neutron/neutron/pecan_wsgi/hooks/policy_enforcement.py:255}}
Sep 30 10:44:01.549529 dv-osbrick-811944-2-smb neutron-server[100504]: INFO neutron.wsgi [req-e4822641-ff8a-410c-bfce-e7bacaf93863 req-852cc227-1f70-477a-8f60-9a645b2bbba7 service neutron] 10.222.0.35 "GET /v2.0/ports?network_id=3204dc72-b514-499d-b76a-686cfdc6d184&device_owner=network%3Adhcp HTTP/1.1" status: 200 len: 1174 time: 0.0406404
Sep 30 10:44:01.649573 dv-osbrick-811944-2-smb neutron-server[100504]: INFO neutron.wsgi [req-e4822641-ff8a-410c-bfce-e7bacaf93863 req-c4d9a0c7-ba7c-4f08-95f6-93c2a7e3f589 service neutron] 10.222.0.35 "GET /v2.0/networks/3204dc72-b514-499d-b76a-686cfdc6d184?fields=segments HTTP/1.1" status: 200 len: 212 time: 0.0920231
Sep 30 10:44:01.660301 dv-osbrick-811944-2-smb neutron-server[100505]: DEBUG neutron_lib.callbacks.manager [None req-b654b864-fed2-4768-b3c2-ec7aec71f8e3 None None] Notify callbacks ['neutron.services.segments.db._update_segment_host_mapping_for_agent-8759485279106', 'neutron.plugins.ml2.plugin.Ml2Plugin._retry_binding_revived_agents-773915'] for agent, after_update {{(pid=100505) _notify_loop /usr/local/lib/python3.8/dist-packages/neutron_lib/callbacks/manager.py:192}}
Sep 30 10:44:01.746850 dv-osbrick-811944-2-smb neutron-server[100504]: INFO neutron.wsgi [req-e4822641-ff8a-410c-bfce-e7bacaf93863 req-337ea422-92c1-4b32-9ca2-b3baece0fbfe service neutron] 10.222.0.35 "GET /v2.0/networks/3204dc72-b514-499d-b76a-686cfdc6d184?fields=provider%3Aphysical_network&fields=provider%3Anetwork_type HTTP/1.1" status: 200 len: 281 time: 0.0905168
Sep 30 10:44:01.839919 dv-osbrick-811944-2-smb neutron-server[100504]: DEBUG neutron.pecan_wsgi.hooks.policy_enforcement [req-ede43b1d-4cf9-4cbd-be83-1b3c594e3d8d req-43d555a0-8cc1-4a07-a675-34f3865f9576 service neutron] Attributes excluded by policy engine: ['standard_attr_id'] {{(pid=100504) _exclude_attributes_by_policy /opt/stack/neutron/neutron/pecan_wsgi/hooks/policy_enforcement.py:255}}
Sep 30 10:44:01.841588 dv-osbrick-811944-2-smb neutron-server[100504]: INFO neutron.wsgi [req-ede43b1d-4cf9-4cbd-be83-1b3c594e3d8d req-43d555a0-8cc1-4a07-a675-34f3865f9576 service neutron] 10.222.0.35 "GET /v2.0/ports?tenant_id=0891b682215c43e3889e0339ffb100b7&device_id=f0fd421b-cb9e-4cc1-b16e-7418c8f14cb7 HTTP/1.1" status: 200 len: 1097 time: 0.0470762
Sep 30 10:44:01.939703 dv-osbrick-811944-2-smb neutron-server[100504]: DEBUG neutron.pecan_wsgi.hooks.policy_enforcement [req-ede43b1d-4cf9-4cbd-be83-1b3c594e3d8d req-4c0b6030-c189-4d51-ac79-755cecad1910 service neutron] Attributes excluded by policy engine: ['standard_attr_id', 'vlan_transparent'] {{(pid=100504) _exclude_attributes_by_policy /opt/stack/neutron/neutron/pecan_wsgi/hooks/policy_enforcement.py:255}}
Sep 30 10:44:01.941237 dv-osbrick-811944-2-smb neutron-server[100504]: INFO neutron.wsgi [req-ede43b1d-4cf9-4cbd-be83-1b3c594e3d8d req-4c0b6030-c189-4d51-ac79-755cecad1910 service neutron] 10.222.0.35 "GET /v2.0/networks?id=3204dc72-b514-499d-b76a-686cfdc6d184 HTTP/1.1" status: 200 len: 912 time: 0.0919254
Sep 30 10:44:01.985431 dv-osbrick-811944-2-smb neutron-server[100504]: INFO neutron.wsgi [req-ede43b1d-4cf9-4cbd-be83-1b3c594e3d8d req-3ab22972-61b9-4449-96d7-ea64c5df345c service neutron] 10.222.0.35 "GET /v2.0/floatingips?fixed_ip_address=172.20.0.12&port_id=8ea285a7-a190-45d0-a2ff-e51e227a2ea7 HTTP/1.1" status: 200 len: 217 time: 0.0366666
Sep 30 10:44:02.037029 dv-osbrick-811944-2-smb neutron-server[100504]: DEBUG neutron.pecan_wsgi.hooks.policy_enforcement [req-ede43b1d-4cf9-4cbd-be83-1b3c594e3d8d req-25b3f90c-9cbe-4e5a-86a3-d049407852e1 service neutron] Attributes excluded by policy engine: ['standard_attr_id', 'shared'] {{(pid=100504) _exclude_attributes_by_policy /opt/stack/neutron/neutron/pecan_wsgi/hooks/policy_enforcement.py:255}}
Sep 30 10:44:02.039215 dv-osbrick-811944-2-smb neutron-server[100504]: INFO neutron.wsgi [req-ede43b1d-4cf9-4cbd-be83-1b3c594e3d8d req-25b3f90c-9cbe-4e5a-86a3-d049407852e1 service neutron] 10.222.0.35 "GET /v2.0/subnets?id=9bef3f95-0e9f-4290-ad72-76c04b967302 HTTP/1.1" status: 200 len: 850 time: 0.0461709
Sep 30 10:44:02.086948 dv-osbrick-811944-2-smb neutron-server[100504]: DEBUG neutron.pecan_wsgi.hooks.policy_enforcement [req-ede43b1d-4cf9-4cbd-be83-1b3c594e3d8d req-7d1d23a9-6f36-46d1-a219-f394cde5e6fc service neutron] Attributes excluded by policy engine: ['standard_attr_id'] {{(pid=100504) _exclude_attributes_by_policy /opt/stack/neutron/neutron/pecan_wsgi/hooks/policy_enforcement.py:255}}
Sep 30 10:44:02.088501 dv-osbrick-811944-2-smb neutron-server[100504]: INFO neutron.wsgi [req-ede43b1d-4cf9-4cbd-be83-1b3c594e3d8d req-7d1d23a9-6f36-46d1-a219-f394cde5e6fc service neutron] 10.222.0.35 "GET /v2.0/ports?network_id=3204dc72-b514-499d-b76a-686cfdc6d184&device_owner=network%3Adhcp HTTP/1.1" status: 200 len: 1174 time: 0.0421724
Sep 30 10:44:02.186063 dv-osbrick-811944-2-smb neutron-server[100504]: INFO neutron.wsgi [req-ede43b1d-4cf9-4cbd-be83-1b3c594e3d8d req-bd1168dd-93bd-4140-8ff7-d752e9f266a2 service neutron] 10.222.0.35 "GET /v2.0/networks/3204dc72-b514-499d-b76a-686cfdc6d184?fields=segments HTTP/1.1" status: 200 len: 212 time: 0.0897615
Sep 30 10:44:02.277997 dv-osbrick-811944-2-smb neutron-server[100504]: INFO neutron.wsgi [req-ede43b1d-4cf9-4cbd-be83-1b3c594e3d8d req-1faddb2c-6ef9-49a5-9401-3cacf0c477ba service neutron] 10.222.0.35 "GET /v2.0/networks/3204dc72-b514-499d-b76a-686cfdc6d184?fields=provider%3Aphysical_network&fields=provider%3Anetwork_type HTTP/1.1" status: 200 len: 281 time: 0.0844600
Sep 30 10:44:02.542329 dv-osbrick-811944-2-smb neutron-server[100503]: DEBUG neutron.pecan_wsgi.hooks.policy_enforcement [req-72e1dfce-d8aa-4454-8249-9cf747cee819 req-e55b6cfb-a17d-4d79-8834-fe11d0643668 tempest-TestVolumeBootPattern-1047686099 tempest-TestVolumeBootPattern-1047686099-project] Attributes excluded by policy engine: ['standard_attr_id', 'binding:profile', 'binding:host_id', 'binding:vif_type', 'binding:vif_details'] {{(pid=100503) _exclude_attributes_by_policy /opt/stack/neutron/neutron/pecan_wsgi/hooks/policy_enforcement.py:255}}
Sep 30 10:44:02.543895 dv-osbrick-811944-2-smb neutron-server[100503]: INFO neutron.wsgi [req-72e1dfce-d8aa-4454-8249-9cf747cee819 req-e55b6cfb-a17d-4d79-8834-fe11d0643668 tempest-TestVolumeBootPattern-1047686099 tempest-TestVolumeBootPattern-1047686099-project] 10.222.0.16 "GET /v2.0/ports?device_id=f0fd421b-cb9e-4cc1-b16e-7418c8f14cb7 HTTP/1.1" status: 200 len: 944 time: 0.0589156
Sep 30 10:44:02.586821 dv-osbrick-811944-2-smb neutron-server[100503]: INFO neutron.wsgi [req-72e1dfce-d8aa-4454-8249-9cf747cee819 req-da89d315-04bb-4cbe-9dc7-34b45bda76d6 tempest-TestVolumeBootPattern-1047686099 tempest-TestVolumeBootPattern-1047686099-project] 10.222.0.16 "GET /v2.0/security-groups?id=b0ada349-5010-4919-9bc8-045020a47ec6&fields=id&fields=name HTTP/1.1" status: 200 len: 286 time: 0.0366101
Sep 30 10:44:03.711563 dv-osbrick-811944-2-smb neutron-server[100504]: DEBUG neutron.pecan_wsgi.hooks.policy_enforcement [req-3456974d-cb29-45c2-a09c-07507940f79e req-a459d592-bd69-4f72-9fcb-ba8df6d4f1ac tempest-TestVolumeBootPattern-1047686099 tempest-TestVolumeBootPattern-1047686099-project] Attributes excluded by policy engine: ['standard_attr_id', 'binding:profile', 'binding:host_id', 'binding:vif_type', 'binding:vif_details'] {{(pid=100504) _exclude_attributes_by_policy /opt/stack/neutron/neutron/pecan_wsgi/hooks/policy_enforcement.py:255}}
Sep 30 10:44:03.712170 dv-osbrick-811944-2-smb neutron-server[100504]: INFO neutron.wsgi [req-3456974d-cb29-45c2-a09c-07507940f79e req-a459d592-bd69-4f72-9fcb-ba8df6d4f1ac tempest-TestVolumeBootPattern-1047686099 tempest-TestVolumeBootPattern-1047686099-project] 10.222.0.16 "GET /v2.0/ports?device_id=f0fd421b-cb9e-4cc1-b16e-7418c8f14cb7 HTTP/1.1" status: 200 len: 944 time: 0.0569119
Sep 30 10:44:03.753288 dv-osbrick-811944-2-smb neutron-server[100504]: INFO neutron.wsgi [req-3456974d-cb29-45c2-a09c-07507940f79e req-288e8dee-0511-49cc-b3e0-b38e82bab5bf tempest-TestVolumeBootPattern-1047686099 tempest-TestVolumeBootPattern-1047686099-project] 10.222.0.16 "GET /v2.0/security-groups?id=b0ada349-5010-4919-9bc8-045020a47ec6&fields=id&fields=name HTTP/1.1" status: 200 len: 286 time: 0.0344167
Sep 30 10:44:04.113046 dv-osbrick-811944-2-smb neutron-server[100504]: INFO neutron.wsgi [req-1b53db85-b9b0-4f39-8eaa-c652e13143e8 req-46a99504-45a4-407d-92ed-b31a16d33f69 service neutron] 10.222.0.35 "GET /v2.0/ports?device_id=39176c05-6e54-4f6a-8ed5-28168f362d0a&fields=binding%3Ahost_id&fields=binding%3Avif_type HTTP/1.1" status: 200 len: 275 time: 0.0395489
Sep 30 10:44:04.192721 dv-osbrick-811944-2-smb neutron-server[100504]: DEBUG neutron.pecan_wsgi.hooks.policy_enforcement [req-1b53db85-b9b0-4f39-8eaa-c652e13143e8 req-d806343d-f866-4625-ae8e-5032ad56eeba service neutron] Attributes excluded by policy engine: ['standard_attr_id'] {{(pid=100504) _exclude_attributes_by_policy /opt/stack/neutron/neutron/pecan_wsgi/hooks/policy_enforcement.py:255}}
Sep 30 10:44:04.195182 dv-osbrick-811944-2-smb neutron-server[100504]: INFO neutron.wsgi [req-1b53db85-b9b0-4f39-8eaa-c652e13143e8 req-d806343d-f866-4625-ae8e-5032ad56eeba service neutron] 10.222.0.35 "GET /v2.0/ports?tenant_id=b80f0a80fcfc449ca65acfdefc89ccf0&device_id=39176c05-6e54-4f6a-8ed5-28168f362d0a HTTP/1.1" status: 200 len: 1138 time: 0.0404484
Sep 30 10:44:04.291841 dv-osbrick-811944-2-smb neutron-server[100505]: DEBUG neutron_lib.callbacks.manager [None req-b8a171ea-5d7d-4a2c-a537-99164c6598b0 None None] Notify callbacks ['neutron.services.segments.db._update_segment_host_mapping_for_agent-8759485279106', 'neutron.plugins.ml2.plugin.Ml2Plugin._retry_binding_revived_agents-773915'] for agent, after_update {{(pid=100505) _notify_loop /usr/local/lib/python3.8/dist-packages/neutron_lib/callbacks/manager.py:192}}
Sep 30 10:44:04.302210 dv-osbrick-811944-2-smb neutron-server[100504]: DEBUG neutron.pecan_wsgi.hooks.policy_enforcement [req-1b53db85-b9b0-4f39-8eaa-c652e13143e8 req-53ecdb55-53f2-4d05-9178-3ecc31b9d83e service neutron] Attributes excluded by policy engine: ['standard_attr_id', 'vlan_transparent'] {{(pid=100504) _exclude_attributes_by_policy /opt/stack/neutron/neutron/pecan_wsgi/hooks/policy_enforcement.py:255}}
Sep 30 10:44:04.305132 dv-osbrick-811944-2-smb neutron-server[100504]: INFO neutron.wsgi [req-1b53db85-b9b0-4f39-8eaa-c652e13143e8 req-53ecdb55-53f2-4d05-9178-3ecc31b9d83e service neutron] 10.222.0.35 "GET /v2.0/networks?id=5e169e5e-804f-4f92-b715-d65baec8a7b4 HTTP/1.1" status: 200 len: 915 time: 0.0883820
Sep 30 10:44:04.368882 dv-osbrick-811944-2-smb neutron-server[100504]: INFO neutron.wsgi [req-1b53db85-b9b0-4f39-8eaa-c652e13143e8 req-5919becc-5109-4a20-add4-25493ea64777 service neutron] 10.222.0.35 "GET /v2.0/floatingips?fixed_ip_address=172.20.0.14&port_id=8f8be271-5bf4-4a97-90ca-368f6650bdc2 HTTP/1.1" status: 200 len: 1001 time: 0.0581133
Sep 30 10:44:04.422570 dv-osbrick-811944-2-smb neutron-server[100504]: DEBUG neutron.pecan_wsgi.hooks.policy_enforcement [req-1b53db85-b9b0-4f39-8eaa-c652e13143e8 req-26bfde74-14eb-4bde-8bc2-a69d4e8225cb service neutron] Attributes excluded by policy engine: ['standard_attr_id', 'shared'] {{(pid=100504) _exclude_attributes_by_policy /opt/stack/neutron/neutron/pecan_wsgi/hooks/policy_enforcement.py:255}}
Sep 30 10:44:04.423997 dv-osbrick-811944-2-smb neutron-server[100504]: INFO neutron.wsgi [req-1b53db85-b9b0-4f39-8eaa-c652e13143e8 req-26bfde74-14eb-4bde-8bc2-a69d4e8225cb service neutron] 10.222.0.35 "GET /v2.0/subnets?id=000ba5ea-ad7d-487f-a791-ca3a3bea6155 HTTP/1.1" status: 200 len: 853 time: 0.0478537
Sep 30 10:44:04.470033 dv-osbrick-811944-2-smb neutron-server[100504]: DEBUG neutron.pecan_wsgi.hooks.policy_enforcement [req-1b53db85-b9b0-4f39-8eaa-c652e13143e8 req-bfb35c5e-0258-4fc5-9f60-9df44e48e6eb service neutron] Attributes excluded by policy engine: ['standard_attr_id'] {{(pid=100504) _exclude_attributes_by_policy /opt/stack/neutron/neutron/pecan_wsgi/hooks/policy_enforcement.py:255}}
Sep 30 10:44:04.471444 dv-osbrick-811944-2-smb neutron-server[100504]: INFO neutron.wsgi [req-1b53db85-b9b0-4f39-8eaa-c652e13143e8 req-bfb35c5e-0258-4fc5-9f60-9df44e48e6eb service neutron] 10.222.0.35 "GET /v2.0/ports?network_id=5e169e5e-804f-4f92-b715-d65baec8a7b4&device_owner=network%3Adhcp HTTP/1.1" status: 200 len: 1174 time: 0.0403292
Sep 30 10:44:04.499336 dv-osbrick-811944-2-smb neutron-server[100505]: DEBUG neutron_lib.callbacks.manager [None req-ec32d75a-137c-4876-81b5-0e536e49dc76 None None] Notify callbacks ['neutron.services.segments.db._update_segment_host_mapping_for_agent-8759485279106', 'neutron.plugins.ml2.plugin.Ml2Plugin._retry_binding_revived_agents-773915'] for agent, after_update {{(pid=100505) _notify_loop /usr/local/lib/python3.8/dist-packages/neutron_lib/callbacks/manager.py:192}}
Sep 30 10:44:04.575154 dv-osbrick-811944-2-smb neutron-server[100504]: INFO neutron.wsgi [req-1b53db85-b9b0-4f39-8eaa-c652e13143e8 req-d4b619f4-aed9-454d-896f-421a47b2a08f service neutron] 10.222.0.35 "GET /v2.0/networks/5e169e5e-804f-4f92-b715-d65baec8a7b4?fields=segments HTTP/1.1" status: 200 len: 212 time: 0.0960388
Sep 30 10:44:04.674619 dv-osbrick-811944-2-smb neutron-server[100504]: INFO neutron.wsgi [req-1b53db85-b9b0-4f39-8eaa-c652e13143e8 req-6aef753e-ac5e-4d9b-a896-fd6feafb06b5 service neutron] 10.222.0.35 "GET /v2.0/networks/5e169e5e-804f-4f92-b715-d65baec8a7b4?fields=provider%3Aphysical_network&fields=provider%3Anetwork_type HTTP/1.1" status: 200 len: 281 time: 0.0916941
Sep 30 10:44:04.872776 dv-osbrick-811944-2-smb neutron-server[100503]: DEBUG neutron.pecan_wsgi.hooks.policy_enforcement [req-05c7ddcf-e87c-4be5-86e5-ab53aa045974 req-2bf66c41-c6f0-4890-96bf-07da01cdd30c tempest-TestVolumeBootPattern-1047686099 tempest-TestVolumeBootPattern-1047686099-project] Attributes excluded by policy engine: ['standard_attr_id', 'binding:profile', 'binding:host_id', 'binding:vif_type', 'binding:vif_details'] {{(pid=100503) _exclude_attributes_by_policy /opt/stack/neutron/neutron/pecan_wsgi/hooks/policy_enforcement.py:255}}
Sep 30 10:44:04.874291 dv-osbrick-811944-2-smb neutron-server[100503]: INFO neutron.wsgi [req-05c7ddcf-e87c-4be5-86e5-ab53aa045974 req-2bf66c41-c6f0-4890-96bf-07da01cdd30c tempest-TestVolumeBootPattern-1047686099 tempest-TestVolumeBootPattern-1047686099-project] 10.222.0.16 "GET /v2.0/ports?device_id=f0fd421b-cb9e-4cc1-b16e-7418c8f14cb7 HTTP/1.1" status: 200 len: 944 time: 0.0529480
Sep 30 10:44:04.912388 dv-osbrick-811944-2-smb neutron-server[100503]: INFO neutron.wsgi [req-05c7ddcf-e87c-4be5-86e5-ab53aa045974 req-791a589d-4a1b-4b42-b532-050aed5492cd tempest-TestVolumeBootPattern-1047686099 tempest-TestVolumeBootPattern-1047686099-project] 10.222.0.16 "GET /v2.0/security-groups?id=b0ada349-5010-4919-9bc8-045020a47ec6&fields=id&fields=name HTTP/1.1" status: 200 len: 286 time: 0.0322111
Sep 30 10:44:05.383345 dv-osbrick-811944-2-smb neutron-server[100505]: DEBUG neutron_lib.callbacks.manager [None req-c1de2b93-7ef1-4431-a7ae-d0372901f61f None None] Notify callbacks ['neutron.services.segments.db._update_segment_host_mapping_for_agent-8759485279106', 'neutron.plugins.ml2.plugin.Ml2Plugin._retry_binding_revived_agents-773915'] for agent, after_update {{(pid=100505) _notify_loop /usr/local/lib/python3.8/dist-packages/neutron_lib/callbacks/manager.py:192}}
Sep 30 10:44:06.028364 dv-osbrick-811944-2-smb neutron-server[100504]: DEBUG neutron.pecan_wsgi.hooks.policy_enforcement [req-03a8df8e-7f5f-4658-8660-9210a80aeeb2 req-7e28fc2d-5dba-434c-8214-24002a9b21b9 tempest-TestVolumeBootPattern-1047686099 tempest-TestVolumeBootPattern-1047686099-project] Attributes excluded by policy engine: ['standard_attr_id', 'binding:profile', 'binding:host_id', 'binding:vif_type', 'binding:vif_details'] {{(pid=100504) _exclude_attributes_by_policy /opt/stack/neutron/neutron/pecan_wsgi/hooks/policy_enforcement.py:255}}
Sep 30 10:44:06.029877 dv-osbrick-811944-2-smb neutron-server[100504]: INFO neutron.wsgi [req-03a8df8e-7f5f-4658-8660-9210a80aeeb2 req-7e28fc2d-5dba-434c-8214-24002a9b21b9 tempest-TestVolumeBootPattern-1047686099 tempest-TestVolumeBootPattern-1047686099-project] 10.222.0.16 "GET /v2.0/ports?device_id=f0fd421b-cb9e-4cc1-b16e-7418c8f14cb7 HTTP/1.1" status: 200 len: 944 time: 0.0489593
Sep 30 10:44:06.067749 dv-osbrick-811944-2-smb neutron-server[100504]: INFO neutron.wsgi [req-03a8df8e-7f5f-4658-8660-9210a80aeeb2 req-b0c75861-88d5-4968-8963-113cb9d91e77 tempest-TestVolumeBootPattern-1047686099 tempest-TestVolumeBootPattern-1047686099-project] 10.222.0.16 "GET /v2.0/security-groups?id=b0ada349-5010-4919-9bc8-045020a47ec6&fields=id&fields=name HTTP/1.1" status: 200 len: 286 time: 0.0318933
Sep 30 10:44:06.987133 dv-osbrick-811944-2-smb neutron-server[100505]: DEBUG neutron_lib.callbacks.manager [None req-7e6db278-3804-4722-bd9f-b5de167e2322 None None] Notify callbacks ['neutron.services.segments.db._update_segment_host_mapping_for_agent-8759485279106', 'neutron.plugins.ml2.plugin.Ml2Plugin._retry_binding_revived_agents-773915'] for agent, after_update {{(pid=100505) _notify_loop /usr/local/lib/python3.8/dist-packages/neutron_lib/callbacks/manager.py:192}}
Sep 30 10:44:07.203664 dv-osbrick-811944-2-smb neutron-server[100503]: DEBUG neutron.pecan_wsgi.hooks.policy_enforcement [req-7af93108-df74-458e-b8de-cbe2f0299334 req-fc60936d-9f4f-4d16-89f2-a31e6ec553b8 tempest-TestVolumeBootPattern-1047686099 tempest-TestVolumeBootPattern-1047686099-project] Attributes excluded by policy engine: ['standard_attr_id', 'binding:profile', 'binding:host_id', 'binding:vif_type', 'binding:vif_details'] {{(pid=100503) _exclude_attributes_by_policy /opt/stack/neutron/neutron/pecan_wsgi/hooks/policy_enforcement.py:255}}
Sep 30 10:44:07.205265 dv-osbrick-811944-2-smb neutron-server[100503]: INFO neutron.wsgi [req-7af93108-df74-458e-b8de-cbe2f0299334 req-fc60936d-9f4f-4d16-89f2-a31e6ec553b8 tempest-TestVolumeBootPattern-1047686099 tempest-TestVolumeBootPattern-1047686099-project] 10.222.0.16 "GET /v2.0/ports?device_id=f0fd421b-cb9e-4cc1-b16e-7418c8f14cb7 HTTP/1.1" status: 200 len: 944 time: 0.0526745
Sep 30 10:44:07.245634 dv-osbrick-811944-2-smb neutron-server[100503]: INFO neutron.wsgi [req-7af93108-df74-458e-b8de-cbe2f0299334 req-695a73e8-cfcc-4057-a9fb-127a12fd70d9 tempest-TestVolumeBootPattern-1047686099 tempest-TestVolumeBootPattern-1047686099-project] 10.222.0.16 "GET /v2.0/security-groups?id=b0ada349-5010-4919-9bc8-045020a47ec6&fields=id&fields=name HTTP/1.1" status: 200 len: 286 time: 0.0335402
Sep 30 10:44:08.364321 dv-osbrick-811944-2-smb neutron-server[100504]: DEBUG neutron.pecan_wsgi.hooks.policy_enforcement [req-5e6a6907-5bdb-442c-a2ad-bbf288202bc1 req-325d2cab-c4d0-4595-b421-b4ad825896f5 tempest-TestVolumeBootPattern-1047686099 tempest-TestVolumeBootPattern-1047686099-project] Attributes excluded by policy engine: ['standard_attr_id', 'binding:profile', 'binding:host_id', 'binding:vif_type', 'binding:vif_details'] {{(pid=100504) _exclude_attributes_by_policy /opt/stack/neutron/neutron/pecan_wsgi/hooks/policy_enforcement.py:255}}
Sep 30 10:44:08.365840 dv-osbrick-811944-2-smb neutron-server[100504]: INFO neutron.wsgi [req-5e6a6907-5bdb-442c-a2ad-bbf288202bc1 req-325d2cab-c4d0-4595-b421-b4ad825896f5 tempest-TestVolumeBootPattern-1047686099 tempest-TestVolumeBootPattern-1047686099-project] 10.222.0.16 "GET /v2.0/ports?device_id=f0fd421b-cb9e-4cc1-b16e-7418c8f14cb7 HTTP/1.1" status: 200 len: 944 time: 0.0533483
Sep 30 10:44:08.405342 dv-osbrick-811944-2-smb neutron-server[100504]: INFO neutron.wsgi [req-5e6a6907-5bdb-442c-a2ad-bbf288202bc1 req-6d6416e4-5563-4d11-bb39-569e539a0461 tempest-TestVolumeBootPattern-1047686099 tempest-TestVolumeBootPattern-1047686099-project] 10.222.0.16 "GET /v2.0/security-groups?id=b0ada349-5010-4919-9bc8-045020a47ec6&fields=id&fields=name HTTP/1.1" status: 200 len: 286 time: 0.0327282
Sep 30 10:44:09.535565 dv-osbrick-811944-2-smb neutron-server[100503]: DEBUG neutron.pecan_wsgi.hooks.policy_enforcement [req-7e24d930-396a-44d1-a38e-d29f11f64d75 req-099f1751-77ab-4c44-96df-b6c269a17271 tempest-TestVolumeBootPattern-1047686099 tempest-TestVolumeBootPattern-1047686099-project] Attributes excluded by policy engine: ['standard_attr_id', 'binding:profile', 'binding:host_id', 'binding:vif_type', 'binding:vif_details'] {{(pid=100503) _exclude_attributes_by_policy /opt/stack/neutron/neutron/pecan_wsgi/hooks/policy_enforcement.py:255}}
Sep 30 10:44:09.537172 dv-osbrick-811944-2-smb neutron-server[100503]: INFO neutron.wsgi [req-7e24d930-396a-44d1-a38e-d29f11f64d75 req-099f1751-77ab-4c44-96df-b6c269a17271 tempest-TestVolumeBootPattern-1047686099 tempest-TestVolumeBootPattern-1047686099-project] 10.222.0.16 "GET /v2.0/ports?device_id=f0fd421b-cb9e-4cc1-b16e-7418c8f14cb7 HTTP/1.1" status: 200 len: 944 time: 0.0629990
Sep 30 10:44:09.588513 dv-osbrick-811944-2-smb neutron-server[100503]: INFO neutron.wsgi [req-7e24d930-396a-44d1-a38e-d29f11f64d75 req-4b535d4e-77c8-44bf-a735-7479faf50347 tempest-TestVolumeBootPattern-1047686099 tempest-TestVolumeBootPattern-1047686099-project] 10.222.0.16 "GET /v2.0/security-groups?id=b0ada349-5010-4919-9bc8-045020a47ec6&fields=id&fields=name HTTP/1.1" status: 200 len: 286 time: 0.0426526
Sep 30 10:44:10.711349 dv-osbrick-811944-2-smb neutron-server[100504]: DEBUG neutron.pecan_wsgi.hooks.policy_enforcement [req-382b0f15-a695-4d1b-90af-9b8e1ce10e93 req-671fd2fe-4f0a-4d2c-8138-cf72cab62295 tempest-TestVolumeBootPattern-1047686099 tempest-TestVolumeBootPattern-1047686099-project] Attributes excluded by policy engine: ['standard_attr_id', 'binding:profile', 'binding:host_id', 'binding:vif_type', 'binding:vif_details'] {{(pid=100504) _exclude_attributes_by_policy /opt/stack/neutron/neutron/pecan_wsgi/hooks/policy_enforcement.py:255}}
Sep 30 10:44:10.712896 dv-osbrick-811944-2-smb neutron-server[100504]: INFO neutron.wsgi [req-382b0f15-a695-4d1b-90af-9b8e1ce10e93 req-671fd2fe-4f0a-4d2c-8138-cf72cab62295 tempest-TestVolumeBootPattern-1047686099 tempest-TestVolumeBootPattern-1047686099-project] 10.222.0.16 "GET /v2.0/ports?device_id=f0fd421b-cb9e-4cc1-b16e-7418c8f14cb7 HTTP/1.1" status: 200 len: 944 time: 0.0522385
Sep 30 10:44:10.752854 dv-osbrick-811944-2-smb neutron-server[100504]: INFO neutron.wsgi [req-382b0f15-a695-4d1b-90af-9b8e1ce10e93 req-822ccb70-f8f0-4772-9fb2-ab3924cdfb3e tempest-TestVolumeBootPattern-1047686099 tempest-TestVolumeBootPattern-1047686099-project] 10.222.0.16 "GET /v2.0/security-groups?id=b0ada349-5010-4919-9bc8-045020a47ec6&fields=id&fields=name HTTP/1.1" status: 200 len: 286 time: 0.0334589
Sep 30 10:44:10.960876 dv-osbrick-811944-2-smb neutron-server[100505]: DEBUG neutron.plugins.ml2.rpc [None req-b654b864-fed2-4768-b3c2-ec7aec71f8e3 None None] Device 8ea285a7-a190-45d0-a2ff-e51e227a2ea7 details requested by agent hyperv_hv-osbrick-8119 with host hv-osbrick-8119 {{(pid=100505) get_device_details /opt/stack/neutron/neutron/plugins/ml2/rpc.py:102}}
Sep 30 10:44:11.176684 dv-osbrick-811944-2-smb neutron-server[100505]: DEBUG neutron.plugins.ml2.db [None req-b654b864-fed2-4768-b3c2-ec7aec71f8e3 None None] For port 8ea285a7-a190-45d0-a2ff-e51e227a2ea7, host hv-osbrick-8119, got binding levels [PortBindingLevel(driver='hyperv',host='hv-osbrick-8119',level=0,port_id=8ea285a7-a190-45d0-a2ff-e51e227a2ea7,segment=NetworkSegment(c029127b-8d9a-4e59-b07d-588461b2f6a6),segment_id=c029127b-8d9a-4e59-b07d-588461b2f6a6)] {{(pid=100505) get_binding_level_objs /opt/stack/neutron/neutron/plugins/ml2/db.py:74}}
Sep 30 10:44:11.188997 dv-osbrick-811944-2-smb neutron-server[100505]: DEBUG neutron.plugins.ml2.rpc [None req-b654b864-fed2-4768-b3c2-ec7aec71f8e3 None None] Returning: {'device': '8ea285a7-a190-45d0-a2ff-e51e227a2ea7', 'network_id': '3204dc72-b514-499d-b76a-686cfdc6d184', 'port_id': '8ea285a7-a190-45d0-a2ff-e51e227a2ea7', 'mac_address': 'fa:16:3e:39:82:4b', 'admin_state_up': True, 'network_type': 'vlan', 'segmentation_id': 732, 'physical_network': 'physnet1', 'mtu': 1500, 'fixed_ips': [{'subnet_id': '9bef3f95-0e9f-4290-ad72-76c04b967302', 'ip_address': '172.20.0.12'}], 'device_owner': 'compute:nova', 'allowed_address_pairs': [], 'port_security_enabled': True, 'qos_policy_id': None, 'network_qos_policy_id': None, 'profile': {}, 'propagate_uplink_status': False} {{(pid=100505) _get_device_details /opt/stack/neutron/neutron/plugins/ml2/rpc.py:184}}
Sep 30 10:44:11.227551 dv-osbrick-811944-2-smb neutron-server[100505]: DEBUG neutron_lib.callbacks.manager [None req-b654b864-fed2-4768-b3c2-ec7aec71f8e3 None None] Notify callbacks ['neutron.plugins.ml2.plugin.SecurityGroupDbMixin._ensure_default_security_group_handler-683794'] for port, before_update {{(pid=100505) _notify_loop /usr/local/lib/python3.8/dist-packages/neutron_lib/callbacks/manager.py:192}}
Sep 30 10:44:11.240538 dv-osbrick-811944-2-smb neutron-server[100505]: DEBUG neutron.notifiers.nova [None req-b654b864-fed2-4768-b3c2-ec7aec71f8e3 None None] Ignoring state change previous_port_status: DOWN current_port_status: BUILD port_id 8ea285a7-a190-45d0-a2ff-e51e227a2ea7 {{(pid=100505) record_port_status_changed /opt/stack/neutron/neutron/notifiers/nova.py:224}}
Sep 30 10:44:11.261291 dv-osbrick-811944-2-smb neutron-server[100505]: DEBUG neutron.plugins.ml2.db [None req-b654b864-fed2-4768-b3c2-ec7aec71f8e3 None None] For port 8ea285a7-a190-45d0-a2ff-e51e227a2ea7, host hv-osbrick-8119, got binding levels [PortBindingLevel(driver='hyperv',host='hv-osbrick-8119',level=0,port_id=8ea285a7-a190-45d0-a2ff-e51e227a2ea7,segment=NetworkSegment(c029127b-8d9a-4e59-b07d-588461b2f6a6),segment_id=c029127b-8d9a-4e59-b07d-588461b2f6a6)] {{(pid=100505) get_binding_level_objs /opt/stack/neutron/neutron/plugins/ml2/db.py:74}}
Sep 30 10:44:11.265726 dv-osbrick-811944-2-smb neutron-server[100505]: DEBUG neutron_lib.callbacks.manager [None req-b654b864-fed2-4768-b3c2-ec7aec71f8e3 None None] Notify callbacks ['neutron.plugins.ml2.plugin.SecurityGroupServerNotifierRpcMixin._notify_sg_on_port_change-683857', 'neutron.plugins.ml2.ovo_rpc._ObjectChangeHandler.handle_event-257356', 'neutron.api.rpc.agentnotifiers.dhcp_rpc_agent_api.DhcpAgentNotifyAPI._native_event_send_dhcp_notification-66647620', 'neutron.db.l3_db.L3RpcNotifierMixin._notify_gateway_port_ip_changed-8759485268740', 'neutron.db.l3_dvrscheduler_db._notify_l3_agent_port_update-8759484764883', 'neutron.db.l3_hascheduler_db._notify_l3_agent_ha_port_update-8759484764901'] for port, after_update {{(pid=100505) _notify_loop /usr/local/lib/python3.8/dist-packages/neutron_lib/callbacks/manager.py:192}}
Sep 30 10:44:11.313551 dv-osbrick-811944-2-smb neutron-server[100505]: DEBUG neutron.api.rpc.handlers.resources_rpc [None req-b654b864-fed2-4768-b3c2-ec7aec71f8e3 None None] Pushing event updated for resources: {'Port': ['ID=8ea285a7-a190-45d0-a2ff-e51e227a2ea7,revision_number=4']} {{(pid=100505) push /opt/stack/neutron/neutron/api/rpc/handlers/resources_rpc.py:237}}
Sep 30 10:44:11.321554 dv-osbrick-811944-2-smb neutron-server[100505]: DEBUG neutron.api.rpc.callbacks.version_manager [None req-b654b864-fed2-4768-b3c2-ec7aec71f8e3 None None] Version for resource type AddressGroup changed None to 1.2 on consumer Open vSwitch agent@dv-osbrick-811944-2-smb {{(pid=100505) _set_version /opt/stack/neutron/neutron/api/rpc/callbacks/version_manager.py:113}}
Sep 30 10:44:11.321902 dv-osbrick-811944-2-smb neutron-server[100505]: DEBUG neutron.api.rpc.callbacks.version_manager [None req-b654b864-fed2-4768-b3c2-ec7aec71f8e3 None None] Version for resource type ConntrackHelper changed None to 1.0 on consumer Open vSwitch agent@dv-osbrick-811944-2-smb {{(pid=100505) _set_version /opt/stack/neutron/neutron/api/rpc/callbacks/version_manager.py:113}}
Sep 30 10:44:11.322244 dv-osbrick-811944-2-smb neutron-server[100505]: DEBUG neutron.api.rpc.callbacks.version_manager [None req-b654b864-fed2-4768-b3c2-ec7aec71f8e3 None None] Version for resource type Log changed None to 1.0 on consumer Open vSwitch agent@dv-osbrick-811944-2-smb {{(pid=100505) _set_version /opt/stack/neutron/neutron/api/rpc/callbacks/version_manager.py:113}}
Sep 30 10:44:11.322572 dv-osbrick-811944-2-smb neutron-server[100505]: DEBUG neutron.api.rpc.callbacks.version_manager [None req-b654b864-fed2-4768-b3c2-ec7aec71f8e3 None None] Version for resource type Network changed None to 1.1 on consumer Open vSwitch agent@dv-osbrick-811944-2-smb {{(pid=100505) _set_version /opt/stack/neutron/neutron/api/rpc/callbacks/version_manager.py:113}}
Sep 30 10:44:11.322901 dv-osbrick-811944-2-smb neutron-server[100505]: DEBUG neutron.api.rpc.callbacks.version_manager [None req-b654b864-fed2-4768-b3c2-ec7aec71f8e3 None None] Version for resource type Port changed None to 1.7 on consumer Open vSwitch agent@dv-osbrick-811944-2-smb {{(pid=100505) _set_version /opt/stack/neutron/neutron/api/rpc/callbacks/version_manager.py:113}}
Sep 30 10:44:11.323228 dv-osbrick-811944-2-smb neutron-server[100505]: DEBUG neutron.api.rpc.callbacks.version_manager [None req-b654b864-fed2-4768-b3c2-ec7aec71f8e3 None None] Version for resource type PortForwarding changed None to 1.2 on consumer Open vSwitch agent@dv-osbrick-811944-2-smb {{(pid=100505) _set_version /opt/stack/neutron/neutron/api/rpc/callbacks/version_manager.py:113}}
Sep 30 10:44:11.323554 dv-osbrick-811944-2-smb neutron-server[100505]: DEBUG neutron.api.rpc.callbacks.version_manager [None req-b654b864-fed2-4768-b3c2-ec7aec71f8e3 None None] Version for resource type QosPolicy changed None to 1.9 on consumer Open vSwitch agent@dv-osbrick-811944-2-smb {{(pid=100505) _set_version /opt/stack/neutron/neutron/api/rpc/callbacks/version_manager.py:113}}
Sep 30 10:44:11.323871 dv-osbrick-811944-2-smb neutron-server[100505]: DEBUG neutron.api.rpc.callbacks.version_manager [None req-b654b864-fed2-4768-b3c2-ec7aec71f8e3 None None] Version for resource type SecurityGroup changed None to 1.4 on consumer Open vSwitch agent@dv-osbrick-811944-2-smb {{(pid=100505) _set_version /opt/stack/neutron/neutron/api/rpc/callbacks/version_manager.py:113}}
Sep 30 10:44:11.324600 dv-osbrick-811944-2-smb neutron-server[100505]: DEBUG neutron.api.rpc.callbacks.version_manager [None req-b654b864-fed2-4768-b3c2-ec7aec71f8e3 None None] Version for resource type SecurityGroupRule changed None to 1.2 on consumer Open vSwitch agent@dv-osbrick-811944-2-smb {{(pid=100505) _set_version /opt/stack/neutron/neutron/api/rpc/callbacks/version_manager.py:113}}
Sep 30 10:44:11.324600 dv-osbrick-811944-2-smb neutron-server[100505]: DEBUG neutron.api.rpc.callbacks.version_manager [None req-b654b864-fed2-4768-b3c2-ec7aec71f8e3 None None] Version for resource type SubPort changed None to 1.0 on consumer Open vSwitch agent@dv-osbrick-811944-2-smb {{(pid=100505) _set_version /opt/stack/neutron/neutron/api/rpc/callbacks/version_manager.py:113}}
Sep 30 10:44:11.324880 dv-osbrick-811944-2-smb neutron-server[100505]: DEBUG neutron.api.rpc.callbacks.version_manager [None req-b654b864-fed2-4768-b3c2-ec7aec71f8e3 None None] Version for resource type Subnet changed None to 1.1 on consumer Open vSwitch agent@dv-osbrick-811944-2-smb {{(pid=100505) _set_version /opt/stack/neutron/neutron/api/rpc/callbacks/version_manager.py:113}}
Sep 30 10:44:11.325196 dv-osbrick-811944-2-smb neutron-server[100505]: DEBUG neutron.api.rpc.callbacks.version_manager [None req-b654b864-fed2-4768-b3c2-ec7aec71f8e3 None None] Version for resource type Trunk changed None to 1.1 on consumer Open vSwitch agent@dv-osbrick-811944-2-smb {{(pid=100505) _set_version /opt/stack/neutron/neutron/api/rpc/callbacks/version_manager.py:113}}
Sep 30 10:44:11.624911 dv-osbrick-811944-2-smb neutron-server[100505]: DEBUG neutron.plugins.ml2.db [None req-b654b864-fed2-4768-b3c2-ec7aec71f8e3 None None] get_ports_and_sgs() called for port_ids ['8ea285a7-a190-45d0-a2ff-e51e227a2ea7'] {{(pid=100505) get_ports_and_sgs /opt/stack/neutron/neutron/plugins/ml2/db.py:156}}
Sep 30 10:44:11.874988 dv-osbrick-811944-2-smb neutron-server[100503]: DEBUG neutron.pecan_wsgi.hooks.policy_enforcement [req-d6ff60b7-f50a-472d-bd1b-8a5f77d21fe1 req-da36d158-a7e6-4f30-8fe2-197a4548788c tempest-TestVolumeBootPattern-1047686099 tempest-TestVolumeBootPattern-1047686099-project] Attributes excluded by policy engine: ['standard_attr_id', 'binding:profile', 'binding:host_id', 'binding:vif_type', 'binding:vif_details'] {{(pid=100503) _exclude_attributes_by_policy /opt/stack/neutron/neutron/pecan_wsgi/hooks/policy_enforcement.py:255}}
Sep 30 10:44:11.876653 dv-osbrick-811944-2-smb neutron-server[100503]: INFO neutron.wsgi [req-d6ff60b7-f50a-472d-bd1b-8a5f77d21fe1 req-da36d158-a7e6-4f30-8fe2-197a4548788c tempest-TestVolumeBootPattern-1047686099 tempest-TestVolumeBootPattern-1047686099-project] 10.222.0.16 "GET /v2.0/ports?device_id=f0fd421b-cb9e-4cc1-b16e-7418c8f14cb7 HTTP/1.1" status: 200 len: 945 time: 0.0562625
Sep 30 10:44:11.925742 dv-osbrick-811944-2-smb neutron-server[100503]: INFO neutron.wsgi [req-d6ff60b7-f50a-472d-bd1b-8a5f77d21fe1 req-6c67c0bf-37d9-4da9-9957-469bb0c97d6a tempest-TestVolumeBootPattern-1047686099 tempest-TestVolumeBootPattern-1047686099-project] 10.222.0.16 "GET /v2.0/security-groups?id=b0ada349-5010-4919-9bc8-045020a47ec6&fields=id&fields=name HTTP/1.1" status: 200 len: 286 time: 0.0427046
Sep 30 10:44:12.133166 dv-osbrick-811944-2-smb neutron-server[100503]: DEBUG neutron.pecan_wsgi.hooks.policy_enforcement [req-802ac09c-5687-4e2a-b8b1-0b0e07c939b0 req-6581162c-818a-4440-ba2e-a90c8dbc28b1 tempest-TestMinimumBasicScenario-672269829 tempest-TestMinimumBasicScenario-672269829-project] Attributes excluded by policy engine: ['standard_attr_id', 'binding:profile', 'binding:host_id', 'binding:vif_type', 'binding:vif_details'] {{(pid=100503) _exclude_attributes_by_policy /opt/stack/neutron/neutron/pecan_wsgi/hooks/policy_enforcement.py:255}}
Sep 30 10:44:12.134584 dv-osbrick-811944-2-smb neutron-server[100503]: INFO neutron.wsgi [req-802ac09c-5687-4e2a-b8b1-0b0e07c939b0 req-6581162c-818a-4440-ba2e-a90c8dbc28b1 tempest-TestMinimumBasicScenario-672269829 tempest-TestMinimumBasicScenario-672269829-project] 10.222.0.16 "GET /v2.0/ports?device_id=39176c05-6e54-4f6a-8ed5-28168f362d0a HTTP/1.1" status: 200 len: 985 time: 0.0497110
Sep 30 10:44:12.143010 dv-osbrick-811944-2-smb neutron-server[100504]: DEBUG neutron.pecan_wsgi.hooks.policy_enforcement [req-6338357d-a6a3-4d9e-b43a-5af13aeae8a6 req-cad157f5-25b6-4fa1-ade8-28802e8f3fff service neutron] Attributes excluded by policy engine: ['standard_attr_id'] {{(pid=100504) _exclude_attributes_by_policy /opt/stack/neutron/neutron/pecan_wsgi/hooks/policy_enforcement.py:255}}
Sep 30 10:44:12.144383 dv-osbrick-811944-2-smb neutron-server[100504]: INFO neutron.wsgi [req-6338357d-a6a3-4d9e-b43a-5af13aeae8a6 req-cad157f5-25b6-4fa1-ade8-28802e8f3fff service neutron] 10.222.0.35 "GET /v2.0/ports?tenant_id=b80f0a80fcfc449ca65acfdefc89ccf0&device_id=39176c05-6e54-4f6a-8ed5-28168f362d0a HTTP/1.1" status: 200 len: 1138 time: 0.0408976
Sep 30 10:44:12.183110 dv-osbrick-811944-2-smb neutron-server[100503]: INFO neutron.wsgi [req-802ac09c-5687-4e2a-b8b1-0b0e07c939b0 req-5cb3cc42-4826-431e-84e0-1ba431c9de8f tempest-TestMinimumBasicScenario-672269829 tempest-TestMinimumBasicScenario-672269829-project] 10.222.0.16 "GET /v2.0/security-groups?id=46da0811-49dc-47bb-beb2-c3fbed3bcb9c&id=23587131-1b19-450f-96a8-d1f42a69f719&fields=id&fields=name HTTP/1.1" status: 200 len: 379 time: 0.0413754
Sep 30 10:44:12.246182 dv-osbrick-811944-2-smb neutron-server[100504]: DEBUG neutron.pecan_wsgi.hooks.policy_enforcement [req-6338357d-a6a3-4d9e-b43a-5af13aeae8a6 req-45f34691-87db-4567-a793-e1b842a04e9c service neutron] Attributes excluded by policy engine: ['standard_attr_id', 'vlan_transparent'] {{(pid=100504) _exclude_attributes_by_policy /opt/stack/neutron/neutron/pecan_wsgi/hooks/policy_enforcement.py:255}}
Sep 30 10:44:12.247654 dv-osbrick-811944-2-smb neutron-server[100504]: INFO neutron.wsgi [req-6338357d-a6a3-4d9e-b43a-5af13aeae8a6 req-45f34691-87db-4567-a793-e1b842a04e9c service neutron] 10.222.0.35 "GET /v2.0/networks?id=5e169e5e-804f-4f92-b715-d65baec8a7b4 HTTP/1.1" status: 200 len: 915 time: 0.0931506
Sep 30 10:44:12.322194 dv-osbrick-811944-2-smb neutron-server[100504]: INFO neutron.wsgi [req-6338357d-a6a3-4d9e-b43a-5af13aeae8a6 req-ed6be6e8-8fb6-464c-a3cc-39461fec96eb service neutron] 10.222.0.35 "GET /v2.0/floatingips?fixed_ip_address=172.20.0.14&port_id=8f8be271-5bf4-4a97-90ca-368f6650bdc2 HTTP/1.1" status: 200 len: 1001 time: 0.0608685
Sep 30 10:44:12.563597 dv-osbrick-811944-2-smb neutron-server[100504]: DEBUG neutron.pecan_wsgi.hooks.policy_enforcement [req-6338357d-a6a3-4d9e-b43a-5af13aeae8a6 req-ac5c6ecd-18bf-4007-97c2-92ae0a35299e service neutron] Attributes excluded by policy engine: ['standard_attr_id', 'shared'] {{(pid=100504) _exclude_attributes_by_policy /opt/stack/neutron/neutron/pecan_wsgi/hooks/policy_enforcement.py:255}}
Sep 30 10:44:12.565092 dv-osbrick-811944-2-smb neutron-server[100504]: INFO neutron.wsgi [req-6338357d-a6a3-4d9e-b43a-5af13aeae8a6 req-ac5c6ecd-18bf-4007-97c2-92ae0a35299e service neutron] 10.222.0.35 "GET /v2.0/subnets?id=000ba5ea-ad7d-487f-a791-ca3a3bea6155 HTTP/1.1" status: 200 len: 853 time: 0.2300365
