Feb 09 09:33:40.978804 dv-osbrick-811717-7-smb neutron-server[102754]: DEBUG neutron.scheduler.dhcp_agent_scheduler [None req-71aed4c6-24fa-4711-8c6b-e9608bbf40e3 admin admin] Network hostable DHCP agents. Network: 93465595-777e-44d6-83b7-ff8d59fd5ece, hostable agents: ['9bbf8bbd-4574-4548-9eb8-b99a77849e34'], hosted agents: [] {{(pid=102754) _get_network_hostable_dhcp_agents /opt/stack/neutron/neutron/scheduler/dhcp_agent_scheduler.py:329}}
Feb 09 09:33:41.004679 dv-osbrick-811717-7-smb neutron-server[102754]: DEBUG neutron.scheduler.dhcp_agent_scheduler [None req-71aed4c6-24fa-4711-8c6b-e9608bbf40e3 admin admin] Network 93465595-777e-44d6-83b7-ff8d59fd5ece is scheduled to be hosted by DHCP agent 9bbf8bbd-4574-4548-9eb8-b99a77849e34 with binding_index 1 {{(pid=102754) bind /opt/stack/neutron/neutron/scheduler/dhcp_agent_scheduler.py:227}}
Feb 09 09:33:41.020472 dv-osbrick-811717-7-smb neutron-server[102754]: DEBUG neutron.scheduler.base_scheduler [None req-71aed4c6-24fa-4711-8c6b-e9608bbf40e3 admin admin] Resources bound (agent type, host, resource id): (DHCP agent, dv-osbrick-811717-7-smb, 93465595-777e-44d6-83b7-ff8d59fd5ece) {{(pid=102754) schedule /opt/stack/neutron/neutron/scheduler/base_scheduler.py:57}}
Feb 09 09:33:41.028345 dv-osbrick-811717-7-smb neutron-server[102754]: DEBUG neutron.pecan_wsgi.hooks.policy_enforcement [None req-71aed4c6-24fa-4711-8c6b-e9608bbf40e3 admin admin] Attributes excluded by policy engine: ['standard_attr_id', 'shared', 'network'] {{(pid=102754) _exclude_attributes_by_policy /opt/stack/neutron/neutron/pecan_wsgi/hooks/policy_enforcement.py:255}}
Feb 09 09:33:41.029243 dv-osbrick-811717-7-smb neutron-server[102754]: DEBUG neutron_lib.callbacks.manager [None req-71aed4c6-24fa-4711-8c6b-e9608bbf40e3 admin admin] Publish callbacks ['neutron.api.rpc.agentnotifiers.dhcp_rpc_agent_api.DhcpAgentNotifyAPI._send_dhcp_notification-3698402'] for subnet (None), before_response {{(pid=102754) _notify_loop /usr/local/lib/python3.8/dist-packages/neutron_lib/callbacks/manager.py:176}}
Feb 09 09:33:41.032638 dv-osbrick-811717-7-smb neutron-server[102755]: DEBUG neutron.api.rpc.handlers.dhcp_rpc [None req-41e5c837-2260-45de-b863-2b41d06be3bf None None] Network 93465595-777e-44d6-83b7-ff8d59fd5ece requested from dv-osbrick-811717-7-smb {{(pid=102755) get_network_info /opt/stack/neutron/neutron/api/rpc/handlers/dhcp_rpc.py:191}}
Feb 09 09:33:41.054703 dv-osbrick-811717-7-smb neutron-server[102753]: DEBUG neutron.wsgi [-] (102753) accepted ('10.222.0.31', 51840) {{(pid=102753) server /usr/local/lib/python3.8/dist-packages/eventlet/wsgi.py:1004}}
Feb 09 09:33:41.062918 dv-osbrick-811717-7-smb neutron-server[102753]: DEBUG neutron.api.v2.base [None req-9796c725-98cb-4615-a321-9b7e2825ddd9 admin admin] Request body: {'router': {'name': 'tempest-TestMinimumBasicScenario-1079005591-router', 'tenant_id': '424fbaaacd344de680ac5c54121c51de', 'external_gateway_info': {'network_id': '6594aa38-163a-4bca-8381-9a92e2651593'}}} {{(pid=102753) prepare_request_body /opt/stack/neutron/neutron/api/v2/base.py:729}}
Feb 09 09:33:41.069091 dv-osbrick-811717-7-smb neutron-server[102754]: INFO neutron.wsgi [None req-71aed4c6-24fa-4711-8c6b-e9608bbf40e3 admin admin] 10.222.0.31 "POST /v2.0/subnets HTTP/1.1" status: 201 len: 851 time: 0.6024377
Feb 09 09:33:41.091845 dv-osbrick-811717-7-smb neutron-server[102753]: DEBUG neutron_lib.callbacks.manager [None req-9796c725-98cb-4615-a321-9b7e2825ddd9 admin admin] Publish callbacks ['neutron.services.l3_router.l3_router_plugin.L3_HA_NAT_db_mixin._before_router_create_handler-3918906', 'neutron.services.l3_router.service_providers.driver_controller.DriverController._check_router_request-25631'] for router (644019b9-aad8-4e08-bd6f-43e29e092c29), before_create {{(pid=102753) _notify_loop /usr/local/lib/python3.8/dist-packages/neutron_lib/callbacks/manager.py:176}}
Feb 09 09:33:41.093268 dv-osbrick-811717-7-smb neutron-server[102753]: DEBUG neutron_lib.callbacks.manager [None req-9796c725-98cb-4615-a321-9b7e2825ddd9 admin admin] Publish callbacks ['neutron.services.l3_router.l3_router_plugin.L3_HA_NAT_db_mixin._precommit_router_create-3918926', 'neutron.services.l3_router.l3_router_plugin.DVRResourceOperationHandler._set_distributed_flag-3922404', 'neutron.services.l3_router.l3_router_plugin.RouterAvailabilityZoneMixin._process_az_request-315771', 'neutron.services.l3_router.service_providers.driver_controller.DriverController._set_router_provider-25606'] for router (644019b9-aad8-4e08-bd6f-43e29e092c29), precommit_create {{(pid=102753) _notify_loop /usr/local/lib/python3.8/dist-packages/neutron_lib/callbacks/manager.py:176}}
Feb 09 09:33:41.094637 dv-osbrick-811717-7-smb neutron-server[102755]: DEBUG neutron.plugins.ml2.plugin [None req-52619510-33bf-4038-81fe-45d30b09b423 None None] Current status of the port 1a173b6b-0903-455c-abd9-1bf6d9fb86c7 is: DOWN; New status is: ACTIVE {{(pid=102755) _update_individual_port_db_status /opt/stack/neutron/neutron/plugins/ml2/plugin.py:2232}}
Feb 09 09:33:41.095350 dv-osbrick-811717-7-smb neutron-server[102755]: DEBUG neutron_lib.callbacks.manager [None req-52619510-33bf-4038-81fe-45d30b09b423 None None] Publish callbacks ['neutron.plugins.ml2.plugin.SecurityGroupDbMixin._ensure_default_security_group_handler-727455'] for port (1a173b6b-0903-455c-abd9-1bf6d9fb86c7), before_update {{(pid=102755) _notify_loop /usr/local/lib/python3.8/dist-packages/neutron_lib/callbacks/manager.py:176}}
Feb 09 09:33:41.128086 dv-osbrick-811717-7-smb neutron-server[102755]: DEBUG neutron.plugins.ml2.db [None req-52619510-33bf-4038-81fe-45d30b09b423 None None] For port 1a173b6b-0903-455c-abd9-1bf6d9fb86c7, host dv-osbrick-811717-7-smb, got binding levels [PortBindingLevel(driver='openvswitch',host='dv-osbrick-811717-7-smb',level=0,port_id=1a173b6b-0903-455c-abd9-1bf6d9fb86c7,segment=NetworkSegment(1153d9bc-c997-4437-aed1-efc3df7961f6),segment_id=1153d9bc-c997-4437-aed1-efc3df7961f6)] {{(pid=102755) get_binding_level_objs /opt/stack/neutron/neutron/plugins/ml2/db.py:74}}
Feb 09 09:33:41.136193 dv-osbrick-811717-7-smb neutron-server[102755]: DEBUG neutron_lib.callbacks.manager [None req-52619510-33bf-4038-81fe-45d30b09b423 None None] Publish callbacks ['neutron.plugins.ml2.plugin.SecurityGroupServerNotifierRpcMixin._notify_sg_on_port_change-727347', 'neutron.plugins.ml2.ovo_rpc._ObjectChangeHandler.handle_event-3973657', 'neutron.api.rpc.agentnotifiers.dhcp_rpc_agent_api.DhcpAgentNotifyAPI._native_event_send_dhcp_notification-3698320', 'neutron.db.l3_db.L3RpcNotifierMixin._notify_gateway_port_ip_changed-8767104208397', 'neutron.db.l3_dvrscheduler_db._notify_l3_agent_port_update-8767103670757', 'neutron.db.l3_hascheduler_db._notify_l3_agent_ha_port_update-8767103670775'] for port (1a173b6b-0903-455c-abd9-1bf6d9fb86c7), after_update {{(pid=102755) _notify_loop /usr/local/lib/python3.8/dist-packages/neutron_lib/callbacks/manager.py:176}}
Feb 09 09:33:41.137402 dv-osbrick-811717-7-smb neutron-server[102755]: DEBUG neutron.plugins.ml2.rpc [None req-52619510-33bf-4038-81fe-45d30b09b423 None None] Device c39e415e-0a19-49d2-ad25-b59c9219c87f up at agent ovs-agent-dv-osbrick-811717-7-smb {{(pid=102755) update_device_up /opt/stack/neutron/neutron/plugins/ml2/rpc.py:296}}
Feb 09 09:33:41.168430 dv-osbrick-811717-7-smb neutron-server[102753]: DEBUG neutron_lib.callbacks.manager [None req-9796c725-98cb-4615-a321-9b7e2825ddd9 admin admin] Publish callbacks [] for router_controller (644019b9-aad8-4e08-bd6f-43e29e092c29), precommit_add_association {{(pid=102753) _notify_loop /usr/local/lib/python3.8/dist-packages/neutron_lib/callbacks/manager.py:176}}
Feb 09 09:33:41.211151 dv-osbrick-811717-7-smb neutron-server[102754]: DEBUG neutron.wsgi [-] (102754) accepted ('10.222.0.31', 51844) {{(pid=102754) server /usr/local/lib/python3.8/dist-packages/eventlet/wsgi.py:1004}}
Feb 09 09:33:41.216728 dv-osbrick-811717-7-smb neutron-server[102754]: DEBUG neutron.api.v2.base [None req-82849991-30b1-438d-b7cc-e040fec792b1 admin admin] Request body: {'network': {'name': 'tempest-TestVolumeBootPattern-1667947248-network', 'tenant_id': '416705b1aa804fca875d47346f395f63'}} {{(pid=102754) prepare_request_body /opt/stack/neutron/neutron/api/v2/base.py:729}}
Feb 09 09:33:41.248864 dv-osbrick-811717-7-smb neutron-server[102755]: DEBUG neutron.api.rpc.handlers.resources_rpc [None req-52619510-33bf-4038-81fe-45d30b09b423 None None] Pushing event updated for resources: {'Port': ['ID=1a173b6b-0903-455c-abd9-1bf6d9fb86c7,revision_number=4']} {{(pid=102755) push /opt/stack/neutron/neutron/api/rpc/handlers/resources_rpc.py:237}}
Feb 09 09:33:41.249101 dv-osbrick-811717-7-smb neutron-server[102754]: DEBUG neutron.pecan_wsgi.hooks.quota_enforcement [None req-82849991-30b1-438d-b7cc-e040fec792b1 admin admin] Made reservation on behalf of 416705b1aa804fca875d47346f395f63 for: {'network': 1} {{(pid=102754) before /opt/stack/neutron/neutron/pecan_wsgi/hooks/quota_enforcement.py:53}}
Feb 09 09:33:41.251606 dv-osbrick-811717-7-smb neutron-server[102754]: DEBUG neutron_lib.callbacks.manager [None req-82849991-30b1-438d-b7cc-e040fec792b1 admin admin] Publish callbacks ['neutron.plugins.ml2.plugin.SecurityGroupDbMixin._ensure_default_security_group_handler-727455'] for network (None), before_create {{(pid=102754) _notify_loop /usr/local/lib/python3.8/dist-packages/neutron_lib/callbacks/manager.py:176}}
Feb 09 09:33:41.264624 dv-osbrick-811717-7-smb neutron-server[102754]: DEBUG neutron_lib.callbacks.manager [None req-82849991-30b1-438d-b7cc-e040fec792b1 admin admin] Publish callbacks [] for security_group (None), before_create {{(pid=102754) _notify_loop /usr/local/lib/python3.8/dist-packages/neutron_lib/callbacks/manager.py:176}}
Feb 09 09:33:41.304656 dv-osbrick-811717-7-smb neutron-server[102755]: DEBUG neutron.db.provisioning_blocks [None req-52619510-33bf-4038-81fe-45d30b09b423 None None] Provisioning complete for port c39e415e-0a19-49d2-ad25-b59c9219c87f triggered by entity L2. {{(pid=102755) provisioning_complete /opt/stack/neutron/neutron/db/provisioning_blocks.py:139}}
Feb 09 09:33:41.305083 dv-osbrick-811717-7-smb neutron-server[102755]: DEBUG neutron_lib.callbacks.manager [None req-52619510-33bf-4038-81fe-45d30b09b423 None None] Publish callbacks ['neutron.plugins.ml2.plugin.Ml2Plugin._port_provisioned-3459272'] for port (c39e415e-0a19-49d2-ad25-b59c9219c87f), provisioning_complete {{(pid=102755) _notify_loop /usr/local/lib/python3.8/dist-packages/neutron_lib/callbacks/manager.py:176}}
Feb 09 09:33:41.307214 dv-osbrick-811717-7-smb neutron-server[102755]: DEBUG neutron.api.rpc.handlers.dhcp_rpc [None req-5a290198-0f4c-4c4a-964e-ea4b864bee01 None None] Create dhcp port {'port': {'name': '', 'admin_state_up': True, 'device_id': 'dhcpac351a90-5040-51dd-aed9-84f472e23873-93465595-777e-44d6-83b7-ff8d59fd5ece', 'network_id': '93465595-777e-44d6-83b7-ff8d59fd5ece', 'project_id': '424fbaaacd344de680ac5c54121c51de', 'fixed_ips': [{'subnet_id': '74e320fd-3202-4512-9f04-98abef694f08'}]}} from dv-osbrick-811717-7-smb. {{(pid=102755) create_dhcp_port /opt/stack/neutron/neutron/api/rpc/handlers/dhcp_rpc.py:268}}
Feb 09 09:33:41.308040 dv-osbrick-811717-7-smb neutron-server[102755]: DEBUG neutron_lib.callbacks.manager [None req-5a290198-0f4c-4c4a-964e-ea4b864bee01 None None] Publish callbacks ['neutron.plugins.ml2.plugin.SecurityGroupDbMixin._ensure_default_security_group_handler-727455'] for port (None), before_create {{(pid=102755) _notify_loop /usr/local/lib/python3.8/dist-packages/neutron_lib/callbacks/manager.py:176}}
Feb 09 09:33:41.384211 dv-osbrick-811717-7-smb neutron-server[102754]: DEBUG neutron_lib.callbacks.manager [None req-82849991-30b1-438d-b7cc-e040fec792b1 admin admin] Publish callbacks [] for security_group (28f7db05-3da7-4b0b-984a-2c919eb85e85), precommit_create {{(pid=102754) _notify_loop /usr/local/lib/python3.8/dist-packages/neutron_lib/callbacks/manager.py:176}}
Feb 09 09:33:41.389952 dv-osbrick-811717-7-smb neutron-server[102754]: DEBUG neutron_lib.callbacks.manager [None req-82849991-30b1-438d-b7cc-e040fec792b1 admin admin] Publish callbacks ['neutron.plugins.ml2.ovo_rpc._ObjectChangeHandler.handle_event-316647'] for security_group (28f7db05-3da7-4b0b-984a-2c919eb85e85), after_create {{(pid=102754) _notify_loop /usr/local/lib/python3.8/dist-packages/neutron_lib/callbacks/manager.py:176}}
Feb 09 09:33:41.404278 dv-osbrick-811717-7-smb neutron-server[102753]: DEBUG neutron_lib.callbacks.manager [None req-9796c725-98cb-4615-a321-9b7e2825ddd9 admin admin] Publish callbacks [] for router_gateway (644019b9-aad8-4e08-bd6f-43e29e092c29), precommit_update {{(pid=102753) _notify_loop /usr/local/lib/python3.8/dist-packages/neutron_lib/callbacks/manager.py:176}}
Feb 09 09:33:41.420440 dv-osbrick-811717-7-smb neutron-server[102754]: DEBUG neutron.plugins.ml2.drivers.helpers [None req-82849991-30b1-438d-b7cc-e040fec792b1 admin admin] vlan segment allocate from pool success with {'physical_network': 'physnet1', 'vlan_id': 739} {{(pid=102754) allocate_partially_specified_segment /opt/stack/neutron/neutron/plugins/ml2/drivers/helpers.py:153}}
Feb 09 09:33:41.431543 dv-osbrick-811717-7-smb neutron-server[102754]: DEBUG neutron.api.rpc.handlers.resources_rpc [None req-82849991-30b1-438d-b7cc-e040fec792b1 admin admin] Pushing event updated for resources: {'SecurityGroup': ['ID=28f7db05-3da7-4b0b-984a-2c919eb85e85,revision_number=1']} {{(pid=102754) push /opt/stack/neutron/neutron/api/rpc/handlers/resources_rpc.py:237}}
Feb 09 09:33:41.452238 dv-osbrick-811717-7-smb neutron-server[102754]: DEBUG neutron_lib.callbacks.manager [None req-82849991-30b1-438d-b7cc-e040fec792b1 admin admin] Publish callbacks ['neutron.plugins.ml2.plugin.Ml2Plugin._handle_segment_change-761088'] for segment (c6515663-db01-4a8c-a92a-609cbd3933f9), precommit_create {{(pid=102754) _notify_loop /usr/local/lib/python3.8/dist-packages/neutron_lib/callbacks/manager.py:176}}
Feb 09 09:33:41.452595 dv-osbrick-811717-7-smb neutron-server[102754]: INFO neutron.db.segments_db [None req-82849991-30b1-438d-b7cc-e040fec792b1 admin admin] Added segment c6515663-db01-4a8c-a92a-609cbd3933f9 of type vlan for network 57e02c39-cf83-4aa8-83b4-a9c9993af1fe
Feb 09 09:33:41.514761 dv-osbrick-811717-7-smb neutron-server[102754]: DEBUG neutron_lib.callbacks.manager [None req-82849991-30b1-438d-b7cc-e040fec792b1 admin admin] Publish callbacks ['neutron.services.auto_allocate.db._ensure_external_network_default_value_callback-8767103690033'] for network (57e02c39-cf83-4aa8-83b4-a9c9993af1fe), precommit_create {{(pid=102754) _notify_loop /usr/local/lib/python3.8/dist-packages/neutron_lib/callbacks/manager.py:176}}
Feb 09 09:33:41.579576 dv-osbrick-811717-7-smb neutron-server[102755]: DEBUG neutron.db.db_base_plugin_common [None req-5a290198-0f4c-4c4a-964e-ea4b864bee01 None None] Allocated IP 172.20.0.2 (93465595-777e-44d6-83b7-ff8d59fd5ece/74e320fd-3202-4512-9f04-98abef694f08/fc4a7b2e-c534-44ad-9fc4-3145d911e98f) {{(pid=102755) _store_ip_allocation /opt/stack/neutron/neutron/db/db_base_plugin_common.py:131}}
Feb 09 09:33:41.585897 dv-osbrick-811717-7-smb neutron-server[102755]: DEBUG neutron_lib.callbacks.manager [None req-31459157-edd1-47e6-b9f1-2f01936c9094 None None] Publish callbacks ['neutron.services.segments.db._update_segment_host_mapping_for_agent-8767104164271', 'neutron.plugins.ml2.plugin.Ml2Plugin._retry_binding_revived_agents-3459238'] for agent (cb7f9106-eef8-4a35-a4e6-569a45c3ec48), after_update {{(pid=102755) _notify_loop /usr/local/lib/python3.8/dist-packages/neutron_lib/callbacks/manager.py:176}}
Feb 09 09:33:41.590664 dv-osbrick-811717-7-smb neutron-server[102754]: DEBUG neutron_lib.callbacks.manager [None req-82849991-30b1-438d-b7cc-e040fec792b1 admin admin] Publish callbacks ['neutron.plugins.ml2.ovo_rpc._ObjectChangeHandler.handle_event-311859', 'neutron.api.rpc.agentnotifiers.dhcp_rpc_agent_api.DhcpAgentNotifyAPI._native_event_send_dhcp_notification-3698320'] for network (57e02c39-cf83-4aa8-83b4-a9c9993af1fe), after_create {{(pid=102754) _notify_loop /usr/local/lib/python3.8/dist-packages/neutron_lib/callbacks/manager.py:176}}
Feb 09 09:33:41.591641 dv-osbrick-811717-7-smb neutron-server[102754]: DEBUG neutron.pecan_wsgi.hooks.policy_enforcement [None req-82849991-30b1-438d-b7cc-e040fec792b1 admin admin] Attributes excluded by policy engine: ['standard_attr_id', 'vlan_transparent'] {{(pid=102754) _exclude_attributes_by_policy /opt/stack/neutron/neutron/pecan_wsgi/hooks/policy_enforcement.py:255}}
Feb 09 09:33:41.592387 dv-osbrick-811717-7-smb neutron-server[102754]: DEBUG neutron_lib.callbacks.manager [None req-82849991-30b1-438d-b7cc-e040fec792b1 admin admin] Publish callbacks ['neutron.api.rpc.agentnotifiers.dhcp_rpc_agent_api.DhcpAgentNotifyAPI._send_dhcp_notification-3698402'] for network (None), before_response {{(pid=102754) _notify_loop /usr/local/lib/python3.8/dist-packages/neutron_lib/callbacks/manager.py:176}}
Feb 09 09:33:41.676926 dv-osbrick-811717-7-smb neutron-server[102754]: INFO neutron.wsgi [None req-82849991-30b1-438d-b7cc-e040fec792b1 admin admin] 10.222.0.31 "POST /v2.0/networks HTTP/1.1" status: 201 len: 885 time: 0.4645612
Feb 09 09:33:41.678873 dv-osbrick-811717-7-smb neutron-server[102754]: DEBUG neutron.api.rpc.handlers.resources_rpc [None req-82849991-30b1-438d-b7cc-e040fec792b1 admin admin] Pushing event updated for resources: {'Network': ['ID=57e02c39-cf83-4aa8-83b4-a9c9993af1fe,revision_number=1']} {{(pid=102754) push /opt/stack/neutron/neutron/api/rpc/handlers/resources_rpc.py:237}}
Feb 09 09:33:41.681297 dv-osbrick-811717-7-smb neutron-server[102754]: DEBUG neutron.wsgi [-] (102754) accepted ('10.222.0.31', 51846) {{(pid=102754) server /usr/local/lib/python3.8/dist-packages/eventlet/wsgi.py:1004}}
Feb 09 09:33:41.686423 dv-osbrick-811717-7-smb neutron-server[102754]: DEBUG neutron.api.v2.base [None req-1907da18-07cc-4c2d-8b55-929318fae874 admin admin] Request body: {'subnet': {'network_id': '57e02c39-cf83-4aa8-83b4-a9c9993af1fe', 'cidr': '172.20.0.0/28', 'name': 'tempest-TestVolumeBootPattern-1667947248-subnet', 'tenant_id': '416705b1aa804fca875d47346f395f63', 'ip_version': 4}} {{(pid=102754) prepare_request_body /opt/stack/neutron/neutron/api/v2/base.py:729}}
Feb 09 09:33:41.707507 dv-osbrick-811717-7-smb neutron-server[102755]: DEBUG neutron.plugins.ml2.rpc [None req-52619510-33bf-4038-81fe-45d30b09b423 None None] Network 57e02c39-cf83-4aa8-83b4-a9c9993af1fe details requested by agent ovs-agent-dv-osbrick-811717-7-smb with host dv-osbrick-811717-7-smb {{(pid=102755) get_network_details /opt/stack/neutron/neutron/plugins/ml2/rpc.py:248}}
Feb 09 09:33:41.716469 dv-osbrick-811717-7-smb neutron-server[102754]: DEBUG neutron.pecan_wsgi.hooks.quota_enforcement [None req-1907da18-07cc-4c2d-8b55-929318fae874 admin admin] Made reservation on behalf of 416705b1aa804fca875d47346f395f63 for: {'subnet': 1} {{(pid=102754) before /opt/stack/neutron/neutron/pecan_wsgi/hooks/quota_enforcement.py:53}}
Feb 09 09:33:41.720284 dv-osbrick-811717-7-smb neutron-server[102754]: DEBUG neutron_lib.callbacks.manager [None req-1907da18-07cc-4c2d-8b55-929318fae874 admin admin] Publish callbacks [] for subnet (None), before_create {{(pid=102754) _notify_loop /usr/local/lib/python3.8/dist-packages/neutron_lib/callbacks/manager.py:176}}
Feb 09 09:33:41.738499 dv-osbrick-811717-7-smb neutron-server[102753]: DEBUG neutron_lib.callbacks.manager [None req-9796c725-98cb-4615-a321-9b7e2825ddd9 admin admin] Publish callbacks [] for router_gateway (644019b9-aad8-4e08-bd6f-43e29e092c29), before_create {{(pid=102753) _notify_loop /usr/local/lib/python3.8/dist-packages/neutron_lib/callbacks/manager.py:176}}
Feb 09 09:33:41.761397 dv-osbrick-811717-7-smb neutron-server[102753]: DEBUG neutron_lib.callbacks.manager [None req-9796c725-98cb-4615-a321-9b7e2825ddd9 admin admin] Publish callbacks ['neutron.plugins.ml2.plugin.SecurityGroupDbMixin._ensure_default_security_group_handler-727455'] for port (None), before_create {{(pid=102753) _notify_loop /usr/local/lib/python3.8/dist-packages/neutron_lib/callbacks/manager.py:176}}
Feb 09 09:33:41.794964 dv-osbrick-811717-7-smb neutron-server[102755]: DEBUG neutron.plugins.ml2.plugin [None req-52619510-33bf-4038-81fe-45d30b09b423 None None] Current status of the port c39e415e-0a19-49d2-ad25-b59c9219c87f is: ACTIVE; New status is: ACTIVE {{(pid=102755) _update_individual_port_db_status /opt/stack/neutron/neutron/plugins/ml2/plugin.py:2232}}
Feb 09 09:33:41.865192 dv-osbrick-811717-7-smb neutron-server[102755]: DEBUG neutron_lib.callbacks.manager [None req-5a290198-0f4c-4c4a-964e-ea4b864bee01 None None] Publish callbacks [] for port (fc4a7b2e-c534-44ad-9fc4-3145d911e98f), precommit_create {{(pid=102755) _notify_loop /usr/local/lib/python3.8/dist-packages/neutron_lib/callbacks/manager.py:176}}
Feb 09 09:33:41.874246 dv-osbrick-811717-7-smb neutron-server[102755]: DEBUG neutron_lib.callbacks.manager [None req-5a290198-0f4c-4c4a-964e-ea4b864bee01 None None] Publish callbacks ['neutron.plugins.ml2.plugin.SecurityGroupServerNotifierRpcMixin._notify_sg_on_port_change-727347', 'neutron.plugins.ml2.ovo_rpc._ObjectChangeHandler.handle_event-3973657', 'neutron.api.rpc.agentnotifiers.dhcp_rpc_agent_api.DhcpAgentNotifyAPI._native_event_send_dhcp_notification-3698320', 'neutron.db.l3_dvrscheduler_db._notify_l3_agent_new_port-8767103670739'] for port (fc4a7b2e-c534-44ad-9fc4-3145d911e98f), after_create {{(pid=102755) _notify_loop /usr/local/lib/python3.8/dist-packages/neutron_lib/callbacks/manager.py:176}}
Feb 09 09:33:41.910929 dv-osbrick-811717-7-smb neutron-server[102753]: DEBUG neutron.db.db_base_plugin_common [None req-9796c725-98cb-4615-a321-9b7e2825ddd9 admin admin] Allocated IP 172.30.0.62 (6594aa38-163a-4bca-8381-9a92e2651593/9ddedd4f-6f4f-4eaa-89fc-19b4f2e0b0b5/99c77d22-7e08-4c34-aaff-9e7e5162a240) {{(pid=102753) _store_ip_allocation /opt/stack/neutron/neutron/db/db_base_plugin_common.py:131}}
Feb 09 09:33:41.926171 dv-osbrick-811717-7-smb neutron-server[102755]: DEBUG neutron.scheduler.dhcp_agent_scheduler [None req-5a290198-0f4c-4c4a-964e-ea4b864bee01 None None] Network 93465595-777e-44d6-83b7-ff8d59fd5ece is already hosted by enough agents. {{(pid=102755) _get_dhcp_agents_hosting_network /opt/stack/neutron/neutron/scheduler/dhcp_agent_scheduler.py:275}}
Feb 09 09:33:41.933418 dv-osbrick-811717-7-smb neutron-server[102755]: DEBUG neutron.scheduler.base_scheduler [None req-5a290198-0f4c-4c4a-964e-ea4b864bee01 None None] Resources bound (agent type, host, resource id): {{(pid=102755) schedule /opt/stack/neutron/neutron/scheduler/base_scheduler.py:57}}
Feb 09 09:33:41.935777 dv-osbrick-811717-7-smb neutron-server[102755]: DEBUG neutron.db.l3_dvrscheduler_db [None req-5a290198-0f4c-4c4a-964e-ea4b864bee01 None None] Received port after_create {{(pid=102755) _notify_l3_agent_new_port /opt/stack/neutron/neutron/db/l3_dvrscheduler_db.py:536}}
Feb 09 09:33:41.937819 dv-osbrick-811717-7-smb neutron-server[102755]: DEBUG neutron.api.rpc.handlers.resources_rpc [None req-5a290198-0f4c-4c4a-964e-ea4b864bee01 None None] Pushing event updated for resources: {'Port': ['ID=fc4a7b2e-c534-44ad-9fc4-3145d911e98f,revision_number=1']} {{(pid=102755) push /opt/stack/neutron/neutron/api/rpc/handlers/resources_rpc.py:237}}
Feb 09 09:33:41.959123 dv-osbrick-811717-7-smb neutron-server[102754]: DEBUG neutron_lib.callbacks.manager [None req-1907da18-07cc-4c2d-8b55-929318fae874 admin admin] Publish callbacks ['neutron.plugins.ml2.ovo_rpc._ObjectChangeHandler.handle_event-4110513', 'neutron.api.rpc.agentnotifiers.dhcp_rpc_agent_api.DhcpAgentNotifyAPI._native_event_send_dhcp_notification-3698320'] for subnet (82f03ae7-28d9-4a05-89b9-8e353e6cc2c5), after_create {{(pid=102754) _notify_loop /usr/local/lib/python3.8/dist-packages/neutron_lib/callbacks/manager.py:176}}
Feb 09 09:33:42.014771 dv-osbrick-811717-7-smb neutron-server[102755]: DEBUG neutron.plugins.ml2.managers [None req-5a290198-0f4c-4c4a-964e-ea4b864bee01 None None] Attempting to bind port fc4a7b2e-c534-44ad-9fc4-3145d911e98f on host dv-osbrick-811717-7-smb for vnic_type normal with profile {{(pid=102755) bind_port /opt/stack/neutron/neutron/plugins/ml2/managers.py:795}}
Feb 09 09:33:42.015430 dv-osbrick-811717-7-smb neutron-server[102755]: DEBUG neutron.plugins.ml2.managers [None req-5a290198-0f4c-4c4a-964e-ea4b864bee01 None None] Attempting to bind port fc4a7b2e-c534-44ad-9fc4-3145d911e98f by drivers openvswitch,hyperv on host dv-osbrick-811717-7-smb at level 0 using segments [{'id': '0c643272-cff5-4134-81bf-f50d79cdfcd4', 'network_type': 'vlan', 'physical_network': 'physnet1', 'segmentation_id': 740, 'network_id': '93465595-777e-44d6-83b7-ff8d59fd5ece'}] {{(pid=102755) _bind_port_level /opt/stack/neutron/neutron/plugins/ml2/managers.py:820}}
Feb 09 09:33:42.015804 dv-osbrick-811717-7-smb neutron-server[102755]: DEBUG neutron.plugins.ml2.drivers.mech_agent [None req-5a290198-0f4c-4c4a-964e-ea4b864bee01 None None] Attempting to bind port fc4a7b2e-c534-44ad-9fc4-3145d911e98f on network 93465595-777e-44d6-83b7-ff8d59fd5ece {{(pid=102755) bind_port /opt/stack/neutron/neutron/plugins/ml2/drivers/mech_agent.py:91}}
Feb 09 09:33:42.027534 dv-osbrick-811717-7-smb neutron-server[102754]: DEBUG neutron.api.rpc.handlers.resources_rpc [None req-1907da18-07cc-4c2d-8b55-929318fae874 admin admin] Pushing event updated for resources: {'Subnet': ['ID=82f03ae7-28d9-4a05-89b9-8e353e6cc2c5,revision_number=0']} {{(pid=102754) push /opt/stack/neutron/neutron/api/rpc/handlers/resources_rpc.py:237}}
Feb 09 09:33:42.028163 dv-osbrick-811717-7-smb neutron-server[102755]: DEBUG neutron.plugins.ml2.drivers.mech_agent [None req-5a290198-0f4c-4c4a-964e-ea4b864bee01 None None] Checking agent: {'id': '57e9fcc8-7682-4072-9aed-eb728eb9feb9', 'agent_type': 'Open vSwitch agent', 'binary': 'neutron-openvswitch-agent', 'topic': 'N/A', 'host': 'dv-osbrick-811717-7-smb', 'admin_state_up': True, 'created_at': datetime.datetime(2022, 2, 9, 9, 25, 46), 'started_at': datetime.datetime(2022, 2, 9, 9, 26, 16), 'heartbeat_timestamp': datetime.datetime(2022, 2, 9, 9, 33, 16), 'description': None, 'resources_synced': None, 'availability_zone': None, 'alive': True, 'configurations': {'arp_responder_enabled': False, 'baremetal_smartnic': False, 'bridge_mappings': {'physnet1': 'br-data'}, 'datapath_type': 'system', 'devices': 0, 'enable_distributed_routing': False, 'extensions': [], 'in_distributed_mode': False, 'integration_bridge': 'br-int', 'l2_population': False, 'log_agent_heartbeats': False, 'ovs_capabilities': {'datapath_types': ['netdev', 'system'], 'iface_types': ['erspan', 'geneve', 'gre', 'internal', 'ip6erspan', 'ip6gre', 'lisp', 'patch', 'stt', 'system', 'tap', 'vxlan']}, 'ovs_hybrid_plug': False, 'resource_provider_bandwidths': {}, 'resource_provider_hypervisors': {'br-data': 'dv-osbrick-811717-7-smb'}, 'resource_provider_inventory_defaults': {'allocation_ratio': 1.0, 'min_unit': 1, 'step_size': 1, 'reserved': 0}, 'resource_provider_packet_processing_inventory_defaults': {'allocation_ratio': 1.0, 'min_unit': 1, 'step_size': 1, 'reserved': 0}, 'resource_provider_packet_processing_with_direction': {}, 'resource_provider_packet_processing_without_direction': {}, 'tunnel_types': [], 'tunneling_ip': None, 'vhostuser_socket_dir': '/var/run/openvswitch'}, 'resource_versions': {'AddressGroup': '1.2', 'ConntrackHelper': '1.0', 'LocalIPAssociation': '1.0', 'Log': '1.0', 'Network': '1.1', 'Port': '1.7', 'PortForwarding': '1.2', 'QosPolicy': '1.10', 'SecurityGroup': '1.5', 'SecurityGroupRule': '1.2', 'SubPort': '1.0', 'Subnet': '1.1', 'Trunk': '1.1'}} {{(pid=102755) bind_port /opt/stack/neutron/neutron/plugins/ml2/drivers/mech_agent.py:110}}
Feb 09 09:33:42.028449 dv-osbrick-811717-7-smb neutron-server[102755]: DEBUG neutron.plugins.ml2.drivers.mech_agent [None req-5a290198-0f4c-4c4a-964e-ea4b864bee01 None None] Checking segment: {'id': '0c643272-cff5-4134-81bf-f50d79cdfcd4', 'network_type': 'vlan', 'physical_network': 'physnet1', 'segmentation_id': 740, 'network_id': '93465595-777e-44d6-83b7-ff8d59fd5ece'} for mappings: {'physnet1': 'br-data'} with network types: ['local', 'flat', 'vlan'] {{(pid=102755) check_segment_for_agent /opt/stack/neutron/neutron/plugins/ml2/drivers/mech_agent.py:373}}
Feb 09 09:33:42.028960 dv-osbrick-811717-7-smb neutron-server[102755]: DEBUG neutron_lib.callbacks.manager [None req-5a290198-0f4c-4c4a-964e-ea4b864bee01 None None] Publish callbacks [] for ovs_bridge_name (None), before_read {{(pid=102755) _notify_loop /usr/local/lib/python3.8/dist-packages/neutron_lib/callbacks/manager.py:176}}
Feb 09 09:33:42.029365 dv-osbrick-811717-7-smb neutron-server[102755]: DEBUG neutron.plugins.ml2.drivers.mech_agent [None req-5a290198-0f4c-4c4a-964e-ea4b864bee01 None None] Bound using segment: {'id': '0c643272-cff5-4134-81bf-f50d79cdfcd4', 'network_type': 'vlan', 'physical_network': 'physnet1', 'segmentation_id': 740, 'network_id': '93465595-777e-44d6-83b7-ff8d59fd5ece'} {{(pid=102755) bind_port /opt/stack/neutron/neutron/plugins/ml2/drivers/mech_agent.py:120}}
Feb 09 09:33:42.029866 dv-osbrick-811717-7-smb neutron-server[102755]: DEBUG neutron.plugins.ml2.managers [None req-5a290198-0f4c-4c4a-964e-ea4b864bee01 None None] Bound port: fc4a7b2e-c534-44ad-9fc4-3145d911e98f, host: dv-osbrick-811717-7-smb, vif_type: ovs, vif_details: {"connectivity": "l2", "port_filter": true, "ovs_hybrid_plug": false, "datapath_type": "system", "bridge_name": "br-int"}, binding_levels: [{'bound_driver': 'openvswitch', 'bound_segment': {'id': '0c643272-cff5-4134-81bf-f50d79cdfcd4', 'network_type': 'vlan', 'physical_network': 'physnet1', 'segmentation_id': 740, 'network_id': '93465595-777e-44d6-83b7-ff8d59fd5ece'}}] {{(pid=102755) _bind_port_level /opt/stack/neutron/neutron/plugins/ml2/managers.py:932}}
Feb 09 09:33:42.030297 dv-osbrick-811717-7-smb neutron-server[102755]: DEBUG neutron_lib.callbacks.manager [None req-5a290198-0f4c-4c4a-964e-ea4b864bee01 None None] Publish callbacks ['neutron.plugins.ml2.plugin.SecurityGroupDbMixin._ensure_default_security_group_handler-727455'] for port (fc4a7b2e-c534-44ad-9fc4-3145d911e98f), before_update {{(pid=102755) _notify_loop /usr/local/lib/python3.8/dist-packages/neutron_lib/callbacks/manager.py:176}}
Feb 09 09:33:42.055565 dv-osbrick-811717-7-smb neutron-server[102754]: DEBUG neutron.plugins.ml2.drivers.mech_agent [None req-1907da18-07cc-4c2d-8b55-929318fae874 admin admin] Checking segment: {'id': 'c6515663-db01-4a8c-a92a-609cbd3933f9', 'network_type': 'vlan', 'physical_network': 'physnet1', 'segmentation_id': 739, 'network_id': '57e02c39-cf83-4aa8-83b4-a9c9993af1fe'} for mappings: {'physnet1': 'br-data'} with network types: ['local', 'flat', 'vlan'] {{(pid=102754) check_segment_for_agent /opt/stack/neutron/neutron/plugins/ml2/drivers/mech_agent.py:373}}
Feb 09 09:33:42.055917 dv-osbrick-811717-7-smb neutron-server[102754]: DEBUG neutron.scheduler.dhcp_agent_scheduler [None req-1907da18-07cc-4c2d-8b55-929318fae874 admin admin] Network hostable DHCP agents. Network: 57e02c39-cf83-4aa8-83b4-a9c9993af1fe, hostable agents: ['9bbf8bbd-4574-4548-9eb8-b99a77849e34'], hosted agents: [] {{(pid=102754) _get_network_hostable_dhcp_agents /opt/stack/neutron/neutron/scheduler/dhcp_agent_scheduler.py:329}}
Feb 09 09:33:42.079376 dv-osbrick-811717-7-smb neutron-server[102754]: DEBUG neutron.scheduler.dhcp_agent_scheduler [None req-1907da18-07cc-4c2d-8b55-929318fae874 admin admin] Network 57e02c39-cf83-4aa8-83b4-a9c9993af1fe is scheduled to be hosted by DHCP agent 9bbf8bbd-4574-4548-9eb8-b99a77849e34 with binding_index 1 {{(pid=102754) bind /opt/stack/neutron/neutron/scheduler/dhcp_agent_scheduler.py:227}}
Feb 09 09:33:42.088502 dv-osbrick-811717-7-smb neutron-server[102753]: DEBUG neutron_lib.callbacks.manager [None req-9796c725-98cb-4615-a321-9b7e2825ddd9 admin admin] Publish callbacks [] for port (99c77d22-7e08-4c34-aaff-9e7e5162a240), precommit_create {{(pid=102753) _notify_loop /usr/local/lib/python3.8/dist-packages/neutron_lib/callbacks/manager.py:176}}
Feb 09 09:33:42.097521 dv-osbrick-811717-7-smb neutron-server[102754]: DEBUG neutron.scheduler.base_scheduler [None req-1907da18-07cc-4c2d-8b55-929318fae874 admin admin] Resources bound (agent type, host, resource id): (DHCP agent, dv-osbrick-811717-7-smb, 57e02c39-cf83-4aa8-83b4-a9c9993af1fe) {{(pid=102754) schedule /opt/stack/neutron/neutron/scheduler/base_scheduler.py:57}}
Feb 09 09:33:42.102040 dv-osbrick-811717-7-smb neutron-server[102756]: DEBUG neutron.api.rpc.handlers.l3_rpc [None req-d42aa450-6d43-4ceb-8cf1-deae9931dfa8 None None] Sync routers for ids ['c4afea6a-0180-4fc7-a85d-05f0f27fcf65'] in dv-osbrick-811717-7-smb {{(pid=102756) sync_routers /opt/stack/neutron/neutron/api/rpc/handlers/l3_rpc.py:125}}
Feb 09 09:33:42.102663 dv-osbrick-811717-7-smb neutron-server[102754]: DEBUG neutron.pecan_wsgi.hooks.policy_enforcement [None req-1907da18-07cc-4c2d-8b55-929318fae874 admin admin] Attributes excluded by policy engine: ['standard_attr_id', 'shared', 'network'] {{(pid=102754) _exclude_attributes_by_policy /opt/stack/neutron/neutron/pecan_wsgi/hooks/policy_enforcement.py:255}}
Feb 09 09:33:42.103309 dv-osbrick-811717-7-smb neutron-server[102754]: DEBUG neutron_lib.callbacks.manager [None req-1907da18-07cc-4c2d-8b55-929318fae874 admin admin] Publish callbacks ['neutron.api.rpc.agentnotifiers.dhcp_rpc_agent_api.DhcpAgentNotifyAPI._send_dhcp_notification-3698402'] for subnet (None), before_response {{(pid=102754) _notify_loop /usr/local/lib/python3.8/dist-packages/neutron_lib/callbacks/manager.py:176}}
Feb 09 09:33:42.122304 dv-osbrick-811717-7-smb neutron-server[102755]: DEBUG neutron.api.rpc.handlers.dhcp_rpc [None req-82cfa9a0-2c5d-4e0e-8b0e-27d954a29666 None None] Network 57e02c39-cf83-4aa8-83b4-a9c9993af1fe requested from dv-osbrick-811717-7-smb {{(pid=102755) get_network_info /opt/stack/neutron/neutron/api/rpc/handlers/dhcp_rpc.py:191}}
Feb 09 09:33:42.126320 dv-osbrick-811717-7-smb neutron-server[102754]: INFO neutron.wsgi [None req-1907da18-07cc-4c2d-8b55-929318fae874 admin admin] 10.222.0.31 "POST /v2.0/subnets HTTP/1.1" status: 201 len: 848 time: 0.4434552
Feb 09 09:33:42.128357 dv-osbrick-811717-7-smb neutron-server[102753]: DEBUG neutron.wsgi [-] (102753) accepted ('10.222.0.31', 51848) {{(pid=102753) server /usr/local/lib/python3.8/dist-packages/eventlet/wsgi.py:1004}}
Feb 09 09:33:42.128671 dv-osbrick-811717-7-smb neutron-server[102756]: DEBUG neutron.db.l3_dvrscheduler_db [None req-d42aa450-6d43-4ceb-8cf1-deae9931dfa8 None None] Routers {'c4afea6a-0180-4fc7-a85d-05f0f27fcf65'} bound to L3 agent in host dv-osbrick-811717-7-smb {{(pid=102756) _get_router_ids_for_agent /opt/stack/neutron/neutron/db/l3_dvrscheduler_db.py:421}}
Feb 09 09:33:42.129321 dv-osbrick-811717-7-smb neutron-server[102756]: DEBUG neutron.db.l3_hamode_db [None req-d42aa450-6d43-4ceb-8cf1-deae9931dfa8 None None] neutron.services.l3_router.l3_router_plugin.L3RouterPlugin method get_ha_sync_data_for_host called with arguments (, 'dv-osbrick-811717-7-smb', Agent(admin_state_up=True,agent_type='L3 agent',availability_zone='nova',binary='neutron-l3-agent',configurations={"agent_mode": "legacy", "ex_gw_ports": 3, "extensions": [], "floating_ips": 0, "handle_internal_only_routers": true, "interface_driver": "openvswitch", "interfaces": 3, "log_agent_heartbeats": false, "routers": 3},created_at=2022-02-09T09:25:41Z,description=,heartbeat_timestamp=2022-02-09T09:33:41Z,host='dv-osbrick-811717-7-smb',id=cb7f9106-eef8-4a35-a4e6-569a45c3ec48,load=0,resource_versions=,resources_synced=,started_at=2022-02-09T09:25:41Z,topic='l3_agent')) {'router_ids': ['c4afea6a-0180-4fc7-a85d-05f0f27fcf65'], 'active': True} {{(pid=102756) wrapper /usr/local/lib/python3.8/dist-packages/oslo_log/helpers.py:65}}
Feb 09 09:33:42.134957 dv-osbrick-811717-7-smb neutron-server[102753]: DEBUG neutron.api.v2.base [None req-aed45313-6de5-41e4-a822-53a88962776b admin admin] Request body: {'router': {'name': 'tempest-TestVolumeBootPattern-1667947248-router', 'tenant_id': '416705b1aa804fca875d47346f395f63', 'external_gateway_info': {'network_id': '6594aa38-163a-4bca-8381-9a92e2651593'}}} {{(pid=102753) prepare_request_body /opt/stack/neutron/neutron/api/v2/base.py:729}}
Feb 09 09:33:42.158459 dv-osbrick-811717-7-smb neutron-server[102753]: DEBUG neutron_lib.callbacks.manager [None req-9796c725-98cb-4615-a321-9b7e2825ddd9 admin admin] Publish callbacks ['neutron.plugins.ml2.plugin.SecurityGroupServerNotifierRpcMixin._notify_sg_on_port_change-727347', 'neutron.plugins.ml2.ovo_rpc._ObjectChangeHandler.handle_event-3973657', 'neutron.api.rpc.agentnotifiers.dhcp_rpc_agent_api.DhcpAgentNotifyAPI._native_event_send_dhcp_notification-3698320', 'neutron.db.l3_dvrscheduler_db._notify_l3_agent_new_port-8767103670739'] for port (99c77d22-7e08-4c34-aaff-9e7e5162a240), after_create {{(pid=102753) _notify_loop /usr/local/lib/python3.8/dist-packages/neutron_lib/callbacks/manager.py:176}}
Feb 09 09:33:42.180110 dv-osbrick-811717-7-smb neutron-server[102753]: DEBUG neutron.scheduler.dhcp_agent_scheduler [None req-9796c725-98cb-4615-a321-9b7e2825ddd9 admin admin] Network 6594aa38-163a-4bca-8381-9a92e2651593 is already hosted by enough agents. {{(pid=102753) _get_dhcp_agents_hosting_network /opt/stack/neutron/neutron/scheduler/dhcp_agent_scheduler.py:275}}
Feb 09 09:33:42.182852 dv-osbrick-811717-7-smb neutron-server[102753]: DEBUG neutron.scheduler.base_scheduler [None req-9796c725-98cb-4615-a321-9b7e2825ddd9 admin admin] Resources bound (agent type, host, resource id): {{(pid=102753) schedule /opt/stack/neutron/neutron/scheduler/base_scheduler.py:57}}
Feb 09 09:33:42.185277 dv-osbrick-811717-7-smb neutron-server[102753]: DEBUG neutron.db.l3_dvrscheduler_db [None req-9796c725-98cb-4615-a321-9b7e2825ddd9 admin admin] Received port after_create {{(pid=102753) _notify_l3_agent_new_port /opt/stack/neutron/neutron/db/l3_dvrscheduler_db.py:536}}
Feb 09 09:33:42.243698 dv-osbrick-811717-7-smb neutron-server[102753]: DEBUG neutron_lib.callbacks.manager [None req-aed45313-6de5-41e4-a822-53a88962776b admin admin] Publish callbacks ['neutron.services.l3_router.l3_router_plugin.L3_HA_NAT_db_mixin._before_router_create_handler-3918906', 'neutron.services.l3_router.service_providers.driver_controller.DriverController._check_router_request-25631'] for router (d5ca50a5-60ab-4aa0-86cc-76851154a31a), before_create {{(pid=102753) _notify_loop /usr/local/lib/python3.8/dist-packages/neutron_lib/callbacks/manager.py:176}}
Feb 09 09:33:42.244392 dv-osbrick-811717-7-smb neutron-server[102753]: DEBUG neutron_lib.callbacks.manager [None req-aed45313-6de5-41e4-a822-53a88962776b admin admin] Publish callbacks ['neutron.services.l3_router.l3_router_plugin.L3_HA_NAT_db_mixin._precommit_router_create-3918926', 'neutron.services.l3_router.l3_router_plugin.DVRResourceOperationHandler._set_distributed_flag-3922404', 'neutron.services.l3_router.l3_router_plugin.RouterAvailabilityZoneMixin._process_az_request-315771', 'neutron.services.l3_router.service_providers.driver_controller.DriverController._set_router_provider-25606'] for router (d5ca50a5-60ab-4aa0-86cc-76851154a31a), precommit_create {{(pid=102753) _notify_loop /usr/local/lib/python3.8/dist-packages/neutron_lib/callbacks/manager.py:176}}
Feb 09 09:33:42.247513 dv-osbrick-811717-7-smb neutron-server[102755]: DEBUG neutron.plugins.ml2.db [None req-5a290198-0f4c-4c4a-964e-ea4b864bee01 None None] For port fc4a7b2e-c534-44ad-9fc4-3145d911e98f, host dv-osbrick-811717-7-smb, cleared binding levels {{(pid=102755) clear_binding_levels /opt/stack/neutron/neutron/plugins/ml2/db.py:87}}
Feb 09 09:33:42.264762 dv-osbrick-811717-7-smb neutron-server[102755]: DEBUG neutron.plugins.ml2.db [None req-5a290198-0f4c-4c4a-964e-ea4b864bee01 None None] For port fc4a7b2e-c534-44ad-9fc4-3145d911e98f, host dv-osbrick-811717-7-smb, set binding levels [PortBindingLevel(driver='openvswitch',host='dv-osbrick-811717-7-smb',level=0,port_id=fc4a7b2e-c534-44ad-9fc4-3145d911e98f,segment=NetworkSegment(0c643272-cff5-4134-81bf-f50d79cdfcd4),segment_id=0c643272-cff5-4134-81bf-f50d79cdfcd4)] {{(pid=102755) set_binding_levels /opt/stack/neutron/neutron/plugins/ml2/db.py:59}}
Feb 09 09:33:42.268734 dv-osbrick-811717-7-smb neutron-server[102756]: DEBUG neutron.db.l3_dvr_db [None req-d42aa450-6d43-4ceb-8cf1-deae9931dfa8 None None] Set router c4afea6a-0180-4fc7-a85d-05f0f27fcf65 gateway port host: dv-osbrick-811717-7-smb {{(pid=102756) _build_routers_list /opt/stack/neutron/neutron/db/l3_dvr_db.py:906}}
Feb 09 09:33:42.288093 dv-osbrick-811717-7-smb neutron-server[102755]: DEBUG neutron_lib.callbacks.manager [None req-5a290198-0f4c-4c4a-964e-ea4b864bee01 None None] Publish callbacks ['neutron.plugins.ml2.plugin.SecurityGroupServerNotifierRpcMixin._notify_sg_on_port_change-727347', 'neutron.plugins.ml2.ovo_rpc._ObjectChangeHandler.handle_event-3973657', 'neutron.api.rpc.agentnotifiers.dhcp_rpc_agent_api.DhcpAgentNotifyAPI._native_event_send_dhcp_notification-3698320', 'neutron.db.l3_db.L3RpcNotifierMixin._notify_gateway_port_ip_changed-8767104208397', 'neutron.db.l3_dvrscheduler_db._notify_l3_agent_port_update-8767103670757', 'neutron.db.l3_hascheduler_db._notify_l3_agent_ha_port_update-8767103670775'] for port (fc4a7b2e-c534-44ad-9fc4-3145d911e98f), after_update {{(pid=102755) _notify_loop /usr/local/lib/python3.8/dist-packages/neutron_lib/callbacks/manager.py:176}}
Feb 09 09:33:42.322059 dv-osbrick-811717-7-smb neutron-server[102755]: DEBUG neutron.api.rpc.handlers.dhcp_rpc [None req-890c9b06-062a-4eea-b81c-834d0e8122fe None None] Create dhcp port {'port': {'name': '', 'admin_state_up': True, 'device_id': 'dhcpac351a90-5040-51dd-aed9-84f472e23873-57e02c39-cf83-4aa8-83b4-a9c9993af1fe', 'network_id': '57e02c39-cf83-4aa8-83b4-a9c9993af1fe', 'project_id': '416705b1aa804fca875d47346f395f63', 'fixed_ips': [{'subnet_id': '82f03ae7-28d9-4a05-89b9-8e353e6cc2c5'}]}} from dv-osbrick-811717-7-smb. {{(pid=102755) create_dhcp_port /opt/stack/neutron/neutron/api/rpc/handlers/dhcp_rpc.py:268}}
Feb 09 09:33:42.322955 dv-osbrick-811717-7-smb neutron-server[102755]: DEBUG neutron_lib.callbacks.manager [None req-890c9b06-062a-4eea-b81c-834d0e8122fe None None] Publish callbacks ['neutron.plugins.ml2.plugin.SecurityGroupDbMixin._ensure_default_security_group_handler-727455'] for port (None), before_create {{(pid=102755) _notify_loop /usr/local/lib/python3.8/dist-packages/neutron_lib/callbacks/manager.py:176}}
Feb 09 09:33:42.335281 dv-osbrick-811717-7-smb neutron-server[102753]: DEBUG neutron.api.rpc.handlers.resources_rpc [None req-9796c725-98cb-4615-a321-9b7e2825ddd9 admin admin] Pushing event updated for resources: {'Port': ['ID=99c77d22-7e08-4c34-aaff-9e7e5162a240,revision_number=1']} {{(pid=102753) push /opt/stack/neutron/neutron/api/rpc/handlers/resources_rpc.py:237}}
Feb 09 09:33:42.395332 dv-osbrick-811717-7-smb neutron-server[102753]: DEBUG neutron_lib.callbacks.manager [None req-aed45313-6de5-41e4-a822-53a88962776b admin admin] Publish callbacks [] for router_controller (d5ca50a5-60ab-4aa0-86cc-76851154a31a), precommit_add_association {{(pid=102753) _notify_loop /usr/local/lib/python3.8/dist-packages/neutron_lib/callbacks/manager.py:176}}
Feb 09 09:33:42.406907 dv-osbrick-811717-7-smb neutron-server[102755]: DEBUG neutron.api.rpc.handlers.resources_rpc [None req-5a290198-0f4c-4c4a-964e-ea4b864bee01 None None] Pushing event updated for resources: {'Port': ['ID=fc4a7b2e-c534-44ad-9fc4-3145d911e98f,revision_number=2']} {{(pid=102755) push /opt/stack/neutron/neutron/api/rpc/handlers/resources_rpc.py:237}}
Feb 09 09:33:42.626454 dv-osbrick-811717-7-smb neutron-server[102755]: DEBUG neutron_lib.callbacks.manager [None req-9f4f496c-a8b8-48c8-884f-d5d1bd9eccfe None None] Publish callbacks ['neutron.services.segments.db._update_segment_host_mapping_for_agent-8767104164271', 'neutron.plugins.ml2.plugin.Ml2Plugin._retry_binding_revived_agents-3459238'] for agent (2f3dcf93-29c0-4851-b693-e336932c82af), after_update {{(pid=102755) _notify_loop /usr/local/lib/python3.8/dist-packages/neutron_lib/callbacks/manager.py:176}}
Feb 09 09:33:42.651338 dv-osbrick-811717-7-smb neutron-server[102755]: DEBUG neutron.plugins.ml2.rpc [None req-52619510-33bf-4038-81fe-45d30b09b423 None None] Device 1a173b6b-0903-455c-abd9-1bf6d9fb86c7 up at agent ovs-agent-dv-osbrick-811717-7-smb {{(pid=102755) update_device_up /opt/stack/neutron/neutron/plugins/ml2/rpc.py:296}}
Feb 09 09:33:42.698635 dv-osbrick-811717-7-smb neutron-server[102755]: DEBUG neutron.db.db_base_plugin_common [None req-890c9b06-062a-4eea-b81c-834d0e8122fe None None] Allocated IP 172.20.0.2 (57e02c39-cf83-4aa8-83b4-a9c9993af1fe/82f03ae7-28d9-4a05-89b9-8e353e6cc2c5/7a7d8b95-aaf3-41e6-8160-07dfe640c9e5) {{(pid=102755) _store_ip_allocation /opt/stack/neutron/neutron/db/db_base_plugin_common.py:131}}
Feb 09 09:33:42.745546 dv-osbrick-811717-7-smb neutron-server[102756]: DEBUG neutron.db.l3_hamode_db [None req-d42aa450-6d43-4ceb-8cf1-deae9931dfa8 None None] neutron.services.l3_router.l3_router_plugin.L3RouterPlugin method _process_sync_ha_data called with arguments (, [{'id': 'c4afea6a-0180-4fc7-a85d-05f0f27fcf65', 'name': 'tempest-TestMinimumBasicScenario-2014648291-router', 'tenant_id': '870ea539ada244d98c98c78b0dd56901', 'admin_state_up': True, 'status': 'ACTIVE', 'external_gateway_info': {'network_id': '6594aa38-163a-4bca-8381-9a92e2651593', 'external_fixed_ips': [{'subnet_id': '9ddedd4f-6f4f-4eaa-89fc-19b4f2e0b0b5', 'ip_address': '172.30.0.105'}], 'enable_snat': True}, 'gw_port_id': '1a173b6b-0903-455c-abd9-1bf6d9fb86c7', 'description': '', 'availability_zones': ['nova'], 'distributed': False, 'ha': False, 'ha_vr_id': 0, 'availability_zone_hints': [], 'routes': [], 'flavor_id': None, 'tags': [], 'created_at': '2022-02-09T09:33:35Z', 'updated_at': '2022-02-09T09:33:38Z', 'revision_number': 4, 'project_id': '870ea539ada244d98c98c78b0dd56901', 'gw_port': {'id': '1a173b6b-0903-455c-abd9-1bf6d9fb86c7', 'name': '', 'network_id': '6594aa38-163a-4bca-8381-9a92e2651593', 'tenant_id': '', 'mac_address': 'fa:16:3e:53:04:8e', 'admin_state_up': True, 'status': 'ACTIVE', 'device_id': 'c4afea6a-0180-4fc7-a85d-05f0f27fcf65', 'device_owner': 'network:router_gateway', 'standard_attr_id': 51, 'fixed_ips': [{'subnet_id': '9ddedd4f-6f4f-4eaa-89fc-19b4f2e0b0b5', 'ip_address': '172.30.0.105', 'prefixlen': 24}], 'allowed_address_pairs': [], 'extra_dhcp_opts': [], 'security_groups': [], 'description': '', 'binding:vnic_type': 'normal', 'binding:profile': {}, 'binding:host_id': 'dv-osbrick-811717-7-smb', 'binding:vif_type': 'ovs', 'binding:vif_details': {'connectivity': 'l2', 'port_filter': True, 'ovs_hybrid_plug': False, 'datapath_type': 'system', 'bridge_name': 'br-int', 'bound_drivers': {'0': 'openvswitch'}}, 'port_security_enabled': False, 'tags': [], 'created_at': '2022-02-09T09:33:35Z', 'updated_at': '2022-02-09T09:33:41Z', 'revision_number': 4, 'project_id': '', 'subnets': [{'id': '9ddedd4f-6f4f-4eaa-89fc-19b4f2e0b0b5', 'cidr': '172.30.0.0/24', 'gateway_ip': '172.30.0.1', 'dns_nameservers': [], 'ipv6_ra_mode': None, 'subnetpool_id': None}], 'extra_subnets': [], 'address_scopes': {4: None, 6: None}, 'mtu': 1500}, 'enable_snat': True, 'gw_port_host': 'dv-osbrick-811717-7-smb', '_interfaces': [{'id': '9c1a6579-64ff-401d-a8ed-9f91573ada2d', 'name': '', 'network_id': 'e93150fa-455e-4121-ab31-ec16667bf6c7', 'tenant_id': '870ea539ada244d98c98c78b0dd56901', 'mac_address': 'fa:16:3e:9a:b7:36', 'admin_state_up': True, 'status': 'DOWN', 'device_id': 'c4afea6a-0180-4fc7-a85d-05f0f27fcf65', 'device_owner': 'network:router_interface', 'standard_attr_id': 53, 'fixed_ips': [{'subnet_id': '41c23677-2d95-48d8-9de4-6e34348af872', 'ip_address': '172.20.0.1', 'prefixlen': 28}], 'allowed_address_pairs': [], 'extra_dhcp_opts': [], 'security_groups': [], 'description': '', 'binding:vnic_type': 'normal', 'binding:profile': {}, 'binding:host_id': '', 'binding:vif_type': 'unbound', 'binding:vif_details': {}, 'port_security_enabled': False, 'tags': [], 'created_at': '2022-02-09T09:33:37Z', 'updated_at': '2022-02-09T09:33:38Z', 'revision_number': 2, 'project_id': '870ea539ada244d98c98c78b0dd56901', 'subnets': [{'id': '41c23677-2d95-48d8-9de4-6e34348af872', 'cidr': '172.20.0.0/28', 'gateway_ip': '172.20.0.1', 'dns_nameservers': [], 'ipv6_ra_mode': None, 'subnetpool_id': None}], 'extra_subnets': [], 'address_scopes': {4: None, 6: None}, 'mtu': 1500}]}], 'dv-osbrick-811717-7-smb', False) {} {{(pid=102756) wrapper /usr/local/lib/python3.8/dist-packages/oslo_log/helpers.py:65}}
Feb 09 09:33:42.784516 dv-osbrick-811717-7-smb neutron-server[102756]: DEBUG neutron.api.rpc.handlers.l3_rpc [None req-d42aa450-6d43-4ceb-8cf1-deae9931dfa8 None None] Checking router: c4afea6a-0180-4fc7-a85d-05f0f27fcf65 for host: dv-osbrick-811717-7-smb {{(pid=102756) _ensure_host_set_on_ports /opt/stack/neutron/neutron/api/rpc/handlers/l3_rpc.py:155}}
Feb 09 09:33:42.785131 dv-osbrick-811717-7-smb neutron-server[102756]: DEBUG neutron.api.rpc.handlers.l3_rpc [None req-d42aa450-6d43-4ceb-8cf1-deae9931dfa8 None None] Updating router c4afea6a-0180-4fc7-a85d-05f0f27fcf65 port 9c1a6579-64ff-401d-a8ed-9f91573ada2d binding host dv-osbrick-811717-7-smb {{(pid=102756) _ensure_host_set_on_port /opt/stack/neutron/neutron/api/rpc/handlers/l3_rpc.py:205}}
Feb 09 09:33:42.806909 dv-osbrick-811717-7-smb neutron-server[102755]: DEBUG neutron.db.provisioning_blocks [None req-52619510-33bf-4038-81fe-45d30b09b423 None None] Provisioning complete for port 1a173b6b-0903-455c-abd9-1bf6d9fb86c7 triggered by entity L2. {{(pid=102755) provisioning_complete /opt/stack/neutron/neutron/db/provisioning_blocks.py:139}}
Feb 09 09:33:42.807401 dv-osbrick-811717-7-smb neutron-server[102755]: DEBUG neutron_lib.callbacks.manager [None req-52619510-33bf-4038-81fe-45d30b09b423 None None] Publish callbacks ['neutron.plugins.ml2.plugin.Ml2Plugin._port_provisioned-3459272'] for port (1a173b6b-0903-455c-abd9-1bf6d9fb86c7), provisioning_complete {{(pid=102755) _notify_loop /usr/local/lib/python3.8/dist-packages/neutron_lib/callbacks/manager.py:176}}
