Jan 20 14:59:22.125686 dv-osbrick-811717-5-smb neutron-server[102583]: DEBUG neutron.api.rpc.handlers.l3_rpc [None req-08a3684e-7fe2-4170-abfc-317c72abb053 None None] Sync routers for ids ['d66382d8-c051-4a2d-8e56-09bcf8526afd'] in dv-osbrick-811717-5-smb {{(pid=102583) sync_routers /opt/stack/neutron/neutron/api/rpc/handlers/l3_rpc.py:125}}
Jan 20 14:59:22.148331 dv-osbrick-811717-5-smb neutron-server[102583]: DEBUG neutron.db.l3_dvrscheduler_db [None req-08a3684e-7fe2-4170-abfc-317c72abb053 None None] Routers {'d66382d8-c051-4a2d-8e56-09bcf8526afd'} bound to L3 agent in host dv-osbrick-811717-5-smb {{(pid=102583) _get_router_ids_for_agent /opt/stack/neutron/neutron/db/l3_dvrscheduler_db.py:421}}
Jan 20 14:59:22.149331 dv-osbrick-811717-5-smb neutron-server[102580]: DEBUG neutron.api.rpc.handlers.resources_rpc [None req-b2b01ac0-4e1e-40bd-9a62-683d2338956e admin admin] Pushing event updated for resources: {'SecurityGroup': ['ID=d7a0f6a7-d16b-4d5b-bd20-aed93575a4a0,revision_number=1']} {{(pid=102580) push /opt/stack/neutron/neutron/api/rpc/handlers/resources_rpc.py:237}}
Jan 20 14:59:22.150277 dv-osbrick-811717-5-smb neutron-server[102583]: DEBUG neutron.db.l3_hamode_db [None req-08a3684e-7fe2-4170-abfc-317c72abb053 None None] neutron.services.l3_router.l3_router_plugin.L3RouterPlugin method get_ha_sync_data_for_host called with arguments (, 'dv-osbrick-811717-5-smb', Agent(admin_state_up=True,agent_type='L3 agent',availability_zone='nova',binary='neutron-l3-agent',configurations={"agent_mode": "legacy", "ex_gw_ports": 1, "extensions": [], "floating_ips": 0, "handle_internal_only_routers": true, "interface_driver": "openvswitch", "interfaces": 1, "log_agent_heartbeats": false, "routers": 1},created_at=2022-01-20T14:50:55Z,description=,heartbeat_timestamp=2022-01-20T14:58:55Z,host='dv-osbrick-811717-5-smb',id=742eb5eb-6ba2-413f-a116-3f613a63cf80,load=0,resource_versions=,resources_synced=,started_at=2022-01-20T14:50:55Z,topic='l3_agent')) {'router_ids': ['d66382d8-c051-4a2d-8e56-09bcf8526afd'], 'active': True} {{(pid=102583) wrapper /usr/local/lib/python3.8/dist-packages/oslo_log/helpers.py:65}}
Jan 20 14:59:22.168629 dv-osbrick-811717-5-smb neutron-server[102580]: DEBUG neutron.plugins.ml2.drivers.helpers [None req-b2b01ac0-4e1e-40bd-9a62-683d2338956e admin admin] vlan segment allocate from pool success with {'vlan_id': 251, 'physical_network': 'physnet1'} {{(pid=102580) allocate_partially_specified_segment /opt/stack/neutron/neutron/plugins/ml2/drivers/helpers.py:153}}
Jan 20 14:59:22.172506 dv-osbrick-811717-5-smb neutron-server[102581]: DEBUG neutron_lib.callbacks.manager [None req-249ed1bc-9d05-4fde-b7d9-22a27d306e74 admin admin] Publish callbacks ['neutron.plugins.ml2.ovo_rpc._ObjectChangeHandler.handle_event-631469', 'neutron.api.rpc.agentnotifiers.dhcp_rpc_agent_api.DhcpAgentNotifyAPI._native_event_send_dhcp_notification-603619'] for subnet (70b35b31-a23b-4fcb-95a5-893e9da1a885), after_create {{(pid=102581) _notify_loop /usr/local/lib/python3.8/dist-packages/neutron_lib/callbacks/manager.py:176}}
Jan 20 14:59:22.183425 dv-osbrick-811717-5-smb neutron-server[102580]: DEBUG neutron_lib.callbacks.manager [None req-b2b01ac0-4e1e-40bd-9a62-683d2338956e admin admin] Publish callbacks ['neutron.plugins.ml2.plugin.Ml2Plugin._handle_segment_change-2034870'] for segment (8c4d8c5a-acef-4d1a-8fdc-6d5261c35e8d), precommit_create {{(pid=102580) _notify_loop /usr/local/lib/python3.8/dist-packages/neutron_lib/callbacks/manager.py:176}}
Jan 20 14:59:22.184015 dv-osbrick-811717-5-smb neutron-server[102580]: INFO neutron.db.segments_db [None req-b2b01ac0-4e1e-40bd-9a62-683d2338956e admin admin] Added segment 8c4d8c5a-acef-4d1a-8fdc-6d5261c35e8d of type vlan for network a03aa490-71f7-4571-aba8-b3cd40dd02e1
Jan 20 14:59:22.222918 dv-osbrick-811717-5-smb neutron-server[102581]: DEBUG neutron.api.rpc.handlers.resources_rpc [None req-249ed1bc-9d05-4fde-b7d9-22a27d306e74 admin admin] Pushing event updated for resources: {'Subnet': ['ID=70b35b31-a23b-4fcb-95a5-893e9da1a885,revision_number=0']} {{(pid=102581) push /opt/stack/neutron/neutron/api/rpc/handlers/resources_rpc.py:237}}
Jan 20 14:59:22.285386 dv-osbrick-811717-5-smb neutron-server[102581]: DEBUG neutron.plugins.ml2.drivers.mech_agent [None req-249ed1bc-9d05-4fde-b7d9-22a27d306e74 admin admin] Checking segment: {'id': 'c5fe3caa-cb7e-4158-ada7-a16d3be8ad3a', 'network_type': 'vlan', 'physical_network': 'physnet1', 'segmentation_id': 250, 'network_id': '98208095-cbc1-4d57-9d1c-66406a68cb03'} for mappings: {'physnet1': 'br-data'} with network types: ['local', 'flat', 'vlan'] {{(pid=102581) check_segment_for_agent /opt/stack/neutron/neutron/plugins/ml2/drivers/mech_agent.py:371}}
Jan 20 14:59:22.286012 dv-osbrick-811717-5-smb neutron-server[102581]: DEBUG neutron.scheduler.dhcp_agent_scheduler [None req-249ed1bc-9d05-4fde-b7d9-22a27d306e74 admin admin] Network hostable DHCP agents. Network: 98208095-cbc1-4d57-9d1c-66406a68cb03, hostable agents: ['f11844ee-3259-409f-890b-88b6544ade09'], hosted agents: [] {{(pid=102581) _get_network_hostable_dhcp_agents /opt/stack/neutron/neutron/scheduler/dhcp_agent_scheduler.py:329}}
Jan 20 14:59:22.291363 dv-osbrick-811717-5-smb neutron-server[102583]: DEBUG neutron.db.l3_dvr_db [None req-08a3684e-7fe2-4170-abfc-317c72abb053 None None] Set router d66382d8-c051-4a2d-8e56-09bcf8526afd gateway port host: dv-osbrick-811717-5-smb {{(pid=102583) _build_routers_list /opt/stack/neutron/neutron/db/l3_dvr_db.py:906}}
Jan 20 14:59:22.294139 dv-osbrick-811717-5-smb neutron-server[102580]: DEBUG neutron_lib.callbacks.manager [None req-b2b01ac0-4e1e-40bd-9a62-683d2338956e admin admin] Publish callbacks ['neutron.services.auto_allocate.db._ensure_external_network_default_value_callback-8732641902758'] for network (a03aa490-71f7-4571-aba8-b3cd40dd02e1), precommit_create {{(pid=102580) _notify_loop /usr/local/lib/python3.8/dist-packages/neutron_lib/callbacks/manager.py:176}}
Jan 20 14:59:22.313615 dv-osbrick-811717-5-smb neutron-server[102581]: DEBUG neutron.scheduler.dhcp_agent_scheduler [None req-249ed1bc-9d05-4fde-b7d9-22a27d306e74 admin admin] Network 98208095-cbc1-4d57-9d1c-66406a68cb03 is scheduled to be hosted by DHCP agent f11844ee-3259-409f-890b-88b6544ade09 with binding_index 1 {{(pid=102581) bind /opt/stack/neutron/neutron/scheduler/dhcp_agent_scheduler.py:227}}
Jan 20 14:59:22.331052 dv-osbrick-811717-5-smb neutron-server[102581]: DEBUG neutron.scheduler.base_scheduler [None req-249ed1bc-9d05-4fde-b7d9-22a27d306e74 admin admin] Resources bound (agent type, host, resource id): (DHCP agent, dv-osbrick-811717-5-smb, 98208095-cbc1-4d57-9d1c-66406a68cb03) {{(pid=102581) schedule /opt/stack/neutron/neutron/scheduler/base_scheduler.py:57}}
Jan 20 14:59:22.340245 dv-osbrick-811717-5-smb neutron-server[102581]: DEBUG neutron.pecan_wsgi.hooks.policy_enforcement [None req-249ed1bc-9d05-4fde-b7d9-22a27d306e74 admin admin] Attributes excluded by policy engine: ['standard_attr_id', 'shared', 'network'] {{(pid=102581) _exclude_attributes_by_policy /opt/stack/neutron/neutron/pecan_wsgi/hooks/policy_enforcement.py:255}}
Jan 20 14:59:22.340956 dv-osbrick-811717-5-smb neutron-server[102581]: DEBUG neutron_lib.callbacks.manager [None req-249ed1bc-9d05-4fde-b7d9-22a27d306e74 admin admin] Publish callbacks ['neutron.api.rpc.agentnotifiers.dhcp_rpc_agent_api.DhcpAgentNotifyAPI._send_dhcp_notification-603541'] for subnet (None), before_response {{(pid=102581) _notify_loop /usr/local/lib/python3.8/dist-packages/neutron_lib/callbacks/manager.py:176}}
Jan 20 14:59:22.344872 dv-osbrick-811717-5-smb neutron-server[102582]: DEBUG neutron.api.rpc.handlers.dhcp_rpc [None req-ea09e91a-770e-4cfd-924e-08268a60ae6d None None] Network 98208095-cbc1-4d57-9d1c-66406a68cb03 requested from dv-osbrick-811717-5-smb {{(pid=102582) get_network_info /opt/stack/neutron/neutron/api/rpc/handlers/dhcp_rpc.py:191}}
Jan 20 14:59:22.372132 dv-osbrick-811717-5-smb neutron-server[102580]: DEBUG neutron_lib.callbacks.manager [None req-b2b01ac0-4e1e-40bd-9a62-683d2338956e admin admin] Publish callbacks ['neutron.plugins.ml2.ovo_rpc._ObjectChangeHandler.handle_event-622971', 'neutron.api.rpc.agentnotifiers.dhcp_rpc_agent_api.DhcpAgentNotifyAPI._native_event_send_dhcp_notification-603619'] for network (a03aa490-71f7-4571-aba8-b3cd40dd02e1), after_create {{(pid=102580) _notify_loop /usr/local/lib/python3.8/dist-packages/neutron_lib/callbacks/manager.py:176}}
Jan 20 14:59:22.374115 dv-osbrick-811717-5-smb neutron-server[102580]: DEBUG neutron.pecan_wsgi.hooks.policy_enforcement [None req-b2b01ac0-4e1e-40bd-9a62-683d2338956e admin admin] Attributes excluded by policy engine: ['standard_attr_id', 'vlan_transparent'] {{(pid=102580) _exclude_attributes_by_policy /opt/stack/neutron/neutron/pecan_wsgi/hooks/policy_enforcement.py:255}}
Jan 20 14:59:22.379316 dv-osbrick-811717-5-smb neutron-server[102581]: INFO neutron.wsgi [None req-249ed1bc-9d05-4fde-b7d9-22a27d306e74 admin admin] 10.222.0.109 "POST /v2.0/subnets HTTP/1.1" status: 201 len: 850 time: 0.6791699
Jan 20 14:59:22.379989 dv-osbrick-811717-5-smb neutron-server[102581]: DEBUG neutron.wsgi [-] (102581) accepted ('10.222.0.109', 42508) {{(pid=102581) server /usr/local/lib/python3.8/dist-packages/eventlet/wsgi.py:1004}}
Jan 20 14:59:22.387337 dv-osbrick-811717-5-smb neutron-server[102580]: DEBUG neutron_lib.callbacks.manager [None req-b2b01ac0-4e1e-40bd-9a62-683d2338956e admin admin] Publish callbacks ['neutron.api.rpc.agentnotifiers.dhcp_rpc_agent_api.DhcpAgentNotifyAPI._send_dhcp_notification-603541'] for network (None), before_response {{(pid=102580) _notify_loop /usr/local/lib/python3.8/dist-packages/neutron_lib/callbacks/manager.py:176}}
Jan 20 14:59:22.387732 dv-osbrick-811717-5-smb neutron-server[102581]: DEBUG neutron.api.v2.base [None req-a707ec4e-1cf1-4597-a0f6-34ba4e85163d admin admin] Request body: {'router': {'name': 'tempest-TestMinimumBasicScenario-431921008-router', 'tenant_id': '18ebe722f3b44e719c81a59e53953b4d', 'external_gateway_info': {'network_id': '179b1e76-bc03-4d86-8ff9-a2fa374f5a40'}}} {{(pid=102581) prepare_request_body /opt/stack/neutron/neutron/api/v2/base.py:729}}
Jan 20 14:59:22.468786 dv-osbrick-811717-5-smb neutron-server[102581]: DEBUG neutron_lib.callbacks.manager [None req-a707ec4e-1cf1-4597-a0f6-34ba4e85163d admin admin] Publish callbacks ['neutron.services.l3_router.l3_router_plugin.L3_HA_NAT_db_mixin._before_router_create_handler-1009461', 'neutron.services.l3_router.service_providers.driver_controller.DriverController._check_router_request-9870'] for router (8f78778e-876a-4b63-a28f-cd4414e72833), before_create {{(pid=102581) _notify_loop /usr/local/lib/python3.8/dist-packages/neutron_lib/callbacks/manager.py:176}}
Jan 20 14:59:22.470088 dv-osbrick-811717-5-smb neutron-server[102581]: DEBUG neutron_lib.callbacks.manager [None req-a707ec4e-1cf1-4597-a0f6-34ba4e85163d admin admin] Publish callbacks ['neutron.services.l3_router.l3_router_plugin.L3_HA_NAT_db_mixin._precommit_router_create-1009561', 'neutron.services.l3_router.l3_router_plugin.DVRResourceOperationHandler._set_distributed_flag-1007576', 'neutron.services.l3_router.l3_router_plugin.RouterAvailabilityZoneMixin._process_az_request-935698', 'neutron.services.l3_router.service_providers.driver_controller.DriverController._set_router_provider-9863'] for router (8f78778e-876a-4b63-a28f-cd4414e72833), precommit_create {{(pid=102581) _notify_loop /usr/local/lib/python3.8/dist-packages/neutron_lib/callbacks/manager.py:176}}
Jan 20 14:59:22.519552 dv-osbrick-811717-5-smb neutron-server[102580]: INFO neutron.wsgi [None req-b2b01ac0-4e1e-40bd-9a62-683d2338956e admin admin] 10.222.0.109 "POST /v2.0/networks HTTP/1.1" status: 201 len: 885 time: 0.6603293
Jan 20 14:59:22.551316 dv-osbrick-811717-5-smb neutron-server[102581]: DEBUG neutron.wsgi [-] (102581) accepted ('10.222.0.109', 42510) {{(pid=102581) server /usr/local/lib/python3.8/dist-packages/eventlet/wsgi.py:1004}}
Jan 20 14:59:22.569839 dv-osbrick-811717-5-smb neutron-server[102582]: DEBUG neutron.api.rpc.handlers.dhcp_rpc [None req-5f8681b5-3a22-427d-ba19-302113af1af2 None None] Create dhcp port {'port': {'name': '', 'admin_state_up': True, 'device_id': 'dhcp6e1dd25a-2a34-54b9-8d22-06779bfda924-98208095-cbc1-4d57-9d1c-66406a68cb03', 'network_id': '98208095-cbc1-4d57-9d1c-66406a68cb03', 'project_id': '18ebe722f3b44e719c81a59e53953b4d', 'fixed_ips': [{'subnet_id': '70b35b31-a23b-4fcb-95a5-893e9da1a885'}]}} from dv-osbrick-811717-5-smb. {{(pid=102582) create_dhcp_port /opt/stack/neutron/neutron/api/rpc/handlers/dhcp_rpc.py:268}}
Jan 20 14:59:22.570899 dv-osbrick-811717-5-smb neutron-server[102582]: DEBUG neutron_lib.callbacks.manager [None req-5f8681b5-3a22-427d-ba19-302113af1af2 None None] Publish callbacks ['neutron.plugins.ml2.plugin.SecurityGroupDbMixin._ensure_default_security_group_handler-1680850'] for port (None), before_create {{(pid=102582) _notify_loop /usr/local/lib/python3.8/dist-packages/neutron_lib/callbacks/manager.py:176}}
Jan 20 14:59:22.571355 dv-osbrick-811717-5-smb neutron-server[102580]: DEBUG neutron.api.rpc.handlers.resources_rpc [None req-b2b01ac0-4e1e-40bd-9a62-683d2338956e admin admin] Pushing event updated for resources: {'Network': ['ID=a03aa490-71f7-4571-aba8-b3cd40dd02e1,revision_number=1']} {{(pid=102580) push /opt/stack/neutron/neutron/api/rpc/handlers/resources_rpc.py:237}}
Jan 20 14:59:22.581254 dv-osbrick-811717-5-smb neutron-server[102581]: DEBUG neutron.api.v2.base [None req-60ea468d-8cb3-4daf-9a23-7237854ce7df admin admin] Request body: {'subnet': {'network_id': 'a03aa490-71f7-4571-aba8-b3cd40dd02e1', 'cidr': '172.20.0.0/28', 'name': 'tempest-TestVolumeBootPattern-1000756094-subnet', 'tenant_id': '61322ffb9d524dabacb3f9f20a1706db', 'ip_version': 4}} {{(pid=102581) prepare_request_body /opt/stack/neutron/neutron/api/v2/base.py:729}}
Jan 20 14:59:22.688261 dv-osbrick-811717-5-smb neutron-server[102581]: DEBUG neutron_lib.callbacks.manager [None req-a707ec4e-1cf1-4597-a0f6-34ba4e85163d admin admin] Publish callbacks [] for router_controller (8f78778e-876a-4b63-a28f-cd4414e72833), precommit_add_association {{(pid=102581) _notify_loop /usr/local/lib/python3.8/dist-packages/neutron_lib/callbacks/manager.py:176}}
Jan 20 14:59:22.734764 dv-osbrick-811717-5-smb neutron-server[102583]: DEBUG neutron.db.l3_hamode_db [None req-08a3684e-7fe2-4170-abfc-317c72abb053 None None] neutron.services.l3_router.l3_router_plugin.L3RouterPlugin method _process_sync_ha_data called with arguments (, [{'id': 'd66382d8-c051-4a2d-8e56-09bcf8526afd', 'name': 'tempest-TestMinimumBasicScenario-798179415-router', 'tenant_id': '6556f3f3677e4ba7934695014bedf8ef', 'admin_state_up': True, 'status': 'ACTIVE', 'external_gateway_info': {'network_id': '179b1e76-bc03-4d86-8ff9-a2fa374f5a40', 'external_fixed_ips': [{'subnet_id': '97eb9709-073e-407b-bea8-29d963a0a7d4', 'ip_address': '172.30.1.49'}], 'enable_snat': True}, 'gw_port_id': '21d67264-26ec-43e9-aca9-9dea1fe77d39', 'description': '', 'availability_zones': ['nova'], 'distributed': False, 'ha': False, 'ha_vr_id': 0, 'availability_zone_hints': [], 'routes': [], 'flavor_id': None, 'tags': [], 'created_at': '2022-01-20T14:59:14Z', 'updated_at': '2022-01-20T14:59:19Z', 'revision_number': 4, 'project_id': '6556f3f3677e4ba7934695014bedf8ef', 'gw_port': {'id': '21d67264-26ec-43e9-aca9-9dea1fe77d39', 'name': '', 'network_id': '179b1e76-bc03-4d86-8ff9-a2fa374f5a40', 'tenant_id': '', 'mac_address': 'fa:16:3e:49:de:94', 'admin_state_up': True, 'status': 'ACTIVE', 'device_id': 'd66382d8-c051-4a2d-8e56-09bcf8526afd', 'device_owner': 'network:router_gateway', 'standard_attr_id': 51, 'fixed_ips': [{'subnet_id': '97eb9709-073e-407b-bea8-29d963a0a7d4', 'ip_address': '172.30.1.49', 'prefixlen': 24}], 'allowed_address_pairs': [], 'extra_dhcp_opts': [], 'security_groups': [], 'description': '', 'binding:vnic_type': 'normal', 'binding:profile': {}, 'binding:host_id': 'dv-osbrick-811717-5-smb', 'binding:vif_type': 'ovs', 'binding:vif_details': {'connectivity': 'l2', 'port_filter': True, 'ovs_hybrid_plug': False, 'datapath_type': 'system', 'bridge_name': 'br-int'}, 'port_security_enabled': False, 'tags': [], 'created_at': '2022-01-20T14:59:15Z', 'updated_at': '2022-01-20T14:59:21Z', 'revision_number': 4, 'project_id': '', 'subnets': [{'id': '97eb9709-073e-407b-bea8-29d963a0a7d4', 'cidr': '172.30.1.0/24', 'gateway_ip': '172.30.1.1', 'dns_nameservers': [], 'ipv6_ra_mode': None, 'subnetpool_id': None}], 'extra_subnets': [], 'address_scopes': {4: None, 6: None}, 'mtu': 1500}, 'enable_snat': True, 'gw_port_host': 'dv-osbrick-811717-5-smb', '_interfaces': [{'id': '47b01766-19a9-4bbb-be56-f4e0a327e2e8', 'name': '', 'network_id': '6629423b-4278-4ca4-8ce5-97f8692bd314', 'tenant_id': '6556f3f3677e4ba7934695014bedf8ef', 'mac_address': 'fa:16:3e:ca:16:a6', 'admin_state_up': True, 'status': 'DOWN', 'device_id': 'd66382d8-c051-4a2d-8e56-09bcf8526afd', 'device_owner': 'network:router_interface', 'standard_attr_id': 53, 'fixed_ips': [{'subnet_id': 'f88e3832-b8ea-4801-ac27-578e66b01b2f', 'ip_address': '172.20.0.1', 'prefixlen': 28}], 'allowed_address_pairs': [], 'extra_dhcp_opts': [], 'security_groups': [], 'description': '', 'binding:vnic_type': 'normal', 'binding:profile': {}, 'binding:host_id': '', 'binding:vif_type': 'unbound', 'binding:vif_details': {}, 'port_security_enabled': False, 'tags': [], 'created_at': '2022-01-20T14:59:18Z', 'updated_at': '2022-01-20T14:59:19Z', 'revision_number': 2, 'project_id': '6556f3f3677e4ba7934695014bedf8ef', 'subnets': [{'id': 'f88e3832-b8ea-4801-ac27-578e66b01b2f', 'cidr': '172.20.0.0/28', 'gateway_ip': '172.20.0.1', 'dns_nameservers': [], 'ipv6_ra_mode': None, 'subnetpool_id': None}], 'extra_subnets': [], 'address_scopes': {4: None, 6: None}, 'mtu': 1500}]}], 'dv-osbrick-811717-5-smb', False) {} {{(pid=102583) wrapper /usr/local/lib/python3.8/dist-packages/oslo_log/helpers.py:65}}
Jan 20 14:59:22.783484 dv-osbrick-811717-5-smb neutron-server[102583]: DEBUG neutron.api.rpc.handlers.l3_rpc [None req-08a3684e-7fe2-4170-abfc-317c72abb053 None None] Checking router: d66382d8-c051-4a2d-8e56-09bcf8526afd for host: dv-osbrick-811717-5-smb {{(pid=102583) _ensure_host_set_on_ports /opt/stack/neutron/neutron/api/rpc/handlers/l3_rpc.py:155}}
Jan 20 14:59:22.783918 dv-osbrick-811717-5-smb neutron-server[102583]: DEBUG neutron.api.rpc.handlers.l3_rpc [None req-08a3684e-7fe2-4170-abfc-317c72abb053 None None] Updating router d66382d8-c051-4a2d-8e56-09bcf8526afd port 47b01766-19a9-4bbb-be56-f4e0a327e2e8 binding host dv-osbrick-811717-5-smb {{(pid=102583) _ensure_host_set_on_port /opt/stack/neutron/neutron/api/rpc/handlers/l3_rpc.py:205}}
Jan 20 14:59:22.826082 dv-osbrick-811717-5-smb neutron-server[102583]: DEBUG neutron_lib.callbacks.manager [None req-08a3684e-7fe2-4170-abfc-317c72abb053 None None] Publish callbacks ['neutron.plugins.ml2.plugin.SecurityGroupDbMixin._ensure_default_security_group_handler-1680850'] for port (47b01766-19a9-4bbb-be56-f4e0a327e2e8), before_update {{(pid=102583) _notify_loop /usr/local/lib/python3.8/dist-packages/neutron_lib/callbacks/manager.py:176}}
Jan 20 14:59:22.858631 dv-osbrick-811717-5-smb neutron-server[102582]: DEBUG neutron.plugins.ml2.rpc [None req-4c4ebda6-b399-4ca3-a8f6-bbdbee9ea354 None None] Network a03aa490-71f7-4571-aba8-b3cd40dd02e1 details requested by agent ovs-agent-dv-osbrick-811717-5-smb with host dv-osbrick-811717-5-smb {{(pid=102582) get_network_details /opt/stack/neutron/neutron/plugins/ml2/rpc.py:248}}
Jan 20 14:59:22.883692 dv-osbrick-811717-5-smb neutron-server[102582]: DEBUG neutron_lib.callbacks.manager [None req-e0fcfce3-e47c-4faf-8cae-16fe2bd37a7e None None] Publish callbacks ['neutron.services.segments.db._update_segment_host_mapping_for_agent-8732642389634', 'neutron.plugins.ml2.plugin.Ml2Plugin._retry_binding_revived_agents-1610758'] for agent (f11844ee-3259-409f-890b-88b6544ade09), after_update {{(pid=102582) _notify_loop /usr/local/lib/python3.8/dist-packages/neutron_lib/callbacks/manager.py:176}}
Jan 20 14:59:22.907968 dv-osbrick-811717-5-smb neutron-server[102581]: DEBUG neutron.pecan_wsgi.hooks.quota_enforcement [None req-60ea468d-8cb3-4daf-9a23-7237854ce7df admin admin] Made reservation on behalf of 61322ffb9d524dabacb3f9f20a1706db for: {'subnet': 1} {{(pid=102581) before /opt/stack/neutron/neutron/pecan_wsgi/hooks/quota_enforcement.py:53}}
Jan 20 14:59:22.910282 dv-osbrick-811717-5-smb neutron-server[102581]: DEBUG neutron_lib.callbacks.manager [None req-60ea468d-8cb3-4daf-9a23-7237854ce7df admin admin] Publish callbacks [] for subnet (None), before_create {{(pid=102581) _notify_loop /usr/local/lib/python3.8/dist-packages/neutron_lib/callbacks/manager.py:176}}
Jan 20 14:59:22.941294 dv-osbrick-811717-5-smb neutron-server[102582]: DEBUG neutron.plugins.ml2.rpc [None req-4c4ebda6-b399-4ca3-a8f6-bbdbee9ea354 None None] Device 64041272-846f-4df4-adf1-e271dd90e2ee up at agent ovs-agent-dv-osbrick-811717-5-smb {{(pid=102582) update_device_up /opt/stack/neutron/neutron/plugins/ml2/rpc.py:296}}
Jan 20 14:59:22.942058 dv-osbrick-811717-5-smb neutron-server[102581]: DEBUG neutron_lib.callbacks.manager [None req-a707ec4e-1cf1-4597-a0f6-34ba4e85163d admin admin] Publish callbacks [] for router_gateway (8f78778e-876a-4b63-a28f-cd4414e72833), precommit_update {{(pid=102581) _notify_loop /usr/local/lib/python3.8/dist-packages/neutron_lib/callbacks/manager.py:176}}
Jan 20 14:59:23.023397 dv-osbrick-811717-5-smb neutron-server[102582]: DEBUG neutron.db.db_base_plugin_common [None req-5f8681b5-3a22-427d-ba19-302113af1af2 None None] Allocated IP 172.20.0.2 (98208095-cbc1-4d57-9d1c-66406a68cb03/70b35b31-a23b-4fcb-95a5-893e9da1a885/3cd8178e-fcec-4a8c-a3c0-fde99b5916b9) {{(pid=102582) _store_ip_allocation /opt/stack/neutron/neutron/db/db_base_plugin_common.py:131}}
Jan 20 14:59:23.056778 dv-osbrick-811717-5-smb neutron-server[102582]: DEBUG neutron.db.provisioning_blocks [None req-4c4ebda6-b399-4ca3-a8f6-bbdbee9ea354 None None] Provisioning complete for port 64041272-846f-4df4-adf1-e271dd90e2ee triggered by entity L2. {{(pid=102582) provisioning_complete /opt/stack/neutron/neutron/db/provisioning_blocks.py:139}}
Jan 20 14:59:23.057410 dv-osbrick-811717-5-smb neutron-server[102582]: DEBUG neutron_lib.callbacks.manager [None req-4c4ebda6-b399-4ca3-a8f6-bbdbee9ea354 None None] Publish callbacks ['neutron.plugins.ml2.plugin.Ml2Plugin._port_provisioned-1610869'] for port (64041272-846f-4df4-adf1-e271dd90e2ee), provisioning_complete {{(pid=102582) _notify_loop /usr/local/lib/python3.8/dist-packages/neutron_lib/callbacks/manager.py:176}}
Jan 20 14:59:23.217395 dv-osbrick-811717-5-smb neutron-server[102581]: DEBUG neutron_lib.callbacks.manager [None req-60ea468d-8cb3-4daf-9a23-7237854ce7df admin admin] Publish callbacks ['neutron.plugins.ml2.ovo_rpc._ObjectChangeHandler.handle_event-631469', 'neutron.api.rpc.agentnotifiers.dhcp_rpc_agent_api.DhcpAgentNotifyAPI._native_event_send_dhcp_notification-603619'] for subnet (7ea1a27f-78db-4f0a-ba08-e0f05099c356), after_create {{(pid=102581) _notify_loop /usr/local/lib/python3.8/dist-packages/neutron_lib/callbacks/manager.py:176}}
Jan 20 14:59:23.250219 dv-osbrick-811717-5-smb neutron-server[102582]: DEBUG neutron.plugins.ml2.plugin [None req-4c4ebda6-b399-4ca3-a8f6-bbdbee9ea354 None None] Current status of the port 64041272-846f-4df4-adf1-e271dd90e2ee is: DOWN; New status is: ACTIVE {{(pid=102582) _update_individual_port_db_status /opt/stack/neutron/neutron/plugins/ml2/plugin.py:2213}}
Jan 20 14:59:23.251207 dv-osbrick-811717-5-smb neutron-server[102582]: DEBUG neutron_lib.callbacks.manager [None req-4c4ebda6-b399-4ca3-a8f6-bbdbee9ea354 None None] Publish callbacks ['neutron.plugins.ml2.plugin.SecurityGroupDbMixin._ensure_default_security_group_handler-1680850'] for port (64041272-846f-4df4-adf1-e271dd90e2ee), before_update {{(pid=102582) _notify_loop /usr/local/lib/python3.8/dist-packages/neutron_lib/callbacks/manager.py:176}}
Jan 20 14:59:23.308779 dv-osbrick-811717-5-smb neutron-server[102582]: DEBUG neutron.plugins.ml2.db [None req-4c4ebda6-b399-4ca3-a8f6-bbdbee9ea354 None None] For port 64041272-846f-4df4-adf1-e271dd90e2ee, host dv-osbrick-811717-5-smb, got binding levels [PortBindingLevel(driver='openvswitch',host='dv-osbrick-811717-5-smb',level=0,port_id=64041272-846f-4df4-adf1-e271dd90e2ee,segment=NetworkSegment(d56d8f6d-09ad-400e-bac0-06a53fd37d13),segment_id=d56d8f6d-09ad-400e-bac0-06a53fd37d13)] {{(pid=102582) get_binding_level_objs /opt/stack/neutron/neutron/plugins/ml2/db.py:74}}
Jan 20 14:59:23.320172 dv-osbrick-811717-5-smb neutron-server[102582]: DEBUG neutron_lib.callbacks.manager [None req-4c4ebda6-b399-4ca3-a8f6-bbdbee9ea354 None None] Publish callbacks ['neutron.plugins.ml2.plugin.SecurityGroupServerNotifierRpcMixin._notify_sg_on_port_change-1687099', 'neutron.plugins.ml2.ovo_rpc._ObjectChangeHandler.handle_event-431353', 'neutron.api.rpc.agentnotifiers.dhcp_rpc_agent_api.DhcpAgentNotifyAPI._native_event_send_dhcp_notification-603619', 'neutron.db.l3_db.L3RpcNotifierMixin._notify_gateway_port_ip_changed-8732642368350', 'neutron.db.l3_dvrscheduler_db._notify_l3_agent_port_update-8732641898599', 'neutron.db.l3_hascheduler_db._notify_l3_agent_ha_port_update-8732641898617'] for port (64041272-846f-4df4-adf1-e271dd90e2ee), after_update {{(pid=102582) _notify_loop /usr/local/lib/python3.8/dist-packages/neutron_lib/callbacks/manager.py:176}}
Jan 20 14:59:23.321320 dv-osbrick-811717-5-smb neutron-server[102582]: DEBUG neutron.plugins.ml2.rpc [None req-4c4ebda6-b399-4ca3-a8f6-bbdbee9ea354 None None] Device 21d67264-26ec-43e9-aca9-9dea1fe77d39 up at agent ovs-agent-dv-osbrick-811717-5-smb {{(pid=102582) update_device_up /opt/stack/neutron/neutron/plugins/ml2/rpc.py:296}}
Jan 20 14:59:23.339734 dv-osbrick-811717-5-smb neutron-server[102581]: DEBUG neutron.api.rpc.handlers.resources_rpc [None req-60ea468d-8cb3-4daf-9a23-7237854ce7df admin admin] Pushing event updated for resources: {'Subnet': ['ID=7ea1a27f-78db-4f0a-ba08-e0f05099c356,revision_number=0']} {{(pid=102581) push /opt/stack/neutron/neutron/api/rpc/handlers/resources_rpc.py:237}}
Jan 20 14:59:23.346856 dv-osbrick-811717-5-smb neutron-server[102583]: DEBUG neutron_lib.callbacks.manager [None req-08a3684e-7fe2-4170-abfc-317c72abb053 None None] Publish callbacks [] for port (47b01766-19a9-4bbb-be56-f4e0a327e2e8), precommit_update {{(pid=102583) _notify_loop /usr/local/lib/python3.8/dist-packages/neutron_lib/callbacks/manager.py:176}}
Jan 20 14:59:23.358765 dv-osbrick-811717-5-smb neutron-server[102583]: DEBUG neutron_lib.callbacks.manager [None req-08a3684e-7fe2-4170-abfc-317c72abb053 None None] Publish callbacks ['neutron.plugins.ml2.plugin.SecurityGroupServerNotifierRpcMixin._notify_sg_on_port_change-1687099', 'neutron.plugins.ml2.ovo_rpc._ObjectChangeHandler.handle_event-431353', 'neutron.api.rpc.agentnotifiers.dhcp_rpc_agent_api.DhcpAgentNotifyAPI._native_event_send_dhcp_notification-603619', 'neutron.db.l3_db.L3RpcNotifierMixin._notify_gateway_port_ip_changed-8732642368350', 'neutron.db.l3_dvrscheduler_db._notify_l3_agent_port_update-8732641898599', 'neutron.db.l3_hascheduler_db._notify_l3_agent_ha_port_update-8732641898617'] for port (47b01766-19a9-4bbb-be56-f4e0a327e2e8), after_update {{(pid=102583) _notify_loop /usr/local/lib/python3.8/dist-packages/neutron_lib/callbacks/manager.py:176}}
Jan 20 14:59:23.384430 dv-osbrick-811717-5-smb neutron-server[102581]: DEBUG neutron.plugins.ml2.drivers.mech_agent [None req-60ea468d-8cb3-4daf-9a23-7237854ce7df admin admin] Checking segment: {'id': '8c4d8c5a-acef-4d1a-8fdc-6d5261c35e8d', 'network_type': 'vlan', 'physical_network': 'physnet1', 'segmentation_id': 251, 'network_id': 'a03aa490-71f7-4571-aba8-b3cd40dd02e1'} for mappings: {'physnet1': 'br-data'} with network types: ['local', 'flat', 'vlan'] {{(pid=102581) check_segment_for_agent /opt/stack/neutron/neutron/plugins/ml2/drivers/mech_agent.py:371}}
Jan 20 14:59:23.385637 dv-osbrick-811717-5-smb neutron-server[102581]: DEBUG neutron.scheduler.dhcp_agent_scheduler [None req-60ea468d-8cb3-4daf-9a23-7237854ce7df admin admin] Network hostable DHCP agents. Network: a03aa490-71f7-4571-aba8-b3cd40dd02e1, hostable agents: ['f11844ee-3259-409f-890b-88b6544ade09'], hosted agents: [] {{(pid=102581) _get_network_hostable_dhcp_agents /opt/stack/neutron/neutron/scheduler/dhcp_agent_scheduler.py:329}}
Jan 20 14:59:23.390625 dv-osbrick-811717-5-smb neutron-server[102582]: DEBUG neutron_lib.callbacks.manager [None req-5f8681b5-3a22-427d-ba19-302113af1af2 None None] Publish callbacks [] for port (3cd8178e-fcec-4a8c-a3c0-fde99b5916b9), precommit_create {{(pid=102582) _notify_loop /usr/local/lib/python3.8/dist-packages/neutron_lib/callbacks/manager.py:176}}
Jan 20 14:59:23.402100 dv-osbrick-811717-5-smb neutron-server[102581]: DEBUG neutron_lib.callbacks.manager [None req-a707ec4e-1cf1-4597-a0f6-34ba4e85163d admin admin] Publish callbacks [] for router_gateway (8f78778e-876a-4b63-a28f-cd4414e72833), before_create {{(pid=102581) _notify_loop /usr/local/lib/python3.8/dist-packages/neutron_lib/callbacks/manager.py:176}}
Jan 20 14:59:23.428382 dv-osbrick-811717-5-smb neutron-server[102581]: DEBUG neutron_lib.callbacks.manager [None req-a707ec4e-1cf1-4597-a0f6-34ba4e85163d admin admin] Publish callbacks ['neutron.plugins.ml2.plugin.SecurityGroupDbMixin._ensure_default_security_group_handler-1680850'] for port (None), before_create {{(pid=102581) _notify_loop /usr/local/lib/python3.8/dist-packages/neutron_lib/callbacks/manager.py:176}}
Jan 20 14:59:23.444367 dv-osbrick-811717-5-smb neutron-server[102581]: DEBUG neutron.scheduler.dhcp_agent_scheduler [None req-60ea468d-8cb3-4daf-9a23-7237854ce7df admin admin] Network a03aa490-71f7-4571-aba8-b3cd40dd02e1 is scheduled to be hosted by DHCP agent f11844ee-3259-409f-890b-88b6544ade09 with binding_index 1 {{(pid=102581) bind /opt/stack/neutron/neutron/scheduler/dhcp_agent_scheduler.py:227}}
Jan 20 14:59:23.448259 dv-osbrick-811717-5-smb neutron-server[102583]: DEBUG neutron.api.rpc.handlers.resources_rpc [None req-23f8f194-a983-451c-a464-14a6f90ac387 None None] Pushing event updated for resources: {'Port': ['ID=47b01766-19a9-4bbb-be56-f4e0a327e2e8,revision_number=3']} {{(pid=102583) push /opt/stack/neutron/neutron/api/rpc/handlers/resources_rpc.py:237}}
Jan 20 14:59:23.480452 dv-osbrick-811717-5-smb neutron-server[102581]: DEBUG neutron.scheduler.base_scheduler [None req-60ea468d-8cb3-4daf-9a23-7237854ce7df admin admin] Resources bound (agent type, host, resource id): (DHCP agent, dv-osbrick-811717-5-smb, a03aa490-71f7-4571-aba8-b3cd40dd02e1) {{(pid=102581) schedule /opt/stack/neutron/neutron/scheduler/base_scheduler.py:57}}
Jan 20 14:59:23.490814 dv-osbrick-811717-5-smb neutron-server[102581]: DEBUG neutron.pecan_wsgi.hooks.policy_enforcement [None req-60ea468d-8cb3-4daf-9a23-7237854ce7df admin admin] Attributes excluded by policy engine: ['standard_attr_id', 'shared', 'network'] {{(pid=102581) _exclude_attributes_by_policy /opt/stack/neutron/neutron/pecan_wsgi/hooks/policy_enforcement.py:255}}
Jan 20 14:59:23.491405 dv-osbrick-811717-5-smb neutron-server[102581]: DEBUG neutron_lib.callbacks.manager [None req-60ea468d-8cb3-4daf-9a23-7237854ce7df admin admin] Publish callbacks ['neutron.api.rpc.agentnotifiers.dhcp_rpc_agent_api.DhcpAgentNotifyAPI._send_dhcp_notification-603541'] for subnet (None), before_response {{(pid=102581) _notify_loop /usr/local/lib/python3.8/dist-packages/neutron_lib/callbacks/manager.py:176}}
Jan 20 14:59:23.491644 dv-osbrick-811717-5-smb neutron-server[102583]: DEBUG neutron.plugins.ml2.managers [None req-08a3684e-7fe2-4170-abfc-317c72abb053 None None] Attempting to bind port 47b01766-19a9-4bbb-be56-f4e0a327e2e8 on host dv-osbrick-811717-5-smb for vnic_type normal with profile {{(pid=102583) bind_port /opt/stack/neutron/neutron/plugins/ml2/managers.py:795}}
Jan 20 14:59:23.492139 dv-osbrick-811717-5-smb neutron-server[102583]: DEBUG neutron.plugins.ml2.managers [None req-08a3684e-7fe2-4170-abfc-317c72abb053 None None] Attempting to bind port 47b01766-19a9-4bbb-be56-f4e0a327e2e8 by drivers openvswitch,hyperv on host dv-osbrick-811717-5-smb at level 0 using segments [{'id': '1b5577dd-af79-4173-8792-14fbd144345e', 'network_type': 'vlan', 'physical_network': 'physnet1', 'segmentation_id': 291, 'network_id': '6629423b-4278-4ca4-8ce5-97f8692bd314'}] {{(pid=102583) _bind_port_level /opt/stack/neutron/neutron/plugins/ml2/managers.py:820}}
Jan 20 14:59:23.492646 dv-osbrick-811717-5-smb neutron-server[102583]: DEBUG neutron.plugins.ml2.drivers.mech_agent [None req-08a3684e-7fe2-4170-abfc-317c72abb053 None None] Attempting to bind port 47b01766-19a9-4bbb-be56-f4e0a327e2e8 on network 6629423b-4278-4ca4-8ce5-97f8692bd314 {{(pid=102583) bind_port /opt/stack/neutron/neutron/plugins/ml2/drivers/mech_agent.py:91}}
Jan 20 14:59:23.500296 dv-osbrick-811717-5-smb neutron-server[102583]: DEBUG neutron.plugins.ml2.drivers.mech_agent [None req-08a3684e-7fe2-4170-abfc-317c72abb053 None None] Checking agent: {'id': '3b79336a-e133-4a2b-bec7-175deb983c90', 'agent_type': 'Open vSwitch agent', 'binary': 'neutron-openvswitch-agent', 'topic': 'N/A', 'host': 'dv-osbrick-811717-5-smb', 'admin_state_up': True, 'created_at': datetime.datetime(2022, 1, 20, 14, 50, 59), 'started_at': datetime.datetime(2022, 1, 20, 14, 51, 29), 'heartbeat_timestamp': datetime.datetime(2022, 1, 20, 14, 58, 59), 'description': None, 'resources_synced': None, 'availability_zone': None, 'alive': True, 'configurations': {'arp_responder_enabled': False, 'baremetal_smartnic': False, 'bridge_mappings': {'physnet1': 'br-data'}, 'datapath_type': 'system', 'devices': 0, 'enable_distributed_routing': False, 'extensions': [], 'in_distributed_mode': False, 'integration_bridge': 'br-int', 'l2_population': False, 'log_agent_heartbeats': False, 'ovs_capabilities': {'datapath_types': ['netdev', 'system'], 'iface_types': ['erspan', 'geneve', 'gre', 'internal', 'ip6erspan', 'ip6gre', 'lisp', 'patch', 'stt', 'system', 'tap', 'vxlan']}, 'ovs_hybrid_plug': False, 'resource_provider_bandwidths': {}, 'resource_provider_hypervisors': {'br-data': 'dv-osbrick-811717-5-smb'}, 'resource_provider_inventory_defaults': {'allocation_ratio': 1.0, 'min_unit': 1, 'step_size': 1, 'reserved': 0}, 'resource_provider_packet_processing_inventory_defaults': {'allocation_ratio': 1.0, 'min_unit': 1, 'step_size': 1, 'reserved': 0}, 'resource_provider_packet_processing_with_direction': {}, 'resource_provider_packet_processing_without_direction': {}, 'tunnel_types': [], 'tunneling_ip': None, 'vhostuser_socket_dir': '/var/run/openvswitch'}, 'resource_versions': {'AddressGroup': '1.2', 'ConntrackHelper': '1.0', 'LocalIPAssociation': '1.0', 'Log': '1.0', 'Network': '1.1', 'Port': '1.7', 'PortForwarding': '1.2', 'QosPolicy': '1.10', 'SecurityGroup': '1.5', 'SecurityGroupRule': '1.2', 'SubPort': '1.0', 'Subnet': '1.1', 'Trunk': '1.1'}} {{(pid=102583) bind_port /opt/stack/neutron/neutron/plugins/ml2/drivers/mech_agent.py:110}}
Jan 20 14:59:23.501561 dv-osbrick-811717-5-smb neutron-server[102583]: DEBUG neutron.plugins.ml2.drivers.mech_agent [None req-08a3684e-7fe2-4170-abfc-317c72abb053 None None] Checking segment: {'id': '1b5577dd-af79-4173-8792-14fbd144345e', 'network_type': 'vlan', 'physical_network': 'physnet1', 'segmentation_id': 291, 'network_id': '6629423b-4278-4ca4-8ce5-97f8692bd314'} for mappings: {'physnet1': 'br-data'} with network types: ['local', 'flat', 'vlan'] {{(pid=102583) check_segment_for_agent /opt/stack/neutron/neutron/plugins/ml2/drivers/mech_agent.py:371}}
Jan 20 14:59:23.502475 dv-osbrick-811717-5-smb neutron-server[102583]: DEBUG neutron_lib.callbacks.manager [None req-08a3684e-7fe2-4170-abfc-317c72abb053 None None] Publish callbacks [] for ovs_bridge_name (None), before_read {{(pid=102583) _notify_loop /usr/local/lib/python3.8/dist-packages/neutron_lib/callbacks/manager.py:176}}
Jan 20 14:59:23.502982 dv-osbrick-811717-5-smb neutron-server[102583]: DEBUG neutron.plugins.ml2.drivers.mech_agent [None req-08a3684e-7fe2-4170-abfc-317c72abb053 None None] Bound using segment: {'id': '1b5577dd-af79-4173-8792-14fbd144345e', 'network_type': 'vlan', 'physical_network': 'physnet1', 'segmentation_id': 291, 'network_id': '6629423b-4278-4ca4-8ce5-97f8692bd314'} {{(pid=102583) bind_port /opt/stack/neutron/neutron/plugins/ml2/drivers/mech_agent.py:120}}
Jan 20 14:59:23.503585 dv-osbrick-811717-5-smb neutron-server[102583]: DEBUG neutron.plugins.ml2.managers [None req-08a3684e-7fe2-4170-abfc-317c72abb053 None None] Bound port: 47b01766-19a9-4bbb-be56-f4e0a327e2e8, host: dv-osbrick-811717-5-smb, vif_type: ovs, vif_details: {"connectivity": "l2", "port_filter": true, "ovs_hybrid_plug": false, "datapath_type": "system", "bridge_name": "br-int"}, binding_levels: [{'bound_driver': 'openvswitch', 'bound_segment': {'id': '1b5577dd-af79-4173-8792-14fbd144345e', 'network_type': 'vlan', 'physical_network': 'physnet1', 'segmentation_id': 291, 'network_id': '6629423b-4278-4ca4-8ce5-97f8692bd314'}}] {{(pid=102583) _bind_port_level /opt/stack/neutron/neutron/plugins/ml2/managers.py:932}}
Jan 20 14:59:23.504079 dv-osbrick-811717-5-smb neutron-server[102583]: DEBUG neutron_lib.callbacks.manager [None req-08a3684e-7fe2-4170-abfc-317c72abb053 None None] Publish callbacks ['neutron.plugins.ml2.plugin.SecurityGroupDbMixin._ensure_default_security_group_handler-1680850'] for port (47b01766-19a9-4bbb-be56-f4e0a327e2e8), before_update {{(pid=102583) _notify_loop /usr/local/lib/python3.8/dist-packages/neutron_lib/callbacks/manager.py:176}}
Jan 20 14:59:23.530377 dv-osbrick-811717-5-smb neutron-server[102581]: INFO neutron.wsgi [None req-60ea468d-8cb3-4daf-9a23-7237854ce7df admin admin] 10.222.0.109 "POST /v2.0/subnets HTTP/1.1" status: 201 len: 848 time: 0.9685082
Jan 20 14:59:23.531623 dv-osbrick-811717-5-smb neutron-server[102580]: DEBUG neutron.wsgi [-] (102580) accepted ('10.222.0.109', 42512) {{(pid=102580) server /usr/local/lib/python3.8/dist-packages/eventlet/wsgi.py:1004}}
Jan 20 14:59:23.537197 dv-osbrick-811717-5-smb neutron-server[102580]: DEBUG neutron.api.v2.base [None req-3e6ec5ac-3123-4aa5-90c4-5d430983e704 admin admin] Request body: {'router': {'name': 'tempest-TestVolumeBootPattern-1000756094-router', 'tenant_id': '61322ffb9d524dabacb3f9f20a1706db', 'external_gateway_info': {'network_id': '179b1e76-bc03-4d86-8ff9-a2fa374f5a40'}}} {{(pid=102580) prepare_request_body /opt/stack/neutron/neutron/api/v2/base.py:729}}
Jan 20 14:59:23.581620 dv-osbrick-811717-5-smb neutron-server[102582]: DEBUG neutron.api.rpc.handlers.dhcp_rpc [None req-4d545dd1-e0bd-4192-826e-70db43fa2b74 None None] Network a03aa490-71f7-4571-aba8-b3cd40dd02e1 requested from dv-osbrick-811717-5-smb {{(pid=102582) get_network_info /opt/stack/neutron/neutron/api/rpc/handlers/dhcp_rpc.py:191}}
Jan 20 14:59:23.585792 dv-osbrick-811717-5-smb neutron-server[102582]: DEBUG neutron_lib.callbacks.manager [None req-5f8681b5-3a22-427d-ba19-302113af1af2 None None] Publish callbacks ['neutron.plugins.ml2.plugin.SecurityGroupServerNotifierRpcMixin._notify_sg_on_port_change-1687099', 'neutron.plugins.ml2.ovo_rpc._ObjectChangeHandler.handle_event-431353', 'neutron.api.rpc.agentnotifiers.dhcp_rpc_agent_api.DhcpAgentNotifyAPI._native_event_send_dhcp_notification-603619', 'neutron.db.l3_dvrscheduler_db._notify_l3_agent_new_port-8732641898581'] for port (3cd8178e-fcec-4a8c-a3c0-fde99b5916b9), after_create {{(pid=102582) _notify_loop /usr/local/lib/python3.8/dist-packages/neutron_lib/callbacks/manager.py:176}}
Jan 20 14:59:23.591216 dv-osbrick-811717-5-smb neutron-server[102580]: DEBUG neutron_lib.callbacks.manager [None req-3e6ec5ac-3123-4aa5-90c4-5d430983e704 admin admin] Publish callbacks ['neutron.services.l3_router.l3_router_plugin.L3_HA_NAT_db_mixin._before_router_create_handler-1009461', 'neutron.services.l3_router.service_providers.driver_controller.DriverController._check_router_request-9870'] for router (6d5c907d-76ad-4b55-ac7c-43b9ed581b85), before_create {{(pid=102580) _notify_loop /usr/local/lib/python3.8/dist-packages/neutron_lib/callbacks/manager.py:176}}
Jan 20 14:59:23.596187 dv-osbrick-811717-5-smb neutron-server[102580]: DEBUG neutron_lib.callbacks.manager [None req-3e6ec5ac-3123-4aa5-90c4-5d430983e704 admin admin] Publish callbacks ['neutron.services.l3_router.l3_router_plugin.L3_HA_NAT_db_mixin._precommit_router_create-1009561', 'neutron.services.l3_router.l3_router_plugin.DVRResourceOperationHandler._set_distributed_flag-1007576', 'neutron.services.l3_router.l3_router_plugin.RouterAvailabilityZoneMixin._process_az_request-935698', 'neutron.services.l3_router.service_providers.driver_controller.DriverController._set_router_provider-9863'] for router (6d5c907d-76ad-4b55-ac7c-43b9ed581b85), precommit_create {{(pid=102580) _notify_loop /usr/local/lib/python3.8/dist-packages/neutron_lib/callbacks/manager.py:176}}
Jan 20 14:59:23.621850 dv-osbrick-811717-5-smb neutron-server[102581]: DEBUG neutron.db.db_base_plugin_common [None req-a707ec4e-1cf1-4597-a0f6-34ba4e85163d admin admin] Allocated IP 172.30.1.149 (179b1e76-bc03-4d86-8ff9-a2fa374f5a40/97eb9709-073e-407b-bea8-29d963a0a7d4/5a44f5ee-7064-4f0a-aad4-f9894d11a4d6) {{(pid=102581) _store_ip_allocation /opt/stack/neutron/neutron/db/db_base_plugin_common.py:131}}
Jan 20 14:59:23.640075 dv-osbrick-811717-5-smb neutron-server[102583]: DEBUG neutron.plugins.ml2.db [None req-08a3684e-7fe2-4170-abfc-317c72abb053 None None] For port 47b01766-19a9-4bbb-be56-f4e0a327e2e8, host dv-osbrick-811717-5-smb, cleared binding levels {{(pid=102583) clear_binding_levels /opt/stack/neutron/neutron/plugins/ml2/db.py:87}}
Jan 20 14:59:23.644610 dv-osbrick-811717-5-smb neutron-server[102583]: DEBUG neutron.plugins.ml2.db [None req-08a3684e-7fe2-4170-abfc-317c72abb053 None None] For port 47b01766-19a9-4bbb-be56-f4e0a327e2e8, host dv-osbrick-811717-5-smb, set binding levels [PortBindingLevel(driver='openvswitch',host='dv-osbrick-811717-5-smb',level=0,port_id=47b01766-19a9-4bbb-be56-f4e0a327e2e8,segment=NetworkSegment(1b5577dd-af79-4173-8792-14fbd144345e),segment_id=1b5577dd-af79-4173-8792-14fbd144345e)] {{(pid=102583) set_binding_levels /opt/stack/neutron/neutron/plugins/ml2/db.py:59}}
Jan 20 14:59:23.655323 dv-osbrick-811717-5-smb neutron-server[102583]: DEBUG neutron_lib.callbacks.manager [None req-08a3684e-7fe2-4170-abfc-317c72abb053 None None] Publish callbacks ['neutron.plugins.ml2.plugin.SecurityGroupServerNotifierRpcMixin._notify_sg_on_port_change-1687099', 'neutron.plugins.ml2.ovo_rpc._ObjectChangeHandler.handle_event-431353', 'neutron.api.rpc.agentnotifiers.dhcp_rpc_agent_api.DhcpAgentNotifyAPI._native_event_send_dhcp_notification-603619', 'neutron.db.l3_db.L3RpcNotifierMixin._notify_gateway_port_ip_changed-8732642368350', 'neutron.db.l3_dvrscheduler_db._notify_l3_agent_port_update-8732641898599', 'neutron.db.l3_hascheduler_db._notify_l3_agent_ha_port_update-8732641898617'] for port (47b01766-19a9-4bbb-be56-f4e0a327e2e8), after_update {{(pid=102583) _notify_loop /usr/local/lib/python3.8/dist-packages/neutron_lib/callbacks/manager.py:176}}
Jan 20 14:59:23.691801 dv-osbrick-811717-5-smb neutron-server[102582]: DEBUG neutron.scheduler.dhcp_agent_scheduler [None req-5f8681b5-3a22-427d-ba19-302113af1af2 None None] Network 98208095-cbc1-4d57-9d1c-66406a68cb03 is already hosted by enough agents. {{(pid=102582) _get_dhcp_agents_hosting_network /opt/stack/neutron/neutron/scheduler/dhcp_agent_scheduler.py:275}}
Jan 20 14:59:23.696627 dv-osbrick-811717-5-smb neutron-server[102582]: DEBUG neutron.api.rpc.handlers.resources_rpc [None req-4c4ebda6-b399-4ca3-a8f6-bbdbee9ea354 None None] Pushing event updated for resources: {'Port': ['ID=64041272-846f-4df4-adf1-e271dd90e2ee,revision_number=4']} {{(pid=102582) push /opt/stack/neutron/neutron/api/rpc/handlers/resources_rpc.py:237}}
Jan 20 14:59:23.706483 dv-osbrick-811717-5-smb neutron-server[102580]: DEBUG neutron_lib.callbacks.manager [None req-3e6ec5ac-3123-4aa5-90c4-5d430983e704 admin admin] Publish callbacks [] for router_controller (6d5c907d-76ad-4b55-ac7c-43b9ed581b85), precommit_add_association {{(pid=102580) _notify_loop /usr/local/lib/python3.8/dist-packages/neutron_lib/callbacks/manager.py:176}}
Jan 20 14:59:23.741974 dv-osbrick-811717-5-smb neutron-server[102582]: DEBUG neutron.scheduler.base_scheduler [None req-5f8681b5-3a22-427d-ba19-302113af1af2 None None] Resources bound (agent type, host, resource id): {{(pid=102582) schedule /opt/stack/neutron/neutron/scheduler/base_scheduler.py:57}}
Jan 20 14:59:23.746341 dv-osbrick-811717-5-smb neutron-server[102582]: DEBUG neutron.db.l3_dvrscheduler_db [None req-5f8681b5-3a22-427d-ba19-302113af1af2 None None] Received port after_create {{(pid=102582) _notify_l3_agent_new_port /opt/stack/neutron/neutron/db/l3_dvrscheduler_db.py:536}}
Jan 20 14:59:23.770887 dv-osbrick-811717-5-smb neutron-server[102583]: DEBUG neutron.api.rpc.handlers.resources_rpc [None req-23f8f194-a983-451c-a464-14a6f90ac387 None None] Pushing event updated for resources: {'Port': ['ID=47b01766-19a9-4bbb-be56-f4e0a327e2e8,revision_number=4']} {{(pid=102583) push /opt/stack/neutron/neutron/api/rpc/handlers/resources_rpc.py:237}}
Jan 20 14:59:23.793293 dv-osbrick-811717-5-smb neutron-server[102583]: DEBUG neutron.db.l3_dvrscheduler_db [None req-08a3684e-7fe2-4170-abfc-317c72abb053 None None] Routers {'d66382d8-c051-4a2d-8e56-09bcf8526afd'} bound to L3 agent in host dv-osbrick-811717-5-smb {{(pid=102583) _get_router_ids_for_agent /opt/stack/neutron/neutron/db/l3_dvrscheduler_db.py:421}}
Jan 20 14:59:23.794219 dv-osbrick-811717-5-smb neutron-server[102583]: DEBUG neutron.db.l3_hamode_db [None req-08a3684e-7fe2-4170-abfc-317c72abb053 None None] neutron.services.l3_router.l3_router_plugin.L3RouterPlugin method get_ha_sync_data_for_host called with arguments (, 'dv-osbrick-811717-5-smb', Agent(admin_state_up=True,agent_type='L3 agent',availability_zone='nova',binary='neutron-l3-agent',configurations={"agent_mode": "legacy", "ex_gw_ports": 1, "extensions": [], "floating_ips": 0, "handle_internal_only_routers": true, "interface_driver": "openvswitch", "interfaces": 1, "log_agent_heartbeats": false, "routers": 1},created_at=2022-01-20T14:50:55Z,description=,heartbeat_timestamp=2022-01-20T14:58:55Z,host='dv-osbrick-811717-5-smb',id=742eb5eb-6ba2-413f-a116-3f613a63cf80,load=0,resource_versions=,resources_synced=,started_at=2022-01-20T14:50:55Z,topic='l3_agent')) {'router_ids': ['d66382d8-c051-4a2d-8e56-09bcf8526afd'], 'active': True} {{(pid=102583) wrapper /usr/local/lib/python3.8/dist-packages/oslo_log/helpers.py:65}}
Jan 20 14:59:23.798459 dv-osbrick-811717-5-smb neutron-server[102582]: DEBUG neutron.db.provisioning_blocks [None req-4c4ebda6-b399-4ca3-a8f6-bbdbee9ea354 None None] Provisioning complete for port 21d67264-26ec-43e9-aca9-9dea1fe77d39 triggered by entity L2. {{(pid=102582) provisioning_complete /opt/stack/neutron/neutron/db/provisioning_blocks.py:139}}
Jan 20 14:59:23.798811 dv-osbrick-811717-5-smb neutron-server[102582]: DEBUG neutron_lib.callbacks.manager [None req-4c4ebda6-b399-4ca3-a8f6-bbdbee9ea354 None None] Publish callbacks ['neutron.plugins.ml2.plugin.Ml2Plugin._port_provisioned-1610869'] for port (21d67264-26ec-43e9-aca9-9dea1fe77d39), provisioning_complete {{(pid=102582) _notify_loop /usr/local/lib/python3.8/dist-packages/neutron_lib/callbacks/manager.py:176}}
Jan 20 14:59:23.859139 dv-osbrick-811717-5-smb neutron-server[102582]: DEBUG neutron.api.rpc.handlers.resources_rpc [None req-5f8681b5-3a22-427d-ba19-302113af1af2 None None] Pushing event updated for resources: {'Port': ['ID=3cd8178e-fcec-4a8c-a3c0-fde99b5916b9,revision_number=1']} {{(pid=102582) push /opt/stack/neutron/neutron/api/rpc/handlers/resources_rpc.py:237}}
Jan 20 14:59:23.902616 dv-osbrick-811717-5-smb neutron-server[102581]: DEBUG neutron_lib.callbacks.manager [None req-a707ec4e-1cf1-4597-a0f6-34ba4e85163d admin admin] Publish callbacks [] for port (5a44f5ee-7064-4f0a-aad4-f9894d11a4d6), precommit_create {{(pid=102581) _notify_loop /usr/local/lib/python3.8/dist-packages/neutron_lib/callbacks/manager.py:176}}
Jan 20 14:59:23.935303 dv-osbrick-811717-5-smb neutron-server[102582]: DEBUG neutron.api.rpc.handlers.dhcp_rpc [None req-cf121872-761d-49c5-b179-6c3cba78d2df None None] Create dhcp port {'port': {'name': '', 'admin_state_up': True, 'device_id': 'dhcp6e1dd25a-2a34-54b9-8d22-06779bfda924-a03aa490-71f7-4571-aba8-b3cd40dd02e1', 'network_id': 'a03aa490-71f7-4571-aba8-b3cd40dd02e1', 'project_id': '61322ffb9d524dabacb3f9f20a1706db', 'fixed_ips': [{'subnet_id': '7ea1a27f-78db-4f0a-ba08-e0f05099c356'}]}} from dv-osbrick-811717-5-smb. {{(pid=102582) create_dhcp_port /opt/stack/neutron/neutron/api/rpc/handlers/dhcp_rpc.py:268}}
Jan 20 14:59:23.937097 dv-osbrick-811717-5-smb neutron-server[102582]: DEBUG neutron_lib.callbacks.manager [None req-cf121872-761d-49c5-b179-6c3cba78d2df None None] Publish callbacks ['neutron.plugins.ml2.plugin.SecurityGroupDbMixin._ensure_default_security_group_handler-1680850'] for port (None), before_create {{(pid=102582) _notify_loop /usr/local/lib/python3.8/dist-packages/neutron_lib/callbacks/manager.py:176}}
Jan 20 14:59:23.965917 dv-osbrick-811717-5-smb neutron-server[102581]: DEBUG neutron_lib.callbacks.manager [None req-a707ec4e-1cf1-4597-a0f6-34ba4e85163d admin admin] Publish callbacks ['neutron.plugins.ml2.plugin.SecurityGroupServerNotifierRpcMixin._notify_sg_on_port_change-1687099', 'neutron.plugins.ml2.ovo_rpc._ObjectChangeHandler.handle_event-431353', 'neutron.api.rpc.agentnotifiers.dhcp_rpc_agent_api.DhcpAgentNotifyAPI._native_event_send_dhcp_notification-603619', 'neutron.db.l3_dvrscheduler_db._notify_l3_agent_new_port-8732641898581'] for port (5a44f5ee-7064-4f0a-aad4-f9894d11a4d6), after_create {{(pid=102581) _notify_loop /usr/local/lib/python3.8/dist-packages/neutron_lib/callbacks/manager.py:176}}
