Jan 20 15:00:15.284259 dv-osbrick-811717-5-smb devstack@c-api.service[109552]: INFO cinder.api.openstack.wsgi [None req-ff9a87f7-1cb2-470a-89ec-7320fdd05f85 tempest-TestVolumeBootPattern-1811650842 tempest-TestVolumeBootPattern-1811650842-project] http://10.222.0.109/volume/v3/c2f3e13e1bad4e07b3e08040e69dfb0b/volumes/58416866-c96d-4561-adb2-fabbf62f28ec returned with HTTP 200
Jan 20 15:00:15.285278 dv-osbrick-811717-5-smb devstack@c-api.service[109552]: [pid: 109552|app: 0|req: 27/52] 10.222.0.109 () {58 vars in 1329 bytes} [Thu Jan 20 15:00:15 2022] GET /volume/v3/c2f3e13e1bad4e07b3e08040e69dfb0b/volumes/58416866-c96d-4561-adb2-fabbf62f28ec => generated 982 bytes in 39 msecs (HTTP/1.1 200) 7 headers in 285 bytes (1 switches on core 0)
Jan 20 15:00:15.980170 dv-osbrick-811717-5-smb devstack@c-api.service[109551]: INFO cinder.api.openstack.wsgi [None req-9dbfd9af-9344-4b47-aebe-9963ba7a171e tempest-TestMinimumBasicScenario-1645544325 tempest-TestMinimumBasicScenario-1645544325-project] GET http://10.222.0.109/volume/v3/6556f3f3677e4ba7934695014bedf8ef/volumes/d4eb92d1-95f4-471f-ad84-2395505684b3
Jan 20 15:00:15.980872 dv-osbrick-811717-5-smb devstack@c-api.service[109551]: DEBUG cinder.api.openstack.wsgi [None req-9dbfd9af-9344-4b47-aebe-9963ba7a171e tempest-TestMinimumBasicScenario-1645544325 tempest-TestMinimumBasicScenario-1645544325-project] Empty body provided in request {{(pid=109551) get_body /opt/stack/cinder/cinder/api/openstack/wsgi.py:715}}
Jan 20 15:00:15.981282 dv-osbrick-811717-5-smb devstack@c-api.service[109551]: DEBUG cinder.api.openstack.wsgi [None req-9dbfd9af-9344-4b47-aebe-9963ba7a171e tempest-TestMinimumBasicScenario-1645544325 tempest-TestMinimumBasicScenario-1645544325-project] Calling method 'show' {{(pid=109551) _process_stack /opt/stack/cinder/cinder/api/openstack/wsgi.py:868}}
Jan 20 15:00:15.995822 dv-osbrick-811717-5-smb devstack@c-api.service[109551]: /usr/local/lib/python3.8/dist-packages/oslo_context/context.py:105: DeprecationWarning: Policy enforcement is depending on the value of is_admin. This key is deprecated. Please update your policy file to use the standard policy values.
Jan 20 15:00:15.995822 dv-osbrick-811717-5-smb devstack@c-api.service[109551]: warnings.warn('Policy enforcement is depending on the value of '
Jan 20 15:00:16.004471 dv-osbrick-811717-5-smb devstack@c-api.service[109551]: INFO cinder.volume.api [None req-9dbfd9af-9344-4b47-aebe-9963ba7a171e tempest-TestMinimumBasicScenario-1645544325 tempest-TestMinimumBasicScenario-1645544325-project] Volume info retrieved successfully.
Jan 20 15:00:16.013239 dv-osbrick-811717-5-smb devstack@c-api.service[109551]: INFO cinder.api.openstack.wsgi [None req-9dbfd9af-9344-4b47-aebe-9963ba7a171e tempest-TestMinimumBasicScenario-1645544325 tempest-TestMinimumBasicScenario-1645544325-project] http://10.222.0.109/volume/v3/6556f3f3677e4ba7934695014bedf8ef/volumes/d4eb92d1-95f4-471f-ad84-2395505684b3 returned with HTTP 200
Jan 20 15:00:16.013951 dv-osbrick-811717-5-smb devstack@c-api.service[109551]: [pid: 109551|app: 0|req: 26/53] 10.222.0.109 () {58 vars in 1329 bytes} [Thu Jan 20 15:00:15 2022] GET /volume/v3/6556f3f3677e4ba7934695014bedf8ef/volumes/d4eb92d1-95f4-471f-ad84-2395505684b3 => generated 919 bytes in 37 msecs (HTTP/1.1 200) 7 headers in 285 bytes (1 switches on core 0)
Jan 20 15:00:16.036016 dv-osbrick-811717-5-smb devstack@c-api.service[109552]: INFO cinder.api.openstack.wsgi [None req-c6b5435c-bf77-48f7-9fe5-02fade10add6 tempest-TestMinimumBasicScenario-1645544325 tempest-TestMinimumBasicScenario-1645544325-project] GET http://10.222.0.109/volume/v3/6556f3f3677e4ba7934695014bedf8ef/volumes/d4eb92d1-95f4-471f-ad84-2395505684b3
Jan 20 15:00:16.036543 dv-osbrick-811717-5-smb devstack@c-api.service[109552]: DEBUG cinder.api.openstack.wsgi [None req-c6b5435c-bf77-48f7-9fe5-02fade10add6 tempest-TestMinimumBasicScenario-1645544325 tempest-TestMinimumBasicScenario-1645544325-project] Empty body provided in request {{(pid=109552) get_body /opt/stack/cinder/cinder/api/openstack/wsgi.py:715}}
Jan 20 15:00:16.036940 dv-osbrick-811717-5-smb devstack@c-api.service[109552]: DEBUG cinder.api.openstack.wsgi [None req-c6b5435c-bf77-48f7-9fe5-02fade10add6 tempest-TestMinimumBasicScenario-1645544325 tempest-TestMinimumBasicScenario-1645544325-project] Calling method 'show' {{(pid=109552) _process_stack /opt/stack/cinder/cinder/api/openstack/wsgi.py:868}}
Jan 20 15:00:16.050739 dv-osbrick-811717-5-smb devstack@c-api.service[109552]: /usr/local/lib/python3.8/dist-packages/oslo_context/context.py:105: DeprecationWarning: Policy enforcement is depending on the value of is_admin. This key is deprecated. Please update your policy file to use the standard policy values.
Jan 20 15:00:16.050739 dv-osbrick-811717-5-smb devstack@c-api.service[109552]: warnings.warn('Policy enforcement is depending on the value of '
Jan 20 15:00:16.057462 dv-osbrick-811717-5-smb devstack@c-api.service[109552]: INFO cinder.volume.api [None req-c6b5435c-bf77-48f7-9fe5-02fade10add6 tempest-TestMinimumBasicScenario-1645544325 tempest-TestMinimumBasicScenario-1645544325-project] Volume info retrieved successfully.
Jan 20 15:00:16.066169 dv-osbrick-811717-5-smb devstack@c-api.service[109552]: INFO cinder.api.openstack.wsgi [None req-c6b5435c-bf77-48f7-9fe5-02fade10add6 tempest-TestMinimumBasicScenario-1645544325 tempest-TestMinimumBasicScenario-1645544325-project] http://10.222.0.109/volume/v3/6556f3f3677e4ba7934695014bedf8ef/volumes/d4eb92d1-95f4-471f-ad84-2395505684b3 returned with HTTP 200
Jan 20 15:00:16.066886 dv-osbrick-811717-5-smb devstack@c-api.service[109552]: [pid: 109552|app: 0|req: 28/54] 10.222.0.109 () {58 vars in 1329 bytes} [Thu Jan 20 15:00:16 2022] GET /volume/v3/6556f3f3677e4ba7934695014bedf8ef/volumes/d4eb92d1-95f4-471f-ad84-2395505684b3 => generated 919 bytes in 34 msecs (HTTP/1.1 200) 7 headers in 285 bytes (1 switches on core 0)
Jan 20 15:00:16.080698 dv-osbrick-811717-5-smb devstack@c-api.service[109551]: INFO cinder.api.openstack.wsgi [None req-d1eccbf1-bfb5-4465-9651-6d27c4d9ea4d tempest-TestMinimumBasicScenario-1645544325 tempest-TestMinimumBasicScenario-1645544325-project] GET http://10.222.0.109/volume/v3/6556f3f3677e4ba7934695014bedf8ef/volumes
Jan 20 15:00:16.081319 dv-osbrick-811717-5-smb devstack@c-api.service[109551]: DEBUG cinder.api.openstack.wsgi [None req-d1eccbf1-bfb5-4465-9651-6d27c4d9ea4d tempest-TestMinimumBasicScenario-1645544325 tempest-TestMinimumBasicScenario-1645544325-project] Empty body provided in request {{(pid=109551) get_body /opt/stack/cinder/cinder/api/openstack/wsgi.py:715}}
Jan 20 15:00:16.081701 dv-osbrick-811717-5-smb devstack@c-api.service[109551]: DEBUG cinder.api.openstack.wsgi [None req-d1eccbf1-bfb5-4465-9651-6d27c4d9ea4d tempest-TestMinimumBasicScenario-1645544325 tempest-TestMinimumBasicScenario-1645544325-project] Calling method 'index' {{(pid=109551) _process_stack /opt/stack/cinder/cinder/api/openstack/wsgi.py:868}}
Jan 20 15:00:16.082582 dv-osbrick-811717-5-smb devstack@c-api.service[109551]: DEBUG cinder.api.api_utils [None req-d1eccbf1-bfb5-4465-9651-6d27c4d9ea4d tempest-TestMinimumBasicScenario-1645544325 tempest-TestMinimumBasicScenario-1645544325-project] Removing options '' from query. {{(pid=109551) remove_invalid_filter_options /opt/stack/cinder/cinder/api/api_utils.py:73}}
Jan 20 15:00:16.084282 dv-osbrick-811717-5-smb devstack@c-api.service[109551]: DEBUG cinder.volume.api [None req-d1eccbf1-bfb5-4465-9651-6d27c4d9ea4d tempest-TestMinimumBasicScenario-1645544325 tempest-TestMinimumBasicScenario-1645544325-project] Searching by: MultiDict([('no_migration_targets', True)]). {{(pid=109551) get_all /opt/stack/cinder/cinder/volume/api.py:661}}
Jan 20 15:00:16.133939 dv-osbrick-811717-5-smb devstack@c-api.service[109551]: INFO cinder.volume.api [None req-d1eccbf1-bfb5-4465-9651-6d27c4d9ea4d tempest-TestMinimumBasicScenario-1645544325 tempest-TestMinimumBasicScenario-1645544325-project] Get all volumes completed successfully.
Jan 20 15:00:16.134871 dv-osbrick-811717-5-smb devstack@c-api.service[109551]: INFO cinder.api.openstack.wsgi [None req-d1eccbf1-bfb5-4465-9651-6d27c4d9ea4d tempest-TestMinimumBasicScenario-1645544325 tempest-TestMinimumBasicScenario-1645544325-project] http://10.222.0.109/volume/v3/6556f3f3677e4ba7934695014bedf8ef/volumes returned with HTTP 200
Jan 20 15:00:16.135630 dv-osbrick-811717-5-smb devstack@c-api.service[109551]: [pid: 109551|app: 0|req: 27/55] 10.222.0.109 () {58 vars in 1218 bytes} [Thu Jan 20 15:00:16 2022] GET /volume/v3/6556f3f3677e4ba7934695014bedf8ef/volumes => generated 407 bytes in 58 msecs (HTTP/1.1 200) 7 headers in 285 bytes (1 switches on core 0)
Jan 20 15:00:16.146002 dv-osbrick-811717-5-smb devstack@c-api.service[109552]: INFO cinder.api.openstack.wsgi [None req-02230156-8a28-442f-9a76-efbcdeffc092 tempest-TestMinimumBasicScenario-1645544325 tempest-TestMinimumBasicScenario-1645544325-project] GET http://10.222.0.109/volume/v3/6556f3f3677e4ba7934695014bedf8ef/volumes/d4eb92d1-95f4-471f-ad84-2395505684b3
Jan 20 15:00:16.146445 dv-osbrick-811717-5-smb devstack@c-api.service[109552]: DEBUG cinder.api.openstack.wsgi [None req-02230156-8a28-442f-9a76-efbcdeffc092 tempest-TestMinimumBasicScenario-1645544325 tempest-TestMinimumBasicScenario-1645544325-project] Empty body provided in request {{(pid=109552) get_body /opt/stack/cinder/cinder/api/openstack/wsgi.py:715}}
Jan 20 15:00:16.146903 dv-osbrick-811717-5-smb devstack@c-api.service[109552]: DEBUG cinder.api.openstack.wsgi [None req-02230156-8a28-442f-9a76-efbcdeffc092 tempest-TestMinimumBasicScenario-1645544325 tempest-TestMinimumBasicScenario-1645544325-project] Calling method 'show' {{(pid=109552) _process_stack /opt/stack/cinder/cinder/api/openstack/wsgi.py:868}}
Jan 20 15:00:16.160615 dv-osbrick-811717-5-smb devstack@c-api.service[109552]: /usr/local/lib/python3.8/dist-packages/oslo_context/context.py:105: DeprecationWarning: Policy enforcement is depending on the value of is_admin. This key is deprecated. Please update your policy file to use the standard policy values.
Jan 20 15:00:16.160615 dv-osbrick-811717-5-smb devstack@c-api.service[109552]: warnings.warn('Policy enforcement is depending on the value of '
Jan 20 15:00:16.167550 dv-osbrick-811717-5-smb devstack@c-api.service[109552]: INFO cinder.volume.api [None req-02230156-8a28-442f-9a76-efbcdeffc092 tempest-TestMinimumBasicScenario-1645544325 tempest-TestMinimumBasicScenario-1645544325-project] Volume info retrieved successfully.
Jan 20 15:00:16.176787 dv-osbrick-811717-5-smb devstack@c-api.service[109552]: INFO cinder.api.openstack.wsgi [None req-02230156-8a28-442f-9a76-efbcdeffc092 tempest-TestMinimumBasicScenario-1645544325 tempest-TestMinimumBasicScenario-1645544325-project] http://10.222.0.109/volume/v3/6556f3f3677e4ba7934695014bedf8ef/volumes/d4eb92d1-95f4-471f-ad84-2395505684b3 returned with HTTP 200
Jan 20 15:00:16.177566 dv-osbrick-811717-5-smb devstack@c-api.service[109552]: [pid: 109552|app: 0|req: 29/56] 10.222.0.109 () {58 vars in 1329 bytes} [Thu Jan 20 15:00:16 2022] GET /volume/v3/6556f3f3677e4ba7934695014bedf8ef/volumes/d4eb92d1-95f4-471f-ad84-2395505684b3 => generated 919 bytes in 35 msecs (HTTP/1.1 200) 7 headers in 285 bytes (1 switches on core 0)
Jan 20 15:00:16.297236 dv-osbrick-811717-5-smb devstack@c-api.service[109551]: WARNING keystonemiddleware.auth_token [None req-d1eccbf1-bfb5-4465-9651-6d27c4d9ea4d tempest-TestMinimumBasicScenario-1645544325 tempest-TestMinimumBasicScenario-1645544325-project] A valid token was submitted as a service token, but it was not a valid service token. This is incorrect but backwards compatible behaviour. This will be removed in future releases.
Jan 20 15:00:16.300094 dv-osbrick-811717-5-smb devstack@c-api.service[109551]: INFO cinder.api.openstack.wsgi [req-6885a355-1785-4798-b40b-8d61bd05d3f0 req-0c53df42-2af4-4864-b1a3-f321efd0777d tempest-TestMinimumBasicScenario-1645544325 tempest-TestMinimumBasicScenario-1645544325-project] GET http://10.222.0.109/volume/v3/6556f3f3677e4ba7934695014bedf8ef/volumes/d4eb92d1-95f4-471f-ad84-2395505684b3
Jan 20 15:00:16.300397 dv-osbrick-811717-5-smb devstack@c-api.service[109552]: INFO cinder.api.openstack.wsgi [None req-0ae1da49-473f-412c-b3fd-ea1e0ac8b46f tempest-TestVolumeBootPattern-1811650842 tempest-TestVolumeBootPattern-1811650842-project] GET http://10.222.0.109/volume/v3/c2f3e13e1bad4e07b3e08040e69dfb0b/volumes/58416866-c96d-4561-adb2-fabbf62f28ec
Jan 20 15:00:16.300549 dv-osbrick-811717-5-smb devstack@c-api.service[109551]: DEBUG cinder.api.openstack.wsgi [req-6885a355-1785-4798-b40b-8d61bd05d3f0 req-0c53df42-2af4-4864-b1a3-f321efd0777d tempest-TestMinimumBasicScenario-1645544325 tempest-TestMinimumBasicScenario-1645544325-project] Empty body provided in request {{(pid=109551) get_body /opt/stack/cinder/cinder/api/openstack/wsgi.py:715}}
Jan 20 15:00:16.300918 dv-osbrick-811717-5-smb devstack@c-api.service[109552]: DEBUG cinder.api.openstack.wsgi [None req-0ae1da49-473f-412c-b3fd-ea1e0ac8b46f tempest-TestVolumeBootPattern-1811650842 tempest-TestVolumeBootPattern-1811650842-project] Empty body provided in request {{(pid=109552) get_body /opt/stack/cinder/cinder/api/openstack/wsgi.py:715}}
Jan 20 15:00:16.301066 dv-osbrick-811717-5-smb devstack@c-api.service[109551]: DEBUG cinder.api.openstack.wsgi [req-6885a355-1785-4798-b40b-8d61bd05d3f0 req-0c53df42-2af4-4864-b1a3-f321efd0777d tempest-TestMinimumBasicScenario-1645544325 tempest-TestMinimumBasicScenario-1645544325-project] Calling method 'show' {{(pid=109551) _process_stack /opt/stack/cinder/cinder/api/openstack/wsgi.py:868}}
Jan 20 15:00:16.301379 dv-osbrick-811717-5-smb devstack@c-api.service[109552]: DEBUG cinder.api.openstack.wsgi [None req-0ae1da49-473f-412c-b3fd-ea1e0ac8b46f tempest-TestVolumeBootPattern-1811650842 tempest-TestVolumeBootPattern-1811650842-project] Calling method 'show' {{(pid=109552) _process_stack /opt/stack/cinder/cinder/api/openstack/wsgi.py:868}}
Jan 20 15:00:16.315418 dv-osbrick-811717-5-smb devstack@c-api.service[109551]: /usr/local/lib/python3.8/dist-packages/oslo_context/context.py:105: DeprecationWarning: Policy enforcement is depending on the value of is_admin. This key is deprecated. Please update your policy file to use the standard policy values.
Jan 20 15:00:16.315418 dv-osbrick-811717-5-smb devstack@c-api.service[109551]: warnings.warn('Policy enforcement is depending on the value of '
Jan 20 15:00:16.316101 dv-osbrick-811717-5-smb devstack@c-api.service[109552]: /usr/local/lib/python3.8/dist-packages/oslo_context/context.py:105: DeprecationWarning: Policy enforcement is depending on the value of is_admin. This key is deprecated. Please update your policy file to use the standard policy values.
Jan 20 15:00:16.316101 dv-osbrick-811717-5-smb devstack@c-api.service[109552]: warnings.warn('Policy enforcement is depending on the value of '
Jan 20 15:00:16.323034 dv-osbrick-811717-5-smb devstack@c-api.service[109551]: INFO cinder.volume.api [req-6885a355-1785-4798-b40b-8d61bd05d3f0 req-0c53df42-2af4-4864-b1a3-f321efd0777d tempest-TestMinimumBasicScenario-1645544325 tempest-TestMinimumBasicScenario-1645544325-project] Volume info retrieved successfully.
Jan 20 15:00:16.323244 dv-osbrick-811717-5-smb devstack@c-api.service[109552]: INFO cinder.volume.api [None req-0ae1da49-473f-412c-b3fd-ea1e0ac8b46f tempest-TestVolumeBootPattern-1811650842 tempest-TestVolumeBootPattern-1811650842-project] Volume info retrieved successfully.
Jan 20 15:00:16.333659 dv-osbrick-811717-5-smb devstack@c-api.service[109552]: INFO cinder.api.openstack.wsgi [None req-0ae1da49-473f-412c-b3fd-ea1e0ac8b46f tempest-TestVolumeBootPattern-1811650842 tempest-TestVolumeBootPattern-1811650842-project] http://10.222.0.109/volume/v3/c2f3e13e1bad4e07b3e08040e69dfb0b/volumes/58416866-c96d-4561-adb2-fabbf62f28ec returned with HTTP 200
Jan 20 15:00:16.334553 dv-osbrick-811717-5-smb devstack@c-api.service[109552]: [pid: 109552|app: 0|req: 30/57] 10.222.0.109 () {58 vars in 1329 bytes} [Thu Jan 20 15:00:16 2022] GET /volume/v3/c2f3e13e1bad4e07b3e08040e69dfb0b/volumes/58416866-c96d-4561-adb2-fabbf62f28ec => generated 982 bytes in 38 msecs (HTTP/1.1 200) 7 headers in 285 bytes (2 switches on core 0)
Jan 20 15:00:16.339428 dv-osbrick-811717-5-smb devstack@c-api.service[109551]: INFO cinder.api.openstack.wsgi [req-6885a355-1785-4798-b40b-8d61bd05d3f0 req-0c53df42-2af4-4864-b1a3-f321efd0777d tempest-TestMinimumBasicScenario-1645544325 tempest-TestMinimumBasicScenario-1645544325-project] http://10.222.0.109/volume/v3/6556f3f3677e4ba7934695014bedf8ef/volumes/d4eb92d1-95f4-471f-ad84-2395505684b3 returned with HTTP 200
Jan 20 15:00:16.340723 dv-osbrick-811717-5-smb devstack@c-api.service[109551]: [pid: 109551|app: 0|req: 28/58] 10.222.0.109 () {60 vars in 1583 bytes} [Thu Jan 20 15:00:16 2022] GET /volume/v3/6556f3f3677e4ba7934695014bedf8ef/volumes/d4eb92d1-95f4-471f-ad84-2395505684b3 => generated 919 bytes in 45 msecs (HTTP/1.1 200) 7 headers in 285 bytes (1 switches on core 0)
Jan 20 15:00:16.465292 dv-osbrick-811717-5-smb devstack@c-api.service[109552]: INFO cinder.api.openstack.wsgi [None req-0ae1da49-473f-412c-b3fd-ea1e0ac8b46f tempest-TestVolumeBootPattern-1811650842 tempest-TestVolumeBootPattern-1811650842-project] GET http://10.222.0.109/volume//
Jan 20 15:00:16.465807 dv-osbrick-811717-5-smb devstack@c-api.service[109552]: DEBUG cinder.api.openstack.wsgi [None req-0ae1da49-473f-412c-b3fd-ea1e0ac8b46f tempest-TestVolumeBootPattern-1811650842 tempest-TestVolumeBootPattern-1811650842-project] Empty body provided in request {{(pid=109552) get_body /opt/stack/cinder/cinder/api/openstack/wsgi.py:715}}
Jan 20 15:00:16.466948 dv-osbrick-811717-5-smb devstack@c-api.service[109552]: DEBUG cinder.api.openstack.wsgi [None req-0ae1da49-473f-412c-b3fd-ea1e0ac8b46f tempest-TestVolumeBootPattern-1811650842 tempest-TestVolumeBootPattern-1811650842-project] Calling method 'all' {{(pid=109552) _process_stack /opt/stack/cinder/cinder/api/openstack/wsgi.py:868}}
Jan 20 15:00:16.468061 dv-osbrick-811717-5-smb devstack@c-api.service[109552]: INFO cinder.api.openstack.wsgi [None req-0ae1da49-473f-412c-b3fd-ea1e0ac8b46f tempest-TestVolumeBootPattern-1811650842 tempest-TestVolumeBootPattern-1811650842-project] http://10.222.0.109/volume// returned with HTTP 300
Jan 20 15:00:16.468810 dv-osbrick-811717-5-smb devstack@c-api.service[109552]: [pid: 109552|app: 0|req: 31/59] 10.222.0.109 () {58 vars in 1304 bytes} [Thu Jan 20 15:00:16 2022] GET /volume/ => generated 387 bytes in 4 msecs (HTTP/1.1 300) 5 headers in 169 bytes (1 switches on core 0)
Jan 20 15:00:16.479443 dv-osbrick-811717-5-smb devstack@c-api.service[109551]: INFO cinder.api.openstack.wsgi [req-6885a355-1785-4798-b40b-8d61bd05d3f0 req-b96cbbc1-be71-47ba-bf74-86be6f7a5cb2 tempest-TestMinimumBasicScenario-1645544325 tempest-TestMinimumBasicScenario-1645544325-project] POST http://10.222.0.109/volume/v3/6556f3f3677e4ba7934695014bedf8ef/attachments
Jan 20 15:00:16.480198 dv-osbrick-811717-5-smb devstack@c-api.service[109551]: DEBUG cinder.api.openstack.wsgi [req-6885a355-1785-4798-b40b-8d61bd05d3f0 req-b96cbbc1-be71-47ba-bf74-86be6f7a5cb2 tempest-TestMinimumBasicScenario-1645544325 tempest-TestMinimumBasicScenario-1645544325-project] Action: 'create', calling method: version_select, body: {"attachment": {"volume_uuid": "d4eb92d1-95f4-471f-ad84-2395505684b3", "connector": null, "instance_uuid": "cb3a8827-bd1b-42dd-b88d-ae3b2b58d248"}} {{(pid=109551) _process_stack /opt/stack/cinder/cinder/api/openstack/wsgi.py:866}}
Jan 20 15:00:16.496350 dv-osbrick-811717-5-smb devstack@c-api.service[109551]: /usr/local/lib/python3.8/dist-packages/oslo_context/context.py:105: DeprecationWarning: Policy enforcement is depending on the value of is_admin. This key is deprecated. Please update your policy file to use the standard policy values.
Jan 20 15:00:16.496350 dv-osbrick-811717-5-smb devstack@c-api.service[109551]: warnings.warn('Policy enforcement is depending on the value of '
Jan 20 15:00:16.582850 dv-osbrick-811717-5-smb devstack@c-api.service[109551]: INFO cinder.api.openstack.wsgi [req-6885a355-1785-4798-b40b-8d61bd05d3f0 req-b96cbbc1-be71-47ba-bf74-86be6f7a5cb2 tempest-TestMinimumBasicScenario-1645544325 tempest-TestMinimumBasicScenario-1645544325-project] http://10.222.0.109/volume/v3/6556f3f3677e4ba7934695014bedf8ef/attachments returned with HTTP 200
Jan 20 15:00:16.583574 dv-osbrick-811717-5-smb devstack@c-api.service[109551]: [pid: 109551|app: 0|req: 29/60] 10.222.0.109 () {66 vars in 1579 bytes} [Thu Jan 20 15:00:16 2022] POST /volume/v3/6556f3f3677e4ba7934695014bedf8ef/attachments => generated 273 bytes in 109 msecs (HTTP/1.1 200) 7 headers in 286 bytes (1 switches on core 0)
Jan 20 15:00:16.623666 dv-osbrick-811717-5-smb devstack@c-api.service[109552]: INFO cinder.api.openstack.wsgi [None req-51fc7043-eb30-47cd-adb5-a2a6548199ac tempest-TestMinimumBasicScenario-1645544325 tempest-TestMinimumBasicScenario-1645544325-project] GET http://10.222.0.109/volume/v3/6556f3f3677e4ba7934695014bedf8ef/volumes/d4eb92d1-95f4-471f-ad84-2395505684b3
Jan 20 15:00:16.624114 dv-osbrick-811717-5-smb devstack@c-api.service[109552]: DEBUG cinder.api.openstack.wsgi [None req-51fc7043-eb30-47cd-adb5-a2a6548199ac tempest-TestMinimumBasicScenario-1645544325 tempest-TestMinimumBasicScenario-1645544325-project] Empty body provided in request {{(pid=109552) get_body /opt/stack/cinder/cinder/api/openstack/wsgi.py:715}}
Jan 20 15:00:16.624573 dv-osbrick-811717-5-smb devstack@c-api.service[109552]: DEBUG cinder.api.openstack.wsgi [None req-51fc7043-eb30-47cd-adb5-a2a6548199ac tempest-TestMinimumBasicScenario-1645544325 tempest-TestMinimumBasicScenario-1645544325-project] Calling method 'show' {{(pid=109552) _process_stack /opt/stack/cinder/cinder/api/openstack/wsgi.py:868}}
Jan 20 15:00:16.646570 dv-osbrick-811717-5-smb devstack@c-api.service[109551]: INFO cinder.api.openstack.wsgi [req-6885a355-1785-4798-b40b-8d61bd05d3f0 req-b96cbbc1-be71-47ba-bf74-86be6f7a5cb2 tempest-TestMinimumBasicScenario-1645544325 tempest-TestMinimumBasicScenario-1645544325-project] GET http://10.222.0.109/volume//
Jan 20 15:00:16.646827 dv-osbrick-811717-5-smb devstack@c-api.service[109552]: /usr/local/lib/python3.8/dist-packages/oslo_context/context.py:105: DeprecationWarning: Policy enforcement is depending on the value of is_admin. This key is deprecated. Please update your policy file to use the standard policy values.
Jan 20 15:00:16.646827 dv-osbrick-811717-5-smb devstack@c-api.service[109552]: warnings.warn('Policy enforcement is depending on the value of '
Jan 20 15:00:16.647107 dv-osbrick-811717-5-smb devstack@c-api.service[109551]: DEBUG cinder.api.openstack.wsgi [req-6885a355-1785-4798-b40b-8d61bd05d3f0 req-b96cbbc1-be71-47ba-bf74-86be6f7a5cb2 tempest-TestMinimumBasicScenario-1645544325 tempest-TestMinimumBasicScenario-1645544325-project] Empty body provided in request {{(pid=109551) get_body /opt/stack/cinder/cinder/api/openstack/wsgi.py:715}}
Jan 20 15:00:16.647419 dv-osbrick-811717-5-smb devstack@c-api.service[109551]: DEBUG cinder.api.openstack.wsgi [req-6885a355-1785-4798-b40b-8d61bd05d3f0 req-b96cbbc1-be71-47ba-bf74-86be6f7a5cb2 tempest-TestMinimumBasicScenario-1645544325 tempest-TestMinimumBasicScenario-1645544325-project] Calling method 'all' {{(pid=109551) _process_stack /opt/stack/cinder/cinder/api/openstack/wsgi.py:868}}
Jan 20 15:00:16.648399 dv-osbrick-811717-5-smb devstack@c-api.service[109551]: INFO cinder.api.openstack.wsgi [req-6885a355-1785-4798-b40b-8d61bd05d3f0 req-b96cbbc1-be71-47ba-bf74-86be6f7a5cb2 tempest-TestMinimumBasicScenario-1645544325 tempest-TestMinimumBasicScenario-1645544325-project] http://10.222.0.109/volume// returned with HTTP 300
Jan 20 15:00:16.649112 dv-osbrick-811717-5-smb devstack@c-api.service[109551]: [pid: 109551|app: 0|req: 30/61] 10.222.0.88 () {56 vars in 1102 bytes} [Thu Jan 20 15:00:16 2022] GET /volume/ => generated 387 bytes in 3 msecs (HTTP/1.1 300) 5 headers in 169 bytes (2 switches on core 0)
Jan 20 15:00:16.655942 dv-osbrick-811717-5-smb devstack@c-api.service[109552]: INFO cinder.volume.api [None req-51fc7043-eb30-47cd-adb5-a2a6548199ac tempest-TestMinimumBasicScenario-1645544325 tempest-TestMinimumBasicScenario-1645544325-project] Volume info retrieved successfully.
Jan 20 15:00:16.664850 dv-osbrick-811717-5-smb devstack@c-api.service[109552]: INFO cinder.api.openstack.wsgi [None req-51fc7043-eb30-47cd-adb5-a2a6548199ac tempest-TestMinimumBasicScenario-1645544325 tempest-TestMinimumBasicScenario-1645544325-project] http://10.222.0.109/volume/v3/6556f3f3677e4ba7934695014bedf8ef/volumes/d4eb92d1-95f4-471f-ad84-2395505684b3 returned with HTTP 200
Jan 20 15:00:16.665579 dv-osbrick-811717-5-smb devstack@c-api.service[109552]: [pid: 109552|app: 0|req: 32/62] 10.222.0.109 () {58 vars in 1329 bytes} [Thu Jan 20 15:00:16 2022] GET /volume/v3/6556f3f3677e4ba7934695014bedf8ef/volumes/d4eb92d1-95f4-471f-ad84-2395505684b3 => generated 918 bytes in 46 msecs (HTTP/1.1 200) 7 headers in 285 bytes (1 switches on core 0)
Jan 20 15:00:16.703032 dv-osbrick-811717-5-smb devstack@c-api.service[109551]: INFO cinder.api.openstack.wsgi [req-6885a355-1785-4798-b40b-8d61bd05d3f0 req-467efd53-cc55-4d3a-b80c-ab8a25a7d985 tempest-TestMinimumBasicScenario-1645544325 tempest-TestMinimumBasicScenario-1645544325-project] GET http://10.222.0.109/volume/v3/6556f3f3677e4ba7934695014bedf8ef/volumes/d4eb92d1-95f4-471f-ad84-2395505684b3
Jan 20 15:00:16.703565 dv-osbrick-811717-5-smb devstack@c-api.service[109551]: DEBUG cinder.api.openstack.wsgi [req-6885a355-1785-4798-b40b-8d61bd05d3f0 req-467efd53-cc55-4d3a-b80c-ab8a25a7d985 tempest-TestMinimumBasicScenario-1645544325 tempest-TestMinimumBasicScenario-1645544325-project] Empty body provided in request {{(pid=109551) get_body /opt/stack/cinder/cinder/api/openstack/wsgi.py:715}}
Jan 20 15:00:16.704155 dv-osbrick-811717-5-smb devstack@c-api.service[109551]: DEBUG cinder.api.openstack.wsgi [req-6885a355-1785-4798-b40b-8d61bd05d3f0 req-467efd53-cc55-4d3a-b80c-ab8a25a7d985 tempest-TestMinimumBasicScenario-1645544325 tempest-TestMinimumBasicScenario-1645544325-project] Calling method 'show' {{(pid=109551) _process_stack /opt/stack/cinder/cinder/api/openstack/wsgi.py:868}}
Jan 20 15:00:16.722388 dv-osbrick-811717-5-smb devstack@c-api.service[109551]: /usr/local/lib/python3.8/dist-packages/oslo_context/context.py:105: DeprecationWarning: Policy enforcement is depending on the value of is_admin. This key is deprecated. Please update your policy file to use the standard policy values.
Jan 20 15:00:16.722388 dv-osbrick-811717-5-smb devstack@c-api.service[109551]: warnings.warn('Policy enforcement is depending on the value of '
Jan 20 15:00:16.728999 dv-osbrick-811717-5-smb devstack@c-api.service[109551]: INFO cinder.volume.api [req-6885a355-1785-4798-b40b-8d61bd05d3f0 req-467efd53-cc55-4d3a-b80c-ab8a25a7d985 tempest-TestMinimumBasicScenario-1645544325 tempest-TestMinimumBasicScenario-1645544325-project] Volume info retrieved successfully.
Jan 20 15:00:16.737327 dv-osbrick-811717-5-smb devstack@c-api.service[109551]: INFO cinder.api.openstack.wsgi [req-6885a355-1785-4798-b40b-8d61bd05d3f0 req-467efd53-cc55-4d3a-b80c-ab8a25a7d985 tempest-TestMinimumBasicScenario-1645544325 tempest-TestMinimumBasicScenario-1645544325-project] http://10.222.0.109/volume/v3/6556f3f3677e4ba7934695014bedf8ef/volumes/d4eb92d1-95f4-471f-ad84-2395505684b3 returned with HTTP 200
Jan 20 15:00:16.738045 dv-osbrick-811717-5-smb devstack@c-api.service[109551]: [pid: 109551|app: 0|req: 31/63] 10.222.0.88 () {60 vars in 1416 bytes} [Thu Jan 20 15:00:16 2022] GET /volume/v3/6556f3f3677e4ba7934695014bedf8ef/volumes/d4eb92d1-95f4-471f-ad84-2395505684b3 => generated 1017 bytes in 39 msecs (HTTP/1.1 200) 7 headers in 287 bytes (1 switches on core 0)
Jan 20 15:00:16.842021 dv-osbrick-811717-5-smb devstack@c-api.service[109552]: INFO cinder.api.openstack.wsgi [req-6885a355-1785-4798-b40b-8d61bd05d3f0 req-3dd4e4c3-69f5-4c86-ab79-3419a689b029 tempest-TestMinimumBasicScenario-1645544325 tempest-TestMinimumBasicScenario-1645544325-project] PUT http://10.222.0.109/volume/v3/6556f3f3677e4ba7934695014bedf8ef/attachments/1751d140-90a2-4801-9e66-5583f0fc3ceb
Jan 20 15:00:16.842706 dv-osbrick-811717-5-smb devstack@c-api.service[109552]: DEBUG cinder.api.openstack.wsgi [req-6885a355-1785-4798-b40b-8d61bd05d3f0 req-3dd4e4c3-69f5-4c86-ab79-3419a689b029 tempest-TestMinimumBasicScenario-1645544325 tempest-TestMinimumBasicScenario-1645544325-project] Action: 'update', calling method: version_select, body: {"attachment": {"connector": {"platform": "AMD64", "os_type": "win32", "ip": "10.222.0.88", "host": "hv-osbrick-8117", "multipath": false, "initiator": "iqn.1991-05.com.microsoft:hv-osbrick-8117", "mountpoint": "/dev/sdb"}}} {{(pid=109552) _process_stack /opt/stack/cinder/cinder/api/openstack/wsgi.py:866}}
Jan 20 15:00:16.884520 dv-osbrick-811717-5-smb devstack@c-api.service[109552]: /usr/local/lib/python3.8/dist-packages/tenacity/__init__.py:333: DeprecationWarning: "retry" function must accept single "retry_state" parameter, please update tooz._retry.retry..
Jan 20 15:00:16.884520 dv-osbrick-811717-5-smb devstack@c-api.service[109552]: return self(f, *args, **kw)
Jan 20 15:00:16.885065 dv-osbrick-811717-5-smb devstack@c-api.service[109552]: DEBUG cinder.coordination [req-6885a355-1785-4798-b40b-8d61bd05d3f0 req-3dd4e4c3-69f5-4c86-ab79-3419a689b029 tempest-TestMinimumBasicScenario-1645544325 tempest-TestMinimumBasicScenario-1645544325-project] Lock "b'cinder-attachment_update-d4eb92d1-95f4-471f-ad84-2395505684b3-hv-osbrick-8117'" acquired by "attachment_update" :: waited 0.012s {{(pid=109552) _synchronized /opt/stack/cinder/cinder/coordination.py:186}}
Jan 20 15:00:16.887304 dv-osbrick-811717-5-smb devstack@c-api.service[109552]: /usr/local/lib/python3.8/dist-packages/oslo_context/context.py:105: DeprecationWarning: Policy enforcement is depending on the value of is_admin. This key is deprecated. Please update your policy file to use the standard policy values.
Jan 20 15:00:16.887304 dv-osbrick-811717-5-smb devstack@c-api.service[109552]: warnings.warn('Policy enforcement is depending on the value of '
Jan 20 15:00:17.258846 dv-osbrick-811717-5-smb devstack@c-api.service[109552]: DEBUG cinder.coordination [req-6885a355-1785-4798-b40b-8d61bd05d3f0 req-3dd4e4c3-69f5-4c86-ab79-3419a689b029 tempest-TestMinimumBasicScenario-1645544325 tempest-TestMinimumBasicScenario-1645544325-project] Lock "b'cinder-attachment_update-d4eb92d1-95f4-471f-ad84-2395505684b3-hv-osbrick-8117'" released by "attachment_update" :: held 0.374s {{(pid=109552) _synchronized /opt/stack/cinder/cinder/coordination.py:198}}
Jan 20 15:00:17.259417 dv-osbrick-811717-5-smb devstack@c-api.service[109552]: INFO cinder.api.openstack.wsgi [req-6885a355-1785-4798-b40b-8d61bd05d3f0 req-3dd4e4c3-69f5-4c86-ab79-3419a689b029 tempest-TestMinimumBasicScenario-1645544325 tempest-TestMinimumBasicScenario-1645544325-project] http://10.222.0.109/volume/v3/6556f3f3677e4ba7934695014bedf8ef/attachments/1751d140-90a2-4801-9e66-5583f0fc3ceb returned with HTTP 200
Jan 20 15:00:17.260304 dv-osbrick-811717-5-smb devstack@c-api.service[109552]: [pid: 109552|app: 0|req: 33/64] 10.222.0.88 () {64 vars in 1481 bytes} [Thu Jan 20 15:00:16 2022] PUT /volume/v3/6556f3f3677e4ba7934695014bedf8ef/attachments/1751d140-90a2-4801-9e66-5583f0fc3ceb => generated 652 bytes in 423 msecs (HTTP/1.1 200) 7 headers in 286 bytes (2 switches on core 0)
Jan 20 15:00:17.349402 dv-osbrick-811717-5-smb devstack@c-api.service[109551]: INFO cinder.api.openstack.wsgi [None req-53077d5c-b4f2-4dfc-aae3-4ecaccc74075 tempest-TestVolumeBootPattern-1811650842 tempest-TestVolumeBootPattern-1811650842-project] GET http://10.222.0.109/volume/v3/c2f3e13e1bad4e07b3e08040e69dfb0b/volumes/58416866-c96d-4561-adb2-fabbf62f28ec
Jan 20 15:00:17.349961 dv-osbrick-811717-5-smb devstack@c-api.service[109551]: DEBUG cinder.api.openstack.wsgi [None req-53077d5c-b4f2-4dfc-aae3-4ecaccc74075 tempest-TestVolumeBootPattern-1811650842 tempest-TestVolumeBootPattern-1811650842-project] Empty body provided in request {{(pid=109551) get_body /opt/stack/cinder/cinder/api/openstack/wsgi.py:715}}
Jan 20 15:00:17.350330 dv-osbrick-811717-5-smb devstack@c-api.service[109551]: DEBUG cinder.api.openstack.wsgi [None req-53077d5c-b4f2-4dfc-aae3-4ecaccc74075 tempest-TestVolumeBootPattern-1811650842 tempest-TestVolumeBootPattern-1811650842-project] Calling method 'show' {{(pid=109551) _process_stack /opt/stack/cinder/cinder/api/openstack/wsgi.py:868}}
Jan 20 15:00:17.364904 dv-osbrick-811717-5-smb devstack@c-api.service[109551]: /usr/local/lib/python3.8/dist-packages/oslo_context/context.py:105: DeprecationWarning: Policy enforcement is depending on the value of is_admin. This key is deprecated. Please update your policy file to use the standard policy values.
Jan 20 15:00:17.364904 dv-osbrick-811717-5-smb devstack@c-api.service[109551]: warnings.warn('Policy enforcement is depending on the value of '
Jan 20 15:00:17.372386 dv-osbrick-811717-5-smb devstack@c-api.service[109551]: INFO cinder.volume.api [None req-53077d5c-b4f2-4dfc-aae3-4ecaccc74075 tempest-TestVolumeBootPattern-1811650842 tempest-TestVolumeBootPattern-1811650842-project] Volume info retrieved successfully.
Jan 20 15:00:17.382145 dv-osbrick-811717-5-smb devstack@c-api.service[109551]: INFO cinder.api.openstack.wsgi [None req-53077d5c-b4f2-4dfc-aae3-4ecaccc74075 tempest-TestVolumeBootPattern-1811650842 tempest-TestVolumeBootPattern-1811650842-project] http://10.222.0.109/volume/v3/c2f3e13e1bad4e07b3e08040e69dfb0b/volumes/58416866-c96d-4561-adb2-fabbf62f28ec returned with HTTP 200
Jan 20 15:00:17.382884 dv-osbrick-811717-5-smb devstack@c-api.service[109551]: [pid: 109551|app: 0|req: 32/65] 10.222.0.109 () {58 vars in 1329 bytes} [Thu Jan 20 15:00:17 2022] GET /volume/v3/c2f3e13e1bad4e07b3e08040e69dfb0b/volumes/58416866-c96d-4561-adb2-fabbf62f28ec => generated 982 bytes in 37 msecs (HTTP/1.1 200) 7 headers in 285 bytes (1 switches on core 0)
Jan 20 15:00:17.681797 dv-osbrick-811717-5-smb devstack@c-api.service[109552]: INFO cinder.api.openstack.wsgi [None req-051b3826-4a53-4755-a4ab-0d45f96c9a37 tempest-TestMinimumBasicScenario-1645544325 tempest-TestMinimumBasicScenario-1645544325-project] GET http://10.222.0.109/volume/v3/6556f3f3677e4ba7934695014bedf8ef/volumes/d4eb92d1-95f4-471f-ad84-2395505684b3
Jan 20 15:00:17.682373 dv-osbrick-811717-5-smb devstack@c-api.service[109552]: DEBUG cinder.api.openstack.wsgi [None req-051b3826-4a53-4755-a4ab-0d45f96c9a37 tempest-TestMinimumBasicScenario-1645544325 tempest-TestMinimumBasicScenario-1645544325-project] Empty body provided in request {{(pid=109552) get_body /opt/stack/cinder/cinder/api/openstack/wsgi.py:715}}
Jan 20 15:00:17.682977 dv-osbrick-811717-5-smb devstack@c-api.service[109552]: DEBUG cinder.api.openstack.wsgi [None req-051b3826-4a53-4755-a4ab-0d45f96c9a37 tempest-TestMinimumBasicScenario-1645544325 tempest-TestMinimumBasicScenario-1645544325-project] Calling method 'show' {{(pid=109552) _process_stack /opt/stack/cinder/cinder/api/openstack/wsgi.py:868}}
Jan 20 15:00:17.703211 dv-osbrick-811717-5-smb devstack@c-api.service[109552]: /usr/local/lib/python3.8/dist-packages/oslo_context/context.py:105: DeprecationWarning: Policy enforcement is depending on the value of is_admin. This key is deprecated. Please update your policy file to use the standard policy values.
Jan 20 15:00:17.703211 dv-osbrick-811717-5-smb devstack@c-api.service[109552]: warnings.warn('Policy enforcement is depending on the value of '
Jan 20 15:00:17.710693 dv-osbrick-811717-5-smb devstack@c-api.service[109552]: INFO cinder.volume.api [None req-051b3826-4a53-4755-a4ab-0d45f96c9a37 tempest-TestMinimumBasicScenario-1645544325 tempest-TestMinimumBasicScenario-1645544325-project] Volume info retrieved successfully.
Jan 20 15:00:17.719715 dv-osbrick-811717-5-smb devstack@c-api.service[109552]: INFO cinder.api.openstack.wsgi [None req-051b3826-4a53-4755-a4ab-0d45f96c9a37 tempest-TestMinimumBasicScenario-1645544325 tempest-TestMinimumBasicScenario-1645544325-project] http://10.222.0.109/volume/v3/6556f3f3677e4ba7934695014bedf8ef/volumes/d4eb92d1-95f4-471f-ad84-2395505684b3 returned with HTTP 200
Jan 20 15:00:17.720453 dv-osbrick-811717-5-smb devstack@c-api.service[109552]: [pid: 109552|app: 0|req: 34/66] 10.222.0.109 () {58 vars in 1329 bytes} [Thu Jan 20 15:00:17 2022] GET /volume/v3/6556f3f3677e4ba7934695014bedf8ef/volumes/d4eb92d1-95f4-471f-ad84-2395505684b3 => generated 919 bytes in 43 msecs (HTTP/1.1 200) 7 headers in 285 bytes (1 switches on core 0)
Jan 20 15:00:18.284741 dv-osbrick-811717-5-smb devstack@c-api.service[109551]: INFO cinder.api.openstack.wsgi [req-6885a355-1785-4798-b40b-8d61bd05d3f0 req-e9f1c044-3e71-4b64-9c59-f4370c739525 tempest-TestMinimumBasicScenario-1645544325 tempest-TestMinimumBasicScenario-1645544325-project] POST http://10.222.0.109/volume/v3/6556f3f3677e4ba7934695014bedf8ef/attachments/1751d140-90a2-4801-9e66-5583f0fc3ceb/action
Jan 20 15:00:18.285670 dv-osbrick-811717-5-smb devstack@c-api.service[109551]: DEBUG cinder.api.openstack.wsgi [req-6885a355-1785-4798-b40b-8d61bd05d3f0 req-e9f1c044-3e71-4b64-9c59-f4370c739525 tempest-TestMinimumBasicScenario-1645544325 tempest-TestMinimumBasicScenario-1645544325-project] Action body: b'{"os-complete": null}' {{(pid=109551) get_method /opt/stack/cinder/cinder/api/openstack/wsgi.py:983}}
Jan 20 15:00:18.286003 dv-osbrick-811717-5-smb devstack@c-api.service[109551]: DEBUG cinder.api.openstack.wsgi [req-6885a355-1785-4798-b40b-8d61bd05d3f0 req-e9f1c044-3e71-4b64-9c59-f4370c739525 tempest-TestMinimumBasicScenario-1645544325 tempest-TestMinimumBasicScenario-1645544325-project] Action: 'action', calling method: version_select, body: {"os-complete": null} {{(pid=109551) _process_stack /opt/stack/cinder/cinder/api/openstack/wsgi.py:866}}
Jan 20 15:00:18.314644 dv-osbrick-811717-5-smb devstack@c-api.service[109551]: /usr/local/lib/python3.8/dist-packages/oslo_context/context.py:105: DeprecationWarning: Policy enforcement is depending on the value of is_admin. This key is deprecated. Please update your policy file to use the standard policy values.
Jan 20 15:00:18.314644 dv-osbrick-811717-5-smb devstack@c-api.service[109551]: warnings.warn('Policy enforcement is depending on the value of '
Jan 20 15:00:18.333074 dv-osbrick-811717-5-smb devstack@c-api.service[109551]: INFO cinder.api.openstack.wsgi [req-6885a355-1785-4798-b40b-8d61bd05d3f0 req-e9f1c044-3e71-4b64-9c59-f4370c739525 tempest-TestMinimumBasicScenario-1645544325 tempest-TestMinimumBasicScenario-1645544325-project] http://10.222.0.109/volume/v3/6556f3f3677e4ba7934695014bedf8ef/attachments/1751d140-90a2-4801-9e66-5583f0fc3ceb/action returned with HTTP 204
Jan 20 15:00:18.333866 dv-osbrick-811717-5-smb devstack@c-api.service[109551]: [pid: 109551|app: 0|req: 33/67] 10.222.0.88 () {64 vars in 1502 bytes} [Thu Jan 20 15:00:18 2022] POST /volume/v3/6556f3f3677e4ba7934695014bedf8ef/attachments/1751d140-90a2-4801-9e66-5583f0fc3ceb/action => generated 0 bytes in 55 msecs (HTTP/1.1 204) 7 headers in 292 bytes (2 switches on core 0)
Jan 20 15:00:18.399342 dv-osbrick-811717-5-smb devstack@c-api.service[109552]: INFO cinder.api.openstack.wsgi [None req-f3a33ab8-7cd3-490d-89f7-2d584491fdd5 tempest-TestVolumeBootPattern-1811650842 tempest-TestVolumeBootPattern-1811650842-project] GET http://10.222.0.109/volume/v3/c2f3e13e1bad4e07b3e08040e69dfb0b/volumes/58416866-c96d-4561-adb2-fabbf62f28ec
Jan 20 15:00:18.399956 dv-osbrick-811717-5-smb devstack@c-api.service[109552]: DEBUG cinder.api.openstack.wsgi [None req-f3a33ab8-7cd3-490d-89f7-2d584491fdd5 tempest-TestVolumeBootPattern-1811650842 tempest-TestVolumeBootPattern-1811650842-project] Empty body provided in request {{(pid=109552) get_body /opt/stack/cinder/cinder/api/openstack/wsgi.py:715}}
Jan 20 15:00:18.400236 dv-osbrick-811717-5-smb devstack@c-api.service[109552]: DEBUG cinder.api.openstack.wsgi [None req-f3a33ab8-7cd3-490d-89f7-2d584491fdd5 tempest-TestVolumeBootPattern-1811650842 tempest-TestVolumeBootPattern-1811650842-project] Calling method 'show' {{(pid=109552) _process_stack /opt/stack/cinder/cinder/api/openstack/wsgi.py:868}}
Jan 20 15:00:18.417358 dv-osbrick-811717-5-smb devstack@c-api.service[109552]: /usr/local/lib/python3.8/dist-packages/oslo_context/context.py:105: DeprecationWarning: Policy enforcement is depending on the value of is_admin. This key is deprecated. Please update your policy file to use the standard policy values.
Jan 20 15:00:18.417358 dv-osbrick-811717-5-smb devstack@c-api.service[109552]: warnings.warn('Policy enforcement is depending on the value of '
Jan 20 15:00:18.428548 dv-osbrick-811717-5-smb devstack@c-api.service[109552]: INFO cinder.volume.api [None req-f3a33ab8-7cd3-490d-89f7-2d584491fdd5 tempest-TestVolumeBootPattern-1811650842 tempest-TestVolumeBootPattern-1811650842-project] Volume info retrieved successfully.
Jan 20 15:00:18.443225 dv-osbrick-811717-5-smb devstack@c-api.service[109552]: INFO cinder.api.openstack.wsgi [None req-f3a33ab8-7cd3-490d-89f7-2d584491fdd5 tempest-TestVolumeBootPattern-1811650842 tempest-TestVolumeBootPattern-1811650842-project] http://10.222.0.109/volume/v3/c2f3e13e1bad4e07b3e08040e69dfb0b/volumes/58416866-c96d-4561-adb2-fabbf62f28ec returned with HTTP 200
Jan 20 15:00:18.443974 dv-osbrick-811717-5-smb devstack@c-api.service[109552]: [pid: 109552|app: 0|req: 35/68] 10.222.0.109 () {58 vars in 1329 bytes} [Thu Jan 20 15:00:18 2022] GET /volume/v3/c2f3e13e1bad4e07b3e08040e69dfb0b/volumes/58416866-c96d-4561-adb2-fabbf62f28ec => generated 1370 bytes in 49 msecs (HTTP/1.1 200) 7 headers in 286 bytes (2 switches on core 0)
Jan 20 15:00:18.458279 dv-osbrick-811717-5-smb devstack@c-api.service[109551]: INFO cinder.api.openstack.wsgi [None req-fde7f4c7-c247-4889-870d-576ce68c7af4 tempest-TestVolumeBootPattern-1811650842 tempest-TestVolumeBootPattern-1811650842-project] GET http://10.222.0.109/volume/v3/c2f3e13e1bad4e07b3e08040e69dfb0b/volumes/58416866-c96d-4561-adb2-fabbf62f28ec
Jan 20 15:00:18.458820 dv-osbrick-811717-5-smb devstack@c-api.service[109551]: DEBUG cinder.api.openstack.wsgi [None req-fde7f4c7-c247-4889-870d-576ce68c7af4 tempest-TestVolumeBootPattern-1811650842 tempest-TestVolumeBootPattern-1811650842-project] Empty body provided in request {{(pid=109551) get_body /opt/stack/cinder/cinder/api/openstack/wsgi.py:715}}
Jan 20 15:00:18.459194 dv-osbrick-811717-5-smb devstack@c-api.service[109551]: DEBUG cinder.api.openstack.wsgi [None req-fde7f4c7-c247-4889-870d-576ce68c7af4 tempest-TestVolumeBootPattern-1811650842 tempest-TestVolumeBootPattern-1811650842-project] Calling method 'show' {{(pid=109551) _process_stack /opt/stack/cinder/cinder/api/openstack/wsgi.py:868}}
Jan 20 15:00:18.472943 dv-osbrick-811717-5-smb devstack@c-api.service[109551]: /usr/local/lib/python3.8/dist-packages/oslo_context/context.py:105: DeprecationWarning: Policy enforcement is depending on the value of is_admin. This key is deprecated. Please update your policy file to use the standard policy values.
Jan 20 15:00:18.472943 dv-osbrick-811717-5-smb devstack@c-api.service[109551]: warnings.warn('Policy enforcement is depending on the value of '
Jan 20 15:00:18.480775 dv-osbrick-811717-5-smb devstack@c-api.service[109551]: INFO cinder.volume.api [None req-fde7f4c7-c247-4889-870d-576ce68c7af4 tempest-TestVolumeBootPattern-1811650842 tempest-TestVolumeBootPattern-1811650842-project] Volume info retrieved successfully.
Jan 20 15:00:18.491719 dv-osbrick-811717-5-smb devstack@c-api.service[109551]: INFO cinder.api.openstack.wsgi [None req-fde7f4c7-c247-4889-870d-576ce68c7af4 tempest-TestVolumeBootPattern-1811650842 tempest-TestVolumeBootPattern-1811650842-project] http://10.222.0.109/volume/v3/c2f3e13e1bad4e07b3e08040e69dfb0b/volumes/58416866-c96d-4561-adb2-fabbf62f28ec returned with HTTP 200
Jan 20 15:00:18.492705 dv-osbrick-811717-5-smb devstack@c-api.service[109551]: [pid: 109551|app: 0|req: 34/69] 10.222.0.109 () {58 vars in 1329 bytes} [Thu Jan 20 15:00:18 2022] GET /volume/v3/c2f3e13e1bad4e07b3e08040e69dfb0b/volumes/58416866-c96d-4561-adb2-fabbf62f28ec => generated 1370 bytes in 38 msecs (HTTP/1.1 200) 7 headers in 286 bytes (1 switches on core 0)
Jan 20 15:00:18.507913 dv-osbrick-811717-5-smb devstack@c-api.service[109552]: INFO cinder.api.openstack.wsgi [None req-b0379c38-7a55-4ba6-9cae-c5a1bb550b97 tempest-TestVolumeBootPattern-1811650842 tempest-TestVolumeBootPattern-1811650842-project] POST http://10.222.0.109/volume/v3/c2f3e13e1bad4e07b3e08040e69dfb0b/snapshots
Jan 20 15:00:18.508649 dv-osbrick-811717-5-smb devstack@c-api.service[109552]: DEBUG cinder.api.openstack.wsgi [None req-b0379c38-7a55-4ba6-9cae-c5a1bb550b97 tempest-TestVolumeBootPattern-1811650842 tempest-TestVolumeBootPattern-1811650842-project] Action: 'create', calling method: create, body: {"snapshot": {"volume_id": "58416866-c96d-4561-adb2-fabbf62f28ec", "force": false, "name": "tempest-TestVolumeBootPattern-snapshot-934818137", "description": null, "metadata": null}} {{(pid=109552) _process_stack /opt/stack/cinder/cinder/api/openstack/wsgi.py:866}}
Jan 20 15:00:18.523531 dv-osbrick-811717-5-smb devstack@c-api.service[109552]: /usr/local/lib/python3.8/dist-packages/oslo_context/context.py:105: DeprecationWarning: Policy enforcement is depending on the value of is_admin. This key is deprecated. Please update your policy file to use the standard policy values.
Jan 20 15:00:18.523531 dv-osbrick-811717-5-smb devstack@c-api.service[109552]: warnings.warn('Policy enforcement is depending on the value of '
Jan 20 15:00:18.524601 dv-osbrick-811717-5-smb devstack@c-api.service[109552]: INFO cinder.volume.api [None req-b0379c38-7a55-4ba6-9cae-c5a1bb550b97 tempest-TestVolumeBootPattern-1811650842 tempest-TestVolumeBootPattern-1811650842-project] Volume info retrieved successfully.
Jan 20 15:00:18.524988 dv-osbrick-811717-5-smb devstack@c-api.service[109552]: INFO cinder.api.v3.snapshots [None req-b0379c38-7a55-4ba6-9cae-c5a1bb550b97 tempest-TestVolumeBootPattern-1811650842 tempest-TestVolumeBootPattern-1811650842-project] Create snapshot from volume 58416866-c96d-4561-adb2-fabbf62f28ec
Jan 20 15:00:18.552957 dv-osbrick-811717-5-smb devstack@c-api.service[109552]: WARNING cinder.quota [None req-b0379c38-7a55-4ba6-9cae-c5a1bb550b97 tempest-TestVolumeBootPattern-1811650842 tempest-TestVolumeBootPattern-1811650842-project] Deprecated: Default quota for resource: snapshots___DEFAULT__ is set by the default quota flag: quota_snapshots___DEFAULT__, it is now deprecated. Please use the default quota class for default quota.
Jan 20 15:00:18.590284 dv-osbrick-811717-5-smb devstack@c-api.service[109552]: DEBUG cinder.quota [None req-b0379c38-7a55-4ba6-9cae-c5a1bb550b97 tempest-TestVolumeBootPattern-1811650842 tempest-TestVolumeBootPattern-1811650842-project] Created reservations ['1e2c23c8-6f97-4ecd-884f-bd0e8f62365c', '0171ba3f-53d1-4c29-af37-d3c4b8d814e1', 'bec4c6bf-fc43-4f06-b303-b9242b231c06', 'dc4948f9-4b16-4e86-b0a8-3d29d0f19b02'] {{(pid=109552) reserve /opt/stack/cinder/cinder/quota.py:755}}
Jan 20 15:00:18.685976 dv-osbrick-811717-5-smb devstack@c-api.service[109552]: INFO cinder.volume.api [None req-b0379c38-7a55-4ba6-9cae-c5a1bb550b97 tempest-TestVolumeBootPattern-1811650842 tempest-TestVolumeBootPattern-1811650842-project] Snapshot create request issued successfully.
Jan 20 15:00:18.687093 dv-osbrick-811717-5-smb devstack@c-api.service[109552]: INFO cinder.api.openstack.wsgi [None req-b0379c38-7a55-4ba6-9cae-c5a1bb550b97 tempest-TestVolumeBootPattern-1811650842 tempest-TestVolumeBootPattern-1811650842-project] http://10.222.0.109/volume/v3/c2f3e13e1bad4e07b3e08040e69dfb0b/snapshots returned with HTTP 202
Jan 20 15:00:18.688336 dv-osbrick-811717-5-smb devstack@c-api.service[109552]: [pid: 109552|app: 0|req: 36/70] 10.222.0.109 () {60 vars in 1246 bytes} [Thu Jan 20 15:00:18 2022] POST /volume/v3/c2f3e13e1bad4e07b3e08040e69dfb0b/snapshots => generated 307 bytes in 184 msecs (HTTP/1.1 202) 7 headers in 291 bytes (1 switches on core 0)
Jan 20 15:00:18.699327 dv-osbrick-811717-5-smb devstack@c-api.service[109551]: INFO cinder.api.openstack.wsgi [None req-d4766fe2-5b5e-4846-83b6-494c6e5a3f72 tempest-TestVolumeBootPattern-1811650842 tempest-TestVolumeBootPattern-1811650842-project] GET http://10.222.0.109/volume/v3/c2f3e13e1bad4e07b3e08040e69dfb0b/snapshots/ace61c03-b90c-4057-ae23-ed1eb8dd6b09
Jan 20 15:00:18.699777 dv-osbrick-811717-5-smb devstack@c-api.service[109551]: DEBUG cinder.api.openstack.wsgi [None req-d4766fe2-5b5e-4846-83b6-494c6e5a3f72 tempest-TestVolumeBootPattern-1811650842 tempest-TestVolumeBootPattern-1811650842-project] Empty body provided in request {{(pid=109551) get_body /opt/stack/cinder/cinder/api/openstack/wsgi.py:715}}
Jan 20 15:00:18.700233 dv-osbrick-811717-5-smb devstack@c-api.service[109551]: DEBUG cinder.api.openstack.wsgi [None req-d4766fe2-5b5e-4846-83b6-494c6e5a3f72 tempest-TestVolumeBootPattern-1811650842 tempest-TestVolumeBootPattern-1811650842-project] Calling method 'show' {{(pid=109551) _process_stack /opt/stack/cinder/cinder/api/openstack/wsgi.py:868}}
Jan 20 15:00:18.736532 dv-osbrick-811717-5-smb devstack@c-api.service[109552]: INFO cinder.api.openstack.wsgi [None req-50d1afc4-2898-484d-8d41-55427a139785 tempest-TestMinimumBasicScenario-1645544325 tempest-TestMinimumBasicScenario-1645544325-project] GET http://10.222.0.109/volume/v3/6556f3f3677e4ba7934695014bedf8ef/volumes/d4eb92d1-95f4-471f-ad84-2395505684b3
Jan 20 15:00:18.737494 dv-osbrick-811717-5-smb devstack@c-api.service[109552]: DEBUG cinder.api.openstack.wsgi [None req-50d1afc4-2898-484d-8d41-55427a139785 tempest-TestMinimumBasicScenario-1645544325 tempest-TestMinimumBasicScenario-1645544325-project] Empty body provided in request {{(pid=109552) get_body /opt/stack/cinder/cinder/api/openstack/wsgi.py:715}}
