Jan 20 11:40:17.063130 dv-osbrick-811717-4-ceph devstack@n-api.service[117062]: DEBUG oslo_concurrency.lockutils [None req-d21c9f6e-3c13-413c-9d80-d4db1268873c None None] Lock "00000000-0000-0000-0000-000000000000" "released" by "nova.context.set_target_cell..get_or_set_cached_cell_and_set_connections" :: held 0.002s {{(pid=117062) inner /usr/local/lib/python3.8/dist-packages/oslo_concurrency/lockutils.py:400}}
Jan 20 11:40:17.063979 dv-osbrick-811717-4-ceph devstack@n-api.service[117062]: DEBUG oslo_concurrency.lockutils [None req-d21c9f6e-3c13-413c-9d80-d4db1268873c None None] Lock "724252a0-f02c-455c-a777-d75d65630428" acquired by "nova.context.set_target_cell..get_or_set_cached_cell_and_set_connections" :: waited 0.000s {{(pid=117062) inner /usr/local/lib/python3.8/dist-packages/oslo_concurrency/lockutils.py:386}}
Jan 20 11:40:17.065457 dv-osbrick-811717-4-ceph devstack@n-api.service[117063]: DEBUG oslo_db.sqlalchemy.engines [None req-5162cd67-199a-47e7-8310-1adc172952c7 None None] MySQL server mode set to STRICT_TRANS_TABLES,STRICT_ALL_TABLES,NO_ZERO_IN_DATE,NO_ZERO_DATE,ERROR_FOR_DIVISION_BY_ZERO,TRADITIONAL,NO_ENGINE_SUBSTITUTION {{(pid=117063) _check_effective_sql_mode /usr/local/lib/python3.8/dist-packages/oslo_db/sqlalchemy/engines.py:314}}
Jan 20 11:40:17.066010 dv-osbrick-811717-4-ceph devstack@n-api.service[117062]: DEBUG oslo_concurrency.lockutils [None req-d21c9f6e-3c13-413c-9d80-d4db1268873c None None] Lock "724252a0-f02c-455c-a777-d75d65630428" "released" by "nova.context.set_target_cell..get_or_set_cached_cell_and_set_connections" :: held 0.002s {{(pid=117062) inner /usr/local/lib/python3.8/dist-packages/oslo_concurrency/lockutils.py:400}}
Jan 20 11:40:17.067967 dv-osbrick-811717-4-ceph devstack@n-api.service[117063]: DEBUG oslo_db.sqlalchemy.engines [None req-5162cd67-199a-47e7-8310-1adc172952c7 None None] MySQL server mode set to STRICT_TRANS_TABLES,STRICT_ALL_TABLES,NO_ZERO_IN_DATE,NO_ZERO_DATE,ERROR_FOR_DIVISION_BY_ZERO,TRADITIONAL,NO_ENGINE_SUBSTITUTION {{(pid=117063) _check_effective_sql_mode /usr/local/lib/python3.8/dist-packages/oslo_db/sqlalchemy/engines.py:314}}
Jan 20 11:40:17.078762 dv-osbrick-811717-4-ceph devstack@n-api.service[117062]: DEBUG oslo_db.sqlalchemy.engines [None req-d21c9f6e-3c13-413c-9d80-d4db1268873c None None] MySQL server mode set to STRICT_TRANS_TABLES,STRICT_ALL_TABLES,NO_ZERO_IN_DATE,NO_ZERO_DATE,ERROR_FOR_DIVISION_BY_ZERO,TRADITIONAL,NO_ENGINE_SUBSTITUTION {{(pid=117062) _check_effective_sql_mode /usr/local/lib/python3.8/dist-packages/oslo_db/sqlalchemy/engines.py:314}}
Jan 20 11:40:17.081286 dv-osbrick-811717-4-ceph devstack@n-api.service[117062]: DEBUG oslo_db.sqlalchemy.engines [None req-d21c9f6e-3c13-413c-9d80-d4db1268873c None None] MySQL server mode set to STRICT_TRANS_TABLES,STRICT_ALL_TABLES,NO_ZERO_IN_DATE,NO_ZERO_DATE,ERROR_FOR_DIVISION_BY_ZERO,TRADITIONAL,NO_ENGINE_SUBSTITUTION {{(pid=117062) _check_effective_sql_mode /usr/local/lib/python3.8/dist-packages/oslo_db/sqlalchemy/engines.py:314}}
Jan 20 11:40:17.235365 dv-osbrick-811717-4-ceph devstack@n-api.service[117063]: DEBUG oslo_db.sqlalchemy.engines [None req-5162cd67-199a-47e7-8310-1adc172952c7 None None] MySQL server mode set to STRICT_TRANS_TABLES,STRICT_ALL_TABLES,NO_ZERO_IN_DATE,NO_ZERO_DATE,ERROR_FOR_DIVISION_BY_ZERO,TRADITIONAL,NO_ENGINE_SUBSTITUTION {{(pid=117063) _check_effective_sql_mode /usr/local/lib/python3.8/dist-packages/oslo_db/sqlalchemy/engines.py:314}}
Jan 20 11:40:17.245089 dv-osbrick-811717-4-ceph devstack@n-api.service[117062]: DEBUG oslo_db.sqlalchemy.engines [None req-d21c9f6e-3c13-413c-9d80-d4db1268873c None None] MySQL server mode set to STRICT_TRANS_TABLES,STRICT_ALL_TABLES,NO_ZERO_IN_DATE,NO_ZERO_DATE,ERROR_FOR_DIVISION_BY_ZERO,TRADITIONAL,NO_ENGINE_SUBSTITUTION {{(pid=117062) _check_effective_sql_mode /usr/local/lib/python3.8/dist-packages/oslo_db/sqlalchemy/engines.py:314}}
Jan 20 11:40:17.583172 dv-osbrick-811717-4-ceph devstack@n-api.service[117063]: WARNING keystonemiddleware.auth_token [None req-5162cd67-199a-47e7-8310-1adc172952c7 None None] AuthToken middleware is set with keystone_authtoken.service_token_roles_required set to False. This is backwards compatible but deprecated behaviour. Please set this to True.
Jan 20 11:40:17.584187 dv-osbrick-811717-4-ceph devstack@n-api.service[117062]: WARNING keystonemiddleware.auth_token [None req-d21c9f6e-3c13-413c-9d80-d4db1268873c None None] AuthToken middleware is set with keystone_authtoken.service_token_roles_required set to False. This is backwards compatible but deprecated behaviour. Please set this to True.
Jan 20 11:40:17.589771 dv-osbrick-811717-4-ceph devstack@n-api.service[117063]: WARNING keystonemiddleware.auth_token [None req-5162cd67-199a-47e7-8310-1adc172952c7 None None] Configuring www_authenticate_uri to point to the public identity endpoint is required; clients may not be able to authenticate against an admin endpoint
Jan 20 11:40:17.590883 dv-osbrick-811717-4-ceph devstack@n-api.service[117062]: WARNING keystonemiddleware.auth_token [None req-d21c9f6e-3c13-413c-9d80-d4db1268873c None None] Configuring www_authenticate_uri to point to the public identity endpoint is required; clients may not be able to authenticate against an admin endpoint
Jan 20 11:40:17.927862 dv-osbrick-811717-4-ceph devstack@n-api.service[117063]: WARNING keystonemiddleware.auth_token [None req-5162cd67-199a-47e7-8310-1adc172952c7 None None] AuthToken middleware is set with keystone_authtoken.service_token_roles_required set to False. This is backwards compatible but deprecated behaviour. Please set this to True.
Jan 20 11:40:17.929689 dv-osbrick-811717-4-ceph devstack@n-api.service[117062]: WARNING keystonemiddleware.auth_token [None req-d21c9f6e-3c13-413c-9d80-d4db1268873c None None] AuthToken middleware is set with keystone_authtoken.service_token_roles_required set to False. This is backwards compatible but deprecated behaviour. Please set this to True.
Jan 20 11:40:17.933040 dv-osbrick-811717-4-ceph devstack@n-api.service[117063]: WARNING keystonemiddleware.auth_token [None req-5162cd67-199a-47e7-8310-1adc172952c7 None None] Configuring www_authenticate_uri to point to the public identity endpoint is required; clients may not be able to authenticate against an admin endpoint
Jan 20 11:40:17.934894 dv-osbrick-811717-4-ceph devstack@n-api.service[117062]: WARNING keystonemiddleware.auth_token [None req-d21c9f6e-3c13-413c-9d80-d4db1268873c None None] Configuring www_authenticate_uri to point to the public identity endpoint is required; clients may not be able to authenticate against an admin endpoint
Jan 20 11:40:17.938954 dv-osbrick-811717-4-ceph devstack@n-api.service[117063]: WSGI app 0 (mountpoint='') ready in 5 seconds on interpreter 0x559fa51049c0 pid: 117063 (default app)
Jan 20 11:40:17.940788 dv-osbrick-811717-4-ceph devstack@n-api.service[117062]: WSGI app 0 (mountpoint='') ready in 5 seconds on interpreter 0x559fa51049c0 pid: 117062 (default app)
Jan 20 11:40:17.941038 dv-osbrick-811717-4-ceph devstack@n-api.service[117063]: DEBUG nova.api.openstack.wsgi [None req-5162cd67-199a-47e7-8310-1adc172952c7 None None] Calling method '>' {{(pid=117063) _process_stack /opt/stack/nova/nova/api/openstack/wsgi.py:513}}
Jan 20 11:40:17.942216 dv-osbrick-811717-4-ceph devstack@n-api.service[117063]: INFO nova.api.openstack.requestlog [None req-5162cd67-199a-47e7-8310-1adc172952c7 None None] 10.222.0.91 "GET /compute/v2.1/" status: 200 len: 388 microversion: 2.1 time: 0.001759
Jan 20 11:40:17.942633 dv-osbrick-811717-4-ceph devstack@n-api.service[117063]: [pid: 117063|app: 0|req: 1/1] 10.222.0.91 () {50 vars in 788 bytes} [Thu Jan 20 11:40:17 2022] GET /compute/v2.1/ => generated 388 bytes in 3 msecs (HTTP/1.1 200) 9 headers in 357 bytes (1 switches on core 0)
Jan 20 11:41:37.639621 dv-osbrick-811717-4-ceph devstack@n-api.service[117062]: DEBUG nova.api.openstack.wsgi [None req-d21c9f6e-3c13-413c-9d80-d4db1268873c None None] Calling method '>' {{(pid=117062) _process_stack /opt/stack/nova/nova/api/openstack/wsgi.py:513}}
Jan 20 11:41:37.640891 dv-osbrick-811717-4-ceph devstack@n-api.service[117062]: INFO nova.api.openstack.requestlog [None req-d21c9f6e-3c13-413c-9d80-d4db1268873c None None] 10.222.0.91 "GET /compute/v2.1" status: 200 len: 388 microversion: 2.1 time: 0.001959
Jan 20 11:41:37.641294 dv-osbrick-811717-4-ceph devstack@n-api.service[117062]: [pid: 117062|app: 0|req: 1/2] 10.222.0.91 () {54 vars in 930 bytes} [Thu Jan 20 11:41:37 2022] GET /compute/v2.1 => generated 388 bytes in 4 msecs (HTTP/1.1 200) 9 headers in 357 bytes (1 switches on core 0)
Jan 20 11:41:38.051609 dv-osbrick-811717-4-ceph devstack@n-api.service[117063]: DEBUG nova.api.openstack.wsgi [None req-b59db4c5-b634-4914-9acf-72c2c68244ec admin admin] Calling method '>' {{(pid=117063) _process_stack /opt/stack/nova/nova/api/openstack/wsgi.py:513}}
Jan 20 11:41:38.080941 dv-osbrick-811717-4-ceph devstack@n-api.service[117063]: INFO nova.api.openstack.requestlog [None req-b59db4c5-b634-4914-9acf-72c2c68244ec admin admin] 10.222.0.91 "GET /compute/v2.1/flavors/detail?is_public=True" status: 200 len: 15 microversion: 2.61 time: 0.433873
Jan 20 11:41:38.092585 dv-osbrick-811717-4-ceph devstack@n-api.service[117063]: [pid: 117063|app: 0|req: 2/3] 10.222.0.91 () {60 vars in 1291 bytes} [Thu Jan 20 11:41:37 2022] GET /compute/v2.1/flavors/detail?is_public=True => generated 15 bytes in 435 msecs (HTTP/1.1 200) 9 headers in 358 bytes (1 switches on core 0)
Jan 20 11:41:40.419658 dv-osbrick-811717-4-ceph devstack@n-api.service[117062]: DEBUG nova.api.openstack.wsgi [None req-d21c9f6e-3c13-413c-9d80-d4db1268873c None None] Calling method '>' {{(pid=117062) _process_stack /opt/stack/nova/nova/api/openstack/wsgi.py:513}}
Jan 20 11:41:40.421038 dv-osbrick-811717-4-ceph devstack@n-api.service[117062]: INFO nova.api.openstack.requestlog [None req-d21c9f6e-3c13-413c-9d80-d4db1268873c None None] 10.222.0.91 "GET /compute/v2.1" status: 200 len: 388 microversion: 2.1 time: 0.001928
Jan 20 11:41:40.421434 dv-osbrick-811717-4-ceph devstack@n-api.service[117062]: [pid: 117062|app: 0|req: 2/4] 10.222.0.91 () {54 vars in 930 bytes} [Thu Jan 20 11:41:40 2022] GET /compute/v2.1 => generated 388 bytes in 3 msecs (HTTP/1.1 200) 9 headers in 357 bytes (1 switches on core 0)
Jan 20 11:41:40.483998 dv-osbrick-811717-4-ceph devstack@n-api.service[117063]: DEBUG nova.api.openstack.wsgi [None req-caf12905-0c24-4390-87b0-b6a6f319fd1a admin admin] Action: 'create', calling method: >, body: {"flavor": {"vcpus": 1, "rxtx_factor": 1.0, "id": "c1", "OS-FLV-EXT-DATA:ephemeral": 0, "name": "cirros256", "swap": 0, "os-flavor-access:is_public": true, "disk": 1, "ram": 256}} {{(pid=117063) _process_stack /opt/stack/nova/nova/api/openstack/wsgi.py:511}}
Jan 20 11:41:40.502719 dv-osbrick-811717-4-ceph devstack@n-api.service[117063]: /usr/local/lib/python3.8/dist-packages/oslo_policy/policy.py:1119: UserWarning: Policy "os_compute_api:os-flavor-manage:create": "rule:system_admin_api" failed scope check. The token used to make the request was project scoped but the policy requires ['system'] scope. This behavior may change in the future where using the intended scope is required
Jan 20 11:41:40.502719 dv-osbrick-811717-4-ceph devstack@n-api.service[117063]: warnings.warn(msg)
Jan 20 11:41:40.531605 dv-osbrick-811717-4-ceph devstack@n-api.service[117063]: INFO nova.api.openstack.requestlog [None req-caf12905-0c24-4390-87b0-b6a6f319fd1a admin admin] 10.222.0.91 "POST /compute/v2.1/flavors" status: 200 len: 407 microversion: 2.61 time: 0.104450
Jan 20 11:41:40.539047 dv-osbrick-811717-4-ceph devstack@n-api.service[117063]: [pid: 117063|app: 0|req: 3/5] 10.222.0.91 () {64 vars in 1282 bytes} [Thu Jan 20 11:41:40 2022] POST /compute/v2.1/flavors => generated 407 bytes in 107 msecs (HTTP/1.1 200) 9 headers in 359 bytes (1 switches on core 0)
Jan 20 11:41:40.758085 dv-osbrick-811717-4-ceph devstack@n-api.service[117062]: DEBUG nova.api.openstack.wsgi [None req-936c9259-7219-4a64-bfc9-390883905422 admin admin] Action: 'create', calling method: >, body: {"extra_specs": {"hw_rng:allowed": "True"}} {{(pid=117062) _process_stack /opt/stack/nova/nova/api/openstack/wsgi.py:511}}
Jan 20 11:41:40.760357 dv-osbrick-811717-4-ceph devstack@n-api.service[117062]: /usr/local/lib/python3.8/dist-packages/oslo_policy/policy.py:1119: UserWarning: Policy "os_compute_api:os-flavor-extra-specs:create": "rule:system_admin_api" failed scope check. The token used to make the request was project scoped but the policy requires ['system'] scope. This behavior may change in the future where using the intended scope is required
Jan 20 11:41:40.760357 dv-osbrick-811717-4-ceph devstack@n-api.service[117062]: warnings.warn(msg)
Jan 20 11:41:40.808630 dv-osbrick-811717-4-ceph devstack@n-api.service[117062]: INFO nova.api.openstack.requestlog [None req-936c9259-7219-4a64-bfc9-390883905422 admin admin] 10.222.0.91 "POST /compute/v2.1/flavors/c1/os-extra_specs" status: 200 len: 43 microversion: 2.61 time: 0.267817
Jan 20 11:41:40.809562 dv-osbrick-811717-4-ceph devstack@n-api.service[117062]: [pid: 117062|app: 0|req: 3/6] 10.222.0.91 () {64 vars in 1335 bytes} [Thu Jan 20 11:41:40 2022] POST /compute/v2.1/flavors/c1/os-extra_specs => generated 43 bytes in 269 msecs (HTTP/1.1 200) 9 headers in 358 bytes (2 switches on core 0)
Jan 20 11:41:43.086861 dv-osbrick-811717-4-ceph devstack@n-api.service[117063]: DEBUG nova.api.openstack.wsgi [None req-caf12905-0c24-4390-87b0-b6a6f319fd1a admin admin] Calling method '>' {{(pid=117063) _process_stack /opt/stack/nova/nova/api/openstack/wsgi.py:513}}
Jan 20 11:41:43.087873 dv-osbrick-811717-4-ceph devstack@n-api.service[117063]: INFO nova.api.openstack.requestlog [None req-caf12905-0c24-4390-87b0-b6a6f319fd1a admin admin] 10.222.0.91 "GET /compute/v2.1" status: 200 len: 388 microversion: 2.1 time: 0.001463
Jan 20 11:41:43.088279 dv-osbrick-811717-4-ceph devstack@n-api.service[117063]: [pid: 117063|app: 0|req: 4/7] 10.222.0.91 () {54 vars in 930 bytes} [Thu Jan 20 11:41:43 2022] GET /compute/v2.1 => generated 388 bytes in 2 msecs (HTTP/1.1 200) 9 headers in 357 bytes (1 switches on core 0)
Jan 20 11:41:43.190608 dv-osbrick-811717-4-ceph devstack@n-api.service[117062]: DEBUG nova.api.openstack.wsgi [None req-672a5794-293e-4eba-bb31-d5a1557df210 admin admin] Action: 'create', calling method: >, body: {"flavor": {"ram": 512, "vcpus": 1, "OS-FLV-EXT-DATA:ephemeral": 0, "id": "d1", "rxtx_factor": 1.0, "os-flavor-access:is_public": true, "disk": 5, "name": "ds512M", "swap": 0}} {{(pid=117062) _process_stack /opt/stack/nova/nova/api/openstack/wsgi.py:511}}
Jan 20 11:41:43.209309 dv-osbrick-811717-4-ceph devstack@n-api.service[117062]: /usr/local/lib/python3.8/dist-packages/oslo_policy/policy.py:1119: UserWarning: Policy "os_compute_api:os-flavor-manage:create": "rule:system_admin_api" failed scope check. The token used to make the request was project scoped but the policy requires ['system'] scope. This behavior may change in the future where using the intended scope is required
Jan 20 11:41:43.209309 dv-osbrick-811717-4-ceph devstack@n-api.service[117062]: warnings.warn(msg)
Jan 20 11:41:43.227272 dv-osbrick-811717-4-ceph devstack@n-api.service[117062]: INFO nova.api.openstack.requestlog [None req-672a5794-293e-4eba-bb31-d5a1557df210 admin admin] 10.222.0.91 "POST /compute/v2.1/flavors" status: 200 len: 404 microversion: 2.61 time: 0.132599
Jan 20 11:41:43.227959 dv-osbrick-811717-4-ceph devstack@n-api.service[117062]: [pid: 117062|app: 0|req: 4/8] 10.222.0.91 () {64 vars in 1282 bytes} [Thu Jan 20 11:41:43 2022] POST /compute/v2.1/flavors => generated 404 bytes in 134 msecs (HTTP/1.1 200) 9 headers in 359 bytes (2 switches on core 0)
Jan 20 11:41:43.239910 dv-osbrick-811717-4-ceph devstack@n-api.service[117063]: DEBUG nova.api.openstack.wsgi [None req-1f1a1151-6112-4113-b066-457a904c00ea admin admin] Action: 'create', calling method: >, body: {"extra_specs": {"hw_rng:allowed": "True"}} {{(pid=117063) _process_stack /opt/stack/nova/nova/api/openstack/wsgi.py:511}}
Jan 20 11:41:43.241437 dv-osbrick-811717-4-ceph devstack@n-api.service[117063]: /usr/local/lib/python3.8/dist-packages/oslo_policy/policy.py:1119: UserWarning: Policy "os_compute_api:os-flavor-extra-specs:create": "rule:system_admin_api" failed scope check. The token used to make the request was project scoped but the policy requires ['system'] scope. This behavior may change in the future where using the intended scope is required
Jan 20 11:41:43.241437 dv-osbrick-811717-4-ceph devstack@n-api.service[117063]: warnings.warn(msg)
Jan 20 11:41:43.271641 dv-osbrick-811717-4-ceph devstack@n-api.service[117063]: INFO nova.api.openstack.requestlog [None req-1f1a1151-6112-4113-b066-457a904c00ea admin admin] 10.222.0.91 "POST /compute/v2.1/flavors/d1/os-extra_specs" status: 200 len: 43 microversion: 2.61 time: 0.035229
Jan 20 11:41:43.272148 dv-osbrick-811717-4-ceph devstack@n-api.service[117063]: [pid: 117063|app: 0|req: 5/9] 10.222.0.91 () {64 vars in 1335 bytes} [Thu Jan 20 11:41:43 2022] POST /compute/v2.1/flavors/d1/os-extra_specs => generated 43 bytes in 36 msecs (HTTP/1.1 200) 9 headers in 358 bytes (1 switches on core 0)
Jan 20 11:41:45.730580 dv-osbrick-811717-4-ceph devstack@n-api.service[117062]: DEBUG nova.api.openstack.wsgi [None req-672a5794-293e-4eba-bb31-d5a1557df210 admin admin] Calling method '>' {{(pid=117062) _process_stack /opt/stack/nova/nova/api/openstack/wsgi.py:513}}
Jan 20 11:41:45.732419 dv-osbrick-811717-4-ceph devstack@n-api.service[117062]: INFO nova.api.openstack.requestlog [None req-672a5794-293e-4eba-bb31-d5a1557df210 admin admin] 10.222.0.91 "GET /compute/v2.1" status: 200 len: 388 microversion: 2.1 time: 0.002782
Jan 20 11:41:45.738393 dv-osbrick-811717-4-ceph devstack@n-api.service[117062]: [pid: 117062|app: 0|req: 5/10] 10.222.0.91 () {54 vars in 930 bytes} [Thu Jan 20 11:41:45 2022] GET /compute/v2.1 => generated 388 bytes in 9 msecs (HTTP/1.1 200) 9 headers in 357 bytes (1 switches on core 0)
Jan 20 11:41:45.801585 dv-osbrick-811717-4-ceph devstack@n-api.service[117063]: DEBUG nova.api.openstack.wsgi [None req-87548ae1-a73f-486b-af48-83cacfc62535 admin admin] Action: 'create', calling method: >, body: {"flavor": {"ram": 1024, "vcpus": 1, "id": "d2", "OS-FLV-EXT-DATA:ephemeral": 0, "rxtx_factor": 1.0, "os-flavor-access:is_public": true, "swap": 0, "disk": 10, "name": "ds1G"}} {{(pid=117063) _process_stack /opt/stack/nova/nova/api/openstack/wsgi.py:511}}
Jan 20 11:41:45.826400 dv-osbrick-811717-4-ceph devstack@n-api.service[117063]: INFO nova.api.openstack.requestlog [None req-87548ae1-a73f-486b-af48-83cacfc62535 admin admin] 10.222.0.91 "POST /compute/v2.1/flavors" status: 200 len: 404 microversion: 2.61 time: 0.086264
Jan 20 11:41:45.827721 dv-osbrick-811717-4-ceph devstack@n-api.service[117063]: [pid: 117063|app: 0|req: 6/11] 10.222.0.91 () {64 vars in 1282 bytes} [Thu Jan 20 11:41:45 2022] POST /compute/v2.1/flavors => generated 404 bytes in 89 msecs (HTTP/1.1 200) 9 headers in 359 bytes (1 switches on core 0)
Jan 20 11:41:45.842427 dv-osbrick-811717-4-ceph devstack@n-api.service[117062]: DEBUG nova.api.openstack.wsgi [None req-b2522137-41ae-4864-bf87-9267049720fe admin admin] Action: 'create', calling method: >, body: {"extra_specs": {"hw_rng:allowed": "True"}} {{(pid=117062) _process_stack /opt/stack/nova/nova/api/openstack/wsgi.py:511}}
Jan 20 11:41:45.874656 dv-osbrick-811717-4-ceph devstack@n-api.service[117062]: INFO nova.api.openstack.requestlog [None req-b2522137-41ae-4864-bf87-9267049720fe admin admin] 10.222.0.91 "POST /compute/v2.1/flavors/d2/os-extra_specs" status: 200 len: 43 microversion: 2.61 time: 0.036588
Jan 20 11:41:45.883163 dv-osbrick-811717-4-ceph devstack@n-api.service[117062]: [pid: 117062|app: 0|req: 6/12] 10.222.0.91 () {64 vars in 1335 bytes} [Thu Jan 20 11:41:45 2022] POST /compute/v2.1/flavors/d2/os-extra_specs => generated 43 bytes in 46 msecs (HTTP/1.1 200) 9 headers in 358 bytes (1 switches on core 0)
Jan 20 11:41:48.459018 dv-osbrick-811717-4-ceph devstack@n-api.service[117063]: DEBUG nova.api.openstack.wsgi [None req-87548ae1-a73f-486b-af48-83cacfc62535 admin admin] Calling method '>' {{(pid=117063) _process_stack /opt/stack/nova/nova/api/openstack/wsgi.py:513}}
Jan 20 11:41:48.460034 dv-osbrick-811717-4-ceph devstack@n-api.service[117063]: INFO nova.api.openstack.requestlog [None req-87548ae1-a73f-486b-af48-83cacfc62535 admin admin] 10.222.0.91 "GET /compute/v2.1" status: 200 len: 388 microversion: 2.1 time: 0.001456
Jan 20 11:41:48.462557 dv-osbrick-811717-4-ceph devstack@n-api.service[117063]: [pid: 117063|app: 0|req: 7/13] 10.222.0.91 () {54 vars in 930 bytes} [Thu Jan 20 11:41:48 2022] GET /compute/v2.1 => generated 388 bytes in 4 msecs (HTTP/1.1 200) 9 headers in 357 bytes (1 switches on core 0)
Jan 20 11:41:48.518368 dv-osbrick-811717-4-ceph devstack@n-api.service[117062]: DEBUG nova.api.openstack.wsgi [None req-5480e5d1-8071-4565-b17f-09063c547803 admin admin] Action: 'create', calling method: >, body: {"flavor": {"disk": 10, "id": "d3", "os-flavor-access:is_public": true, "swap": 0, "vcpus": 2, "name": "ds2G", "OS-FLV-EXT-DATA:ephemeral": 0, "ram": 2048, "rxtx_factor": 1.0}} {{(pid=117062) _process_stack /opt/stack/nova/nova/api/openstack/wsgi.py:511}}
Jan 20 11:41:48.537969 dv-osbrick-811717-4-ceph devstack@n-api.service[117062]: INFO nova.api.openstack.requestlog [None req-5480e5d1-8071-4565-b17f-09063c547803 admin admin] 10.222.0.91 "POST /compute/v2.1/flavors" status: 200 len: 404 microversion: 2.61 time: 0.071487
Jan 20 11:41:48.539019 dv-osbrick-811717-4-ceph devstack@n-api.service[117062]: [pid: 117062|app: 0|req: 7/14] 10.222.0.91 () {64 vars in 1282 bytes} [Thu Jan 20 11:41:48 2022] POST /compute/v2.1/flavors => generated 404 bytes in 73 msecs (HTTP/1.1 200) 9 headers in 359 bytes (2 switches on core 0)
Jan 20 11:41:48.551191 dv-osbrick-811717-4-ceph devstack@n-api.service[117063]: DEBUG nova.api.openstack.wsgi [None req-3417dab1-5e7a-4e1d-91d8-faef4d4ec99e admin admin] Action: 'create', calling method: >, body: {"extra_specs": {"hw_rng:allowed": "True"}} {{(pid=117063) _process_stack /opt/stack/nova/nova/api/openstack/wsgi.py:511}}
Jan 20 11:41:48.576037 dv-osbrick-811717-4-ceph devstack@n-api.service[117063]: INFO nova.api.openstack.requestlog [None req-3417dab1-5e7a-4e1d-91d8-faef4d4ec99e admin admin] 10.222.0.91 "POST /compute/v2.1/flavors/d3/os-extra_specs" status: 200 len: 43 microversion: 2.61 time: 0.028649
Jan 20 11:41:48.576674 dv-osbrick-811717-4-ceph devstack@n-api.service[117063]: [pid: 117063|app: 0|req: 8/15] 10.222.0.91 () {64 vars in 1335 bytes} [Thu Jan 20 11:41:48 2022] POST /compute/v2.1/flavors/d3/os-extra_specs => generated 43 bytes in 30 msecs (HTTP/1.1 200) 9 headers in 358 bytes (1 switches on core 0)
Jan 20 11:41:50.959487 dv-osbrick-811717-4-ceph devstack@n-api.service[117062]: DEBUG nova.api.openstack.wsgi [None req-5480e5d1-8071-4565-b17f-09063c547803 admin admin] Calling method '>' {{(pid=117062) _process_stack /opt/stack/nova/nova/api/openstack/wsgi.py:513}}
Jan 20 11:41:50.960776 dv-osbrick-811717-4-ceph devstack@n-api.service[117062]: INFO nova.api.openstack.requestlog [None req-5480e5d1-8071-4565-b17f-09063c547803 admin admin] 10.222.0.91 "GET /compute/v2.1" status: 200 len: 388 microversion: 2.1 time: 0.001581
Jan 20 11:41:50.961256 dv-osbrick-811717-4-ceph devstack@n-api.service[117062]: [pid: 117062|app: 0|req: 8/16] 10.222.0.91 () {54 vars in 930 bytes} [Thu Jan 20 11:41:50 2022] GET /compute/v2.1 => generated 388 bytes in 3 msecs (HTTP/1.1 200) 9 headers in 357 bytes (1 switches on core 0)
Jan 20 11:41:51.033848 dv-osbrick-811717-4-ceph devstack@n-api.service[117063]: DEBUG nova.api.openstack.wsgi [None req-1f94f09a-8b56-4ea1-a893-f9da72177bfb admin admin] Action: 'create', calling method: >, body: {"flavor": {"ram": 4096, "swap": 0, "name": "ds4G", "disk": 20, "OS-FLV-EXT-DATA:ephemeral": 0, "id": "d4", "rxtx_factor": 1.0, "os-flavor-access:is_public": true, "vcpus": 4}} {{(pid=117063) _process_stack /opt/stack/nova/nova/api/openstack/wsgi.py:511}}
Jan 20 11:41:51.059475 dv-osbrick-811717-4-ceph devstack@n-api.service[117063]: INFO nova.api.openstack.requestlog [None req-1f94f09a-8b56-4ea1-a893-f9da72177bfb admin admin] 10.222.0.91 "POST /compute/v2.1/flavors" status: 200 len: 404 microversion: 2.61 time: 0.091646
Jan 20 11:41:51.064802 dv-osbrick-811717-4-ceph devstack@n-api.service[117063]: [pid: 117063|app: 0|req: 9/17] 10.222.0.91 () {64 vars in 1282 bytes} [Thu Jan 20 11:41:50 2022] POST /compute/v2.1/flavors => generated 404 bytes in 93 msecs (HTTP/1.1 200) 9 headers in 359 bytes (1 switches on core 0)
Jan 20 11:41:51.075209 dv-osbrick-811717-4-ceph devstack@n-api.service[117062]: DEBUG nova.api.openstack.wsgi [None req-0bc422ef-f46e-4780-8ed9-2ac609b3a02a admin admin] Action: 'create', calling method: >, body: {"extra_specs": {"hw_rng:allowed": "True"}} {{(pid=117062) _process_stack /opt/stack/nova/nova/api/openstack/wsgi.py:511}}
Jan 20 11:41:51.104198 dv-osbrick-811717-4-ceph devstack@n-api.service[117062]: INFO nova.api.openstack.requestlog [None req-0bc422ef-f46e-4780-8ed9-2ac609b3a02a admin admin] 10.222.0.91 "POST /compute/v2.1/flavors/d4/os-extra_specs" status: 200 len: 43 microversion: 2.61 time: 0.034431
Jan 20 11:41:51.105897 dv-osbrick-811717-4-ceph devstack@n-api.service[117062]: [pid: 117062|app: 0|req: 9/18] 10.222.0.91 () {64 vars in 1335 bytes} [Thu Jan 20 11:41:51 2022] POST /compute/v2.1/flavors/d4/os-extra_specs => generated 43 bytes in 37 msecs (HTTP/1.1 200) 9 headers in 358 bytes (1 switches on core 0)
Jan 20 11:41:53.405902 dv-osbrick-811717-4-ceph devstack@n-api.service[117063]: DEBUG nova.api.openstack.wsgi [None req-1f94f09a-8b56-4ea1-a893-f9da72177bfb admin admin] Calling method '>' {{(pid=117063) _process_stack /opt/stack/nova/nova/api/openstack/wsgi.py:513}}
Jan 20 11:41:53.406929 dv-osbrick-811717-4-ceph devstack@n-api.service[117063]: INFO nova.api.openstack.requestlog [None req-1f94f09a-8b56-4ea1-a893-f9da72177bfb admin admin] 10.222.0.91 "GET /compute/v2.1" status: 200 len: 388 microversion: 2.1 time: 0.001453
Jan 20 11:41:53.407362 dv-osbrick-811717-4-ceph devstack@n-api.service[117063]: [pid: 117063|app: 0|req: 10/19] 10.222.0.91 () {54 vars in 930 bytes} [Thu Jan 20 11:41:53 2022] GET /compute/v2.1 => generated 388 bytes in 2 msecs (HTTP/1.1 200) 9 headers in 357 bytes (1 switches on core 0)
Jan 20 11:41:53.463479 dv-osbrick-811717-4-ceph devstack@n-api.service[117062]: DEBUG nova.api.openstack.wsgi [None req-54e1faba-a487-49e2-bad1-7b15d3da5ff6 admin admin] Calling method '>' {{(pid=117062) _process_stack /opt/stack/nova/nova/api/openstack/wsgi.py:513}}
Jan 20 11:41:53.487166 dv-osbrick-811717-4-ceph devstack@n-api.service[117062]: INFO nova.api.openstack.requestlog [None req-54e1faba-a487-49e2-bad1-7b15d3da5ff6 admin admin] 10.222.0.91 "GET /compute/v2.1/flavors/detail?is_public=True" status: 200 len: 2106 microversion: 2.61 time: 0.073736
Jan 20 11:41:53.487966 dv-osbrick-811717-4-ceph devstack@n-api.service[117062]: [pid: 117062|app: 0|req: 10/20] 10.222.0.91 () {60 vars in 1291 bytes} [Thu Jan 20 11:41:53 2022] GET /compute/v2.1/flavors/detail?is_public=True => generated 2106 bytes in 75 msecs (HTTP/1.1 200) 9 headers in 360 bytes (1 switches on core 0)
Jan 20 11:41:55.856017 dv-osbrick-811717-4-ceph devstack@n-api.service[117063]: DEBUG nova.api.openstack.wsgi [None req-1f94f09a-8b56-4ea1-a893-f9da72177bfb admin admin] Calling method '>' {{(pid=117063) _process_stack /opt/stack/nova/nova/api/openstack/wsgi.py:513}}
Jan 20 11:41:55.857512 dv-osbrick-811717-4-ceph devstack@n-api.service[117063]: INFO nova.api.openstack.requestlog [None req-1f94f09a-8b56-4ea1-a893-f9da72177bfb admin admin] 10.222.0.91 "GET /compute/v2.1" status: 200 len: 388 microversion: 2.1 time: 0.002133
Jan 20 11:41:55.858085 dv-osbrick-811717-4-ceph devstack@n-api.service[117063]: [pid: 117063|app: 0|req: 11/21] 10.222.0.91 () {54 vars in 930 bytes} [Thu Jan 20 11:41:55 2022] GET /compute/v2.1 => generated 388 bytes in 4 msecs (HTTP/1.1 200) 9 headers in 357 bytes (1 switches on core 0)
Jan 20 11:41:55.927689 dv-osbrick-811717-4-ceph devstack@n-api.service[117062]: DEBUG nova.api.openstack.wsgi [None req-770fc725-caff-40ed-9902-909be874a3ec admin admin] Action: 'create', calling method: >, body: {"flavor": {"os-flavor-access:is_public": true, "id": "1", "name": "m1.tiny", "ram": 512, "OS-FLV-EXT-DATA:ephemeral": 0, "disk": 1, "rxtx_factor": 1.0, "swap": 0, "vcpus": 1}} {{(pid=117062) _process_stack /opt/stack/nova/nova/api/openstack/wsgi.py:511}}
Jan 20 11:41:55.946503 dv-osbrick-811717-4-ceph devstack@n-api.service[117062]: INFO nova.api.openstack.requestlog [None req-770fc725-caff-40ed-9902-909be874a3ec admin admin] 10.222.0.91 "POST /compute/v2.1/flavors" status: 200 len: 402 microversion: 2.61 time: 0.082366
Jan 20 11:41:55.947036 dv-osbrick-811717-4-ceph devstack@n-api.service[117062]: [pid: 117062|app: 0|req: 11/22] 10.222.0.91 () {64 vars in 1282 bytes} [Thu Jan 20 11:41:55 2022] POST /compute/v2.1/flavors => generated 402 bytes in 84 msecs (HTTP/1.1 200) 9 headers in 359 bytes (1 switches on core 0)
Jan 20 11:41:55.959727 dv-osbrick-811717-4-ceph devstack@n-api.service[117063]: DEBUG nova.api.openstack.wsgi [None req-2f7b87bf-f936-492f-b62c-757d8a2e7acc admin admin] Action: 'create', calling method: >, body: {"extra_specs": {"hw_rng:allowed": "True"}} {{(pid=117063) _process_stack /opt/stack/nova/nova/api/openstack/wsgi.py:511}}
Jan 20 11:41:55.984037 dv-osbrick-811717-4-ceph devstack@n-api.service[117063]: INFO nova.api.openstack.requestlog [None req-2f7b87bf-f936-492f-b62c-757d8a2e7acc admin admin] 10.222.0.91 "POST /compute/v2.1/flavors/1/os-extra_specs" status: 200 len: 43 microversion: 2.61 time: 0.028434
Jan 20 11:41:55.984710 dv-osbrick-811717-4-ceph devstack@n-api.service[117063]: [pid: 117063|app: 0|req: 12/23] 10.222.0.91 () {64 vars in 1332 bytes} [Thu Jan 20 11:41:55 2022] POST /compute/v2.1/flavors/1/os-extra_specs => generated 43 bytes in 30 msecs (HTTP/1.1 200) 9 headers in 358 bytes (1 switches on core 0)
Jan 20 11:41:58.302137 dv-osbrick-811717-4-ceph devstack@n-api.service[117062]: DEBUG nova.api.openstack.wsgi [None req-770fc725-caff-40ed-9902-909be874a3ec admin admin] Calling method '>' {{(pid=117062) _process_stack /opt/stack/nova/nova/api/openstack/wsgi.py:513}}
Jan 20 11:41:58.303157 dv-osbrick-811717-4-ceph devstack@n-api.service[117062]: INFO nova.api.openstack.requestlog [None req-770fc725-caff-40ed-9902-909be874a3ec admin admin] 10.222.0.91 "GET /compute/v2.1" status: 200 len: 388 microversion: 2.1 time: 0.001462
Jan 20 11:41:58.303569 dv-osbrick-811717-4-ceph devstack@n-api.service[117062]: [pid: 117062|app: 0|req: 12/24] 10.222.0.91 () {54 vars in 930 bytes} [Thu Jan 20 11:41:58 2022] GET /compute/v2.1 => generated 388 bytes in 2 msecs (HTTP/1.1 200) 9 headers in 357 bytes (1 switches on core 0)
Jan 20 11:41:58.361008 dv-osbrick-811717-4-ceph devstack@n-api.service[117063]: DEBUG nova.api.openstack.wsgi [None req-f622a2b2-de32-4d90-b409-75bf4f60b8fe admin admin] Action: 'create', calling method: >, body: {"flavor": {"vcpus": 1, "disk": 20, "id": "2", "ram": 2048, "os-flavor-access:is_public": true, "swap": 0, "name": "m1.small", "OS-FLV-EXT-DATA:ephemeral": 0, "rxtx_factor": 1.0}} {{(pid=117063) _process_stack /opt/stack/nova/nova/api/openstack/wsgi.py:511}}
Jan 20 11:41:58.380935 dv-osbrick-811717-4-ceph devstack@n-api.service[117063]: INFO nova.api.openstack.requestlog [None req-f622a2b2-de32-4d90-b409-75bf4f60b8fe admin admin] 10.222.0.91 "POST /compute/v2.1/flavors" status: 200 len: 405 microversion: 2.61 time: 0.070969
Jan 20 11:41:58.381501 dv-osbrick-811717-4-ceph devstack@n-api.service[117063]: [pid: 117063|app: 0|req: 13/25] 10.222.0.91 () {64 vars in 1282 bytes} [Thu Jan 20 11:41:58 2022] POST /compute/v2.1/flavors => generated 405 bytes in 72 msecs (HTTP/1.1 200) 9 headers in 359 bytes (1 switches on core 0)
Jan 20 11:41:58.395549 dv-osbrick-811717-4-ceph devstack@n-api.service[117062]: DEBUG nova.api.openstack.wsgi [None req-d50af8f1-c917-499a-afd2-9f2b88cdcbe2 admin admin] Action: 'create', calling method: >, body: {"extra_specs": {"hw_rng:allowed": "True"}} {{(pid=117062) _process_stack /opt/stack/nova/nova/api/openstack/wsgi.py:511}}
Jan 20 11:41:58.424958 dv-osbrick-811717-4-ceph devstack@n-api.service[117062]: INFO nova.api.openstack.requestlog [None req-d50af8f1-c917-499a-afd2-9f2b88cdcbe2 admin admin] 10.222.0.91 "POST /compute/v2.1/flavors/2/os-extra_specs" status: 200 len: 43 microversion: 2.61 time: 0.033383
Jan 20 11:41:58.426151 dv-osbrick-811717-4-ceph devstack@n-api.service[117062]: [pid: 117062|app: 0|req: 13/26] 10.222.0.91 () {64 vars in 1332 bytes} [Thu Jan 20 11:41:58 2022] POST /compute/v2.1/flavors/2/os-extra_specs => generated 43 bytes in 36 msecs (HTTP/1.1 200) 9 headers in 358 bytes (1 switches on core 0)
Jan 20 11:42:01.083430 dv-osbrick-811717-4-ceph devstack@n-api.service[117063]: DEBUG nova.api.openstack.wsgi [None req-f622a2b2-de32-4d90-b409-75bf4f60b8fe admin admin] Calling method '>' {{(pid=117063) _process_stack /opt/stack/nova/nova/api/openstack/wsgi.py:513}}
Jan 20 11:42:01.084576 dv-osbrick-811717-4-ceph devstack@n-api.service[117063]: INFO nova.api.openstack.requestlog [None req-f622a2b2-de32-4d90-b409-75bf4f60b8fe admin admin] 10.222.0.91 "GET /compute/v2.1" status: 200 len: 388 microversion: 2.1 time: 0.001474
Jan 20 11:42:01.084919 dv-osbrick-811717-4-ceph devstack@n-api.service[117063]: [pid: 117063|app: 0|req: 14/27] 10.222.0.91 () {54 vars in 930 bytes} [Thu Jan 20 11:42:01 2022] GET /compute/v2.1 => generated 388 bytes in 2 msecs (HTTP/1.1 200) 9 headers in 357 bytes (1 switches on core 0)
Jan 20 11:42:01.144915 dv-osbrick-811717-4-ceph devstack@n-api.service[117062]: DEBUG nova.api.openstack.wsgi [None req-7d306d8e-8cb6-4d84-aae1-ab7b32ea145c admin admin] Action: 'create', calling method: >, body: {"flavor": {"OS-FLV-EXT-DATA:ephemeral": 0, "os-flavor-access:is_public": true, "vcpus": 2, "ram": 4096, "name": "m1.medium", "disk": 40, "swap": 0, "rxtx_factor": 1.0, "id": "3"}} {{(pid=117062) _process_stack /opt/stack/nova/nova/api/openstack/wsgi.py:511}}
Jan 20 11:42:01.164421 dv-osbrick-811717-4-ceph devstack@n-api.service[117062]: INFO nova.api.openstack.requestlog [None req-7d306d8e-8cb6-4d84-aae1-ab7b32ea145c admin admin] 10.222.0.91 "POST /compute/v2.1/flavors" status: 200 len: 406 microversion: 2.61 time: 0.072980
Jan 20 11:42:01.165102 dv-osbrick-811717-4-ceph devstack@n-api.service[117062]: [pid: 117062|app: 0|req: 14/28] 10.222.0.91 () {64 vars in 1282 bytes} [Thu Jan 20 11:42:01 2022] POST /compute/v2.1/flavors => generated 406 bytes in 74 msecs (HTTP/1.1 200) 9 headers in 359 bytes (1 switches on core 0)
Jan 20 11:42:01.177579 dv-osbrick-811717-4-ceph devstack@n-api.service[117063]: DEBUG nova.api.openstack.wsgi [None req-e2f15f27-102f-4eb9-bbf2-0d63ab63ae74 admin admin] Action: 'create', calling method: >, body: {"extra_specs": {"hw_rng:allowed": "True"}} {{(pid=117063) _process_stack /opt/stack/nova/nova/api/openstack/wsgi.py:511}}
Jan 20 11:42:01.199743 dv-osbrick-811717-4-ceph devstack@n-api.service[117063]: INFO nova.api.openstack.requestlog [None req-e2f15f27-102f-4eb9-bbf2-0d63ab63ae74 admin admin] 10.222.0.91 "POST /compute/v2.1/flavors/3/os-extra_specs" status: 200 len: 43 microversion: 2.61 time: 0.025796
Jan 20 11:42:01.200305 dv-osbrick-811717-4-ceph devstack@n-api.service[117063]: [pid: 117063|app: 0|req: 15/29] 10.222.0.91 () {64 vars in 1332 bytes} [Thu Jan 20 11:42:01 2022] POST /compute/v2.1/flavors/3/os-extra_specs => generated 43 bytes in 27 msecs (HTTP/1.1 200) 9 headers in 358 bytes (2 switches on core 0)
Jan 20 11:42:03.652783 dv-osbrick-811717-4-ceph devstack@n-api.service[117062]: DEBUG nova.api.openstack.wsgi [None req-7d306d8e-8cb6-4d84-aae1-ab7b32ea145c admin admin] Calling method '>' {{(pid=117062) _process_stack /opt/stack/nova/nova/api/openstack/wsgi.py:513}}
Jan 20 11:42:03.652783 dv-osbrick-811717-4-ceph devstack@n-api.service[117062]: INFO nova.api.openstack.requestlog [None req-7d306d8e-8cb6-4d84-aae1-ab7b32ea145c admin admin] 10.222.0.91 "GET /compute/v2.1" status: 200 len: 388 microversion: 2.1 time: 0.001509
Jan 20 11:42:03.652783 dv-osbrick-811717-4-ceph devstack@n-api.service[117062]: [pid: 117062|app: 0|req: 15/30] 10.222.0.91 () {54 vars in 930 bytes} [Thu Jan 20 11:42:03 2022] GET /compute/v2.1 => generated 388 bytes in 2 msecs (HTTP/1.1 200) 9 headers in 357 bytes (1 switches on core 0)
Jan 20 11:42:03.654543 dv-osbrick-811717-4-ceph devstack@n-api.service[117063]: DEBUG nova.api.openstack.wsgi [None req-601e77e9-cc7d-4e40-9ea3-85a1a1244b7b admin admin] Action: 'create', calling method: >, body: {"flavor": {"disk": 80, "rxtx_factor": 1.0, "id": "4", "swap": 0, "name": "m1.large", "os-flavor-access:is_public": true, "vcpus": 4, "ram": 8192, "OS-FLV-EXT-DATA:ephemeral": 0}} {{(pid=117063) _process_stack /opt/stack/nova/nova/api/openstack/wsgi.py:511}}
Jan 20 11:42:03.669670 dv-osbrick-811717-4-ceph devstack@n-api.service[117063]: INFO nova.api.openstack.requestlog [None req-601e77e9-cc7d-4e40-9ea3-85a1a1244b7b admin admin] 10.222.0.91 "POST /compute/v2.1/flavors" status: 200 len: 405 microversion: 2.61 time: 0.069524
Jan 20 11:42:03.670609 dv-osbrick-811717-4-ceph devstack@n-api.service[117063]: [pid: 117063|app: 0|req: 16/31] 10.222.0.91 () {64 vars in 1282 bytes} [Thu Jan 20 11:42:03 2022] POST /compute/v2.1/flavors => generated 405 bytes in 71 msecs (HTTP/1.1 200) 9 headers in 359 bytes (2 switches on core 0)
Jan 20 11:42:03.682316 dv-osbrick-811717-4-ceph devstack@n-api.service[117062]: DEBUG nova.api.openstack.wsgi [None req-e214ef4c-6aae-40d1-baab-88e9bcad7af5 admin admin] Action: 'create', calling method: >, body: {"extra_specs": {"hw_rng:allowed": "True"}} {{(pid=117062) _process_stack /opt/stack/nova/nova/api/openstack/wsgi.py:511}}
Jan 20 11:42:03.705532 dv-osbrick-811717-4-ceph devstack@n-api.service[117062]: INFO nova.api.openstack.requestlog [None req-e214ef4c-6aae-40d1-baab-88e9bcad7af5 admin admin] 10.222.0.91 "POST /compute/v2.1/flavors/4/os-extra_specs" status: 200 len: 43 microversion: 2.61 time: 0.026806
Jan 20 11:42:03.706232 dv-osbrick-811717-4-ceph devstack@n-api.service[117062]: [pid: 117062|app: 0|req: 16/32] 10.222.0.91 () {64 vars in 1332 bytes} [Thu Jan 20 11:42:03 2022] POST /compute/v2.1/flavors/4/os-extra_specs => generated 43 bytes in 28 msecs (HTTP/1.1 200) 9 headers in 358 bytes (2 switches on core 0)
Jan 20 11:42:06.158122 dv-osbrick-811717-4-ceph devstack@n-api.service[117063]: DEBUG nova.api.openstack.wsgi [None req-601e77e9-cc7d-4e40-9ea3-85a1a1244b7b admin admin] Calling method '>' {{(pid=117063) _process_stack /opt/stack/nova/nova/api/openstack/wsgi.py:513}}
Jan 20 11:42:06.159171 dv-osbrick-811717-4-ceph devstack@n-api.service[117063]: INFO nova.api.openstack.requestlog [None req-601e77e9-cc7d-4e40-9ea3-85a1a1244b7b admin admin] 10.222.0.91 "GET /compute/v2.1" status: 200 len: 388 microversion: 2.1 time: 0.001470
Jan 20 11:42:06.159579 dv-osbrick-811717-4-ceph devstack@n-api.service[117063]: [pid: 117063|app: 0|req: 17/33] 10.222.0.91 () {54 vars in 930 bytes} [Thu Jan 20 11:42:06 2022] GET /compute/v2.1 => generated 388 bytes in 2 msecs (HTTP/1.1 200) 9 headers in 357 bytes (1 switches on core 0)
Jan 20 11:42:06.224912 dv-osbrick-811717-4-ceph devstack@n-api.service[117062]: DEBUG nova.api.openstack.wsgi [None req-caf95825-a6cb-4a1f-9e4e-734d98da85cb admin admin] Action: 'create', calling method: >, body: {"flavor": {"rxtx_factor": 1.0, "id": "5", "OS-FLV-EXT-DATA:ephemeral": 0, "os-flavor-access:is_public": true, "vcpus": 8, "swap": 0, "ram": 16384, "disk": 160, "name": "m1.xlarge"}} {{(pid=117062) _process_stack /opt/stack/nova/nova/api/openstack/wsgi.py:511}}
Jan 20 11:42:06.246994 dv-osbrick-811717-4-ceph devstack@n-api.service[117062]: INFO nova.api.openstack.requestlog [None req-caf95825-a6cb-4a1f-9e4e-734d98da85cb admin admin] 10.222.0.91 "POST /compute/v2.1/flavors" status: 200 len: 408 microversion: 2.61 time: 0.081455
Jan 20 11:42:06.247557 dv-osbrick-811717-4-ceph devstack@n-api.service[117062]: [pid: 117062|app: 0|req: 17/34] 10.222.0.91 () {64 vars in 1282 bytes} [Thu Jan 20 11:42:06 2022] POST /compute/v2.1/flavors => generated 408 bytes in 83 msecs (HTTP/1.1 200) 9 headers in 359 bytes (1 switches on core 0)
Jan 20 11:42:06.259000 dv-osbrick-811717-4-ceph devstack@n-api.service[117063]: DEBUG nova.api.openstack.wsgi [None req-982fa491-8f30-4975-a6f0-d6e14638da46 admin admin] Action: 'create', calling method: >, body: {"extra_specs": {"hw_rng:allowed": "True"}} {{(pid=117063) _process_stack /opt/stack/nova/nova/api/openstack/wsgi.py:511}}
Jan 20 11:42:06.283003 dv-osbrick-811717-4-ceph devstack@n-api.service[117063]: INFO nova.api.openstack.requestlog [None req-982fa491-8f30-4975-a6f0-d6e14638da46 admin admin] 10.222.0.91 "POST /compute/v2.1/flavors/5/os-extra_specs" status: 200 len: 43 microversion: 2.61 time: 0.027522
Jan 20 11:42:06.283595 dv-osbrick-811717-4-ceph devstack@n-api.service[117063]: [pid: 117063|app: 0|req: 18/35] 10.222.0.91 () {64 vars in 1332 bytes} [Thu Jan 20 11:42:06 2022] POST /compute/v2.1/flavors/5/os-extra_specs => generated 43 bytes in 29 msecs (HTTP/1.1 200) 9 headers in 358 bytes (1 switches on core 0)
Jan 20 11:42:21.641419 dv-osbrick-811717-4-ceph devstack@n-api.service[117062]: DEBUG nova.api.openstack.wsgi [None req-caf95825-a6cb-4a1f-9e4e-734d98da85cb admin admin] Calling method '>' {{(pid=117062) _process_stack /opt/stack/nova/nova/api/openstack/wsgi.py:513}}
Jan 20 11:42:21.642440 dv-osbrick-811717-4-ceph devstack@n-api.service[117062]: INFO nova.api.openstack.requestlog [None req-caf95825-a6cb-4a1f-9e4e-734d98da85cb admin admin] 10.222.0.91 "GET /compute/v2.1" status: 200 len: 388 microversion: 2.1 time: 0.001459
Jan 20 11:42:21.642844 dv-osbrick-811717-4-ceph devstack@n-api.service[117062]: [pid: 117062|app: 0|req: 18/36] 10.222.0.91 () {54 vars in 930 bytes} [Thu Jan 20 11:42:21 2022] GET /compute/v2.1 => generated 388 bytes in 2 msecs (HTTP/1.1 200) 9 headers in 357 bytes (1 switches on core 0)
Jan 20 11:42:21.698467 dv-osbrick-811717-4-ceph devstack@n-api.service[117063]: DEBUG nova.api.openstack.wsgi [None req-043bb39a-638f-4611-b799-47e31ab981cd admin admin] Calling method '>' {{(pid=117063) _process_stack /opt/stack/nova/nova/api/openstack/wsgi.py:513}}
Jan 20 11:42:21.715628 dv-osbrick-811717-4-ceph devstack@n-api.service[117063]: INFO nova.api.openstack.requestlog [None req-043bb39a-638f-4611-b799-47e31ab981cd admin admin] 10.222.0.91 "GET /compute/v2.1/flavors/detail?is_public=True" status: 200 len: 4202 microversion: 2.61 time: 0.066829
Jan 20 11:42:21.716165 dv-osbrick-811717-4-ceph devstack@n-api.service[117063]: [pid: 117063|app: 0|req: 19/37] 10.222.0.91 () {60 vars in 1291 bytes} [Thu Jan 20 11:42:21 2022] GET /compute/v2.1/flavors/detail?is_public=True => generated 4202 bytes in 68 msecs (HTTP/1.1 200) 9 headers in 360 bytes (2 switches on core 0)
Jan 20 11:42:23.110617 dv-osbrick-811717-4-ceph devstack@n-api.service[117062]: DEBUG nova.api.openstack.wsgi [None req-caf95825-a6cb-4a1f-9e4e-734d98da85cb admin admin] Calling method '>' {{(pid=117062) _process_stack /opt/stack/nova/nova/api/openstack/wsgi.py:513}}
Jan 20 11:42:23.111639 dv-osbrick-811717-4-ceph devstack@n-api.service[117062]: INFO nova.api.openstack.requestlog [None req-caf95825-a6cb-4a1f-9e4e-734d98da85cb admin admin] 10.222.0.91 "GET /compute/v2.1" status: 200 len: 388 microversion: 2.1 time: 0.001436
Jan 20 11:42:23.112042 dv-osbrick-811717-4-ceph devstack@n-api.service[117062]: [pid: 117062|app: 0|req: 19/38] 10.222.0.91 () {56 vars in 1074 bytes} [Thu Jan 20 11:42:23 2022] GET /compute/v2.1 => generated 388 bytes in 2 msecs (HTTP/1.1 200) 9 headers in 357 bytes (1 switches on core 0)
Jan 20 11:42:23.366835 dv-osbrick-811717-4-ceph devstack@n-api.service[117063]: DEBUG nova.api.openstack.wsgi [None req-c6108d0c-ebc0-4954-9a9b-c1cc0747afcf admin admin] Calling method '>' {{(pid=117063) _process_stack /opt/stack/nova/nova/api/openstack/wsgi.py:513}}
Jan 20 11:42:23.372303 dv-osbrick-811717-4-ceph devstack@n-api.service[117063]: INFO nova.api.openstack.wsgi [None req-c6108d0c-ebc0-4954-9a9b-c1cc0747afcf admin admin] HTTP exception thrown: Flavor 42 could not be found.
Jan 20 11:42:23.372915 dv-osbrick-811717-4-ceph devstack@n-api.service[117063]: DEBUG nova.api.openstack.wsgi [None req-c6108d0c-ebc0-4954-9a9b-c1cc0747afcf admin admin] Returning 404 to user: Flavor 42 could not be found. {{(pid=117063) __call__ /opt/stack/nova/nova/api/openstack/wsgi.py:936}}
Jan 20 11:42:23.373717 dv-osbrick-811717-4-ceph devstack@n-api.service[117063]: INFO nova.api.openstack.requestlog [None req-c6108d0c-ebc0-4954-9a9b-c1cc0747afcf admin admin] 10.222.0.91 "GET /compute/v2.1/flavors/42" status: 404 len: 75 microversion: 2.90 time: 0.056366
Jan 20 11:42:23.374233 dv-osbrick-811717-4-ceph devstack@n-api.service[117063]: [pid: 117063|app: 0|req: 20/39] 10.222.0.91 () {60 vars in 1190 bytes} [Thu Jan 20 11:42:23 2022] GET /compute/v2.1/flavors/42 => generated 75 bytes in 57 msecs (HTTP/1.1 404) 9 headers in 380 bytes (1 switches on core 0)
Jan 20 11:42:23.383272 dv-osbrick-811717-4-ceph devstack@n-api.service[117062]: DEBUG nova.api.openstack.wsgi [None req-bb60ee46-18cb-43b8-ac9f-b1090012a04c admin admin] Calling method '>' {{(pid=117062) _process_stack /opt/stack/nova/nova/api/openstack/wsgi.py:513}}
Jan 20 11:42:23.403859 dv-osbrick-811717-4-ceph devstack@n-api.service[117062]: INFO nova.api.openstack.requestlog [None req-bb60ee46-18cb-43b8-ac9f-b1090012a04c admin admin] 10.222.0.91 "GET /compute/v2.1/flavors?is_public=None" status: 200 len: 2056 microversion: 2.90 time: 0.024054
Jan 20 11:42:23.404399 dv-osbrick-811717-4-ceph devstack@n-api.service[117062]: [pid: 117062|app: 0|req: 20/40] 10.222.0.91 () {60 vars in 1210 bytes} [Thu Jan 20 11:42:23 2022] GET /compute/v2.1/flavors?is_public=None => generated 2056 bytes in 25 msecs (HTTP/1.1 200) 9 headers in 360 bytes (1 switches on core 0)
Jan 20 11:42:23.430598 dv-osbrick-811717-4-ceph devstack@n-api.service[117063]: DEBUG nova.api.openstack.wsgi [None req-fb27330c-ed50-4ff2-8d7b-43b75effb0ea admin admin] Calling method '>' {{(pid=117063) _process_stack /opt/stack/nova/nova/api/openstack/wsgi.py:513}}
Jan 20 11:42:23.451039 dv-osbrick-811717-4-ceph devstack@n-api.service[117063]: INFO nova.api.openstack.requestlog [None req-fb27330c-ed50-4ff2-8d7b-43b75effb0ea admin admin] 10.222.0.91 "GET /compute/v2.1/flavors?is_public=None" status: 200 len: 2056 microversion: 2.90 time: 0.023939
Jan 20 11:42:23.451559 dv-osbrick-811717-4-ceph devstack@n-api.service[117063]: [pid: 117063|app: 0|req: 21/41] 10.222.0.91 () {60 vars in 1210 bytes} [Thu Jan 20 11:42:23 2022] GET /compute/v2.1/flavors?is_public=None => generated 2056 bytes in 25 msecs (HTTP/1.1 200) 9 headers in 360 bytes (1 switches on core 0)
Jan 20 11:42:23.460599 dv-osbrick-811717-4-ceph devstack@n-api.service[117062]: DEBUG nova.api.openstack.wsgi [None req-67e8bf8f-7bca-47a1-b1f2-8c5241ea1848 admin admin] Calling method '>' {{(pid=117062) _process_stack /opt/stack/nova/nova/api/openstack/wsgi.py:513}}
Jan 20 11:42:23.466601 dv-osbrick-811717-4-ceph devstack@n-api.service[117062]: INFO nova.api.openstack.wsgi [None req-67e8bf8f-7bca-47a1-b1f2-8c5241ea1848 admin admin] HTTP exception thrown: Flavor 42 could not be found.
Jan 20 11:42:23.467173 dv-osbrick-811717-4-ceph devstack@n-api.service[117062]: DEBUG nova.api.openstack.wsgi [None req-67e8bf8f-7bca-47a1-b1f2-8c5241ea1848 admin admin] Returning 404 to user: Flavor 42 could not be found. {{(pid=117062) __call__ /opt/stack/nova/nova/api/openstack/wsgi.py:936}}
Jan 20 11:42:23.467968 dv-osbrick-811717-4-ceph devstack@n-api.service[117062]: INFO nova.api.openstack.requestlog [None req-67e8bf8f-7bca-47a1-b1f2-8c5241ea1848 admin admin] 10.222.0.91 "GET /compute/v2.1/flavors/42" status: 404 len: 75 microversion: 2.90 time: 0.010900
Jan 20 11:42:23.468490 dv-osbrick-811717-4-ceph devstack@n-api.service[117062]: [pid: 117062|app: 0|req: 21/42] 10.222.0.91 () {60 vars in 1190 bytes} [Thu Jan 20 11:42:23 2022] GET /compute/v2.1/flavors/42 => generated 75 bytes in 12 msecs (HTTP/1.1 404) 9 headers in 380 bytes (1 switches on core 0)
Jan 20 11:42:24.786466 dv-osbrick-811717-4-ceph devstack@n-api.service[117063]: DEBUG nova.api.openstack.wsgi [None req-fb27330c-ed50-4ff2-8d7b-43b75effb0ea admin admin] Calling method '>' {{(pid=117063) _process_stack /opt/stack/nova/nova/api/openstack/wsgi.py:513}}
Jan 20 11:42:24.787482 dv-osbrick-811717-4-ceph devstack@n-api.service[117063]: INFO nova.api.openstack.requestlog [None req-fb27330c-ed50-4ff2-8d7b-43b75effb0ea admin admin] 10.222.0.91 "GET /compute/v2.1" status: 200 len: 388 microversion: 2.1 time: 0.001441
Jan 20 11:42:24.787881 dv-osbrick-811717-4-ceph devstack@n-api.service[117063]: [pid: 117063|app: 0|req: 22/43] 10.222.0.91 () {56 vars in 1074 bytes} [Thu Jan 20 11:42:24 2022] GET /compute/v2.1 => generated 388 bytes in 2 msecs (HTTP/1.1 200) 9 headers in 357 bytes (1 switches on core 0)
Jan 20 11:42:24.984693 dv-osbrick-811717-4-ceph devstack@n-api.service[117062]: DEBUG nova.api.openstack.wsgi [None req-bf2b47da-5156-4920-b789-cd4b3c6f044c admin admin] Calling method '>' {{(pid=117062) _process_stack /opt/stack/nova/nova/api/openstack/wsgi.py:513}}
Jan 20 11:42:24.990332 dv-osbrick-811717-4-ceph devstack@n-api.service[117062]: INFO nova.api.openstack.wsgi [None req-bf2b47da-5156-4920-b789-cd4b3c6f044c admin admin] HTTP exception thrown: Flavor 84 could not be found.
Jan 20 11:42:24.990900 dv-osbrick-811717-4-ceph devstack@n-api.service[117062]: DEBUG nova.api.openstack.wsgi [None req-bf2b47da-5156-4920-b789-cd4b3c6f044c admin admin] Returning 404 to user: Flavor 84 could not be found. {{(pid=117062) __call__ /opt/stack/nova/nova/api/openstack/wsgi.py:936}}
