Sep 22 13:53:31.691835 dv-osbrick-810419-2-iscsi neutron-server[101097]: DEBUG neutron_lib.callbacks.manager [None req-eb15f543-c414-4786-9107-398532751510 admin admin] Notify callbacks ['neutron.plugins.ml2.plugin.Ml2Plugin._network_delete_precommit_handler-4086065', 'neutron.services.segments.db._delete_segments_for_network-8729862644628'] for network, precommit_delete {{(pid=101097) _notify_loop /usr/local/lib/python3.8/dist-packages/neutron_lib/callbacks/manager.py:192}}
Sep 22 13:53:31.707024 dv-osbrick-810419-2-iscsi neutron-server[101098]: DEBUG neutron.api.rpc.handlers.resources_rpc [None req-6d4e5a1b-aff6-4981-a2d3-83a751e2d727 None None] Pushing event deleted for resources: {'Port': ['ID=3cba18c8-ff4e-4e05-8ce5-1e6e3c7cbd18,revision_number=None']} {{(pid=101098) push /opt/stack/neutron/neutron/api/rpc/handlers/resources_rpc.py:237}}
Sep 22 13:53:31.711618 dv-osbrick-810419-2-iscsi neutron-server[101098]: DEBUG neutron.db.l3_dvrscheduler_db [None req-6d4e5a1b-aff6-4981-a2d3-83a751e2d727 None None] No DVR routers for this DVR port 3cba18c8-ff4e-4e05-8ce5-1e6e3c7cbd18 on host dv-osbrick-810419-2-iscsi {{(pid=101098) get_dvr_routers_to_remove /opt/stack/neutron/neutron/db/l3_dvrscheduler_db.py:214}}
Sep 22 13:53:31.718676 dv-osbrick-810419-2-iscsi neutron-server[101097]: DEBUG neutron_lib.callbacks.manager [None req-eb15f543-c414-4786-9107-398532751510 admin admin] Subscribe: > segment before_delete 55550000 {{(pid=101097) subscribe /usr/local/lib/python3.8/dist-packages/neutron_lib/callbacks/manager.py:45}}
Sep 22 13:53:31.719036 dv-osbrick-810419-2-iscsi neutron-server[101097]: DEBUG neutron_lib.callbacks.manager [None req-eb15f543-c414-4786-9107-398532751510 admin admin] Subscribe: > subnet precommit_delete_associations 55550000 {{(pid=101097) subscribe /usr/local/lib/python3.8/dist-packages/neutron_lib/callbacks/manager.py:45}}
Sep 22 13:53:31.719963 dv-osbrick-810419-2-iscsi neutron-server[101097]: DEBUG neutron_lib.callbacks.manager [None req-eb15f543-c414-4786-9107-398532751510 admin admin] Subscribe: > segment_host_mapping after_create 55550000 {{(pid=101097) subscribe /usr/local/lib/python3.8/dist-packages/neutron_lib/callbacks/manager.py:45}}
Sep 22 13:53:31.720312 dv-osbrick-810419-2-iscsi neutron-server[101097]: DEBUG neutron_lib.callbacks.manager [None req-eb15f543-c414-4786-9107-398532751510 admin admin] Subscribe: > port after_create 55550000 {{(pid=101097) subscribe /usr/local/lib/python3.8/dist-packages/neutron_lib/callbacks/manager.py:45}}
Sep 22 13:53:31.720649 dv-osbrick-810419-2-iscsi neutron-server[101097]: DEBUG neutron_lib.callbacks.manager [None req-eb15f543-c414-4786-9107-398532751510 admin admin] Subscribe: > port after_delete 55550000 {{(pid=101097) subscribe /usr/local/lib/python3.8/dist-packages/neutron_lib/callbacks/manager.py:45}}
Sep 22 13:53:31.721038 dv-osbrick-810419-2-iscsi neutron-server[101097]: DEBUG neutron_lib.callbacks.manager [None req-eb15f543-c414-4786-9107-398532751510 admin admin] Subscribe: > port after_update 55550000 {{(pid=101097) subscribe /usr/local/lib/python3.8/dist-packages/neutron_lib/callbacks/manager.py:45}}
Sep 22 13:53:31.721361 dv-osbrick-810419-2-iscsi neutron-server[101097]: DEBUG neutron_lib.callbacks.manager [None req-eb15f543-c414-4786-9107-398532751510 admin admin] Subscribe: > segment after_delete 55550000 {{(pid=101097) subscribe /usr/local/lib/python3.8/dist-packages/neutron_lib/callbacks/manager.py:45}}
Sep 22 13:53:31.721805 dv-osbrick-810419-2-iscsi neutron-server[101097]: DEBUG neutron_lib.callbacks.manager [None req-eb15f543-c414-4786-9107-398532751510 admin admin] Subscribe: > subnet after_create 55550000 {{(pid=101097) subscribe /usr/local/lib/python3.8/dist-packages/neutron_lib/callbacks/manager.py:45}}
Sep 22 13:53:31.722300 dv-osbrick-810419-2-iscsi neutron-server[101097]: DEBUG neutron_lib.callbacks.manager [None req-eb15f543-c414-4786-9107-398532751510 admin admin] Subscribe: > subnet after_delete 55550000 {{(pid=101097) subscribe /usr/local/lib/python3.8/dist-packages/neutron_lib/callbacks/manager.py:45}}
Sep 22 13:53:31.722605 dv-osbrick-810419-2-iscsi neutron-server[101097]: DEBUG neutron_lib.callbacks.manager [None req-eb15f543-c414-4786-9107-398532751510 admin admin] Subscribe: > subnet after_update 55550000 {{(pid=101097) subscribe /usr/local/lib/python3.8/dist-packages/neutron_lib/callbacks/manager.py:45}}
Sep 22 13:53:31.838607 dv-osbrick-810419-2-iscsi neutron-server[101097]: DEBUG neutron_lib.callbacks.manager [None req-eb15f543-c414-4786-9107-398532751510 admin admin] Subscribe: > subnet after_create 55550000 {{(pid=101097) subscribe /usr/local/lib/python3.8/dist-packages/neutron_lib/callbacks/manager.py:45}}
Sep 22 13:53:31.838882 dv-osbrick-810419-2-iscsi neutron-server[101097]: DEBUG neutron_lib.callbacks.manager [None req-eb15f543-c414-4786-9107-398532751510 admin admin] Subscribe: > subnet after_delete 55550000 {{(pid=101097) subscribe /usr/local/lib/python3.8/dist-packages/neutron_lib/callbacks/manager.py:45}}
Sep 22 13:53:31.839214 dv-osbrick-810419-2-iscsi neutron-server[101097]: DEBUG neutron_lib.callbacks.manager [None req-eb15f543-c414-4786-9107-398532751510 admin admin] Subscribe: > subnet before_create 55550000 {{(pid=101097) subscribe /usr/local/lib/python3.8/dist-packages/neutron_lib/callbacks/manager.py:45}}
Sep 22 13:53:31.839585 dv-osbrick-810419-2-iscsi neutron-server[101097]: DEBUG neutron_lib.callbacks.manager [None req-eb15f543-c414-4786-9107-398532751510 admin admin] Subscribe: > subnet before_update 55550000 {{(pid=101097) subscribe /usr/local/lib/python3.8/dist-packages/neutron_lib/callbacks/manager.py:45}}
Sep 22 13:53:31.840061 dv-osbrick-810419-2-iscsi neutron-server[101097]: DEBUG neutron.services.segments.db [None req-eb15f543-c414-4786-9107-398532751510 admin admin] neutron.services.segments.plugin.Plugin method get_segments called with arguments (,) {'filters': {'network_id': ['ea729956-7c87-4c3b-91d8-02b491e3c08a']}} {{(pid=101097) wrapper /usr/local/lib/python3.8/dist-packages/oslo_log/helpers.py:65}}
Sep 22 13:53:31.858671 dv-osbrick-810419-2-iscsi neutron-server[101097]: DEBUG neutron.services.segments.db [None req-eb15f543-c414-4786-9107-398532751510 admin admin] neutron.services.segments.plugin.Plugin method delete_segment called with arguments (, 'b553e046-0054-4ccb-99f2-ec017c95a9e5') {'for_net_delete': True} {{(pid=101097) wrapper /usr/local/lib/python3.8/dist-packages/oslo_log/helpers.py:65}}
Sep 22 13:53:31.858964 dv-osbrick-810419-2-iscsi neutron-server[101097]: DEBUG neutron.services.segments.db [None req-eb15f543-c414-4786-9107-398532751510 admin admin] neutron.services.segments.plugin.Plugin method get_segment called with arguments (, 'b553e046-0054-4ccb-99f2-ec017c95a9e5') {} {{(pid=101097) wrapper /usr/local/lib/python3.8/dist-packages/oslo_log/helpers.py:65}}
Sep 22 13:53:31.878348 dv-osbrick-810419-2-iscsi neutron-server[101097]: DEBUG neutron_lib.callbacks.manager [None req-eb15f543-c414-4786-9107-398532751510 admin admin] Notify callbacks ['neutron.plugins.ml2.db._prevent_segment_delete_with_port_bound-8729862644381', 'neutron.services.segments.plugin.Plugin._prevent_segment_delete_with_subnet_associated-129818742'] for segment, before_delete {{(pid=101097) _notify_loop /usr/local/lib/python3.8/dist-packages/neutron_lib/callbacks/manager.py:192}}
Sep 22 13:53:31.900198 dv-osbrick-810419-2-iscsi neutron-server[101097]: DEBUG neutron_lib.callbacks.manager [None req-eb15f543-c414-4786-9107-398532751510 admin admin] Notify callbacks ['neutron.plugins.ml2.plugin.Ml2Plugin._handle_segment_change-4084511'] for segment, precommit_delete {{(pid=101097) _notify_loop /usr/local/lib/python3.8/dist-packages/neutron_lib/callbacks/manager.py:192}}
Sep 22 13:53:31.908865 dv-osbrick-810419-2-iscsi neutron-server[101097]: DEBUG neutron.plugins.ml2.drivers.type_vlan [None req-eb15f543-c414-4786-9107-398532751510 admin admin] Releasing vlan 1120 on physical network physnet1 to pool {{(pid=101097) release_segment /opt/stack/neutron/neutron/plugins/ml2/drivers/type_vlan.py:304}}
Sep 22 13:53:31.909325 dv-osbrick-810419-2-iscsi neutron-server[101097]: DEBUG neutron_lib.callbacks.manager [None req-eb15f543-c414-4786-9107-398532751510 admin admin] Notify callbacks ['neutron.plugins.ml2.plugin.Ml2Plugin._handle_segment_change-4084511', 'neutron.services.segments.plugin.NovaSegmentNotifier._notify_segment_deleted-125881093'] for segment, after_delete {{(pid=101097) _notify_loop /usr/local/lib/python3.8/dist-packages/neutron_lib/callbacks/manager.py:192}}
Sep 22 13:53:31.932991 dv-osbrick-810419-2-iscsi neutron-server[101097]: /usr/lib/python3/dist-packages/secretstorage/dhcrypto.py:15: CryptographyDeprecationWarning: int_from_bytes is deprecated, use int.from_bytes instead
Sep 22 13:53:31.932991 dv-osbrick-810419-2-iscsi neutron-server[101097]: from cryptography.utils import int_from_bytes
Sep 22 13:53:31.932991 dv-osbrick-810419-2-iscsi neutron-server[101097]: /usr/lib/python3/dist-packages/secretstorage/util.py:19: CryptographyDeprecationWarning: int_from_bytes is deprecated, use int.from_bytes instead
Sep 22 13:53:31.932991 dv-osbrick-810419-2-iscsi neutron-server[101097]: from cryptography.utils import int_from_bytes
Sep 22 13:53:31.932991 dv-osbrick-810419-2-iscsi neutron-server[101097]: Traceback (most recent call last):
Sep 22 13:53:31.932991 dv-osbrick-810419-2-iscsi neutron-server[101097]: File "/usr/local/lib/python3.8/dist-packages/eventlet/hubs/hub.py", line 476, in fire_timers
Sep 22 13:53:31.932991 dv-osbrick-810419-2-iscsi neutron-server[101097]: timer()
Sep 22 13:53:31.932991 dv-osbrick-810419-2-iscsi neutron-server[101097]: File "/usr/local/lib/python3.8/dist-packages/eventlet/hubs/timer.py", line 59, in __call__
Sep 22 13:53:31.932991 dv-osbrick-810419-2-iscsi neutron-server[101097]: cb(*args, **kw)
Sep 22 13:53:31.932991 dv-osbrick-810419-2-iscsi neutron-server[101097]: File "/opt/stack/neutron/neutron/common/utils.py", line 906, in wrapper
Sep 22 13:53:31.932991 dv-osbrick-810419-2-iscsi neutron-server[101097]: return func(*args, **kwargs)
Sep 22 13:53:31.932991 dv-osbrick-810419-2-iscsi neutron-server[101097]: File "/opt/stack/neutron/neutron/notifiers/batch_notifier.py", line 58, in synced_send
Sep 22 13:53:31.932991 dv-osbrick-810419-2-iscsi neutron-server[101097]: self._notify()
Sep 22 13:53:31.932991 dv-osbrick-810419-2-iscsi neutron-server[101097]: File "/opt/stack/neutron/neutron/notifiers/batch_notifier.py", line 69, in _notify
Sep 22 13:53:31.932991 dv-osbrick-810419-2-iscsi neutron-server[101097]: self.callback(batched_events)
Sep 22 13:53:31.932991 dv-osbrick-810419-2-iscsi neutron-server[101097]: File "/opt/stack/neutron/neutron/services/segments/plugin.py", line 211, in _send_notifications
Sep 22 13:53:31.932991 dv-osbrick-810419-2-iscsi neutron-server[101097]: event.method(event)
Sep 22 13:53:31.932991 dv-osbrick-810419-2-iscsi neutron-server[101097]: File "/opt/stack/neutron/neutron/services/segments/plugin.py", line 383, in _delete_nova_inventory
Sep 22 13:53:31.932991 dv-osbrick-810419-2-iscsi neutron-server[101097]: aggregate_id = self._get_aggregate_id(event.segment_id)
Sep 22 13:53:31.932991 dv-osbrick-810419-2-iscsi neutron-server[101097]: File "/opt/stack/neutron/neutron/services/segments/plugin.py", line 370, in _get_aggregate_id
Sep 22 13:53:31.932991 dv-osbrick-810419-2-iscsi neutron-server[101097]: aggregate_uuid = self.p_client.list_aggregates(
Sep 22 13:53:31.932991 dv-osbrick-810419-2-iscsi neutron-server[101097]: File "/usr/local/lib/python3.8/dist-packages/neutron_lib/placement/client.py", line 58, in wrapper
Sep 22 13:53:31.932991 dv-osbrick-810419-2-iscsi neutron-server[101097]: return f(self, *a, **k)
Sep 22 13:53:31.932991 dv-osbrick-810419-2-iscsi neutron-server[101097]: File "/usr/local/lib/python3.8/dist-packages/neutron_lib/placement/client.py", line 554, in list_aggregates
Sep 22 13:53:31.932991 dv-osbrick-810419-2-iscsi neutron-server[101097]: return self._get(url).json()
Sep 22 13:53:31.932991 dv-osbrick-810419-2-iscsi neutron-server[101097]: File "/usr/local/lib/python3.8/dist-packages/neutron_lib/placement/client.py", line 190, in _get
Sep 22 13:53:31.932991 dv-osbrick-810419-2-iscsi neutron-server[101097]: return self._client.get(url, endpoint_filter=self._ks_filter,
Sep 22 13:53:31.932991 dv-osbrick-810419-2-iscsi neutron-server[101097]: File "/usr/local/lib/python3.8/dist-packages/keystoneauth1/session.py", line 1141, in get
Sep 22 13:53:31.932991 dv-osbrick-810419-2-iscsi neutron-server[101097]: return self.request(url, 'GET', **kwargs)
Sep 22 13:53:31.932991 dv-osbrick-810419-2-iscsi neutron-server[101097]: File "/usr/local/lib/python3.8/dist-packages/keystoneauth1/session.py", line 811, in request
Sep 22 13:53:31.932991 dv-osbrick-810419-2-iscsi neutron-server[101097]: base_url = self.get_endpoint(auth, allow=allow,
Sep 22 13:53:31.932991 dv-osbrick-810419-2-iscsi neutron-server[101097]: File "/usr/local/lib/python3.8/dist-packages/keystoneauth1/session.py", line 1241, in get_endpoint
Sep 22 13:53:31.932991 dv-osbrick-810419-2-iscsi neutron-server[101097]: auth = self._auth_required(auth, 'determine endpoint URL')
Sep 22 13:53:31.932991 dv-osbrick-810419-2-iscsi neutron-server[101097]: File "/usr/local/lib/python3.8/dist-packages/keystoneauth1/session.py", line 1181, in _auth_required
Sep 22 13:53:31.932991 dv-osbrick-810419-2-iscsi neutron-server[101097]: raise exceptions.MissingAuthPlugin(msg_fmt % msg)
Sep 22 13:53:31.932991 dv-osbrick-810419-2-iscsi neutron-server[101097]: keystoneauth1.exceptions.auth_plugins.MissingAuthPlugin: An auth plugin is required to determine endpoint URL
Sep 22 13:53:32.087341 dv-osbrick-810419-2-iscsi neutron-server[101097]: DEBUG neutron_lib.callbacks.manager [None req-eb15f543-c414-4786-9107-398532751510 admin admin] Notify callbacks ['neutron.plugins.ml2.plugin.Ml2Plugin._network_delete_after_delete_handler-4086022', 'neutron.plugins.ml2.ovo_rpc._ObjectChangeHandler.handle_event-554809', 'neutron.api.rpc.agentnotifiers.dhcp_rpc_agent_api.DhcpAgentNotifyAPI._native_event_send_dhcp_notification-539584', 'neutron.services.l3_router.l3_router_plugin.DVRResourceOperationHandler.delete_fip_namespaces_for_ext_net-597775'] for network, after_delete {{(pid=101097) _notify_loop /usr/local/lib/python3.8/dist-packages/neutron_lib/callbacks/manager.py:192}}
Sep 22 13:53:32.093011 dv-osbrick-810419-2-iscsi neutron-server[101097]: DEBUG neutron_lib.callbacks.manager [None req-eb15f543-c414-4786-9107-398532751510 admin admin] Notify callbacks ['neutron.api.rpc.agentnotifiers.dhcp_rpc_agent_api.DhcpAgentNotifyAPI._send_dhcp_notification-539706'] for network, before_response {{(pid=101097) _notify_loop /usr/local/lib/python3.8/dist-packages/neutron_lib/callbacks/manager.py:192}}
Sep 22 13:53:32.095049 dv-osbrick-810419-2-iscsi neutron-server[101097]: INFO neutron.wsgi [None req-eb15f543-c414-4786-9107-398532751510 admin admin] 10.222.0.36 "DELETE /v2.0/networks/ea729956-7c87-4c3b-91d8-02b491e3c08a HTTP/1.1" status: 204 len: 168 time: 0.9792514
Sep 22 13:53:32.098128 dv-osbrick-810419-2-iscsi neutron-server[101096]: DEBUG neutron.wsgi [-] (101096) accepted ('10.222.0.36', 32940) {{(pid=101096) server /usr/local/lib/python3.8/dist-packages/eventlet/wsgi.py:982}}
Sep 22 13:53:32.107893 dv-osbrick-810419-2-iscsi neutron-server[101097]: DEBUG neutron.api.rpc.handlers.resources_rpc [None req-eb15f543-c414-4786-9107-398532751510 admin admin] Pushing event deleted for resources: {'Network': ['ID=ea729956-7c87-4c3b-91d8-02b491e3c08a,revision_number=None']} {{(pid=101097) push /opt/stack/neutron/neutron/api/rpc/handlers/resources_rpc.py:237}}
Sep 22 13:53:32.238517 dv-osbrick-810419-2-iscsi neutron-server[101098]: DEBUG neutron.plugins.ml2.rpc [None req-177b1658-706d-4660-a91e-5c0f580d73ec None None] Device 8852e3cc-013e-4f72-ae12-3b525e3a8293 no longer exists at agent ovs-agent-dv-osbrick-810419-2-iscsi {{(pid=101098) update_device_down /opt/stack/neutron/neutron/plugins/ml2/rpc.py:259}}
Sep 22 13:53:32.259201 dv-osbrick-810419-2-iscsi neutron-server[101098]: DEBUG neutron.plugins.ml2.plugin [None req-177b1658-706d-4660-a91e-5c0f580d73ec None None] No Port match for: 8852e3cc-013e-4f72-ae12-3b525e3a8293 {{(pid=101098) port_bound_to_host /opt/stack/neutron/neutron/plugins/ml2/plugin.py:2267}}
Sep 22 13:53:32.259545 dv-osbrick-810419-2-iscsi neutron-server[101098]: DEBUG neutron.plugins.ml2.rpc [None req-177b1658-706d-4660-a91e-5c0f580d73ec None None] Device 8852e3cc-013e-4f72-ae12-3b525e3a8293 not bound to the agent host dv-osbrick-810419-2-iscsi {{(pid=101098) update_device_down /opt/stack/neutron/neutron/plugins/ml2/rpc.py:269}}
Sep 22 13:53:32.260013 dv-osbrick-810419-2-iscsi neutron-server[101098]: DEBUG neutron.plugins.ml2.rpc [None req-177b1658-706d-4660-a91e-5c0f580d73ec None None] Device 3dd119bd-0fa1-4790-b38b-ac14721813e6 no longer exists at agent ovs-agent-dv-osbrick-810419-2-iscsi {{(pid=101098) update_device_down /opt/stack/neutron/neutron/plugins/ml2/rpc.py:259}}
Sep 22 13:53:32.277694 dv-osbrick-810419-2-iscsi neutron-server[101098]: DEBUG neutron.plugins.ml2.plugin [None req-177b1658-706d-4660-a91e-5c0f580d73ec None None] No Port match for: 3dd119bd-0fa1-4790-b38b-ac14721813e6 {{(pid=101098) port_bound_to_host /opt/stack/neutron/neutron/plugins/ml2/plugin.py:2267}}
Sep 22 13:53:32.278032 dv-osbrick-810419-2-iscsi neutron-server[101098]: DEBUG neutron.plugins.ml2.rpc [None req-177b1658-706d-4660-a91e-5c0f580d73ec None None] Device 3dd119bd-0fa1-4790-b38b-ac14721813e6 not bound to the agent host dv-osbrick-810419-2-iscsi {{(pid=101098) update_device_down /opt/stack/neutron/neutron/plugins/ml2/rpc.py:269}}
Sep 22 13:53:32.278445 dv-osbrick-810419-2-iscsi neutron-server[101098]: DEBUG neutron.plugins.ml2.rpc [None req-177b1658-706d-4660-a91e-5c0f580d73ec None None] Device 3cba18c8-ff4e-4e05-8ce5-1e6e3c7cbd18 no longer exists at agent ovs-agent-dv-osbrick-810419-2-iscsi {{(pid=101098) update_device_down /opt/stack/neutron/neutron/plugins/ml2/rpc.py:259}}
Sep 22 13:53:32.299094 dv-osbrick-810419-2-iscsi neutron-server[101098]: DEBUG neutron.plugins.ml2.plugin [None req-177b1658-706d-4660-a91e-5c0f580d73ec None None] No Port match for: 3cba18c8-ff4e-4e05-8ce5-1e6e3c7cbd18 {{(pid=101098) port_bound_to_host /opt/stack/neutron/neutron/plugins/ml2/plugin.py:2267}}
Sep 22 13:53:32.299439 dv-osbrick-810419-2-iscsi neutron-server[101098]: DEBUG neutron.plugins.ml2.rpc [None req-177b1658-706d-4660-a91e-5c0f580d73ec None None] Device 3cba18c8-ff4e-4e05-8ce5-1e6e3c7cbd18 not bound to the agent host dv-osbrick-810419-2-iscsi {{(pid=101098) update_device_down /opt/stack/neutron/neutron/plugins/ml2/rpc.py:269}}
Sep 22 13:53:32.424182 dv-osbrick-810419-2-iscsi neutron-server[101096]: DEBUG neutron.pecan_wsgi.hooks.policy_enforcement [req-d067c5f9-eb82-4eec-8902-8f33d71a326c req-724f7bdb-d955-41e0-a3a2-119ef1967b39 tempest-TestVolumeBootPattern-388653350 tempest-TestVolumeBootPattern-388653350-project] Attributes excluded by policy engine: ['standard_attr_id', 'binding:profile', 'binding:host_id', 'binding:vif_type', 'binding:vif_details'] {{(pid=101096) _exclude_attributes_by_policy /opt/stack/neutron/neutron/pecan_wsgi/hooks/policy_enforcement.py:255}}
Sep 22 13:53:32.425603 dv-osbrick-810419-2-iscsi neutron-server[101096]: INFO neutron.wsgi [req-d067c5f9-eb82-4eec-8902-8f33d71a326c req-724f7bdb-d955-41e0-a3a2-119ef1967b39 tempest-TestVolumeBootPattern-388653350 tempest-TestVolumeBootPattern-388653350-project] 10.222.0.36 "GET /v2.0/ports?device_id=f5f66ea4-ddcd-467b-8dad-519585f39152 HTTP/1.1" status: 200 len: 945 time: 0.0629888
Sep 22 13:53:32.494085 dv-osbrick-810419-2-iscsi neutron-server[101096]: INFO neutron.wsgi [req-d067c5f9-eb82-4eec-8902-8f33d71a326c req-81ce8739-36dd-47f4-92c1-366598fbbf45 tempest-TestVolumeBootPattern-388653350 tempest-TestVolumeBootPattern-388653350-project] 10.222.0.36 "GET /v2.0/security-groups?id=683e11d0-e1aa-4186-ac44-3b8bc4963e03&fields=id&fields=name HTTP/1.1" status: 200 len: 286 time: 0.0613842
Sep 22 13:53:32.517450 dv-osbrick-810419-2-iscsi neutron-server[101096]: DEBUG neutron_lib.callbacks.manager [None req-03b89ec8-b90d-449d-be39-d992631e89bb admin admin] Notify callbacks ['neutron.services.l3_router.l3_router_plugin.DVRResourceOperationHandler._cache_related_dvr_routers_info_before_interface_removal-593945'] for router_interface, before_delete {{(pid=101096) _notify_loop /usr/local/lib/python3.8/dist-packages/neutron_lib/callbacks/manager.py:192}}
Sep 22 13:53:32.752872 dv-osbrick-810419-2-iscsi neutron-server[101096]: DEBUG neutron.plugins.ml2.plugin [None req-03b89ec8-b90d-449d-be39-d992631e89bb admin admin] Deleting port c09a9a6c-dbab-402e-8770-b348562fb3de {{(pid=101096) _pre_delete_port /opt/stack/neutron/neutron/plugins/ml2/plugin.py:1931}}
Sep 22 13:53:32.753128 dv-osbrick-810419-2-iscsi neutron-server[101096]: DEBUG neutron_lib.callbacks.manager [None req-03b89ec8-b90d-449d-be39-d992631e89bb admin admin] Notify callbacks ['neutron.db.l3_db.L3_NAT_dbonly_mixin._prevent_l3_port_delete_callback-8729862614056'] for port, before_delete {{(pid=101096) _notify_loop /usr/local/lib/python3.8/dist-packages/neutron_lib/callbacks/manager.py:192}}
Sep 22 13:53:32.831015 dv-osbrick-810419-2-iscsi neutron-server[101096]: DEBUG neutron.plugins.ml2.db [None req-03b89ec8-b90d-449d-be39-d992631e89bb admin admin] For port c09a9a6c-dbab-402e-8770-b348562fb3de, host dv-osbrick-810419-2-iscsi, got binding levels [PortBindingLevel(driver='openvswitch',host='dv-osbrick-810419-2-iscsi',level=0,port_id=c09a9a6c-dbab-402e-8770-b348562fb3de,segment=NetworkSegment(1a00fb0e-9635-4815-b99f-691471b01a8d),segment_id=1a00fb0e-9635-4815-b99f-691471b01a8d)] {{(pid=101096) get_binding_level_objs /opt/stack/neutron/neutron/plugins/ml2/db.py:74}}
Sep 22 13:53:32.831369 dv-osbrick-810419-2-iscsi neutron-server[101096]: DEBUG neutron_lib.callbacks.manager [None req-03b89ec8-b90d-449d-be39-d992631e89bb admin admin] Notify callbacks ['neutron.services.l3_router.l3_router_plugin.L3_NAT_dbonly_mixin._precommit_delete_port_callback-617984'] for port, precommit_delete {{(pid=101096) _notify_loop /usr/local/lib/python3.8/dist-packages/neutron_lib/callbacks/manager.py:192}}
Sep 22 13:53:32.843904 dv-osbrick-810419-2-iscsi neutron-server[101096]: DEBUG neutron.plugins.ml2.plugin [None req-03b89ec8-b90d-449d-be39-d992631e89bb admin admin] Calling delete_port for c09a9a6c-dbab-402e-8770-b348562fb3de owned by network:router_interface {{(pid=101096) delete_port /opt/stack/neutron/neutron/plugins/ml2/plugin.py:2009}}
Sep 22 13:53:33.275104 dv-osbrick-810419-2-iscsi neutron-server[101096]: DEBUG neutron_lib.callbacks.manager [None req-03b89ec8-b90d-449d-be39-d992631e89bb admin admin] Notify callbacks ['neutron.plugins.ml2.plugin.SecurityGroupServerNotifierRpcMixin._notify_sg_on_port_change-4090235', 'neutron.plugins.ml2.ovo_rpc._ObjectChangeHandler.handle_event-448107', 'neutron.api.rpc.agentnotifiers.dhcp_rpc_agent_api.DhcpAgentNotifyAPI._native_event_send_dhcp_notification-539584', 'neutron.db.l3_db.L3RpcNotifierMixin._notify_routers_callback-8729862619118', 'neutron.db.l3_dvrscheduler_db._notify_port_delete-8729862130104'] for port, after_delete {{(pid=101096) _notify_loop /usr/local/lib/python3.8/dist-packages/neutron_lib/callbacks/manager.py:192}}
Sep 22 13:53:33.300833 dv-osbrick-810419-2-iscsi neutron-server[101096]: DEBUG neutron.api.rpc.handlers.resources_rpc [None req-03b89ec8-b90d-449d-be39-d992631e89bb admin admin] Pushing event deleted for resources: {'Port': ['ID=c09a9a6c-dbab-402e-8770-b348562fb3de,revision_number=None']} {{(pid=101096) push /opt/stack/neutron/neutron/api/rpc/handlers/resources_rpc.py:237}}
Sep 22 13:53:33.445350 dv-osbrick-810419-2-iscsi neutron-server[101096]: DEBUG neutron_lib.callbacks.manager [None req-03b89ec8-b90d-449d-be39-d992631e89bb admin admin] Notify callbacks ['neutron.api.rpc.agentnotifiers.dhcp_rpc_agent_api.DhcpAgentNotifyAPI._after_router_interface_deleted-539609', 'neutron.services.l3_router.l3_router_plugin.DVRResourceOperationHandler._cleanup_after_interface_removal-597904'] for router_interface, after_delete {{(pid=101096) _notify_loop /usr/local/lib/python3.8/dist-packages/neutron_lib/callbacks/manager.py:192}}
Sep 22 13:53:33.680712 dv-osbrick-810419-2-iscsi neutron-server[101096]: DEBUG neutron.pecan_wsgi.hooks.policy_enforcement [req-d2cb6528-d1bb-4527-85f6-8c905a06764c req-c1b5942a-bb08-4044-a967-170b89a48c51 tempest-TestVolumeBootPattern-388653350 tempest-TestVolumeBootPattern-388653350-project] Attributes excluded by policy engine: ['standard_attr_id', 'binding:profile', 'binding:host_id', 'binding:vif_type', 'binding:vif_details'] {{(pid=101096) _exclude_attributes_by_policy /opt/stack/neutron/neutron/pecan_wsgi/hooks/policy_enforcement.py:255}}
Sep 22 13:53:33.682192 dv-osbrick-810419-2-iscsi neutron-server[101096]: INFO neutron.wsgi [req-d2cb6528-d1bb-4527-85f6-8c905a06764c req-c1b5942a-bb08-4044-a967-170b89a48c51 tempest-TestVolumeBootPattern-388653350 tempest-TestVolumeBootPattern-388653350-project] 10.222.0.36 "GET /v2.0/ports?device_id=f5f66ea4-ddcd-467b-8dad-519585f39152 HTTP/1.1" status: 200 len: 945 time: 0.0903463
Sep 22 13:53:33.716558 dv-osbrick-810419-2-iscsi neutron-server[101096]: DEBUG neutron.scheduler.l3_agent_scheduler [None req-03b89ec8-b90d-449d-be39-d992631e89bb admin admin] Router d9455dfb-5966-4e18-9df2-7332268e7d08 has already been hosted by L3 agent 1aa682f4-eb20-4a91-b3f7-e248d4c33459 {{(pid=101096) _get_candidates /opt/stack/neutron/neutron/scheduler/l3_agent_scheduler.py:126}}
Sep 22 13:53:33.749743 dv-osbrick-810419-2-iscsi neutron-server[101096]: INFO neutron.wsgi [req-d2cb6528-d1bb-4527-85f6-8c905a06764c req-ee4ad867-dc34-4243-b021-eb663dfa0236 tempest-TestVolumeBootPattern-388653350 tempest-TestVolumeBootPattern-388653350-project] 10.222.0.36 "GET /v2.0/security-groups?id=683e11d0-e1aa-4186-ac44-3b8bc4963e03&fields=id&fields=name HTTP/1.1" status: 200 len: 286 time: 0.0589774
Sep 22 13:53:33.840245 dv-osbrick-810419-2-iscsi neutron-server[101096]: DEBUG neutron.api.rpc.agentnotifiers.l3_rpc_agent_api [None req-03b89ec8-b90d-449d-be39-d992631e89bb admin admin] Notify agent at l3_agent.dv-osbrick-810419-2-iscsi the message routers_updated {{(pid=101096) _agent_notification /opt/stack/neutron/neutron/api/rpc/agentnotifiers/l3_rpc_agent_api.py:65}}
Sep 22 13:53:33.845118 dv-osbrick-810419-2-iscsi neutron-server[101096]: INFO neutron.wsgi [None req-03b89ec8-b90d-449d-be39-d992631e89bb admin admin] 10.222.0.36 "PUT /v2.0/routers/d9455dfb-5966-4e18-9df2-7332268e7d08/remove_router_interface HTTP/1.1" status: 200 len: 503 time: 1.7459433
Sep 22 13:53:33.847730 dv-osbrick-810419-2-iscsi neutron-server[101096]: DEBUG neutron.wsgi [-] (101096) accepted ('10.222.0.36', 32946) {{(pid=101096) server /usr/local/lib/python3.8/dist-packages/eventlet/wsgi.py:982}}
Sep 22 13:53:33.848880 dv-osbrick-810419-2-iscsi neutron-server[101098]: DEBUG neutron.api.rpc.handlers.l3_rpc [None req-548f262b-8596-40a0-bb0d-72cc0cb8b618 None None] Sync routers for ids ['d9455dfb-5966-4e18-9df2-7332268e7d08'] in dv-osbrick-810419-2-iscsi {{(pid=101098) sync_routers /opt/stack/neutron/neutron/api/rpc/handlers/l3_rpc.py:125}}
Sep 22 13:53:33.859165 dv-osbrick-810419-2-iscsi neutron-server[101098]: DEBUG neutron.db.l3_dvrscheduler_db [None req-548f262b-8596-40a0-bb0d-72cc0cb8b618 None None] Routers {'d9455dfb-5966-4e18-9df2-7332268e7d08'} bound to L3 agent in host dv-osbrick-810419-2-iscsi {{(pid=101098) _get_router_ids_for_agent /opt/stack/neutron/neutron/db/l3_dvrscheduler_db.py:420}}
Sep 22 13:53:33.859808 dv-osbrick-810419-2-iscsi neutron-server[101098]: DEBUG neutron.db.l3_hamode_db [None req-548f262b-8596-40a0-bb0d-72cc0cb8b618 None None] neutron.services.l3_router.l3_router_plugin.L3RouterPlugin method get_ha_sync_data_for_host called with arguments (, 'dv-osbrick-810419-2-iscsi', Agent(admin_state_up=True,agent_type='L3 agent',availability_zone='nova',binary='neutron-l3-agent',configurations={"agent_mode": "legacy", "ex_gw_ports": 5, "extensions": [], "floating_ips": 0, "handle_internal_only_routers": true, "interface_driver": "openvswitch", "interfaces": 5, "log_agent_heartbeats": false, "routers": 5},created_at=2021-09-22T13:42:52Z,description=,heartbeat_timestamp=2021-09-22T13:53:22Z,host='dv-osbrick-810419-2-iscsi',id=1aa682f4-eb20-4a91-b3f7-e248d4c33459,load=0,resource_versions=,resources_synced=,started_at=2021-09-22T13:42:52Z,topic='l3_agent')) {'router_ids': ['d9455dfb-5966-4e18-9df2-7332268e7d08'], 'active': True} {{(pid=101098) wrapper /usr/local/lib/python3.8/dist-packages/oslo_log/helpers.py:65}}
Sep 22 13:53:33.954570 dv-osbrick-810419-2-iscsi neutron-server[101096]: DEBUG neutron_lib.callbacks.manager [None req-baceb7d4-97e1-4fc9-9e5a-87176c7a61da admin admin] Notify callbacks [] for router, before_delete {{(pid=101096) _notify_loop /usr/local/lib/python3.8/dist-packages/neutron_lib/callbacks/manager.py:192}}
Sep 22 13:53:33.962527 dv-osbrick-810419-2-iscsi neutron-server[101098]: DEBUG neutron.db.l3_dvr_db [None req-548f262b-8596-40a0-bb0d-72cc0cb8b618 None None] Set router d9455dfb-5966-4e18-9df2-7332268e7d08 gateway port host: dv-osbrick-810419-2-iscsi {{(pid=101098) _build_routers_list /opt/stack/neutron/neutron/db/l3_dvr_db.py:906}}
Sep 22 13:53:34.061107 dv-osbrick-810419-2-iscsi neutron-server[101096]: DEBUG neutron_lib.callbacks.manager [None req-baceb7d4-97e1-4fc9-9e5a-87176c7a61da admin admin] Notify callbacks [] for router_gateway, before_delete {{(pid=101096) _notify_loop /usr/local/lib/python3.8/dist-packages/neutron_lib/callbacks/manager.py:192}}
Sep 22 13:53:34.125692 dv-osbrick-810419-2-iscsi neutron-server[101097]: DEBUG neutron.pecan_wsgi.hooks.policy_enforcement [req-0160f2ef-91da-46e0-9c52-2edde8c37836 req-d8a39113-35d2-4be0-ae5f-15d8a8fe2b74 tempest-TestVolumeBootPattern-388653350 tempest-TestVolumeBootPattern-388653350-project] Attributes excluded by policy engine: ['standard_attr_id', 'binding:profile', 'binding:host_id', 'binding:vif_type', 'binding:vif_details'] {{(pid=101097) _exclude_attributes_by_policy /opt/stack/neutron/neutron/pecan_wsgi/hooks/policy_enforcement.py:255}}
Sep 22 13:53:34.134333 dv-osbrick-810419-2-iscsi neutron-server[101097]: INFO neutron.wsgi [req-0160f2ef-91da-46e0-9c52-2edde8c37836 req-d8a39113-35d2-4be0-ae5f-15d8a8fe2b74 tempest-TestVolumeBootPattern-388653350 tempest-TestVolumeBootPattern-388653350-project] 10.222.0.66 "GET /v2.0/ports?device_id=f5f66ea4-ddcd-467b-8dad-519585f39152 HTTP/1.1" status: 200 len: 945 time: 0.0583661
Sep 22 13:53:34.150538 dv-osbrick-810419-2-iscsi neutron-server[101098]: DEBUG neutron.db.l3_hamode_db [None req-548f262b-8596-40a0-bb0d-72cc0cb8b618 None None] neutron.services.l3_router.l3_router_plugin.L3RouterPlugin method _process_sync_ha_data called with arguments (, [{'id': 'd9455dfb-5966-4e18-9df2-7332268e7d08', 'name': 'tempest-TestMinimumBasicScenario-761780429-router', 'tenant_id': 'b728c63bfe8049a9b4fc2ba772744ac3', 'admin_state_up': True, 'status': 'ACTIVE', 'external_gateway_info': {'network_id': '830b89b9-ddc7-4aa3-9891-2e0be5dba4d1', 'external_fixed_ips': [{'subnet_id': 'd5761199-c66f-4023-8251-de21bff86f87', 'ip_address': '172.29.1.206'}], 'enable_snat': True}, 'gw_port_id': '2480d158-27c0-4038-a9a6-c36d8d7ccc6b', 'description': '', 'availability_zones': ['nova'], 'distributed': False, 'ha': False, 'ha_vr_id': 0, 'availability_zone_hints': [], 'routes': [], 'flavor_id': None, 'tags': [], 'created_at': '2021-09-22T13:50:49Z', 'updated_at': '2021-09-22T13:53:32Z', 'revision_number': 5, 'project_id': 'b728c63bfe8049a9b4fc2ba772744ac3', 'gw_port': {'id': '2480d158-27c0-4038-a9a6-c36d8d7ccc6b', 'name': '', 'network_id': '830b89b9-ddc7-4aa3-9891-2e0be5dba4d1', 'tenant_id': '', 'mac_address': 'fa:16:3e:75:3f:3f', 'admin_state_up': True, 'status': 'ACTIVE', 'device_id': 'd9455dfb-5966-4e18-9df2-7332268e7d08', 'device_owner': 'network:router_gateway', 'standard_attr_id': 76, 'fixed_ips': [{'subnet_id': 'd5761199-c66f-4023-8251-de21bff86f87', 'ip_address': '172.29.1.206', 'prefixlen': 24}], 'allowed_address_pairs': [], 'extra_dhcp_opts': [], 'security_groups': [], 'description': '', 'binding:vnic_type': 'normal', 'binding:profile': {}, 'binding:host_id': 'dv-osbrick-810419-2-iscsi', 'binding:vif_type': 'ovs', 'binding:vif_details': {'connectivity': 'l2', 'port_filter': True, 'ovs_hybrid_plug': False, 'datapath_type': 'system', 'bridge_name': 'br-int'}, 'port_security_enabled': False, 'tags': [], 'created_at': '2021-09-22T13:50:50Z', 'updated_at': '2021-09-22T13:51:00Z', 'revision_number': 4, 'project_id': '', 'subnets': [{'id': 'd5761199-c66f-4023-8251-de21bff86f87', 'cidr': '172.29.1.0/24', 'gateway_ip': '172.29.1.1', 'dns_nameservers': [], 'ipv6_ra_mode': None, 'subnetpool_id': None}], 'extra_subnets': [], 'address_scopes': {4: None, 6: None}, 'mtu': 1500}, 'enable_snat': True, 'gw_port_host': 'dv-osbrick-810419-2-iscsi'}], 'dv-osbrick-810419-2-iscsi', False) {} {{(pid=101098) wrapper /usr/local/lib/python3.8/dist-packages/oslo_log/helpers.py:65}}
Sep 22 13:53:34.177310 dv-osbrick-810419-2-iscsi neutron-server[101098]: DEBUG neutron.api.rpc.handlers.l3_rpc [None req-548f262b-8596-40a0-bb0d-72cc0cb8b618 None None] Checking router: d9455dfb-5966-4e18-9df2-7332268e7d08 for host: dv-osbrick-810419-2-iscsi {{(pid=101098) _ensure_host_set_on_ports /opt/stack/neutron/neutron/api/rpc/handlers/l3_rpc.py:155}}
Sep 22 13:53:34.187874 dv-osbrick-810419-2-iscsi neutron-server[101098]: DEBUG neutron.db.l3_dvrscheduler_db [None req-548f262b-8596-40a0-bb0d-72cc0cb8b618 None None] Routers {'d9455dfb-5966-4e18-9df2-7332268e7d08'} bound to L3 agent in host dv-osbrick-810419-2-iscsi {{(pid=101098) _get_router_ids_for_agent /opt/stack/neutron/neutron/db/l3_dvrscheduler_db.py:420}}
Sep 22 13:53:34.188718 dv-osbrick-810419-2-iscsi neutron-server[101098]: DEBUG neutron.db.l3_hamode_db [None req-548f262b-8596-40a0-bb0d-72cc0cb8b618 None None] neutron.services.l3_router.l3_router_plugin.L3RouterPlugin method get_ha_sync_data_for_host called with arguments (, 'dv-osbrick-810419-2-iscsi', Agent(admin_state_up=True,agent_type='L3 agent',availability_zone='nova',binary='neutron-l3-agent',configurations={"agent_mode": "legacy", "ex_gw_ports": 5, "extensions": [], "floating_ips": 0, "handle_internal_only_routers": true, "interface_driver": "openvswitch", "interfaces": 5, "log_agent_heartbeats": false, "routers": 5},created_at=2021-09-22T13:42:52Z,description=,heartbeat_timestamp=2021-09-22T13:53:22Z,host='dv-osbrick-810419-2-iscsi',id=1aa682f4-eb20-4a91-b3f7-e248d4c33459,load=0,resource_versions=,resources_synced=,started_at=2021-09-22T13:42:52Z,topic='l3_agent')) {'router_ids': ['d9455dfb-5966-4e18-9df2-7332268e7d08'], 'active': True} {{(pid=101098) wrapper /usr/local/lib/python3.8/dist-packages/oslo_log/helpers.py:65}}
Sep 22 13:53:34.218308 dv-osbrick-810419-2-iscsi neutron-server[101096]: DEBUG neutron.plugins.ml2.plugin [None req-baceb7d4-97e1-4fc9-9e5a-87176c7a61da admin admin] Deleting port 2480d158-27c0-4038-a9a6-c36d8d7ccc6b {{(pid=101096) _pre_delete_port /opt/stack/neutron/neutron/plugins/ml2/plugin.py:1931}}
Sep 22 13:53:34.218648 dv-osbrick-810419-2-iscsi neutron-server[101096]: DEBUG neutron_lib.callbacks.manager [None req-baceb7d4-97e1-4fc9-9e5a-87176c7a61da admin admin] Notify callbacks ['neutron.db.l3_db.L3_NAT_dbonly_mixin._prevent_l3_port_delete_callback-8729862614056'] for port, before_delete {{(pid=101096) _notify_loop /usr/local/lib/python3.8/dist-packages/neutron_lib/callbacks/manager.py:192}}
Sep 22 13:53:34.255279 dv-osbrick-810419-2-iscsi neutron-server[101097]: DEBUG neutron.plugins.ml2.plugin [req-0160f2ef-91da-46e0-9c52-2edde8c37836 req-15910802-9e63-41ab-abb8-cd74246f98d6 tempest-TestVolumeBootPattern-388653350 tempest-TestVolumeBootPattern-388653350-project] Deleting port 3181f56a-07a3-4e4b-b37b-c1da8db48a0d {{(pid=101097) _pre_delete_port /opt/stack/neutron/neutron/plugins/ml2/plugin.py:1931}}
Sep 22 13:53:34.260764 dv-osbrick-810419-2-iscsi neutron-server[101097]: DEBUG neutron_lib.callbacks.manager [req-0160f2ef-91da-46e0-9c52-2edde8c37836 req-15910802-9e63-41ab-abb8-cd74246f98d6 tempest-TestVolumeBootPattern-388653350 tempest-TestVolumeBootPattern-388653350-project] Notify callbacks ['neutron.db.l3_db.L3_NAT_dbonly_mixin._prevent_l3_port_delete_callback-8729862614056'] for port, before_delete {{(pid=101097) _notify_loop /usr/local/lib/python3.8/dist-packages/neutron_lib/callbacks/manager.py:192}}
Sep 22 13:53:34.293754 dv-osbrick-810419-2-iscsi neutron-server[101098]: DEBUG neutron.db.l3_dvr_db [None req-548f262b-8596-40a0-bb0d-72cc0cb8b618 None None] Set router d9455dfb-5966-4e18-9df2-7332268e7d08 gateway port host: None {{(pid=101098) _build_routers_list /opt/stack/neutron/neutron/db/l3_dvr_db.py:906}}
Sep 22 13:53:34.324056 dv-osbrick-810419-2-iscsi neutron-server[101096]: DEBUG neutron.plugins.ml2.db [None req-baceb7d4-97e1-4fc9-9e5a-87176c7a61da admin admin] For port 2480d158-27c0-4038-a9a6-c36d8d7ccc6b, host dv-osbrick-810419-2-iscsi, got binding levels [PortBindingLevel(driver='openvswitch',host='dv-osbrick-810419-2-iscsi',level=0,port_id=2480d158-27c0-4038-a9a6-c36d8d7ccc6b,segment=NetworkSegment(df14dacc-1584-4e1c-81ae-d610c5fe37ce),segment_id=df14dacc-1584-4e1c-81ae-d610c5fe37ce)] {{(pid=101096) get_binding_level_objs /opt/stack/neutron/neutron/plugins/ml2/db.py:74}}
Sep 22 13:53:34.324650 dv-osbrick-810419-2-iscsi neutron-server[101096]: DEBUG neutron_lib.callbacks.manager [None req-baceb7d4-97e1-4fc9-9e5a-87176c7a61da admin admin] Notify callbacks ['neutron.services.l3_router.l3_router_plugin.L3_NAT_dbonly_mixin._precommit_delete_port_callback-617984'] for port, precommit_delete {{(pid=101096) _notify_loop /usr/local/lib/python3.8/dist-packages/neutron_lib/callbacks/manager.py:192}}
Sep 22 13:53:34.338006 dv-osbrick-810419-2-iscsi neutron-server[101096]: DEBUG neutron.plugins.ml2.plugin [None req-baceb7d4-97e1-4fc9-9e5a-87176c7a61da admin admin] Calling delete_port for 2480d158-27c0-4038-a9a6-c36d8d7ccc6b owned by network:router_gateway {{(pid=101096) delete_port /opt/stack/neutron/neutron/plugins/ml2/plugin.py:2009}}
Sep 22 13:53:34.366365 dv-osbrick-810419-2-iscsi neutron-server[101098]: DEBUG neutron.db.l3_hamode_db [None req-548f262b-8596-40a0-bb0d-72cc0cb8b618 None None] neutron.services.l3_router.l3_router_plugin.L3RouterPlugin method _process_sync_ha_data called with arguments (, [{'id': 'd9455dfb-5966-4e18-9df2-7332268e7d08', 'name': 'tempest-TestMinimumBasicScenario-761780429-router', 'tenant_id': 'b728c63bfe8049a9b4fc2ba772744ac3', 'admin_state_up': True, 'status': 'ACTIVE', 'external_gateway_info': None, 'gw_port_id': None, 'description': '', 'availability_zones': ['nova'], 'distributed': False, 'ha': False, 'ha_vr_id': 0, 'availability_zone_hints': [], 'routes': [], 'flavor_id': None, 'tags': [], 'created_at': '2021-09-22T13:50:49Z', 'updated_at': '2021-09-22T13:53:34Z', 'revision_number': 6, 'project_id': 'b728c63bfe8049a9b4fc2ba772744ac3', 'gw_port_host': None}], 'dv-osbrick-810419-2-iscsi', False) {} {{(pid=101098) wrapper /usr/local/lib/python3.8/dist-packages/oslo_log/helpers.py:65}}
Sep 22 13:53:34.381796 dv-osbrick-810419-2-iscsi neutron-server[101097]: DEBUG neutron.plugins.ml2.db [req-0160f2ef-91da-46e0-9c52-2edde8c37836 req-15910802-9e63-41ab-abb8-cd74246f98d6 tempest-TestVolumeBootPattern-388653350 tempest-TestVolumeBootPattern-388653350-project] For port 3181f56a-07a3-4e4b-b37b-c1da8db48a0d, host hv-osbrick-8104, got binding levels [PortBindingLevel(driver='hyperv',host='hv-osbrick-8104',level=0,port_id=3181f56a-07a3-4e4b-b37b-c1da8db48a0d,segment=NetworkSegment(2fff4c4c-9aaa-4666-82aa-7853afd487f6),segment_id=2fff4c4c-9aaa-4666-82aa-7853afd487f6)] {{(pid=101097) get_binding_level_objs /opt/stack/neutron/neutron/plugins/ml2/db.py:74}}
Sep 22 13:53:34.382618 dv-osbrick-810419-2-iscsi neutron-server[101097]: DEBUG neutron_lib.callbacks.manager [req-0160f2ef-91da-46e0-9c52-2edde8c37836 req-15910802-9e63-41ab-abb8-cd74246f98d6 tempest-TestVolumeBootPattern-388653350 tempest-TestVolumeBootPattern-388653350-project] Notify callbacks ['neutron.services.l3_router.l3_router_plugin.L3_NAT_dbonly_mixin._precommit_delete_port_callback-617984'] for port, precommit_delete {{(pid=101097) _notify_loop /usr/local/lib/python3.8/dist-packages/neutron_lib/callbacks/manager.py:192}}
Sep 22 13:53:34.394254 dv-osbrick-810419-2-iscsi neutron-server[101098]: DEBUG neutron.api.rpc.handlers.l3_rpc [None req-548f262b-8596-40a0-bb0d-72cc0cb8b618 None None] The sync data for ids ['d9455dfb-5966-4e18-9df2-7332268e7d08'] in dv-osbrick-810419-2-iscsi is: [{'id': 'd9455dfb-5966-4e18-9df2-7332268e7d08', 'name': 'tempest-TestMinimumBasicScenario-761780429-router', 'tenant_id': 'b728c63bfe8049a9b4fc2ba772744ac3', 'admin_state_up': True, 'status': 'ACTIVE', 'external_gateway_info': None, 'gw_port_id': None, 'description': '', 'availability_zones': ['nova'], 'distributed': False, 'ha': False, 'ha_vr_id': 0, 'availability_zone_hints': [], 'routes': [], 'flavor_id': None, 'tags': [], 'created_at': '2021-09-22T13:50:49Z', 'updated_at': '2021-09-22T13:53:34Z', 'revision_number': 6, 'project_id': 'b728c63bfe8049a9b4fc2ba772744ac3', 'gw_port_host': None}] {{(pid=101098) sync_routers /opt/stack/neutron/neutron/api/rpc/handlers/l3_rpc.py:137}}
Sep 22 13:53:34.396408 dv-osbrick-810419-2-iscsi neutron-server[101097]: DEBUG neutron.plugins.ml2.plugin [req-0160f2ef-91da-46e0-9c52-2edde8c37836 req-15910802-9e63-41ab-abb8-cd74246f98d6 tempest-TestVolumeBootPattern-388653350 tempest-TestVolumeBootPattern-388653350-project] Calling delete_port for 3181f56a-07a3-4e4b-b37b-c1da8db48a0d owned by compute:nova {{(pid=101097) delete_port /opt/stack/neutron/neutron/plugins/ml2/plugin.py:2009}}
Sep 22 13:53:34.601437 dv-osbrick-810419-2-iscsi neutron-server[101096]: DEBUG neutron_lib.callbacks.manager [None req-baceb7d4-97e1-4fc9-9e5a-87176c7a61da admin admin] Notify callbacks ['neutron.plugins.ml2.plugin.SecurityGroupServerNotifierRpcMixin._notify_sg_on_port_change-4090235', 'neutron.plugins.ml2.ovo_rpc._ObjectChangeHandler.handle_event-448107', 'neutron.api.rpc.agentnotifiers.dhcp_rpc_agent_api.DhcpAgentNotifyAPI._native_event_send_dhcp_notification-539584', 'neutron.db.l3_db.L3RpcNotifierMixin._notify_routers_callback-8729862619118', 'neutron.db.l3_dvrscheduler_db._notify_port_delete-8729862130104'] for port, after_delete {{(pid=101096) _notify_loop /usr/local/lib/python3.8/dist-packages/neutron_lib/callbacks/manager.py:192}}
Sep 22 13:53:34.627058 dv-osbrick-810419-2-iscsi neutron-server[101096]: DEBUG neutron.api.rpc.handlers.resources_rpc [None req-baceb7d4-97e1-4fc9-9e5a-87176c7a61da admin admin] Pushing event deleted for resources: {'Port': ['ID=2480d158-27c0-4038-a9a6-c36d8d7ccc6b,revision_number=None']} {{(pid=101096) push /opt/stack/neutron/neutron/api/rpc/handlers/resources_rpc.py:237}}
Sep 22 13:53:34.630161 dv-osbrick-810419-2-iscsi neutron-server[101097]: DEBUG neutron_lib.callbacks.manager [req-0160f2ef-91da-46e0-9c52-2edde8c37836 req-15910802-9e63-41ab-abb8-cd74246f98d6 tempest-TestVolumeBootPattern-388653350 tempest-TestVolumeBootPattern-388653350-project] Notify callbacks ['neutron.plugins.ml2.plugin.SecurityGroupServerNotifierRpcMixin._notify_sg_on_port_change-4090235', 'neutron.plugins.ml2.ovo_rpc._ObjectChangeHandler.handle_event-448107', 'neutron.api.rpc.agentnotifiers.dhcp_rpc_agent_api.DhcpAgentNotifyAPI._native_event_send_dhcp_notification-539584', 'neutron.db.l3_db.L3RpcNotifierMixin._notify_routers_callback-8729862619118', 'neutron.db.l3_dvrscheduler_db._notify_port_delete-8729862130104', 'neutron.services.segments.plugin.NovaSegmentNotifier._notify_port_created_or_deleted-125880566'] for port, after_delete {{(pid=101097) _notify_loop /usr/local/lib/python3.8/dist-packages/neutron_lib/callbacks/manager.py:192}}
Sep 22 13:53:34.645710 dv-osbrick-810419-2-iscsi neutron-server[101098]: DEBUG neutron.plugins.ml2.db [None req-c5be0626-1037-4738-a045-cf83b67a8ded None None] get_ports_and_sgs() called for port_ids ['3181f56a-07a3-4e4b-b37b-c1da8db48a0d'] {{(pid=101098) get_ports_and_sgs /opt/stack/neutron/neutron/plugins/ml2/db.py:156}}
Sep 22 13:53:34.658760 dv-osbrick-810419-2-iscsi neutron-server[101096]: DEBUG neutron_lib.callbacks.manager [None req-baceb7d4-97e1-4fc9-9e5a-87176c7a61da admin admin] Notify callbacks ['neutron.services.l3_router.l3_router_plugin.DVRResourceOperationHandler._delete_dvr_internal_ports-597843'] for router_gateway, after_delete {{(pid=101096) _notify_loop /usr/local/lib/python3.8/dist-packages/neutron_lib/callbacks/manager.py:192}}
Sep 22 13:53:34.663719 dv-osbrick-810419-2-iscsi neutron-server[101097]: DEBUG neutron.api.rpc.handlers.resources_rpc [None req-15910802-9e63-41ab-abb8-cd74246f98d6 tempest-TestVolumeBootPattern-388653350 tempest-TestVolumeBootPattern-388653350-project] Pushing event deleted for resources: {'Port': ['ID=3181f56a-07a3-4e4b-b37b-c1da8db48a0d,revision_number=None']} {{(pid=101097) push /opt/stack/neutron/neutron/api/rpc/handlers/resources_rpc.py:237}}
Sep 22 13:53:34.717930 dv-osbrick-810419-2-iscsi neutron-server[101097]: DEBUG neutron.db.l3_dvrscheduler_db [req-0160f2ef-91da-46e0-9c52-2edde8c37836 req-15910802-9e63-41ab-abb8-cd74246f98d6 tempest-TestVolumeBootPattern-388653350 tempest-TestVolumeBootPattern-388653350-project] No DVR routers for this DVR port 3181f56a-07a3-4e4b-b37b-c1da8db48a0d on host hv-osbrick-8104 {{(pid=101097) get_dvr_routers_to_remove /opt/stack/neutron/neutron/db/l3_dvrscheduler_db.py:214}}
Sep 22 13:53:34.720932 dv-osbrick-810419-2-iscsi neutron-server[101097]: DEBUG neutron_lib.callbacks.manager [req-0160f2ef-91da-46e0-9c52-2edde8c37836 req-15910802-9e63-41ab-abb8-cd74246f98d6 tempest-TestVolumeBootPattern-388653350 tempest-TestVolumeBootPattern-388653350-project] Notify callbacks ['neutron.notifiers.nova.Notifier._send_nova_notification-27009'] for port, before_response {{(pid=101097) _notify_loop /usr/local/lib/python3.8/dist-packages/neutron_lib/callbacks/manager.py:192}}
Sep 22 13:53:34.723240 dv-osbrick-810419-2-iscsi neutron-server[101097]: INFO neutron.wsgi [req-0160f2ef-91da-46e0-9c52-2edde8c37836 req-15910802-9e63-41ab-abb8-cd74246f98d6 tempest-TestVolumeBootPattern-388653350 tempest-TestVolumeBootPattern-388653350-project] 10.222.0.66 "DELETE /v2.0/ports/3181f56a-07a3-4e4b-b37b-c1da8db48a0d HTTP/1.1" status: 204 len: 173 time: 0.5850987
Sep 22 13:53:34.723895 dv-osbrick-810419-2-iscsi neutron-server[101097]: DEBUG neutron.notifiers.nova [-] Sending events: [{'server_uuid': 'f5f66ea4-ddcd-467b-8dad-519585f39152', 'name': 'network-vif-deleted', 'tag': '3181f56a-07a3-4e4b-b37b-c1da8db48a0d'}] {{(pid=101097) send_events /opt/stack/neutron/neutron/notifiers/nova.py:262}}
Sep 22 13:53:34.727276 dv-osbrick-810419-2-iscsi neutron-server[101097]: DEBUG novaclient.v2.client [-] REQ: curl -g -i --cacert "/opt/stack/data/ca-bundle.pem" -X POST http://10.222.0.36/compute/v2.1/os-server-external-events -H "Accept: application/json" -H "Content-Type: application/json" -H "User-Agent: python-novaclient" -H "X-Auth-Token: {SHA256}3ecbbd0065eb13c281aebc27b16e6b95903bb286b1ad4bd793f91b341cfde068" -H "X-OpenStack-Nova-API-Version: 2.1" -H "X-OpenStack-Request-ID: req-9952f47a-7855-4637-a30a-d42e472d115c" -d '{"events": [{"server_uuid": "f5f66ea4-ddcd-467b-8dad-519585f39152", "name": "network-vif-deleted", "tag": "3181f56a-07a3-4e4b-b37b-c1da8db48a0d"}]}' {{(pid=101097) _http_log_request /usr/local/lib/python3.8/dist-packages/keystoneauth1/session.py:519}}
Sep 22 13:53:34.759432 dv-osbrick-810419-2-iscsi neutron-server[101096]: DEBUG neutron_lib.callbacks.manager [None req-baceb7d4-97e1-4fc9-9e5a-87176c7a61da admin admin] Notify callbacks ['neutron.services.l3_router.l3_router_plugin.L3_HA_NAT_db_mixin._release_router_vr_id-595772', 'neutron.services.l3_router.service_providers.driver_controller.DriverController._clear_router_provider-4772'] for router, precommit_delete {{(pid=101096) _notify_loop /usr/local/lib/python3.8/dist-packages/neutron_lib/callbacks/manager.py:192}}
Sep 22 13:53:34.762618 dv-osbrick-810419-2-iscsi neutron-server[101096]: DEBUG neutron_lib.callbacks.manager [None req-baceb7d4-97e1-4fc9-9e5a-87176c7a61da admin admin] Notify callbacks [] for router_controller, precommit_delete_associations {{(pid=101096) _notify_loop /usr/local/lib/python3.8/dist-packages/neutron_lib/callbacks/manager.py:192}}
Sep 22 13:53:34.777998 dv-osbrick-810419-2-iscsi neutron-server[101097]: DEBUG novaclient.v2.client [-] RESP: [200] Connection: close Content-Length: 183 Content-Type: application/json Date: Wed, 22 Sep 2021 13:53:34 GMT OpenStack-API-Version: compute 2.1 Server: Apache/2.4.41 (Ubuntu) Vary: OpenStack-API-Version,X-OpenStack-Nova-API-Version X-OpenStack-Nova-API-Version: 2.1 x-compute-request-id: req-6f0c3bd4-76c5-42bb-88aa-e7bc41945a35 x-openstack-request-id: req-6f0c3bd4-76c5-42bb-88aa-e7bc41945a35 {{(pid=101097) _http_log_response /usr/local/lib/python3.8/dist-packages/keystoneauth1/session.py:550}}
Sep 22 13:53:34.778190 dv-osbrick-810419-2-iscsi neutron-server[101097]: DEBUG novaclient.v2.client [-] RESP BODY: {"events": [{"server_uuid": "f5f66ea4-ddcd-467b-8dad-519585f39152", "name": "network-vif-deleted", "tag": "3181f56a-07a3-4e4b-b37b-c1da8db48a0d", "status": "completed", "code": 200}]} {{(pid=101097) _http_log_response /usr/local/lib/python3.8/dist-packages/keystoneauth1/session.py:582}}
Sep 22 13:53:34.778430 dv-osbrick-810419-2-iscsi neutron-server[101097]: DEBUG novaclient.v2.client [-] POST call to compute for http://10.222.0.36/compute/v2.1/os-server-external-events used request id req-6f0c3bd4-76c5-42bb-88aa-e7bc41945a35 {{(pid=101097) request /usr/local/lib/python3.8/dist-packages/keystoneauth1/session.py:954}}
