Aug 02 14:38:40.599337 dv-osbrick-803210-1-iscsi neutron-server[93796]: INFO neutron.wsgi [req-672a9b99-82f0-4293-9bca-a0ee62a0eefe req-0225f92f-42ef-4178-a216-cb6e0daea799 tempest-TestMinimumBasicScenario-1844911563 tempest-TestMinimumBasicScenario-1844911563-project] 10.222.0.50 "GET /v2.0/ports?device_id=6000783d-1c3e-472f-8df1-02335db9a1fb HTTP/1.1" status: 200 len: 945 time: 0.0517652
Aug 02 14:38:40.695210 dv-osbrick-803210-1-iscsi neutron-server[93796]: DEBUG neutron.plugins.ml2.plugin [req-672a9b99-82f0-4293-9bca-a0ee62a0eefe req-ad347306-75d9-4268-9adf-2f1e856f4ad2 tempest-TestMinimumBasicScenario-1844911563 tempest-TestMinimumBasicScenario-1844911563-project] Deleting port 865de644-e8e8-490a-89c9-da693d7e6a0e {{(pid=93796) _pre_delete_port /opt/stack/neutron/neutron/plugins/ml2/plugin.py:1919}}
Aug 02 14:38:40.695542 dv-osbrick-803210-1-iscsi neutron-server[93796]: DEBUG neutron_lib.callbacks.manager [req-672a9b99-82f0-4293-9bca-a0ee62a0eefe req-ad347306-75d9-4268-9adf-2f1e856f4ad2 tempest-TestMinimumBasicScenario-1844911563 tempest-TestMinimumBasicScenario-1844911563-project] Notify callbacks ['neutron.db.l3_db.L3_NAT_dbonly_mixin._prevent_l3_port_delete_callback-8767586321668'] for port, before_delete {{(pid=93796) _notify_loop /usr/local/lib/python3.8/dist-packages/neutron_lib/callbacks/manager.py:192}}
Aug 02 14:38:40.989901 dv-osbrick-803210-1-iscsi neutron-server[93796]: DEBUG neutron.plugins.ml2.db [req-672a9b99-82f0-4293-9bca-a0ee62a0eefe req-ad347306-75d9-4268-9adf-2f1e856f4ad2 tempest-TestMinimumBasicScenario-1844911563 tempest-TestMinimumBasicScenario-1844911563-project] For port 865de644-e8e8-490a-89c9-da693d7e6a0e, host hv-osbrick-8032, got binding levels [PortBindingLevel(driver='hyperv',host='hv-osbrick-8032',level=0,port_id=865de644-e8e8-490a-89c9-da693d7e6a0e,segment=NetworkSegment(4bf099aa-c6f4-4bbf-a6ed-e6801b9227d2),segment_id=4bf099aa-c6f4-4bbf-a6ed-e6801b9227d2)] {{(pid=93796) get_binding_level_objs /opt/stack/neutron/neutron/plugins/ml2/db.py:74}}
Aug 02 14:38:40.990256 dv-osbrick-803210-1-iscsi neutron-server[93796]: DEBUG neutron_lib.callbacks.manager [req-672a9b99-82f0-4293-9bca-a0ee62a0eefe req-ad347306-75d9-4268-9adf-2f1e856f4ad2 tempest-TestMinimumBasicScenario-1844911563 tempest-TestMinimumBasicScenario-1844911563-project] Notify callbacks ['neutron.services.l3_router.l3_router_plugin.L3_NAT_dbonly_mixin._precommit_delete_port_callback-418806'] for port, precommit_delete {{(pid=93796) _notify_loop /usr/local/lib/python3.8/dist-packages/neutron_lib/callbacks/manager.py:192}}
Aug 02 14:38:41.002822 dv-osbrick-803210-1-iscsi neutron-server[93796]: DEBUG neutron.plugins.ml2.plugin [req-672a9b99-82f0-4293-9bca-a0ee62a0eefe req-ad347306-75d9-4268-9adf-2f1e856f4ad2 tempest-TestMinimumBasicScenario-1844911563 tempest-TestMinimumBasicScenario-1844911563-project] Calling delete_port for 865de644-e8e8-490a-89c9-da693d7e6a0e owned by compute:nova {{(pid=93796) delete_port /opt/stack/neutron/neutron/plugins/ml2/plugin.py:1997}}
Aug 02 14:38:41.194840 dv-osbrick-803210-1-iscsi neutron-server[93796]: DEBUG neutron_lib.callbacks.manager [req-672a9b99-82f0-4293-9bca-a0ee62a0eefe req-ad347306-75d9-4268-9adf-2f1e856f4ad2 tempest-TestMinimumBasicScenario-1844911563 tempest-TestMinimumBasicScenario-1844911563-project] Notify callbacks ['neutron.plugins.ml2.plugin.SecurityGroupServerNotifierRpcMixin._notify_sg_on_port_change-624220', 'neutron.plugins.ml2.ovo_rpc._ObjectChangeHandler.handle_event-87023', 'neutron.api.rpc.agentnotifiers.dhcp_rpc_agent_api.DhcpAgentNotifyAPI._native_event_send_dhcp_notification-3761465', 'neutron.db.l3_db.L3RpcNotifierMixin._notify_routers_callback-8767586327700', 'neutron.db.l3_dvrscheduler_db._notify_port_delete-8767585939339'] for port, after_delete {{(pid=93796) _notify_loop /usr/local/lib/python3.8/dist-packages/neutron_lib/callbacks/manager.py:192}}
Aug 02 14:38:41.226249 dv-osbrick-803210-1-iscsi neutron-server[93796]: DEBUG neutron.api.rpc.handlers.resources_rpc [None req-ad347306-75d9-4268-9adf-2f1e856f4ad2 tempest-TestMinimumBasicScenario-1844911563 tempest-TestMinimumBasicScenario-1844911563-project] Pushing event deleted for resources: {'Port': ['ID=865de644-e8e8-490a-89c9-da693d7e6a0e,revision_number=None']} {{(pid=93796) push /opt/stack/neutron/neutron/api/rpc/handlers/resources_rpc.py:237}}
Aug 02 14:38:41.232009 dv-osbrick-803210-1-iscsi neutron-server[93798]: DEBUG neutron.plugins.ml2.db [None req-43e9ac08-2d43-445a-9fde-6d8a65d5dc72 None None] get_ports_and_sgs() called for port_ids ['865de644-e8e8-490a-89c9-da693d7e6a0e'] {{(pid=93798) get_ports_and_sgs /opt/stack/neutron/neutron/plugins/ml2/db.py:156}}
Aug 02 14:38:41.277573 dv-osbrick-803210-1-iscsi neutron-server[93796]: DEBUG neutron.db.l3_dvrscheduler_db [req-672a9b99-82f0-4293-9bca-a0ee62a0eefe req-ad347306-75d9-4268-9adf-2f1e856f4ad2 tempest-TestMinimumBasicScenario-1844911563 tempest-TestMinimumBasicScenario-1844911563-project] No DVR routers for this DVR port 865de644-e8e8-490a-89c9-da693d7e6a0e on host hv-osbrick-8032 {{(pid=93796) get_dvr_routers_to_remove /opt/stack/neutron/neutron/db/l3_dvrscheduler_db.py:214}}
Aug 02 14:38:41.280471 dv-osbrick-803210-1-iscsi neutron-server[93796]: DEBUG neutron_lib.callbacks.manager [req-672a9b99-82f0-4293-9bca-a0ee62a0eefe req-ad347306-75d9-4268-9adf-2f1e856f4ad2 tempest-TestMinimumBasicScenario-1844911563 tempest-TestMinimumBasicScenario-1844911563-project] Notify callbacks ['neutron.notifiers.nova.Notifier._send_nova_notification-4071431'] for port, before_response {{(pid=93796) _notify_loop /usr/local/lib/python3.8/dist-packages/neutron_lib/callbacks/manager.py:192}}
Aug 02 14:38:41.282451 dv-osbrick-803210-1-iscsi neutron-server[93796]: INFO neutron.wsgi [req-672a9b99-82f0-4293-9bca-a0ee62a0eefe req-ad347306-75d9-4268-9adf-2f1e856f4ad2 tempest-TestMinimumBasicScenario-1844911563 tempest-TestMinimumBasicScenario-1844911563-project] 10.222.0.50 "DELETE /v2.0/ports/865de644-e8e8-490a-89c9-da693d7e6a0e HTTP/1.1" status: 204 len: 173 time: 0.6702282
Aug 02 14:38:41.282899 dv-osbrick-803210-1-iscsi neutron-server[93796]: DEBUG neutron.notifiers.nova [-] Sending events: [{'server_uuid': '6000783d-1c3e-472f-8df1-02335db9a1fb', 'name': 'network-vif-deleted', 'tag': '865de644-e8e8-490a-89c9-da693d7e6a0e'}] {{(pid=93796) send_events /opt/stack/neutron/neutron/notifiers/nova.py:262}}
Aug 02 14:38:41.285140 dv-osbrick-803210-1-iscsi neutron-server[93796]: DEBUG novaclient.v2.client [-] REQ: curl -g -i --cacert "/opt/stack/data/ca-bundle.pem" -X POST http://10.222.0.41/compute/v2.1/os-server-external-events -H "Accept: application/json" -H "Content-Type: application/json" -H "User-Agent: python-novaclient" -H "X-Auth-Token: {SHA256}9364dd25400ab8941fb49e0fc55b4b9fab92011a178d0e231cb2cc74703ba353" -H "X-OpenStack-Nova-API-Version: 2.1" -H "X-OpenStack-Request-ID: req-de961dc9-7a36-4058-adc4-00f7c0648672" -d '{"events": [{"server_uuid": "6000783d-1c3e-472f-8df1-02335db9a1fb", "name": "network-vif-deleted", "tag": "865de644-e8e8-490a-89c9-da693d7e6a0e"}]}' {{(pid=93796) _http_log_request /usr/local/lib/python3.8/dist-packages/keystoneauth1/session.py:519}}
Aug 02 14:38:41.322827 dv-osbrick-803210-1-iscsi neutron-server[93796]: DEBUG novaclient.v2.client [-] RESP: [200] Connection: close Content-Length: 183 Content-Type: application/json Date: Mon, 02 Aug 2021 14:38:41 GMT OpenStack-API-Version: compute 2.1 Server: Apache/2.4.41 (Ubuntu) Vary: OpenStack-API-Version,X-OpenStack-Nova-API-Version X-OpenStack-Nova-API-Version: 2.1 x-compute-request-id: req-f64424f7-7403-4e00-a9d9-0141cb251b02 x-openstack-request-id: req-f64424f7-7403-4e00-a9d9-0141cb251b02 {{(pid=93796) _http_log_response /usr/local/lib/python3.8/dist-packages/keystoneauth1/session.py:550}}
Aug 02 14:38:41.323095 dv-osbrick-803210-1-iscsi neutron-server[93796]: DEBUG novaclient.v2.client [-] RESP BODY: {"events": [{"server_uuid": "6000783d-1c3e-472f-8df1-02335db9a1fb", "name": "network-vif-deleted", "tag": "865de644-e8e8-490a-89c9-da693d7e6a0e", "status": "completed", "code": 200}]} {{(pid=93796) _http_log_response /usr/local/lib/python3.8/dist-packages/keystoneauth1/session.py:582}}
Aug 02 14:38:41.323338 dv-osbrick-803210-1-iscsi neutron-server[93796]: DEBUG novaclient.v2.client [-] POST call to compute for http://10.222.0.41/compute/v2.1/os-server-external-events used request id req-f64424f7-7403-4e00-a9d9-0141cb251b02 {{(pid=93796) request /usr/local/lib/python3.8/dist-packages/keystoneauth1/session.py:954}}
Aug 02 14:38:41.323716 dv-osbrick-803210-1-iscsi neutron-server[93796]: INFO neutron.notifiers.nova [-] Nova event response: {'server_uuid': '6000783d-1c3e-472f-8df1-02335db9a1fb', 'name': 'network-vif-deleted', 'tag': '865de644-e8e8-490a-89c9-da693d7e6a0e', 'status': 'completed', 'code': 200}
Aug 02 14:38:41.492534 dv-osbrick-803210-1-iscsi neutron-server[93797]: INFO neutron.wsgi [req-5bdb0df7-1d67-4f4d-a23d-4c58635a8c1b req-5ae3212c-ed9a-4c9a-b9ab-4c93a8ffd1bc tempest-TestMinimumBasicScenario-1844911563 tempest-TestMinimumBasicScenario-1844911563-project] 10.222.0.41 "GET /v2.0/ports?device_id=6000783d-1c3e-472f-8df1-02335db9a1fb HTTP/1.1" status: 200 len: 210 time: 0.0291624
Aug 02 14:38:41.639962 dv-osbrick-803210-1-iscsi neutron-server[93797]: DEBUG neutron.pecan_wsgi.hooks.policy_enforcement [req-2e6b6485-5b15-4323-85cb-5008243cb98c req-ef8bc926-dd48-4acd-9473-838eb42c1f43 tempest-TestVolumeBootPattern-51653938 tempest-TestVolumeBootPattern-51653938-project] Attributes excluded by policy engine: ['standard_attr_id', 'binding:profile', 'binding:host_id', 'binding:vif_type', 'binding:vif_details'] {{(pid=93797) _exclude_attributes_by_policy /opt/stack/neutron/neutron/pecan_wsgi/hooks/policy_enforcement.py:255}}
Aug 02 14:38:41.642128 dv-osbrick-803210-1-iscsi neutron-server[93797]: INFO neutron.wsgi [req-2e6b6485-5b15-4323-85cb-5008243cb98c req-ef8bc926-dd48-4acd-9473-838eb42c1f43 tempest-TestVolumeBootPattern-51653938 tempest-TestVolumeBootPattern-51653938-project] 10.222.0.41 "GET /v2.0/ports?device_id=cb5a1d01-a4cd-4271-a7ea-04475a5935c3 HTTP/1.1" status: 200 len: 945 time: 0.0494056
Aug 02 14:38:41.685791 dv-osbrick-803210-1-iscsi neutron-server[93797]: INFO neutron.wsgi [req-2e6b6485-5b15-4323-85cb-5008243cb98c req-3db20151-032f-4c1d-b615-684de850c169 tempest-TestVolumeBootPattern-51653938 tempest-TestVolumeBootPattern-51653938-project] 10.222.0.41 "GET /v2.0/security-groups?id=b74f79b8-614d-454b-bdcc-a55925ed319e&fields=id&fields=name HTTP/1.1" status: 200 len: 286 time: 0.0365043
Aug 02 14:38:41.840452 dv-osbrick-803210-1-iscsi neutron-server[93797]: DEBUG neutron.pecan_wsgi.hooks.policy_enforcement [req-47cfcc13-9f03-4442-9f56-385166d08ccd req-9d036106-e9b8-4c1a-b69b-1a9c14608862 tempest-TestVolumeBootPattern-51653938 tempest-TestVolumeBootPattern-51653938-project] Attributes excluded by policy engine: ['standard_attr_id', 'binding:profile', 'binding:host_id', 'binding:vif_type', 'binding:vif_details'] {{(pid=93797) _exclude_attributes_by_policy /opt/stack/neutron/neutron/pecan_wsgi/hooks/policy_enforcement.py:255}}
Aug 02 14:38:41.840452 dv-osbrick-803210-1-iscsi neutron-server[93797]: INFO neutron.wsgi [req-47cfcc13-9f03-4442-9f56-385166d08ccd req-9d036106-e9b8-4c1a-b69b-1a9c14608862 tempest-TestVolumeBootPattern-51653938 tempest-TestVolumeBootPattern-51653938-project] 10.222.0.41 "GET /v2.0/ports?device_id=cb5a1d01-a4cd-4271-a7ea-04475a5935c3 HTTP/1.1" status: 200 len: 945 time: 0.0595338
Aug 02 14:38:41.857310 dv-osbrick-803210-1-iscsi neutron-server[93797]: INFO neutron.wsgi [req-47cfcc13-9f03-4442-9f56-385166d08ccd req-bfd2495c-3901-4e31-bbb7-18997709499c tempest-TestVolumeBootPattern-51653938 tempest-TestVolumeBootPattern-51653938-project] 10.222.0.41 "GET /v2.0/security-groups?id=b74f79b8-614d-454b-bdcc-a55925ed319e&fields=id&fields=name HTTP/1.1" status: 200 len: 286 time: 0.0340855
Aug 02 14:38:42.569585 dv-osbrick-803210-1-iscsi neutron-server[93797]: DEBUG neutron.pecan_wsgi.hooks.policy_enforcement [req-c055bfaa-c596-4c6b-b47f-e301bf66c791 req-9d0bbc5a-5bf9-4a3b-91b3-34fb305e463d tempest-TestVolumeBootPattern-51653938 tempest-TestVolumeBootPattern-51653938-project] Attributes excluded by policy engine: ['standard_attr_id', 'binding:profile', 'binding:host_id', 'binding:vif_type', 'binding:vif_details'] {{(pid=93797) _exclude_attributes_by_policy /opt/stack/neutron/neutron/pecan_wsgi/hooks/policy_enforcement.py:255}}
Aug 02 14:38:42.571113 dv-osbrick-803210-1-iscsi neutron-server[93797]: INFO neutron.wsgi [req-c055bfaa-c596-4c6b-b47f-e301bf66c791 req-9d0bbc5a-5bf9-4a3b-91b3-34fb305e463d tempest-TestVolumeBootPattern-51653938 tempest-TestVolumeBootPattern-51653938-project] 10.222.0.41 "GET /v2.0/ports?device_id=cb5a1d01-a4cd-4271-a7ea-04475a5935c3 HTTP/1.1" status: 200 len: 945 time: 0.0503194
Aug 02 14:38:42.610450 dv-osbrick-803210-1-iscsi neutron-server[93797]: INFO neutron.wsgi [req-c055bfaa-c596-4c6b-b47f-e301bf66c791 req-be309d04-02cd-42c4-bbfc-c25541399bfe tempest-TestVolumeBootPattern-51653938 tempest-TestVolumeBootPattern-51653938-project] 10.222.0.41 "GET /v2.0/security-groups?id=b74f79b8-614d-454b-bdcc-a55925ed319e&fields=id&fields=name HTTP/1.1" status: 200 len: 286 time: 0.0332549
Aug 02 14:38:43.725997 dv-osbrick-803210-1-iscsi neutron-server[93797]: DEBUG neutron.pecan_wsgi.hooks.policy_enforcement [req-f98464c2-ad8a-4912-91cd-bb9d95f7e796 req-216b284f-00c4-4878-b598-b2f8f5d57dba tempest-TestVolumeBootPattern-51653938 tempest-TestVolumeBootPattern-51653938-project] Attributes excluded by policy engine: ['standard_attr_id', 'binding:profile', 'binding:host_id', 'binding:vif_type', 'binding:vif_details'] {{(pid=93797) _exclude_attributes_by_policy /opt/stack/neutron/neutron/pecan_wsgi/hooks/policy_enforcement.py:255}}
Aug 02 14:38:43.727498 dv-osbrick-803210-1-iscsi neutron-server[93797]: INFO neutron.wsgi [req-f98464c2-ad8a-4912-91cd-bb9d95f7e796 req-216b284f-00c4-4878-b598-b2f8f5d57dba tempest-TestVolumeBootPattern-51653938 tempest-TestVolumeBootPattern-51653938-project] 10.222.0.41 "GET /v2.0/ports?device_id=cb5a1d01-a4cd-4271-a7ea-04475a5935c3 HTTP/1.1" status: 200 len: 945 time: 0.0480001
Aug 02 14:38:43.768452 dv-osbrick-803210-1-iscsi neutron-server[93797]: INFO neutron.wsgi [req-f98464c2-ad8a-4912-91cd-bb9d95f7e796 req-a9d38df0-d61c-43da-988e-66ca105ef03f tempest-TestVolumeBootPattern-51653938 tempest-TestVolumeBootPattern-51653938-project] 10.222.0.41 "GET /v2.0/security-groups?id=b74f79b8-614d-454b-bdcc-a55925ed319e&fields=id&fields=name HTTP/1.1" status: 200 len: 286 time: 0.0350916
Aug 02 14:38:43.996293 dv-osbrick-803210-1-iscsi neutron-server[93797]: DEBUG neutron.wsgi [-] (93797) accepted ('10.222.0.41', 52088) {{(pid=93797) server /usr/local/lib/python3.8/dist-packages/eventlet/wsgi.py:982}}
Aug 02 14:38:44.355294 dv-osbrick-803210-1-iscsi neutron-server[93796]: DEBUG neutron.pecan_wsgi.hooks.policy_enforcement [req-2682ae9c-f575-47ed-aad3-6e19027b3ceb req-bc0213b3-d5a6-42ab-a9c4-77e8c7e33d17 tempest-TestVolumeBootPattern-51653938 tempest-TestVolumeBootPattern-51653938-project] Attributes excluded by policy engine: ['standard_attr_id', 'binding:profile', 'binding:host_id', 'binding:vif_type', 'binding:vif_details'] {{(pid=93796) _exclude_attributes_by_policy /opt/stack/neutron/neutron/pecan_wsgi/hooks/policy_enforcement.py:255}}
Aug 02 14:38:44.356726 dv-osbrick-803210-1-iscsi neutron-server[93796]: INFO neutron.wsgi [req-2682ae9c-f575-47ed-aad3-6e19027b3ceb req-bc0213b3-d5a6-42ab-a9c4-77e8c7e33d17 tempest-TestVolumeBootPattern-51653938 tempest-TestVolumeBootPattern-51653938-project] 10.222.0.50 "GET /v2.0/ports?device_id=cb5a1d01-a4cd-4271-a7ea-04475a5935c3 HTTP/1.1" status: 200 len: 945 time: 0.0455956
Aug 02 14:38:44.396685 dv-osbrick-803210-1-iscsi neutron-server[93797]: DEBUG neutron_lib.callbacks.manager [None req-0d0835e6-dbce-4197-893d-59fb5487abdf admin admin] Notify callbacks ['neutron.services.l3_router.l3_router_plugin.DVRResourceOperationHandler._cache_related_dvr_routers_info_before_interface_removal-421424'] for router_interface, before_delete {{(pid=93797) _notify_loop /usr/local/lib/python3.8/dist-packages/neutron_lib/callbacks/manager.py:192}}
Aug 02 14:38:44.449120 dv-osbrick-803210-1-iscsi neutron-server[93796]: DEBUG neutron.plugins.ml2.plugin [req-2682ae9c-f575-47ed-aad3-6e19027b3ceb req-d715bac6-c622-4393-97d8-6efe8bdd9598 tempest-TestVolumeBootPattern-51653938 tempest-TestVolumeBootPattern-51653938-project] Deleting port 11407168-8695-41aa-a29b-7d10ecec3206 {{(pid=93796) _pre_delete_port /opt/stack/neutron/neutron/plugins/ml2/plugin.py:1919}}
Aug 02 14:38:44.449457 dv-osbrick-803210-1-iscsi neutron-server[93796]: DEBUG neutron_lib.callbacks.manager [req-2682ae9c-f575-47ed-aad3-6e19027b3ceb req-d715bac6-c622-4393-97d8-6efe8bdd9598 tempest-TestVolumeBootPattern-51653938 tempest-TestVolumeBootPattern-51653938-project] Notify callbacks ['neutron.db.l3_db.L3_NAT_dbonly_mixin._prevent_l3_port_delete_callback-8767586321668'] for port, before_delete {{(pid=93796) _notify_loop /usr/local/lib/python3.8/dist-packages/neutron_lib/callbacks/manager.py:192}}
Aug 02 14:38:44.532724 dv-osbrick-803210-1-iscsi neutron-server[93796]: DEBUG neutron.plugins.ml2.db [req-2682ae9c-f575-47ed-aad3-6e19027b3ceb req-d715bac6-c622-4393-97d8-6efe8bdd9598 tempest-TestVolumeBootPattern-51653938 tempest-TestVolumeBootPattern-51653938-project] For port 11407168-8695-41aa-a29b-7d10ecec3206, host hv-osbrick-8032, got binding levels [PortBindingLevel(driver='hyperv',host='hv-osbrick-8032',level=0,port_id=11407168-8695-41aa-a29b-7d10ecec3206,segment=NetworkSegment(8142fdcb-3872-4024-af4c-66b303399506),segment_id=8142fdcb-3872-4024-af4c-66b303399506)] {{(pid=93796) get_binding_level_objs /opt/stack/neutron/neutron/plugins/ml2/db.py:74}}
Aug 02 14:38:44.533102 dv-osbrick-803210-1-iscsi neutron-server[93796]: DEBUG neutron_lib.callbacks.manager [req-2682ae9c-f575-47ed-aad3-6e19027b3ceb req-d715bac6-c622-4393-97d8-6efe8bdd9598 tempest-TestVolumeBootPattern-51653938 tempest-TestVolumeBootPattern-51653938-project] Notify callbacks ['neutron.services.l3_router.l3_router_plugin.L3_NAT_dbonly_mixin._precommit_delete_port_callback-418806'] for port, precommit_delete {{(pid=93796) _notify_loop /usr/local/lib/python3.8/dist-packages/neutron_lib/callbacks/manager.py:192}}
Aug 02 14:38:44.545394 dv-osbrick-803210-1-iscsi neutron-server[93796]: DEBUG neutron.plugins.ml2.plugin [req-2682ae9c-f575-47ed-aad3-6e19027b3ceb req-d715bac6-c622-4393-97d8-6efe8bdd9598 tempest-TestVolumeBootPattern-51653938 tempest-TestVolumeBootPattern-51653938-project] Calling delete_port for 11407168-8695-41aa-a29b-7d10ecec3206 owned by compute:nova {{(pid=93796) delete_port /opt/stack/neutron/neutron/plugins/ml2/plugin.py:1997}}
Aug 02 14:38:44.682520 dv-osbrick-803210-1-iscsi neutron-server[93797]: DEBUG neutron.plugins.ml2.plugin [None req-0d0835e6-dbce-4197-893d-59fb5487abdf admin admin] Deleting port 8a7d32ac-f98b-4759-bf1a-8e163c87b049 {{(pid=93797) _pre_delete_port /opt/stack/neutron/neutron/plugins/ml2/plugin.py:1919}}
Aug 02 14:38:44.682864 dv-osbrick-803210-1-iscsi neutron-server[93797]: DEBUG neutron_lib.callbacks.manager [None req-0d0835e6-dbce-4197-893d-59fb5487abdf admin admin] Notify callbacks ['neutron.db.l3_db.L3_NAT_dbonly_mixin._prevent_l3_port_delete_callback-8767586321668'] for port, before_delete {{(pid=93797) _notify_loop /usr/local/lib/python3.8/dist-packages/neutron_lib/callbacks/manager.py:192}}
Aug 02 14:38:44.739002 dv-osbrick-803210-1-iscsi neutron-server[93796]: DEBUG neutron_lib.callbacks.manager [req-2682ae9c-f575-47ed-aad3-6e19027b3ceb req-d715bac6-c622-4393-97d8-6efe8bdd9598 tempest-TestVolumeBootPattern-51653938 tempest-TestVolumeBootPattern-51653938-project] Notify callbacks ['neutron.plugins.ml2.plugin.SecurityGroupServerNotifierRpcMixin._notify_sg_on_port_change-624220', 'neutron.plugins.ml2.ovo_rpc._ObjectChangeHandler.handle_event-87023', 'neutron.api.rpc.agentnotifiers.dhcp_rpc_agent_api.DhcpAgentNotifyAPI._native_event_send_dhcp_notification-3761465', 'neutron.db.l3_db.L3RpcNotifierMixin._notify_routers_callback-8767586327700', 'neutron.db.l3_dvrscheduler_db._notify_port_delete-8767585939339'] for port, after_delete {{(pid=93796) _notify_loop /usr/local/lib/python3.8/dist-packages/neutron_lib/callbacks/manager.py:192}}
Aug 02 14:38:44.746012 dv-osbrick-803210-1-iscsi neutron-server[93798]: DEBUG neutron.plugins.ml2.rpc [None req-43e9ac08-2d43-445a-9fde-6d8a65d5dc72 None None] Device 865de644-e8e8-490a-89c9-da693d7e6a0e no longer exists at agent hyperv_hv-osbrick-8032 {{(pid=93798) update_device_down /opt/stack/neutron/neutron/plugins/ml2/rpc.py:259}}
Aug 02 14:38:44.770166 dv-osbrick-803210-1-iscsi neutron-server[93796]: DEBUG neutron.api.rpc.handlers.resources_rpc [None req-d715bac6-c622-4393-97d8-6efe8bdd9598 tempest-TestVolumeBootPattern-51653938 tempest-TestVolumeBootPattern-51653938-project] Pushing event deleted for resources: {'Port': ['ID=11407168-8695-41aa-a29b-7d10ecec3206,revision_number=None']} {{(pid=93796) push /opt/stack/neutron/neutron/api/rpc/handlers/resources_rpc.py:237}}
Aug 02 14:38:44.776489 dv-osbrick-803210-1-iscsi neutron-server[93797]: DEBUG neutron.plugins.ml2.db [None req-0d0835e6-dbce-4197-893d-59fb5487abdf admin admin] For port 8a7d32ac-f98b-4759-bf1a-8e163c87b049, host dv-osbrick-803210-1-iscsi, got binding levels [PortBindingLevel(driver='openvswitch',host='dv-osbrick-803210-1-iscsi',level=0,port_id=8a7d32ac-f98b-4759-bf1a-8e163c87b049,segment=NetworkSegment(4bf099aa-c6f4-4bbf-a6ed-e6801b9227d2),segment_id=4bf099aa-c6f4-4bbf-a6ed-e6801b9227d2)] {{(pid=93797) get_binding_level_objs /opt/stack/neutron/neutron/plugins/ml2/db.py:74}}
Aug 02 14:38:44.776489 dv-osbrick-803210-1-iscsi neutron-server[93797]: DEBUG neutron_lib.callbacks.manager [None req-0d0835e6-dbce-4197-893d-59fb5487abdf admin admin] Notify callbacks ['neutron.services.l3_router.l3_router_plugin.L3_NAT_dbonly_mixin._precommit_delete_port_callback-418806'] for port, precommit_delete {{(pid=93797) _notify_loop /usr/local/lib/python3.8/dist-packages/neutron_lib/callbacks/manager.py:192}}
Aug 02 14:38:44.807420 dv-osbrick-803210-1-iscsi neutron-server[93797]: DEBUG neutron.plugins.ml2.plugin [None req-0d0835e6-dbce-4197-893d-59fb5487abdf admin admin] Calling delete_port for 8a7d32ac-f98b-4759-bf1a-8e163c87b049 owned by network:router_interface {{(pid=93797) delete_port /opt/stack/neutron/neutron/plugins/ml2/plugin.py:1997}}
Aug 02 14:38:44.834386 dv-osbrick-803210-1-iscsi neutron-server[93798]: DEBUG neutron.plugins.ml2.plugin [None req-43e9ac08-2d43-445a-9fde-6d8a65d5dc72 None None] No Port match for: 865de644-e8e8-490a-89c9-da693d7e6a0e {{(pid=93798) port_bound_to_host /opt/stack/neutron/neutron/plugins/ml2/plugin.py:2255}}
Aug 02 14:38:44.838863 dv-osbrick-803210-1-iscsi neutron-server[93798]: DEBUG neutron.plugins.ml2.rpc [None req-43e9ac08-2d43-445a-9fde-6d8a65d5dc72 None None] Device 865de644-e8e8-490a-89c9-da693d7e6a0e not bound to the agent host hv-osbrick-8032 {{(pid=93798) update_device_down /opt/stack/neutron/neutron/plugins/ml2/rpc.py:269}}
Aug 02 14:38:44.864163 dv-osbrick-803210-1-iscsi neutron-server[93796]: DEBUG neutron.db.l3_dvrscheduler_db [req-2682ae9c-f575-47ed-aad3-6e19027b3ceb req-d715bac6-c622-4393-97d8-6efe8bdd9598 tempest-TestVolumeBootPattern-51653938 tempest-TestVolumeBootPattern-51653938-project] No DVR routers for this DVR port 11407168-8695-41aa-a29b-7d10ecec3206 on host hv-osbrick-8032 {{(pid=93796) get_dvr_routers_to_remove /opt/stack/neutron/neutron/db/l3_dvrscheduler_db.py:214}}
Aug 02 14:38:44.865078 dv-osbrick-803210-1-iscsi neutron-server[93798]: DEBUG neutron.plugins.ml2.db [None req-43e9ac08-2d43-445a-9fde-6d8a65d5dc72 None None] get_ports_and_sgs() called for port_ids ['3eb79d68-16c0-4146-9f82-74f13fcde655', '11407168-8695-41aa-a29b-7d10ecec3206'] {{(pid=93798) get_ports_and_sgs /opt/stack/neutron/neutron/plugins/ml2/db.py:156}}
Aug 02 14:38:44.866824 dv-osbrick-803210-1-iscsi neutron-server[93796]: DEBUG neutron_lib.callbacks.manager [req-2682ae9c-f575-47ed-aad3-6e19027b3ceb req-d715bac6-c622-4393-97d8-6efe8bdd9598 tempest-TestVolumeBootPattern-51653938 tempest-TestVolumeBootPattern-51653938-project] Notify callbacks ['neutron.notifiers.nova.Notifier._send_nova_notification-4071431'] for port, before_response {{(pid=93796) _notify_loop /usr/local/lib/python3.8/dist-packages/neutron_lib/callbacks/manager.py:192}}
Aug 02 14:38:44.869653 dv-osbrick-803210-1-iscsi neutron-server[93796]: INFO neutron.wsgi [req-2682ae9c-f575-47ed-aad3-6e19027b3ceb req-d715bac6-c622-4393-97d8-6efe8bdd9598 tempest-TestVolumeBootPattern-51653938 tempest-TestVolumeBootPattern-51653938-project] 10.222.0.50 "DELETE /v2.0/ports/11407168-8695-41aa-a29b-7d10ecec3206 HTTP/1.1" status: 204 len: 173 time: 0.5048039
Aug 02 14:38:44.869653 dv-osbrick-803210-1-iscsi neutron-server[93796]: DEBUG neutron.notifiers.nova [-] Sending events: [{'server_uuid': 'cb5a1d01-a4cd-4271-a7ea-04475a5935c3', 'name': 'network-vif-deleted', 'tag': '11407168-8695-41aa-a29b-7d10ecec3206'}] {{(pid=93796) send_events /opt/stack/neutron/neutron/notifiers/nova.py:262}}
Aug 02 14:38:44.872472 dv-osbrick-803210-1-iscsi neutron-server[93796]: DEBUG novaclient.v2.client [-] REQ: curl -g -i --cacert "/opt/stack/data/ca-bundle.pem" -X POST http://10.222.0.41/compute/v2.1/os-server-external-events -H "Accept: application/json" -H "Content-Type: application/json" -H "User-Agent: python-novaclient" -H "X-Auth-Token: {SHA256}9364dd25400ab8941fb49e0fc55b4b9fab92011a178d0e231cb2cc74703ba353" -H "X-OpenStack-Nova-API-Version: 2.1" -H "X-OpenStack-Request-ID: req-c8181d09-31f2-45a2-940d-958f9c29a41f" -d '{"events": [{"server_uuid": "cb5a1d01-a4cd-4271-a7ea-04475a5935c3", "name": "network-vif-deleted", "tag": "11407168-8695-41aa-a29b-7d10ecec3206"}]}' {{(pid=93796) _http_log_request /usr/local/lib/python3.8/dist-packages/keystoneauth1/session.py:519}}
Aug 02 14:38:44.940574 dv-osbrick-803210-1-iscsi neutron-server[93796]: DEBUG novaclient.v2.client [-] RESP: [200] Connection: close Content-Length: 183 Content-Type: application/json Date: Mon, 02 Aug 2021 14:38:44 GMT OpenStack-API-Version: compute 2.1 Server: Apache/2.4.41 (Ubuntu) Vary: OpenStack-API-Version,X-OpenStack-Nova-API-Version X-OpenStack-Nova-API-Version: 2.1 x-compute-request-id: req-5ba8cc83-0285-4c93-a6fb-3a72796f0da6 x-openstack-request-id: req-5ba8cc83-0285-4c93-a6fb-3a72796f0da6 {{(pid=93796) _http_log_response /usr/local/lib/python3.8/dist-packages/keystoneauth1/session.py:550}}
Aug 02 14:38:44.940890 dv-osbrick-803210-1-iscsi neutron-server[93796]: DEBUG novaclient.v2.client [-] RESP BODY: {"events": [{"server_uuid": "cb5a1d01-a4cd-4271-a7ea-04475a5935c3", "name": "network-vif-deleted", "tag": "11407168-8695-41aa-a29b-7d10ecec3206", "status": "completed", "code": 200}]} {{(pid=93796) _http_log_response /usr/local/lib/python3.8/dist-packages/keystoneauth1/session.py:582}}
Aug 02 14:38:44.941160 dv-osbrick-803210-1-iscsi neutron-server[93796]: DEBUG novaclient.v2.client [-] POST call to compute for http://10.222.0.41/compute/v2.1/os-server-external-events used request id req-5ba8cc83-0285-4c93-a6fb-3a72796f0da6 {{(pid=93796) request /usr/local/lib/python3.8/dist-packages/keystoneauth1/session.py:954}}
Aug 02 14:38:44.941548 dv-osbrick-803210-1-iscsi neutron-server[93796]: INFO neutron.notifiers.nova [-] Nova event response: {'server_uuid': 'cb5a1d01-a4cd-4271-a7ea-04475a5935c3', 'name': 'network-vif-deleted', 'tag': '11407168-8695-41aa-a29b-7d10ecec3206', 'status': 'completed', 'code': 200}
Aug 02 14:38:45.034272 dv-osbrick-803210-1-iscsi neutron-server[93797]: INFO neutron.wsgi [req-5dfc46ca-f5d4-4cb1-9381-b124a8c05794 req-711ab7dc-ecb1-4ddf-a190-5bcad70e4b14 tempest-TestVolumeBootPattern-51653938 tempest-TestVolumeBootPattern-51653938-project] 10.222.0.41 "GET /v2.0/ports?device_id=cb5a1d01-a4cd-4271-a7ea-04475a5935c3 HTTP/1.1" status: 200 len: 210 time: 0.0803406
Aug 02 14:38:45.172393 dv-osbrick-803210-1-iscsi neutron-server[93797]: DEBUG neutron_lib.callbacks.manager [None req-0d0835e6-dbce-4197-893d-59fb5487abdf admin admin] Notify callbacks ['neutron.plugins.ml2.plugin.SecurityGroupServerNotifierRpcMixin._notify_sg_on_port_change-624220', 'neutron.plugins.ml2.ovo_rpc._ObjectChangeHandler.handle_event-87023', 'neutron.api.rpc.agentnotifiers.dhcp_rpc_agent_api.DhcpAgentNotifyAPI._native_event_send_dhcp_notification-3761465', 'neutron.db.l3_db.L3RpcNotifierMixin._notify_routers_callback-8767586327700', 'neutron.db.l3_dvrscheduler_db._notify_port_delete-8767585939339'] for port, after_delete {{(pid=93797) _notify_loop /usr/local/lib/python3.8/dist-packages/neutron_lib/callbacks/manager.py:192}}
Aug 02 14:38:45.196796 dv-osbrick-803210-1-iscsi neutron-server[93797]: DEBUG neutron.api.rpc.handlers.resources_rpc [None req-0d0835e6-dbce-4197-893d-59fb5487abdf admin admin] Pushing event deleted for resources: {'Port': ['ID=8a7d32ac-f98b-4759-bf1a-8e163c87b049,revision_number=None']} {{(pid=93797) push /opt/stack/neutron/neutron/api/rpc/handlers/resources_rpc.py:237}}
Aug 02 14:38:45.486315 dv-osbrick-803210-1-iscsi neutron-server[93797]: DEBUG neutron_lib.callbacks.manager [None req-0d0835e6-dbce-4197-893d-59fb5487abdf admin admin] Notify callbacks ['neutron.api.rpc.agentnotifiers.dhcp_rpc_agent_api.DhcpAgentNotifyAPI._after_router_interface_deleted-3761456', 'neutron.services.l3_router.l3_router_plugin.DVRResourceOperationHandler._cleanup_after_interface_removal-413856'] for router_interface, after_delete {{(pid=93797) _notify_loop /usr/local/lib/python3.8/dist-packages/neutron_lib/callbacks/manager.py:192}}
Aug 02 14:38:45.492172 dv-osbrick-803210-1-iscsi neutron-server[93798]: DEBUG neutron_lib.callbacks.manager [None req-03f5ac9f-0e29-42f5-909a-20bdb6a2e255 None None] Notify callbacks ['neutron.services.segments.db._update_segment_host_mapping_for_agent-8767586435220', 'neutron.plugins.ml2.plugin.Ml2Plugin._retry_binding_revived_agents-3611228'] for agent, after_update {{(pid=93798) _notify_loop /usr/local/lib/python3.8/dist-packages/neutron_lib/callbacks/manager.py:192}}
Aug 02 14:38:45.699315 dv-osbrick-803210-1-iscsi neutron-server[93797]: DEBUG neutron.scheduler.l3_agent_scheduler [None req-0d0835e6-dbce-4197-893d-59fb5487abdf admin admin] Router ad912d7a-12e8-45cb-9207-71eb8fb731c8 has already been hosted by L3 agent 1038e7c5-c0df-44f6-b9ba-52c8dfaf19a6 {{(pid=93797) _get_candidates /opt/stack/neutron/neutron/scheduler/l3_agent_scheduler.py:127}}
Aug 02 14:38:45.806073 dv-osbrick-803210-1-iscsi neutron-server[93797]: DEBUG neutron.api.rpc.agentnotifiers.l3_rpc_agent_api [None req-0d0835e6-dbce-4197-893d-59fb5487abdf admin admin] Notify agent at l3_agent.dv-osbrick-803210-1-iscsi the message routers_updated {{(pid=93797) _agent_notification /opt/stack/neutron/neutron/api/rpc/agentnotifiers/l3_rpc_agent_api.py:65}}
Aug 02 14:38:45.811995 dv-osbrick-803210-1-iscsi neutron-server[93797]: INFO neutron.wsgi [None req-0d0835e6-dbce-4197-893d-59fb5487abdf admin admin] 10.222.0.41 "PUT /v2.0/routers/ad912d7a-12e8-45cb-9207-71eb8fb731c8/remove_router_interface HTTP/1.1" status: 200 len: 503 time: 1.8146119
Aug 02 14:38:45.814809 dv-osbrick-803210-1-iscsi neutron-server[93797]: DEBUG neutron.wsgi [-] (93797) accepted ('10.222.0.41', 52094) {{(pid=93797) server /usr/local/lib/python3.8/dist-packages/eventlet/wsgi.py:982}}
Aug 02 14:38:45.817932 dv-osbrick-803210-1-iscsi neutron-server[93799]: DEBUG neutron.api.rpc.handlers.l3_rpc [None req-4b24d2db-b457-4475-a2c4-f74a7f8d94ca None None] Sync routers for ids ['ad912d7a-12e8-45cb-9207-71eb8fb731c8'] in dv-osbrick-803210-1-iscsi {{(pid=93799) sync_routers /opt/stack/neutron/neutron/api/rpc/handlers/l3_rpc.py:125}}
Aug 02 14:38:45.832692 dv-osbrick-803210-1-iscsi neutron-server[93799]: DEBUG neutron.db.l3_dvrscheduler_db [None req-4b24d2db-b457-4475-a2c4-f74a7f8d94ca None None] Routers {'ad912d7a-12e8-45cb-9207-71eb8fb731c8'} bound to L3 agent in host dv-osbrick-803210-1-iscsi {{(pid=93799) _get_router_ids_for_agent /opt/stack/neutron/neutron/db/l3_dvrscheduler_db.py:420}}
Aug 02 14:38:45.835618 dv-osbrick-803210-1-iscsi neutron-server[93799]: DEBUG neutron.db.l3_hamode_db [None req-4b24d2db-b457-4475-a2c4-f74a7f8d94ca None None] neutron.services.l3_router.l3_router_plugin.L3RouterPlugin method get_ha_sync_data_for_host called with arguments (, 'dv-osbrick-803210-1-iscsi', Agent(admin_state_up=True,agent_type='L3 agent',availability_zone='nova',binary='neutron-l3-agent',configurations={"agent_mode": "legacy", "ex_gw_ports": 5, "extensions": [], "floating_ips": 1, "handle_internal_only_routers": true, "interface_driver": "openvswitch", "interfaces": 5, "log_agent_heartbeats": false, "routers": 5},created_at=2021-08-02T14:28:18Z,description=,heartbeat_timestamp=2021-08-02T14:38:18Z,host='dv-osbrick-803210-1-iscsi',id=1038e7c5-c0df-44f6-b9ba-52c8dfaf19a6,load=0,resource_versions=,resources_synced=,started_at=2021-08-02T14:28:19Z,topic='l3_agent')) {'router_ids': ['ad912d7a-12e8-45cb-9207-71eb8fb731c8'], 'active': True} {{(pid=93799) wrapper /usr/local/lib/python3.8/dist-packages/oslo_log/helpers.py:65}}
Aug 02 14:38:45.920523 dv-osbrick-803210-1-iscsi neutron-server[93797]: DEBUG neutron_lib.callbacks.manager [None req-24d2aac2-f020-4c32-a4af-ba17762dae0b admin admin] Notify callbacks [] for router, before_delete {{(pid=93797) _notify_loop /usr/local/lib/python3.8/dist-packages/neutron_lib/callbacks/manager.py:192}}
Aug 02 14:38:45.934878 dv-osbrick-803210-1-iscsi neutron-server[93799]: DEBUG neutron.db.l3_dvr_db [None req-4b24d2db-b457-4475-a2c4-f74a7f8d94ca None None] Set router ad912d7a-12e8-45cb-9207-71eb8fb731c8 gateway port host: dv-osbrick-803210-1-iscsi {{(pid=93799) _build_routers_list /opt/stack/neutron/neutron/db/l3_dvr_db.py:894}}
Aug 02 14:38:46.025140 dv-osbrick-803210-1-iscsi neutron-server[93797]: DEBUG neutron_lib.callbacks.manager [None req-24d2aac2-f020-4c32-a4af-ba17762dae0b admin admin] Notify callbacks [] for router_gateway, before_delete {{(pid=93797) _notify_loop /usr/local/lib/python3.8/dist-packages/neutron_lib/callbacks/manager.py:192}}
Aug 02 14:38:46.113897 dv-osbrick-803210-1-iscsi neutron-server[93799]: DEBUG neutron.db.l3_hamode_db [None req-4b24d2db-b457-4475-a2c4-f74a7f8d94ca None None] neutron.services.l3_router.l3_router_plugin.L3RouterPlugin method _process_sync_ha_data called with arguments (, [{'id': 'ad912d7a-12e8-45cb-9207-71eb8fb731c8', 'name': 'tempest-TestMinimumBasicScenario-1864560525-router', 'tenant_id': '7bac05d9e8a74704951c3cb15eca307b', 'admin_state_up': True, 'status': 'ACTIVE', 'external_gateway_info': {'network_id': '296aa31e-5192-47a3-a382-85c26ca95ba6', 'external_fixed_ips': [{'subnet_id': '7f0ca1c3-71e4-4a62-bf39-a81e3ae95780', 'ip_address': '172.29.1.24'}], 'enable_snat': True}, 'gw_port_id': '7243d48b-1f22-470c-887c-d6cefbc94c6a', 'description': '', 'availability_zones': ['nova'], 'distributed': False, 'ha': False, 'ha_vr_id': 0, 'availability_zone_hints': [], 'routes': [], 'flavor_id': None, 'tags': [], 'created_at': '2021-08-02T14:35:58Z', 'updated_at': '2021-08-02T14:38:45Z', 'revision_number': 5, 'project_id': '7bac05d9e8a74704951c3cb15eca307b', 'gw_port': {'id': '7243d48b-1f22-470c-887c-d6cefbc94c6a', 'name': '', 'network_id': '296aa31e-5192-47a3-a382-85c26ca95ba6', 'tenant_id': '', 'mac_address': 'fa:16:3e:82:27:aa', 'admin_state_up': True, 'status': 'ACTIVE', 'device_id': 'ad912d7a-12e8-45cb-9207-71eb8fb731c8', 'device_owner': 'network:router_gateway', 'standard_attr_id': 51, 'fixed_ips': [{'subnet_id': '7f0ca1c3-71e4-4a62-bf39-a81e3ae95780', 'ip_address': '172.29.1.24', 'prefixlen': 24}], 'allowed_address_pairs': [], 'extra_dhcp_opts': [], 'security_groups': [], 'description': '', 'binding:vnic_type': 'normal', 'binding:profile': {}, 'binding:host_id': 'dv-osbrick-803210-1-iscsi', 'binding:vif_type': 'ovs', 'binding:vif_details': {'connectivity': 'l2', 'port_filter': True, 'ovs_hybrid_plug': False, 'datapath_type': 'system', 'bridge_name': 'br-int'}, 'port_security_enabled': False, 'tags': [], 'created_at': '2021-08-02T14:35:59Z', 'updated_at': '2021-08-02T14:36:04Z', 'revision_number': 4, 'project_id': '', 'subnets': [{'id': '7f0ca1c3-71e4-4a62-bf39-a81e3ae95780', 'cidr': '172.29.1.0/24', 'gateway_ip': '172.29.1.1', 'dns_nameservers': [], 'ipv6_ra_mode': None, 'subnetpool_id': None}], 'extra_subnets': [], 'address_scopes': {4: None, 6: None}, 'mtu': 1500}, 'enable_snat': True, 'gw_port_host': 'dv-osbrick-803210-1-iscsi'}], 'dv-osbrick-803210-1-iscsi', False) {} {{(pid=93799) wrapper /usr/local/lib/python3.8/dist-packages/oslo_log/helpers.py:65}}
Aug 02 14:38:46.140807 dv-osbrick-803210-1-iscsi neutron-server[93799]: DEBUG neutron.api.rpc.handlers.l3_rpc [None req-4b24d2db-b457-4475-a2c4-f74a7f8d94ca None None] Checking router: ad912d7a-12e8-45cb-9207-71eb8fb731c8 for host: dv-osbrick-803210-1-iscsi {{(pid=93799) _ensure_host_set_on_ports /opt/stack/neutron/neutron/api/rpc/handlers/l3_rpc.py:155}}
Aug 02 14:38:46.144282 dv-osbrick-803210-1-iscsi neutron-server[93797]: INFO neutron.wsgi [req-ee2c824f-525e-4576-92b7-0431c4eeab26 req-098046d0-4da7-4a75-a4df-a4b0d562fcd2 tempest-TestVolumeBootPattern-51653938 tempest-TestVolumeBootPattern-51653938-project] 10.222.0.41 "GET /v2.0/ports?device_id=cb5a1d01-a4cd-4271-a7ea-04475a5935c3 HTTP/1.1" status: 200 len: 210 time: 0.0300753
Aug 02 14:38:46.151892 dv-osbrick-803210-1-iscsi neutron-server[93799]: DEBUG neutron.db.l3_dvrscheduler_db [None req-4b24d2db-b457-4475-a2c4-f74a7f8d94ca None None] Routers {'ad912d7a-12e8-45cb-9207-71eb8fb731c8'} bound to L3 agent in host dv-osbrick-803210-1-iscsi {{(pid=93799) _get_router_ids_for_agent /opt/stack/neutron/neutron/db/l3_dvrscheduler_db.py:420}}
Aug 02 14:38:46.153040 dv-osbrick-803210-1-iscsi neutron-server[93799]: DEBUG neutron.db.l3_hamode_db [None req-4b24d2db-b457-4475-a2c4-f74a7f8d94ca None None] neutron.services.l3_router.l3_router_plugin.L3RouterPlugin method get_ha_sync_data_for_host called with arguments (, 'dv-osbrick-803210-1-iscsi', Agent(admin_state_up=True,agent_type='L3 agent',availability_zone='nova',binary='neutron-l3-agent',configurations={"agent_mode": "legacy", "ex_gw_ports": 5, "extensions": [], "floating_ips": 1, "handle_internal_only_routers": true, "interface_driver": "openvswitch", "interfaces": 5, "log_agent_heartbeats": false, "routers": 5},created_at=2021-08-02T14:28:18Z,description=,heartbeat_timestamp=2021-08-02T14:38:18Z,host='dv-osbrick-803210-1-iscsi',id=1038e7c5-c0df-44f6-b9ba-52c8dfaf19a6,load=0,resource_versions=,resources_synced=,started_at=2021-08-02T14:28:19Z,topic='l3_agent')) {'router_ids': ['ad912d7a-12e8-45cb-9207-71eb8fb731c8'], 'active': True} {{(pid=93799) wrapper /usr/local/lib/python3.8/dist-packages/oslo_log/helpers.py:65}}
Aug 02 14:38:46.164863 dv-osbrick-803210-1-iscsi neutron-server[93797]: DEBUG neutron.plugins.ml2.plugin [None req-24d2aac2-f020-4c32-a4af-ba17762dae0b admin admin] Deleting port 7243d48b-1f22-470c-887c-d6cefbc94c6a {{(pid=93797) _pre_delete_port /opt/stack/neutron/neutron/plugins/ml2/plugin.py:1919}}
Aug 02 14:38:46.165223 dv-osbrick-803210-1-iscsi neutron-server[93797]: DEBUG neutron_lib.callbacks.manager [None req-24d2aac2-f020-4c32-a4af-ba17762dae0b admin admin] Notify callbacks ['neutron.db.l3_db.L3_NAT_dbonly_mixin._prevent_l3_port_delete_callback-8767586321668'] for port, before_delete {{(pid=93797) _notify_loop /usr/local/lib/python3.8/dist-packages/neutron_lib/callbacks/manager.py:192}}
Aug 02 14:38:46.244545 dv-osbrick-803210-1-iscsi neutron-server[93799]: DEBUG neutron.db.l3_dvr_db [None req-4b24d2db-b457-4475-a2c4-f74a7f8d94ca None None] Set router ad912d7a-12e8-45cb-9207-71eb8fb731c8 gateway port host: None {{(pid=93799) _build_routers_list /opt/stack/neutron/neutron/db/l3_dvr_db.py:894}}
Aug 02 14:38:46.247260 dv-osbrick-803210-1-iscsi neutron-server[93797]: DEBUG neutron.plugins.ml2.db [None req-24d2aac2-f020-4c32-a4af-ba17762dae0b admin admin] For port 7243d48b-1f22-470c-887c-d6cefbc94c6a, host dv-osbrick-803210-1-iscsi, got binding levels [PortBindingLevel(driver='openvswitch',host='dv-osbrick-803210-1-iscsi',level=0,port_id=7243d48b-1f22-470c-887c-d6cefbc94c6a,segment=NetworkSegment(d0d4d179-5833-4860-b66e-36cf7a421fcb),segment_id=d0d4d179-5833-4860-b66e-36cf7a421fcb)] {{(pid=93797) get_binding_level_objs /opt/stack/neutron/neutron/plugins/ml2/db.py:74}}
Aug 02 14:38:46.247620 dv-osbrick-803210-1-iscsi neutron-server[93797]: DEBUG neutron_lib.callbacks.manager [None req-24d2aac2-f020-4c32-a4af-ba17762dae0b admin admin] Notify callbacks ['neutron.services.l3_router.l3_router_plugin.L3_NAT_dbonly_mixin._precommit_delete_port_callback-418806'] for port, precommit_delete {{(pid=93797) _notify_loop /usr/local/lib/python3.8/dist-packages/neutron_lib/callbacks/manager.py:192}}
Aug 02 14:38:46.259970 dv-osbrick-803210-1-iscsi neutron-server[93797]: DEBUG neutron.plugins.ml2.plugin [None req-24d2aac2-f020-4c32-a4af-ba17762dae0b admin admin] Calling delete_port for 7243d48b-1f22-470c-887c-d6cefbc94c6a owned by network:router_gateway {{(pid=93797) delete_port /opt/stack/neutron/neutron/plugins/ml2/plugin.py:1997}}
Aug 02 14:38:46.302906 dv-osbrick-803210-1-iscsi neutron-server[93799]: DEBUG neutron.db.l3_hamode_db [None req-4b24d2db-b457-4475-a2c4-f74a7f8d94ca None None] neutron.services.l3_router.l3_router_plugin.L3RouterPlugin method _process_sync_ha_data called with arguments (, [{'id': 'ad912d7a-12e8-45cb-9207-71eb8fb731c8', 'name': 'tempest-TestMinimumBasicScenario-1864560525-router', 'tenant_id': '7bac05d9e8a74704951c3cb15eca307b', 'admin_state_up': True, 'status': 'ACTIVE', 'external_gateway_info': None, 'gw_port_id': None, 'description': '', 'availability_zones': ['nova'], 'distributed': False, 'ha': False, 'ha_vr_id': 0, 'availability_zone_hints': [], 'routes': [], 'flavor_id': None, 'tags': [], 'created_at': '2021-08-02T14:35:58Z', 'updated_at': '2021-08-02T14:38:46Z', 'revision_number': 6, 'project_id': '7bac05d9e8a74704951c3cb15eca307b', 'gw_port_host': None}], 'dv-osbrick-803210-1-iscsi', False) {} {{(pid=93799) wrapper /usr/local/lib/python3.8/dist-packages/oslo_log/helpers.py:65}}
Aug 02 14:38:46.328722 dv-osbrick-803210-1-iscsi neutron-server[93799]: DEBUG neutron.api.rpc.handlers.l3_rpc [None req-4b24d2db-b457-4475-a2c4-f74a7f8d94ca None None] The sync data for ids ['ad912d7a-12e8-45cb-9207-71eb8fb731c8'] in dv-osbrick-803210-1-iscsi is: [{'id': 'ad912d7a-12e8-45cb-9207-71eb8fb731c8', 'name': 'tempest-TestMinimumBasicScenario-1864560525-router', 'tenant_id': '7bac05d9e8a74704951c3cb15eca307b', 'admin_state_up': True, 'status': 'ACTIVE', 'external_gateway_info': None, 'gw_port_id': None, 'description': '', 'availability_zones': ['nova'], 'distributed': False, 'ha': False, 'ha_vr_id': 0, 'availability_zone_hints': [], 'routes': [], 'flavor_id': None, 'tags': [], 'created_at': '2021-08-02T14:35:58Z', 'updated_at': '2021-08-02T14:38:46Z', 'revision_number': 6, 'project_id': '7bac05d9e8a74704951c3cb15eca307b', 'gw_port_host': None}] {{(pid=93799) sync_routers /opt/stack/neutron/neutron/api/rpc/handlers/l3_rpc.py:137}}
Aug 02 14:38:46.526685 dv-osbrick-803210-1-iscsi neutron-server[93797]: DEBUG neutron_lib.callbacks.manager [None req-24d2aac2-f020-4c32-a4af-ba17762dae0b admin admin] Notify callbacks ['neutron.plugins.ml2.plugin.SecurityGroupServerNotifierRpcMixin._notify_sg_on_port_change-624220', 'neutron.plugins.ml2.ovo_rpc._ObjectChangeHandler.handle_event-87023', 'neutron.api.rpc.agentnotifiers.dhcp_rpc_agent_api.DhcpAgentNotifyAPI._native_event_send_dhcp_notification-3761465', 'neutron.db.l3_db.L3RpcNotifierMixin._notify_routers_callback-8767586327700', 'neutron.db.l3_dvrscheduler_db._notify_port_delete-8767585939339'] for port, after_delete {{(pid=93797) _notify_loop /usr/local/lib/python3.8/dist-packages/neutron_lib/callbacks/manager.py:192}}
Aug 02 14:38:46.551254 dv-osbrick-803210-1-iscsi neutron-server[93797]: DEBUG neutron.api.rpc.handlers.resources_rpc [None req-24d2aac2-f020-4c32-a4af-ba17762dae0b admin admin] Pushing event deleted for resources: {'Port': ['ID=7243d48b-1f22-470c-887c-d6cefbc94c6a,revision_number=None']} {{(pid=93797) push /opt/stack/neutron/neutron/api/rpc/handlers/resources_rpc.py:237}}
Aug 02 14:38:46.578646 dv-osbrick-803210-1-iscsi neutron-server[93797]: DEBUG neutron_lib.callbacks.manager [None req-24d2aac2-f020-4c32-a4af-ba17762dae0b admin admin] Notify callbacks ['neutron.services.l3_router.l3_router_plugin.DVRResourceOperationHandler._delete_dvr_internal_ports-421638'] for router_gateway, after_delete {{(pid=93797) _notify_loop /usr/local/lib/python3.8/dist-packages/neutron_lib/callbacks/manager.py:192}}
Aug 02 14:38:46.682424 dv-osbrick-803210-1-iscsi neutron-server[93797]: DEBUG neutron_lib.callbacks.manager [None req-24d2aac2-f020-4c32-a4af-ba17762dae0b admin admin] Notify callbacks ['neutron.services.l3_router.l3_router_plugin.L3_HA_NAT_db_mixin._release_router_vr_id-481675', 'neutron.services.l3_router.service_providers.driver_controller.DriverController._clear_router_provider-55839'] for router, precommit_delete {{(pid=93797) _notify_loop /usr/local/lib/python3.8/dist-packages/neutron_lib/callbacks/manager.py:192}}
Aug 02 14:38:46.684618 dv-osbrick-803210-1-iscsi neutron-server[93797]: DEBUG neutron_lib.callbacks.manager [None req-24d2aac2-f020-4c32-a4af-ba17762dae0b admin admin] Notify callbacks [] for router_controller, precommit_delete_associations {{(pid=93797) _notify_loop /usr/local/lib/python3.8/dist-packages/neutron_lib/callbacks/manager.py:192}}
Aug 02 14:38:46.823760 dv-osbrick-803210-1-iscsi neutron-server[93797]: DEBUG neutron_lib.callbacks.manager [None req-24d2aac2-f020-4c32-a4af-ba17762dae0b admin admin] Notify callbacks ['neutron.services.l3_router.l3_router_plugin.L3_HA_NAT_db_mixin._cleanup_ha_network-481663'] for router, after_delete {{(pid=93797) _notify_loop /usr/local/lib/python3.8/dist-packages/neutron_lib/callbacks/manager.py:192}}
Aug 02 14:38:46.824360 dv-osbrick-803210-1-iscsi neutron-server[93797]: DEBUG neutron.api.rpc.agentnotifiers.l3_rpc_agent_api [None req-24d2aac2-f020-4c32-a4af-ba17762dae0b admin admin] Fanout notify agent at l3_agent the message router_deleted on router ad912d7a-12e8-45cb-9207-71eb8fb731c8 {{(pid=93797) _notification_fanout /opt/stack/neutron/neutron/api/rpc/agentnotifiers/l3_rpc_agent_api.py:114}}
Aug 02 14:38:46.829100 dv-osbrick-803210-1-iscsi neutron-server[93797]: DEBUG neutron_lib.callbacks.manager [None req-24d2aac2-f020-4c32-a4af-ba17762dae0b admin admin] Notify callbacks [] for router, before_response {{(pid=93797) _notify_loop /usr/local/lib/python3.8/dist-packages/neutron_lib/callbacks/manager.py:192}}
Aug 02 14:38:46.831178 dv-osbrick-803210-1-iscsi neutron-server[93797]: INFO neutron.wsgi [None req-24d2aac2-f020-4c32-a4af-ba17762dae0b admin admin] 10.222.0.41 "DELETE /v2.0/routers/ad912d7a-12e8-45cb-9207-71eb8fb731c8 HTTP/1.1" status: 204 len: 168 time: 1.0150700
Aug 02 14:38:46.833688 dv-osbrick-803210-1-iscsi neutron-server[93797]: DEBUG neutron.wsgi [-] (93797) accepted ('10.222.0.41', 52098) {{(pid=93797) server /usr/local/lib/python3.8/dist-packages/eventlet/wsgi.py:982}}
Aug 02 14:38:46.876759 dv-osbrick-803210-1-iscsi neutron-server[93797]: DEBUG neutron.db.db_base_plugin_v2 [None req-71080108-a4ec-452f-aea4-367283ad4ad7 admin admin] Deleting subnet d2d877ec-eb4b-4c6a-aaaf-1247a46e2250 {{(pid=93797) delete_subnet /opt/stack/neutron/neutron/db/db_base_plugin_v2.py:1056}}
Aug 02 14:38:46.879855 dv-osbrick-803210-1-iscsi neutron-server[93797]: DEBUG neutron_lib.callbacks.manager [None req-71080108-a4ec-452f-aea4-367283ad4ad7 admin admin] Notify callbacks [] for subnet, before_delete {{(pid=93797) _notify_loop /usr/local/lib/python3.8/dist-packages/neutron_lib/callbacks/manager.py:192}}
Aug 02 14:38:46.912803 dv-osbrick-803210-1-iscsi neutron-server[93797]: DEBUG neutron_lib.callbacks.manager [None req-71080108-a4ec-452f-aea4-367283ad4ad7 admin admin] Notify callbacks [] for subnet, precommit_delete_associations {{(pid=93797) _notify_loop /usr/local/lib/python3.8/dist-packages/neutron_lib/callbacks/manager.py:192}}
Aug 02 14:38:46.990205 dv-osbrick-803210-1-iscsi neutron-server[93797]: DEBUG neutron_lib.callbacks.manager [None req-71080108-a4ec-452f-aea4-367283ad4ad7 admin admin] Notify callbacks ['neutron.plugins.ml2.plugin.Ml2Plugin._subnet_delete_precommit_handler-3609903'] for subnet, precommit_delete {{(pid=93797) _notify_loop /usr/local/lib/python3.8/dist-packages/neutron_lib/callbacks/manager.py:192}}
Aug 02 14:38:47.160568 dv-osbrick-803210-1-iscsi neutron-server[93797]: DEBUG neutron_lib.callbacks.manager [None req-71080108-a4ec-452f-aea4-367283ad4ad7 admin admin] Notify callbacks ['neutron.plugins.ml2.plugin.Ml2Plugin._subnet_delete_after_delete_handler-3609910', 'neutron.plugins.ml2.ovo_rpc._ObjectChangeHandler.handle_event-444093', 'neutron.api.rpc.agentnotifiers.dhcp_rpc_agent_api.DhcpAgentNotifyAPI._native_event_send_dhcp_notification-3761465'] for subnet, after_delete {{(pid=93797) _notify_loop /usr/local/lib/python3.8/dist-packages/neutron_lib/callbacks/manager.py:192}}
Aug 02 14:38:47.189182 dv-osbrick-803210-1-iscsi neutron-server[93797]: DEBUG neutron.api.rpc.handlers.resources_rpc [None req-71080108-a4ec-452f-aea4-367283ad4ad7 admin admin] Pushing event deleted for resources: {'Subnet': ['ID=d2d877ec-eb4b-4c6a-aaaf-1247a46e2250,revision_number=None']} {{(pid=93797) push /opt/stack/neutron/neutron/api/rpc/handlers/resources_rpc.py:237}}
Aug 02 14:38:47.193309 dv-osbrick-803210-1-iscsi neutron-server[93797]: DEBUG neutron_lib.callbacks.manager [None req-71080108-a4ec-452f-aea4-367283ad4ad7 admin admin] Notify callbacks ['neutron.api.rpc.agentnotifiers.dhcp_rpc_agent_api.DhcpAgentNotifyAPI._send_dhcp_notification-3761455'] for subnet, before_response {{(pid=93797) _notify_loop /usr/local/lib/python3.8/dist-packages/neutron_lib/callbacks/manager.py:192}}
