Aug 13 06:22:10.709418 dv-osbrick-802691-4-iscsi neutron-server[93879]: DEBUG neutron.api.rpc.handlers.resources_rpc [None req-ec6241b1-57fe-4421-916d-e41e0dd5ba29 tempest-TestMinimumBasicScenario-724410963 tempest-TestMinimumBasicScenario-724410963-project] Pushing event updated for resources: {'Port': ['ID=8b7d4cd8-12a9-472a-a9c0-5fbccefe542a,revision_number=1']} {{(pid=93879) push /opt/stack/neutron/neutron/api/rpc/handlers/resources_rpc.py:237}}
Aug 13 06:22:10.719204 dv-osbrick-802691-4-iscsi neutron-server[93878]: INFO neutron.wsgi [req-25401cd7-14cb-4e08-8000-c357c161a1c7 req-283c38c5-c1f5-49b4-bc22-f9efeaa0cea6 tempest-TestVolumeBootPattern-1655006620 tempest-TestVolumeBootPattern-1655006620-project] 10.222.0.22 "GET /v2.0/ports?device_id=de62a17f-9c1e-412f-93de-a15d9a2de050 HTTP/1.1" status: 200 len: 210 time: 0.0299826
Aug 13 06:22:11.409498 dv-osbrick-802691-4-iscsi neutron-server[93879]: DEBUG neutron_lib.callbacks.manager [None req-ec6241b1-57fe-4421-916d-e41e0dd5ba29 tempest-TestMinimumBasicScenario-724410963 tempest-TestMinimumBasicScenario-724410963-project] Notify callbacks [] for floatingip, precommit_create {{(pid=93879) _notify_loop /usr/local/lib/python3.8/dist-packages/neutron_lib/callbacks/manager.py:192}}
Aug 13 06:22:11.431068 dv-osbrick-802691-4-iscsi neutron-server[93879]: DEBUG neutron.pecan_wsgi.hooks.policy_enforcement [req-a882e3c2-2f7e-4836-9e46-6494ff62c175 req-617df8b2-c702-4910-b576-591e55ae5006 tempest-TestVolumeBootPattern-1655006620 tempest-TestVolumeBootPattern-1655006620-project] Attributes excluded by policy engine: ['standard_attr_id', 'vlan_transparent', 'provider:network_type', 'provider:physical_network', 'provider:segmentation_id'] {{(pid=93879) _exclude_attributes_by_policy /opt/stack/neutron/neutron/pecan_wsgi/hooks/policy_enforcement.py:255}}
Aug 13 06:22:11.433043 dv-osbrick-802691-4-iscsi neutron-server[93879]: INFO neutron.wsgi [req-a882e3c2-2f7e-4836-9e46-6494ff62c175 req-617df8b2-c702-4910-b576-591e55ae5006 tempest-TestVolumeBootPattern-1655006620 tempest-TestVolumeBootPattern-1655006620-project] 10.222.0.30 "GET /v2.0/networks?id=62dd39ce-1b2c-48c1-b74b-4b6c5f0add28 HTTP/1.1" status: 200 len: 811 time: 0.3963106
Aug 13 06:22:11.469906 dv-osbrick-802691-4-iscsi neutron-server[93879]: DEBUG neutron.api.v2.base [req-a882e3c2-2f7e-4836-9e46-6494ff62c175 req-a2cf0240-aa98-41f6-b2d9-b7b9fc012982 tempest-TestVolumeBootPattern-1655006620 tempest-TestVolumeBootPattern-1655006620-project] Request body: {'port': {'device_id': 'de62a17f-9c1e-412f-93de-a15d9a2de050', 'network_id': '62dd39ce-1b2c-48c1-b74b-4b6c5f0add28', 'admin_state_up': True, 'tenant_id': '7c51a8a9003847d6a9090eb1c7632967'}} {{(pid=93879) prepare_request_body /opt/stack/neutron/neutron/api/v2/base.py:729}}
Aug 13 06:22:11.631644 dv-osbrick-802691-4-iscsi neutron-server[93879]: DEBUG neutron_lib.callbacks.manager [None req-ec6241b1-57fe-4421-916d-e41e0dd5ba29 tempest-TestMinimumBasicScenario-724410963 tempest-TestMinimumBasicScenario-724410963-project] Notify callbacks ['neutron.plugins.ml2.plugin.SecurityGroupDbMixin._ensure_default_security_group_handler-8015427'] for port, before_update {{(pid=93879) _notify_loop /usr/local/lib/python3.8/dist-packages/neutron_lib/callbacks/manager.py:192}}
Aug 13 06:22:11.693707 dv-osbrick-802691-4-iscsi neutron-server[93879]: DEBUG neutron.pecan_wsgi.hooks.quota_enforcement [req-a882e3c2-2f7e-4836-9e46-6494ff62c175 req-a2cf0240-aa98-41f6-b2d9-b7b9fc012982 tempest-TestVolumeBootPattern-1655006620 tempest-TestVolumeBootPattern-1655006620-project] Made reservation on behalf of 7c51a8a9003847d6a9090eb1c7632967 for: {'port': 1} {{(pid=93879) before /opt/stack/neutron/neutron/pecan_wsgi/hooks/quota_enforcement.py:53}}
Aug 13 06:22:11.697272 dv-osbrick-802691-4-iscsi neutron-server[93879]: DEBUG neutron_lib.callbacks.manager [req-a882e3c2-2f7e-4836-9e46-6494ff62c175 req-a2cf0240-aa98-41f6-b2d9-b7b9fc012982 tempest-TestVolumeBootPattern-1655006620 tempest-TestVolumeBootPattern-1655006620-project] Notify callbacks ['neutron.plugins.ml2.plugin.SecurityGroupDbMixin._ensure_default_security_group_handler-8015427'] for port, before_create {{(pid=93879) _notify_loop /usr/local/lib/python3.8/dist-packages/neutron_lib/callbacks/manager.py:192}}
Aug 13 06:22:11.865471 dv-osbrick-802691-4-iscsi neutron-server[93879]: INFO neutron.wsgi [req-3c2b247e-aac5-499d-a5e1-699c17222d1c req-8f04042e-470c-4654-b3bd-e46ba1f7f5dd tempest-TestVolumeBootPattern-1655006620 tempest-TestVolumeBootPattern-1655006620-project] 10.222.0.22 "GET /v2.0/ports?device_id=de62a17f-9c1e-412f-93de-a15d9a2de050 HTTP/1.1" status: 200 len: 210 time: 0.0656474
Aug 13 06:22:11.921685 dv-osbrick-802691-4-iscsi neutron-server[93879]: DEBUG neutron_lib.callbacks.manager [None req-ec6241b1-57fe-4421-916d-e41e0dd5ba29 tempest-TestMinimumBasicScenario-724410963 tempest-TestMinimumBasicScenario-724410963-project] Notify callbacks [] for port, precommit_update {{(pid=93879) _notify_loop /usr/local/lib/python3.8/dist-packages/neutron_lib/callbacks/manager.py:192}}
Aug 13 06:22:11.928172 dv-osbrick-802691-4-iscsi neutron-server[93879]: DEBUG neutron_lib.callbacks.manager [None req-ec6241b1-57fe-4421-916d-e41e0dd5ba29 tempest-TestMinimumBasicScenario-724410963 tempest-TestMinimumBasicScenario-724410963-project] Notify callbacks ['neutron.plugins.ml2.plugin.SecurityGroupServerNotifierRpcMixin._notify_sg_on_port_change-8012013', 'neutron.plugins.ml2.ovo_rpc._ObjectChangeHandler.handle_event-253151', 'neutron.api.rpc.agentnotifiers.dhcp_rpc_agent_api.DhcpAgentNotifyAPI._native_event_send_dhcp_notification-572476', 'neutron.db.l3_db.L3RpcNotifierMixin._notify_gateway_port_ip_changed-8728769889172', 'neutron.db.l3_dvrscheduler_db._notify_l3_agent_port_update-8728769416695', 'neutron.db.l3_hascheduler_db._notify_l3_agent_ha_port_update-8728769417741'] for port, after_update {{(pid=93879) _notify_loop /usr/local/lib/python3.8/dist-packages/neutron_lib/callbacks/manager.py:192}}
Aug 13 06:22:11.963126 dv-osbrick-802691-4-iscsi neutron-server[93879]: DEBUG neutron.db.db_base_plugin_common [req-a882e3c2-2f7e-4836-9e46-6494ff62c175 req-a2cf0240-aa98-41f6-b2d9-b7b9fc012982 tempest-TestVolumeBootPattern-1655006620 tempest-TestVolumeBootPattern-1655006620-project] Allocated IP 172.20.0.4 (62dd39ce-1b2c-48c1-b74b-4b6c5f0add28/0ecc5406-fcf6-412a-ba4a-8094cff2245f/a32b929c-5d07-409f-a8dc-5a8569269b9a) {{(pid=93879) _store_ip_allocation /opt/stack/neutron/neutron/db/db_base_plugin_common.py:131}}
Aug 13 06:22:11.971167 dv-osbrick-802691-4-iscsi neutron-server[93879]: DEBUG neutron_lib.callbacks.manager [None req-ec6241b1-57fe-4421-916d-e41e0dd5ba29 tempest-TestMinimumBasicScenario-724410963 tempest-TestMinimumBasicScenario-724410963-project] Notify callbacks ['neutron.services.l3_router.l3_router_plugin.DVRResourceOperationHandler._create_dvr_floating_gw_port-610709'] for floatingip, after_update {{(pid=93879) _notify_loop /usr/local/lib/python3.8/dist-packages/neutron_lib/callbacks/manager.py:192}}
Aug 13 06:22:11.977773 dv-osbrick-802691-4-iscsi neutron-server[93878]: DEBUG neutron.wsgi [-] (93878) accepted ('10.222.0.30', 49891) {{(pid=93878) server /usr/local/lib/python3.8/dist-packages/eventlet/wsgi.py:982}}
Aug 13 06:22:12.043373 dv-osbrick-802691-4-iscsi neutron-server[93879]: DEBUG neutron.api.rpc.handlers.resources_rpc [None req-ec6241b1-57fe-4421-916d-e41e0dd5ba29 tempest-TestMinimumBasicScenario-724410963 tempest-TestMinimumBasicScenario-724410963-project] Pushing event updated for resources: {'Port': ['ID=8b7d4cd8-12a9-472a-a9c0-5fbccefe542a,revision_number=2']} {{(pid=93879) push /opt/stack/neutron/neutron/api/rpc/handlers/resources_rpc.py:237}}
Aug 13 06:22:12.049314 dv-osbrick-802691-4-iscsi neutron-server[93878]: INFO neutron.wsgi [req-11e02c89-a657-42e6-a6cb-7ec1fed14f2a req-ecdfcfce-fbbd-486b-8135-a968bedee8de service neutron] 10.222.0.30 "GET /v2.0/ports?device_id=37871bba-c2c3-4351-bac9-4a9a035df095&fields=binding%3Ahost_id&fields=binding%3Avif_type HTTP/1.1" status: 200 len: 275 time: 0.0703611
Aug 13 06:22:12.162974 dv-osbrick-802691-4-iscsi neutron-server[93879]: INFO neutron.db.l3_db [None req-ec6241b1-57fe-4421-916d-e41e0dd5ba29 tempest-TestMinimumBasicScenario-724410963 tempest-TestMinimumBasicScenario-724410963-project] Floating IP e471664d-88df-4af3-abf9-ac6e20e73474 associated. External IP: 172.29.1.254, port: 38613536-9aac-4cc8-afce-07e2c66c72b4.
Aug 13 06:22:12.205716 dv-osbrick-802691-4-iscsi neutron-server[93878]: DEBUG neutron.pecan_wsgi.hooks.policy_enforcement [req-11e02c89-a657-42e6-a6cb-7ec1fed14f2a req-e96d8e94-0c64-4aef-9d28-cfcb20ef8da2 service neutron] Attributes excluded by policy engine: ['standard_attr_id'] {{(pid=93878) _exclude_attributes_by_policy /opt/stack/neutron/neutron/pecan_wsgi/hooks/policy_enforcement.py:255}}
Aug 13 06:22:12.207155 dv-osbrick-802691-4-iscsi neutron-server[93878]: INFO neutron.wsgi [req-11e02c89-a657-42e6-a6cb-7ec1fed14f2a req-e96d8e94-0c64-4aef-9d28-cfcb20ef8da2 service neutron] 10.222.0.30 "GET /v2.0/ports?tenant_id=7d82d4082ab748468a2ad109230e59f1&device_id=37871bba-c2c3-4351-bac9-4a9a035df095 HTTP/1.1" status: 200 len: 1098 time: 0.0742953
Aug 13 06:22:12.299196 dv-osbrick-802691-4-iscsi neutron-server[93879]: DEBUG neutron_lib.callbacks.manager [req-a882e3c2-2f7e-4836-9e46-6494ff62c175 req-a2cf0240-aa98-41f6-b2d9-b7b9fc012982 tempest-TestVolumeBootPattern-1655006620 tempest-TestVolumeBootPattern-1655006620-project] Notify callbacks [] for port, precommit_create {{(pid=93879) _notify_loop /usr/local/lib/python3.8/dist-packages/neutron_lib/callbacks/manager.py:192}}
Aug 13 06:22:12.318971 dv-osbrick-802691-4-iscsi neutron-server[93879]: DEBUG neutron.db.provisioning_blocks [req-a882e3c2-2f7e-4836-9e46-6494ff62c175 req-a2cf0240-aa98-41f6-b2d9-b7b9fc012982 tempest-TestVolumeBootPattern-1655006620 tempest-TestVolumeBootPattern-1655006620-project] Transition to ACTIVE for port object a32b929c-5d07-409f-a8dc-5a8569269b9a will not be triggered until provisioned by entity DHCP. {{(pid=93879) add_provisioning_component /opt/stack/neutron/neutron/db/provisioning_blocks.py:73}}
Aug 13 06:22:12.379829 dv-osbrick-802691-4-iscsi neutron-server[93878]: DEBUG neutron.pecan_wsgi.hooks.policy_enforcement [req-11e02c89-a657-42e6-a6cb-7ec1fed14f2a req-4a232474-6046-40fd-88c0-517137e3f1d0 service neutron] Attributes excluded by policy engine: ['standard_attr_id', 'vlan_transparent'] {{(pid=93878) _exclude_attributes_by_policy /opt/stack/neutron/neutron/pecan_wsgi/hooks/policy_enforcement.py:255}}
Aug 13 06:22:12.381330 dv-osbrick-802691-4-iscsi neutron-server[93878]: INFO neutron.wsgi [req-11e02c89-a657-42e6-a6cb-7ec1fed14f2a req-4a232474-6046-40fd-88c0-517137e3f1d0 service neutron] 10.222.0.30 "GET /v2.0/networks?id=9bac2251-f2d2-41a7-87cb-78c25df831c5 HTTP/1.1" status: 200 len: 916 time: 0.1446016
Aug 13 06:22:12.436272 dv-osbrick-802691-4-iscsi neutron-server[93879]: DEBUG neutron_lib.callbacks.manager [req-a882e3c2-2f7e-4836-9e46-6494ff62c175 req-a2cf0240-aa98-41f6-b2d9-b7b9fc012982 tempest-TestVolumeBootPattern-1655006620 tempest-TestVolumeBootPattern-1655006620-project] Notify callbacks ['neutron.plugins.ml2.plugin.SecurityGroupServerNotifierRpcMixin._notify_sg_on_port_change-8012013', 'neutron.plugins.ml2.ovo_rpc._ObjectChangeHandler.handle_event-253151', 'neutron.api.rpc.agentnotifiers.dhcp_rpc_agent_api.DhcpAgentNotifyAPI._native_event_send_dhcp_notification-572476', 'neutron.db.l3_dvrscheduler_db._notify_l3_agent_new_port-8728769416677'] for port, after_create {{(pid=93879) _notify_loop /usr/local/lib/python3.8/dist-packages/neutron_lib/callbacks/manager.py:192}}
Aug 13 06:22:12.489586 dv-osbrick-802691-4-iscsi neutron-server[93879]: DEBUG neutron.scheduler.dhcp_agent_scheduler [req-a882e3c2-2f7e-4836-9e46-6494ff62c175 req-a2cf0240-aa98-41f6-b2d9-b7b9fc012982 tempest-TestVolumeBootPattern-1655006620 tempest-TestVolumeBootPattern-1655006620-project] Network 62dd39ce-1b2c-48c1-b74b-4b6c5f0add28 is already hosted by enough agents. {{(pid=93879) _get_dhcp_agents_hosting_network /opt/stack/neutron/neutron/scheduler/dhcp_agent_scheduler.py:275}}
Aug 13 06:22:12.493055 dv-osbrick-802691-4-iscsi neutron-server[93879]: DEBUG neutron.scheduler.l3_agent_scheduler [None req-ec6241b1-57fe-4421-916d-e41e0dd5ba29 tempest-TestMinimumBasicScenario-724410963 tempest-TestMinimumBasicScenario-724410963-project] Router f14e716f-5f6b-4beb-83dc-851744c4722f has already been hosted by L3 agent 3de4fb07-c799-437c-ac74-57c5b4ede05b {{(pid=93879) _get_candidates /opt/stack/neutron/neutron/scheduler/l3_agent_scheduler.py:127}}
Aug 13 06:22:12.497459 dv-osbrick-802691-4-iscsi neutron-server[93879]: DEBUG neutron.scheduler.base_scheduler [req-a882e3c2-2f7e-4836-9e46-6494ff62c175 req-a2cf0240-aa98-41f6-b2d9-b7b9fc012982 tempest-TestVolumeBootPattern-1655006620 tempest-TestVolumeBootPattern-1655006620-project] Resources bound (agent type, host, resource id): {{(pid=93879) schedule /opt/stack/neutron/neutron/scheduler/base_scheduler.py:57}}
Aug 13 06:22:12.499841 dv-osbrick-802691-4-iscsi neutron-server[93879]: DEBUG neutron.db.l3_dvrscheduler_db [req-a882e3c2-2f7e-4836-9e46-6494ff62c175 req-a2cf0240-aa98-41f6-b2d9-b7b9fc012982 tempest-TestVolumeBootPattern-1655006620 tempest-TestVolumeBootPattern-1655006620-project] Received port after_create {{(pid=93879) _notify_l3_agent_new_port /opt/stack/neutron/neutron/db/l3_dvrscheduler_db.py:535}}
Aug 13 06:22:12.505411 dv-osbrick-802691-4-iscsi neutron-server[93879]: DEBUG neutron.pecan_wsgi.hooks.policy_enforcement [req-a882e3c2-2f7e-4836-9e46-6494ff62c175 req-a2cf0240-aa98-41f6-b2d9-b7b9fc012982 tempest-TestVolumeBootPattern-1655006620 tempest-TestVolumeBootPattern-1655006620-project] Attributes excluded by policy engine: ['standard_attr_id', 'binding:profile', 'binding:host_id', 'binding:vif_type', 'binding:vif_details', 'network'] {{(pid=93879) _exclude_attributes_by_policy /opt/stack/neutron/neutron/pecan_wsgi/hooks/policy_enforcement.py:255}}
Aug 13 06:22:12.506066 dv-osbrick-802691-4-iscsi neutron-server[93879]: DEBUG neutron_lib.callbacks.manager [req-a882e3c2-2f7e-4836-9e46-6494ff62c175 req-a2cf0240-aa98-41f6-b2d9-b7b9fc012982 tempest-TestVolumeBootPattern-1655006620 tempest-TestVolumeBootPattern-1655006620-project] Notify callbacks ['neutron.notifiers.nova.Notifier._send_nova_notification-415548', 'neutron.api.rpc.agentnotifiers.dhcp_rpc_agent_api.DhcpAgentNotifyAPI._send_dhcp_notification-572450'] for port, before_response {{(pid=93879) _notify_loop /usr/local/lib/python3.8/dist-packages/neutron_lib/callbacks/manager.py:192}}
Aug 13 06:22:12.511515 dv-osbrick-802691-4-iscsi neutron-server[93879]: DEBUG neutron.api.rpc.handlers.resources_rpc [None req-a2cf0240-aa98-41f6-b2d9-b7b9fc012982 tempest-TestVolumeBootPattern-1655006620 tempest-TestVolumeBootPattern-1655006620-project] Pushing event updated for resources: {'Port': ['ID=a32b929c-5d07-409f-a8dc-5a8569269b9a,revision_number=1']} {{(pid=93879) push /opt/stack/neutron/neutron/api/rpc/handlers/resources_rpc.py:237}}
Aug 13 06:22:12.520836 dv-osbrick-802691-4-iscsi neutron-server[93878]: INFO neutron.wsgi [req-11e02c89-a657-42e6-a6cb-7ec1fed14f2a req-9d4d8534-0db3-4356-868e-ccb238005a20 service neutron] 10.222.0.30 "GET /v2.0/floatingips?fixed_ip_address=172.20.0.9&port_id=38613536-9aac-4cc8-afce-07e2c66c72b4 HTTP/1.1" status: 200 len: 999 time: 0.1313224
Aug 13 06:22:12.529370 dv-osbrick-802691-4-iscsi neutron-server[93879]: INFO neutron.wsgi [req-a882e3c2-2f7e-4836-9e46-6494ff62c175 req-a2cf0240-aa98-41f6-b2d9-b7b9fc012982 tempest-TestVolumeBootPattern-1655006620 tempest-TestVolumeBootPattern-1655006620-project] 10.222.0.30 "POST /v2.0/ports HTTP/1.1" status: 201 len: 933 time: 1.0661156
Aug 13 06:22:12.575537 dv-osbrick-802691-4-iscsi neutron-server[93879]: DEBUG neutron.api.v2.base [req-a882e3c2-2f7e-4836-9e46-6494ff62c175 req-0da82ae5-aa79-470f-a493-1760dfe7bca6 service neutron] Request body: {'port': {'device_id': 'de62a17f-9c1e-412f-93de-a15d9a2de050', 'device_owner': 'compute:nova', 'binding:host_id': 'hv-osbrick-8026'}} {{(pid=93879) prepare_request_body /opt/stack/neutron/neutron/api/v2/base.py:729}}
Aug 13 06:22:12.590007 dv-osbrick-802691-4-iscsi neutron-server[93878]: DEBUG neutron.pecan_wsgi.hooks.policy_enforcement [req-11e02c89-a657-42e6-a6cb-7ec1fed14f2a req-8e686a1c-2544-4a58-8a41-b47d773c4d0f service neutron] Attributes excluded by policy engine: ['standard_attr_id', 'shared'] {{(pid=93878) _exclude_attributes_by_policy /opt/stack/neutron/neutron/pecan_wsgi/hooks/policy_enforcement.py:255}}
Aug 13 06:22:12.591300 dv-osbrick-802691-4-iscsi neutron-server[93878]: INFO neutron.wsgi [req-11e02c89-a657-42e6-a6cb-7ec1fed14f2a req-8e686a1c-2544-4a58-8a41-b47d773c4d0f service neutron] 10.222.0.30 "GET /v2.0/subnets?id=38d98ad4-719b-4bee-9c5b-13c5e4a1d9af HTTP/1.1" status: 200 len: 854 time: 0.0611331
Aug 13 06:22:12.672035 dv-osbrick-802691-4-iscsi neutron-server[93878]: DEBUG neutron.pecan_wsgi.hooks.policy_enforcement [req-11e02c89-a657-42e6-a6cb-7ec1fed14f2a req-e943834e-56cb-4ecf-ab2c-f8fe6bd1d2fa service neutron] Attributes excluded by policy engine: ['standard_attr_id'] {{(pid=93878) _exclude_attributes_by_policy /opt/stack/neutron/neutron/pecan_wsgi/hooks/policy_enforcement.py:255}}
Aug 13 06:22:12.673537 dv-osbrick-802691-4-iscsi neutron-server[93878]: INFO neutron.wsgi [req-11e02c89-a657-42e6-a6cb-7ec1fed14f2a req-e943834e-56cb-4ecf-ab2c-f8fe6bd1d2fa service neutron] 10.222.0.30 "GET /v2.0/ports?network_id=9bac2251-f2d2-41a7-87cb-78c25df831c5&device_owner=network%3Adhcp HTTP/1.1" status: 200 len: 1176 time: 0.0744271
Aug 13 06:22:12.675680 dv-osbrick-802691-4-iscsi neutron-server[93879]: DEBUG neutron_lib.callbacks.manager [req-a882e3c2-2f7e-4836-9e46-6494ff62c175 req-0da82ae5-aa79-470f-a493-1760dfe7bca6 service neutron] Notify callbacks ['neutron.plugins.ml2.plugin.SecurityGroupDbMixin._ensure_default_security_group_handler-8015427'] for port, before_update {{(pid=93879) _notify_loop /usr/local/lib/python3.8/dist-packages/neutron_lib/callbacks/manager.py:192}}
Aug 13 06:22:12.695528 dv-osbrick-802691-4-iscsi neutron-server[93879]: DEBUG neutron.api.rpc.agentnotifiers.l3_rpc_agent_api [None req-ec6241b1-57fe-4421-916d-e41e0dd5ba29 tempest-TestMinimumBasicScenario-724410963 tempest-TestMinimumBasicScenario-724410963-project] Notify agent at l3_agent.dv-osbrick-802691-4-iscsi the message routers_updated {{(pid=93879) _agent_notification /opt/stack/neutron/neutron/api/rpc/agentnotifiers/l3_rpc_agent_api.py:65}}
Aug 13 06:22:12.711446 dv-osbrick-802691-4-iscsi neutron-server[93880]: DEBUG neutron.db.provisioning_blocks [None req-23010bca-54ec-4cf7-8240-3dd560362aff None None] Provisioning for port a32b929c-5d07-409f-a8dc-5a8569269b9a completed by entity DHCP. {{(pid=93880) provisioning_complete /opt/stack/neutron/neutron/db/provisioning_blocks.py:133}}
Aug 13 06:22:12.714792 dv-osbrick-802691-4-iscsi neutron-server[93881]: DEBUG neutron.api.rpc.handlers.l3_rpc [None req-6ae41143-b6eb-4ec8-9de2-6093d481cd49 None None] Sync routers for ids ['f14e716f-5f6b-4beb-83dc-851744c4722f'] in dv-osbrick-802691-4-iscsi {{(pid=93881) sync_routers /opt/stack/neutron/neutron/api/rpc/handlers/l3_rpc.py:125}}
Aug 13 06:22:12.716511 dv-osbrick-802691-4-iscsi neutron-server[93880]: DEBUG neutron.db.provisioning_blocks [None req-23010bca-54ec-4cf7-8240-3dd560362aff None None] Provisioning complete for port a32b929c-5d07-409f-a8dc-5a8569269b9a triggered by entity DHCP. {{(pid=93880) provisioning_complete /opt/stack/neutron/neutron/db/provisioning_blocks.py:139}}
Aug 13 06:22:12.717123 dv-osbrick-802691-4-iscsi neutron-server[93880]: DEBUG neutron_lib.callbacks.manager [None req-23010bca-54ec-4cf7-8240-3dd560362aff None None] Notify callbacks ['neutron.plugins.ml2.plugin.Ml2Plugin._port_provisioned-7885568'] for port, provisioning_complete {{(pid=93880) _notify_loop /usr/local/lib/python3.8/dist-packages/neutron_lib/callbacks/manager.py:192}}
Aug 13 06:22:12.727420 dv-osbrick-802691-4-iscsi neutron-server[93881]: DEBUG neutron.db.l3_dvrscheduler_db [None req-6ae41143-b6eb-4ec8-9de2-6093d481cd49 None None] Routers {'f14e716f-5f6b-4beb-83dc-851744c4722f'} bound to L3 agent in host dv-osbrick-802691-4-iscsi {{(pid=93881) _get_router_ids_for_agent /opt/stack/neutron/neutron/db/l3_dvrscheduler_db.py:420}}
Aug 13 06:22:12.729073 dv-osbrick-802691-4-iscsi neutron-server[93881]: DEBUG neutron.db.l3_hamode_db [None req-6ae41143-b6eb-4ec8-9de2-6093d481cd49 None None] neutron.services.l3_router.l3_router_plugin.L3RouterPlugin method get_ha_sync_data_for_host called with arguments (, 'dv-osbrick-802691-4-iscsi', Agent(admin_state_up=True,agent_type='L3 agent',availability_zone='nova',binary='neutron-l3-agent',configurations={"agent_mode": "legacy", "ex_gw_ports": 5, "extensions": [], "floating_ips": 0, "handle_internal_only_routers": true, "interface_driver": "openvswitch", "interfaces": 5, "log_agent_heartbeats": false, "routers": 5},created_at=2021-08-13T06:13:17Z,description=,heartbeat_timestamp=2021-08-13T06:21:47Z,host='dv-osbrick-802691-4-iscsi',id=3de4fb07-c799-437c-ac74-57c5b4ede05b,load=0,resource_versions=,resources_synced=,started_at=2021-08-13T06:13:17Z,topic='l3_agent')) {'router_ids': ['f14e716f-5f6b-4beb-83dc-851744c4722f'], 'active': True} {{(pid=93881) wrapper /usr/local/lib/python3.8/dist-packages/oslo_log/helpers.py:65}}
Aug 13 06:22:12.748669 dv-osbrick-802691-4-iscsi neutron-server[93879]: DEBUG neutron_lib.callbacks.manager [None req-ec6241b1-57fe-4421-916d-e41e0dd5ba29 tempest-TestMinimumBasicScenario-724410963 tempest-TestMinimumBasicScenario-724410963-project] Notify callbacks ['neutron.notifiers.nova.Notifier._send_nova_notification-415548'] for floatingip, before_response {{(pid=93879) _notify_loop /usr/local/lib/python3.8/dist-packages/neutron_lib/callbacks/manager.py:192}}
Aug 13 06:22:12.764216 dv-osbrick-802691-4-iscsi neutron-server[93880]: DEBUG neutron.plugins.ml2.plugin [None req-23010bca-54ec-4cf7-8240-3dd560362aff None None] Port a32b929c-5d07-409f-a8dc-5a8569269b9a cannot update to ACTIVE because it is not bound. {{(pid=93880) _port_provisioned /opt/stack/neutron/neutron/plugins/ml2/plugin.py:337}}
Aug 13 06:22:12.776670 dv-osbrick-802691-4-iscsi neutron-server[93878]: INFO neutron.wsgi [req-11e02c89-a657-42e6-a6cb-7ec1fed14f2a req-8a27c7e8-73be-447d-9e5e-17331a506d64 service neutron] 10.222.0.30 "GET /v2.0/networks/9bac2251-f2d2-41a7-87cb-78c25df831c5?fields=segments HTTP/1.1" status: 200 len: 212 time: 0.0948670
Aug 13 06:22:12.830029 dv-osbrick-802691-4-iscsi neutron-server[93879]: INFO neutron.wsgi [None req-ec6241b1-57fe-4421-916d-e41e0dd5ba29 tempest-TestMinimumBasicScenario-724410963 tempest-TestMinimumBasicScenario-724410963-project] 10.222.0.22 "POST /v2.0/floatingips HTTP/1.1" status: 201 len: 996 time: 2.6368120
Aug 13 06:22:12.833029 dv-osbrick-802691-4-iscsi neutron-server[93879]: DEBUG neutron.notifiers.nova [-] Sending events: [{'name': 'network-changed', 'server_uuid': '37871bba-c2c3-4351-bac9-4a9a035df095', 'tag': '38613536-9aac-4cc8-afce-07e2c66c72b4'}] {{(pid=93879) send_events /opt/stack/neutron/neutron/notifiers/nova.py:262}}
Aug 13 06:22:12.834347 dv-osbrick-802691-4-iscsi neutron-server[93878]: DEBUG neutron.wsgi [-] (93878) accepted ('10.222.0.22', 59494) {{(pid=93878) server /usr/local/lib/python3.8/dist-packages/eventlet/wsgi.py:982}}
Aug 13 06:22:12.835325 dv-osbrick-802691-4-iscsi neutron-server[93879]: DEBUG novaclient.v2.client [-] REQ: curl -g -i --cacert "/opt/stack/data/ca-bundle.pem" -X POST http://10.222.0.22/compute/v2.1/os-server-external-events -H "Accept: application/json" -H "Content-Type: application/json" -H "User-Agent: python-novaclient" -H "X-Auth-Token: {SHA256}34083eb1dbabc379d8fdb8cd6fc8cf13660eac546df8c875bc5338f2b806f83b" -H "X-OpenStack-Nova-API-Version: 2.1" -H "X-OpenStack-Request-ID: req-8ba33155-115d-474a-9f9e-84a1236ac531" -d '{"events": [{"name": "network-changed", "server_uuid": "37871bba-c2c3-4351-bac9-4a9a035df095", "tag": "38613536-9aac-4cc8-afce-07e2c66c72b4"}]}' {{(pid=93879) _http_log_request /usr/local/lib/python3.8/dist-packages/keystoneauth1/session.py:519}}
Aug 13 06:22:12.839750 dv-osbrick-802691-4-iscsi neutron-server[93878]: DEBUG neutron.api.v2.base [None req-41d6f947-6352-4180-995d-fc97d11add1d tempest-TestMinimumBasicScenario-724410963 tempest-TestMinimumBasicScenario-724410963-project] Request body: {'security_group': {'name': 'tempest-secgroup-smoke-295635119', 'description': 'tempest-secgroup-smoke-295635119 description', 'project_id': '7d82d4082ab748468a2ad109230e59f1'}} {{(pid=93878) prepare_request_body /opt/stack/neutron/neutron/api/v2/base.py:729}}
Aug 13 06:22:12.878774 dv-osbrick-802691-4-iscsi neutron-server[93881]: DEBUG neutron.db.l3_dvr_db [None req-6ae41143-b6eb-4ec8-9de2-6093d481cd49 None None] Set router f14e716f-5f6b-4beb-83dc-851744c4722f gateway port host: dv-osbrick-802691-4-iscsi {{(pid=93881) _build_routers_list /opt/stack/neutron/neutron/db/l3_dvr_db.py:906}}
Aug 13 06:22:12.895379 dv-osbrick-802691-4-iscsi neutron-server[93878]: DEBUG neutron_lib.callbacks.manager [None req-41d6f947-6352-4180-995d-fc97d11add1d tempest-TestMinimumBasicScenario-724410963 tempest-TestMinimumBasicScenario-724410963-project] Notify callbacks [] for security_group, before_create {{(pid=93878) _notify_loop /usr/local/lib/python3.8/dist-packages/neutron_lib/callbacks/manager.py:192}}
Aug 13 06:22:12.905974 dv-osbrick-802691-4-iscsi neutron-server[93879]: DEBUG novaclient.v2.client [-] RESP: [200] Connection: close Content-Length: 179 Content-Type: application/json Date: Fri, 13 Aug 2021 06:22:12 GMT OpenStack-API-Version: compute 2.1 Server: Apache/2.4.41 (Ubuntu) Vary: OpenStack-API-Version,X-OpenStack-Nova-API-Version X-OpenStack-Nova-API-Version: 2.1 x-compute-request-id: req-e5721960-1b7b-4eef-ae9a-c53f5997220e x-openstack-request-id: req-e5721960-1b7b-4eef-ae9a-c53f5997220e {{(pid=93879) _http_log_response /usr/local/lib/python3.8/dist-packages/keystoneauth1/session.py:550}}
Aug 13 06:22:12.906397 dv-osbrick-802691-4-iscsi neutron-server[93879]: DEBUG novaclient.v2.client [-] RESP BODY: {"events": [{"name": "network-changed", "server_uuid": "37871bba-c2c3-4351-bac9-4a9a035df095", "tag": "38613536-9aac-4cc8-afce-07e2c66c72b4", "status": "completed", "code": 200}]} {{(pid=93879) _http_log_response /usr/local/lib/python3.8/dist-packages/keystoneauth1/session.py:582}}
Aug 13 06:22:12.906676 dv-osbrick-802691-4-iscsi neutron-server[93879]: DEBUG novaclient.v2.client [-] POST call to compute for http://10.222.0.22/compute/v2.1/os-server-external-events used request id req-e5721960-1b7b-4eef-ae9a-c53f5997220e {{(pid=93879) request /usr/local/lib/python3.8/dist-packages/keystoneauth1/session.py:954}}
Aug 13 06:22:12.907074 dv-osbrick-802691-4-iscsi neutron-server[93879]: INFO neutron.notifiers.nova [-] Nova event response: {'name': 'network-changed', 'server_uuid': '37871bba-c2c3-4351-bac9-4a9a035df095', 'tag': '38613536-9aac-4cc8-afce-07e2c66c72b4', 'status': 'completed', 'code': 200}
Aug 13 06:22:12.916951 dv-osbrick-802691-4-iscsi neutron-server[93878]: INFO neutron.wsgi [req-11e02c89-a657-42e6-a6cb-7ec1fed14f2a req-0ba01e9e-15fd-416e-9a71-697b523ca37a service neutron] 10.222.0.30 "GET /v2.0/networks/9bac2251-f2d2-41a7-87cb-78c25df831c5?fields=provider%3Aphysical_network&fields=provider%3Anetwork_type HTTP/1.1" status: 200 len: 281 time: 0.1330636
Aug 13 06:22:13.025072 dv-osbrick-802691-4-iscsi neutron-server[93878]: DEBUG neutron_lib.callbacks.manager [None req-41d6f947-6352-4180-995d-fc97d11add1d tempest-TestMinimumBasicScenario-724410963 tempest-TestMinimumBasicScenario-724410963-project] Notify callbacks [] for security_group, precommit_create {{(pid=93878) _notify_loop /usr/local/lib/python3.8/dist-packages/neutron_lib/callbacks/manager.py:192}}
Aug 13 06:22:13.031449 dv-osbrick-802691-4-iscsi neutron-server[93878]: DEBUG neutron_lib.callbacks.manager [None req-41d6f947-6352-4180-995d-fc97d11add1d tempest-TestMinimumBasicScenario-724410963 tempest-TestMinimumBasicScenario-724410963-project] Notify callbacks ['neutron.plugins.ml2.ovo_rpc._ObjectChangeHandler.handle_event-603835'] for security_group, after_create {{(pid=93878) _notify_loop /usr/local/lib/python3.8/dist-packages/neutron_lib/callbacks/manager.py:192}}
Aug 13 06:22:13.050299 dv-osbrick-802691-4-iscsi neutron-server[93879]: DEBUG neutron.pecan_wsgi.hooks.policy_enforcement [req-5ee99943-c0f6-44d1-a64f-8e2fc50061d3 req-3de28e60-c7a7-489b-9df2-ccee5d18a994 tempest-TestVolumeBootPattern-1655006620 tempest-TestVolumeBootPattern-1655006620-project] Attributes excluded by policy engine: ['standard_attr_id', 'binding:profile', 'binding:host_id', 'binding:vif_type', 'binding:vif_details'] {{(pid=93879) _exclude_attributes_by_policy /opt/stack/neutron/neutron/pecan_wsgi/hooks/policy_enforcement.py:255}}
Aug 13 06:22:13.051866 dv-osbrick-802691-4-iscsi neutron-server[93879]: INFO neutron.wsgi [req-5ee99943-c0f6-44d1-a64f-8e2fc50061d3 req-3de28e60-c7a7-489b-9df2-ccee5d18a994 tempest-TestVolumeBootPattern-1655006620 tempest-TestVolumeBootPattern-1655006620-project] 10.222.0.22 "GET /v2.0/ports?device_id=de62a17f-9c1e-412f-93de-a15d9a2de050 HTTP/1.1" status: 200 len: 931 time: 0.1064980
Aug 13 06:22:13.091984 dv-osbrick-802691-4-iscsi neutron-server[93878]: DEBUG neutron.api.rpc.handlers.resources_rpc [None req-41d6f947-6352-4180-995d-fc97d11add1d tempest-TestMinimumBasicScenario-724410963 tempest-TestMinimumBasicScenario-724410963-project] Pushing event updated for resources: {'SecurityGroup': ['ID=ec60eb88-fad1-4980-bff2-504c5778821d,revision_number=1']} {{(pid=93878) push /opt/stack/neutron/neutron/api/rpc/handlers/resources_rpc.py:237}}
Aug 13 06:22:13.098025 dv-osbrick-802691-4-iscsi neutron-server[93878]: DEBUG neutron_lib.callbacks.manager [None req-41d6f947-6352-4180-995d-fc97d11add1d tempest-TestMinimumBasicScenario-724410963 tempest-TestMinimumBasicScenario-724410963-project] Notify callbacks [] for security_group, before_response {{(pid=93878) _notify_loop /usr/local/lib/python3.8/dist-packages/neutron_lib/callbacks/manager.py:192}}
Aug 13 06:22:13.102638 dv-osbrick-802691-4-iscsi neutron-server[93878]: INFO neutron.wsgi [None req-41d6f947-6352-4180-995d-fc97d11add1d tempest-TestMinimumBasicScenario-724410963 tempest-TestMinimumBasicScenario-724410963-project] 10.222.0.22 "POST /v2.0/security-groups HTTP/1.1" status: 201 len: 1790 time: 0.2674563
Aug 13 06:22:13.103527 dv-osbrick-802691-4-iscsi neutron-server[93879]: DEBUG neutron.wsgi [-] (93879) accepted ('10.222.0.22', 59500) {{(pid=93879) server /usr/local/lib/python3.8/dist-packages/eventlet/wsgi.py:982}}
Aug 13 06:22:13.109731 dv-osbrick-802691-4-iscsi neutron-server[93878]: DEBUG neutron.api.rpc.callbacks.version_manager [None req-41d6f947-6352-4180-995d-fc97d11add1d tempest-TestMinimumBasicScenario-724410963 tempest-TestMinimumBasicScenario-724410963-project] Version for resource type AddressGroup changed None to 1.2 on consumer Open vSwitch agent@dv-osbrick-802691-4-iscsi {{(pid=93878) _set_version /opt/stack/neutron/neutron/api/rpc/callbacks/version_manager.py:113}}
Aug 13 06:22:13.110170 dv-osbrick-802691-4-iscsi neutron-server[93878]: DEBUG neutron.api.rpc.callbacks.version_manager [None req-41d6f947-6352-4180-995d-fc97d11add1d tempest-TestMinimumBasicScenario-724410963 tempest-TestMinimumBasicScenario-724410963-project] Version for resource type ConntrackHelper changed None to 1.0 on consumer Open vSwitch agent@dv-osbrick-802691-4-iscsi {{(pid=93878) _set_version /opt/stack/neutron/neutron/api/rpc/callbacks/version_manager.py:113}}
Aug 13 06:22:13.110573 dv-osbrick-802691-4-iscsi neutron-server[93878]: DEBUG neutron.api.rpc.callbacks.version_manager [None req-41d6f947-6352-4180-995d-fc97d11add1d tempest-TestMinimumBasicScenario-724410963 tempest-TestMinimumBasicScenario-724410963-project] Version for resource type Log changed None to 1.0 on consumer Open vSwitch agent@dv-osbrick-802691-4-iscsi {{(pid=93878) _set_version /opt/stack/neutron/neutron/api/rpc/callbacks/version_manager.py:113}}
Aug 13 06:22:13.111008 dv-osbrick-802691-4-iscsi neutron-server[93878]: DEBUG neutron.api.rpc.callbacks.version_manager [None req-41d6f947-6352-4180-995d-fc97d11add1d tempest-TestMinimumBasicScenario-724410963 tempest-TestMinimumBasicScenario-724410963-project] Version for resource type Network changed None to 1.1 on consumer Open vSwitch agent@dv-osbrick-802691-4-iscsi {{(pid=93878) _set_version /opt/stack/neutron/neutron/api/rpc/callbacks/version_manager.py:113}}
Aug 13 06:22:13.111226 dv-osbrick-802691-4-iscsi neutron-server[93879]: DEBUG neutron.api.v2.base [None req-39d9e1be-ff60-43af-a65d-3a1f1a183f4c tempest-TestMinimumBasicScenario-724410963 tempest-TestMinimumBasicScenario-724410963-project] Request body: {'security_group_rule': {'security_group_id': 'ec60eb88-fad1-4980-bff2-504c5778821d', 'project_id': '7d82d4082ab748468a2ad109230e59f1', 'protocol': 'tcp', 'port_range_min': 22, 'port_range_max': 22, 'direction': 'ingress'}} {{(pid=93879) prepare_request_body /opt/stack/neutron/neutron/api/v2/base.py:729}}
Aug 13 06:22:13.111423 dv-osbrick-802691-4-iscsi neutron-server[93878]: DEBUG neutron.api.rpc.callbacks.version_manager [None req-41d6f947-6352-4180-995d-fc97d11add1d tempest-TestMinimumBasicScenario-724410963 tempest-TestMinimumBasicScenario-724410963-project] Version for resource type Port changed None to 1.7 on consumer Open vSwitch agent@dv-osbrick-802691-4-iscsi {{(pid=93878) _set_version /opt/stack/neutron/neutron/api/rpc/callbacks/version_manager.py:113}}
Aug 13 06:22:13.111812 dv-osbrick-802691-4-iscsi neutron-server[93878]: DEBUG neutron.api.rpc.callbacks.version_manager [None req-41d6f947-6352-4180-995d-fc97d11add1d tempest-TestMinimumBasicScenario-724410963 tempest-TestMinimumBasicScenario-724410963-project] Version for resource type PortForwarding changed None to 1.2 on consumer Open vSwitch agent@dv-osbrick-802691-4-iscsi {{(pid=93878) _set_version /opt/stack/neutron/neutron/api/rpc/callbacks/version_manager.py:113}}
Aug 13 06:22:13.112207 dv-osbrick-802691-4-iscsi neutron-server[93878]: DEBUG neutron.api.rpc.callbacks.version_manager [None req-41d6f947-6352-4180-995d-fc97d11add1d tempest-TestMinimumBasicScenario-724410963 tempest-TestMinimumBasicScenario-724410963-project] Version for resource type QosPolicy changed None to 1.9 on consumer Open vSwitch agent@dv-osbrick-802691-4-iscsi {{(pid=93878) _set_version /opt/stack/neutron/neutron/api/rpc/callbacks/version_manager.py:113}}
Aug 13 06:22:13.112589 dv-osbrick-802691-4-iscsi neutron-server[93878]: DEBUG neutron.api.rpc.callbacks.version_manager [None req-41d6f947-6352-4180-995d-fc97d11add1d tempest-TestMinimumBasicScenario-724410963 tempest-TestMinimumBasicScenario-724410963-project] Version for resource type SecurityGroup changed None to 1.4 on consumer Open vSwitch agent@dv-osbrick-802691-4-iscsi {{(pid=93878) _set_version /opt/stack/neutron/neutron/api/rpc/callbacks/version_manager.py:113}}
Aug 13 06:22:13.112980 dv-osbrick-802691-4-iscsi neutron-server[93878]: DEBUG neutron.api.rpc.callbacks.version_manager [None req-41d6f947-6352-4180-995d-fc97d11add1d tempest-TestMinimumBasicScenario-724410963 tempest-TestMinimumBasicScenario-724410963-project] Version for resource type SecurityGroupRule changed None to 1.2 on consumer Open vSwitch agent@dv-osbrick-802691-4-iscsi {{(pid=93878) _set_version /opt/stack/neutron/neutron/api/rpc/callbacks/version_manager.py:113}}
Aug 13 06:22:13.113366 dv-osbrick-802691-4-iscsi neutron-server[93878]: DEBUG neutron.api.rpc.callbacks.version_manager [None req-41d6f947-6352-4180-995d-fc97d11add1d tempest-TestMinimumBasicScenario-724410963 tempest-TestMinimumBasicScenario-724410963-project] Version for resource type SubPort changed None to 1.0 on consumer Open vSwitch agent@dv-osbrick-802691-4-iscsi {{(pid=93878) _set_version /opt/stack/neutron/neutron/api/rpc/callbacks/version_manager.py:113}}
Aug 13 06:22:13.113755 dv-osbrick-802691-4-iscsi neutron-server[93878]: DEBUG neutron.api.rpc.callbacks.version_manager [None req-41d6f947-6352-4180-995d-fc97d11add1d tempest-TestMinimumBasicScenario-724410963 tempest-TestMinimumBasicScenario-724410963-project] Version for resource type Subnet changed None to 1.1 on consumer Open vSwitch agent@dv-osbrick-802691-4-iscsi {{(pid=93878) _set_version /opt/stack/neutron/neutron/api/rpc/callbacks/version_manager.py:113}}
Aug 13 06:22:13.114153 dv-osbrick-802691-4-iscsi neutron-server[93878]: DEBUG neutron.api.rpc.callbacks.version_manager [None req-41d6f947-6352-4180-995d-fc97d11add1d tempest-TestMinimumBasicScenario-724410963 tempest-TestMinimumBasicScenario-724410963-project] Version for resource type Trunk changed None to 1.1 on consumer Open vSwitch agent@dv-osbrick-802691-4-iscsi {{(pid=93878) _set_version /opt/stack/neutron/neutron/api/rpc/callbacks/version_manager.py:113}}
Aug 13 06:22:13.118537 dv-osbrick-802691-4-iscsi neutron-server[93879]: DEBUG neutron.notifiers.nova [req-a882e3c2-2f7e-4836-9e46-6494ff62c175 req-0da82ae5-aa79-470f-a493-1760dfe7bca6 service neutron] Ignoring state change previous_port_status: DOWN current_port_status: DOWN port_id a32b929c-5d07-409f-a8dc-5a8569269b9a {{(pid=93879) record_port_status_changed /opt/stack/neutron/neutron/notifiers/nova.py:224}}
Aug 13 06:22:13.127451 dv-osbrick-802691-4-iscsi neutron-server[93878]: DEBUG neutron.pecan_wsgi.hooks.policy_enforcement [req-8ba33155-115d-474a-9f9e-84a1236ac531 req-6ebfc028-fba6-4d50-b548-7b7369518c06 service neutron] Attributes excluded by policy engine: ['standard_attr_id'] {{(pid=93878) _exclude_attributes_by_policy /opt/stack/neutron/neutron/pecan_wsgi/hooks/policy_enforcement.py:255}}
Aug 13 06:22:13.129233 dv-osbrick-802691-4-iscsi neutron-server[93878]: INFO neutron.wsgi [req-8ba33155-115d-474a-9f9e-84a1236ac531 req-6ebfc028-fba6-4d50-b548-7b7369518c06 service neutron] 10.222.0.30 "GET /v2.0/ports?tenant_id=7d82d4082ab748468a2ad109230e59f1&device_id=37871bba-c2c3-4351-bac9-4a9a035df095 HTTP/1.1" status: 200 len: 1098 time: 0.0828590
Aug 13 06:22:13.143355 dv-osbrick-802691-4-iscsi neutron-server[93879]: DEBUG neutron_lib.callbacks.manager [req-a882e3c2-2f7e-4836-9e46-6494ff62c175 req-0da82ae5-aa79-470f-a493-1760dfe7bca6 service neutron] Notify callbacks [] for port, precommit_update {{(pid=93879) _notify_loop /usr/local/lib/python3.8/dist-packages/neutron_lib/callbacks/manager.py:192}}
Aug 13 06:22:13.150486 dv-osbrick-802691-4-iscsi neutron-server[93879]: INFO neutron.wsgi [req-5ee99943-c0f6-44d1-a64f-8e2fc50061d3 req-51e40d4e-3fe2-462e-b504-68c4073f7bde tempest-TestVolumeBootPattern-1655006620 tempest-TestVolumeBootPattern-1655006620-project] 10.222.0.22 "GET /v2.0/security-groups?id=594e7d74-a624-4603-9ae2-fa03fb0d4c32&fields=id&fields=name HTTP/1.1" status: 200 len: 286 time: 0.0765250
Aug 13 06:22:13.167184 dv-osbrick-802691-4-iscsi neutron-server[93879]: DEBUG neutron.db.provisioning_blocks [req-a882e3c2-2f7e-4836-9e46-6494ff62c175 req-0da82ae5-aa79-470f-a493-1760dfe7bca6 service neutron] Transition to ACTIVE for port object a32b929c-5d07-409f-a8dc-5a8569269b9a will not be triggered until provisioned by entity L2. {{(pid=93879) add_provisioning_component /opt/stack/neutron/neutron/db/provisioning_blocks.py:73}}
Aug 13 06:22:13.181721 dv-osbrick-802691-4-iscsi neutron-server[93879]: DEBUG neutron_lib.callbacks.manager [req-a882e3c2-2f7e-4836-9e46-6494ff62c175 req-0da82ae5-aa79-470f-a493-1760dfe7bca6 service neutron] Notify callbacks ['neutron.plugins.ml2.plugin.SecurityGroupServerNotifierRpcMixin._notify_sg_on_port_change-8012013', 'neutron.plugins.ml2.ovo_rpc._ObjectChangeHandler.handle_event-253151', 'neutron.api.rpc.agentnotifiers.dhcp_rpc_agent_api.DhcpAgentNotifyAPI._native_event_send_dhcp_notification-572476', 'neutron.db.l3_db.L3RpcNotifierMixin._notify_gateway_port_ip_changed-8728769889172', 'neutron.db.l3_dvrscheduler_db._notify_l3_agent_port_update-8728769416695', 'neutron.db.l3_hascheduler_db._notify_l3_agent_ha_port_update-8728769417741'] for port, after_update {{(pid=93879) _notify_loop /usr/local/lib/python3.8/dist-packages/neutron_lib/callbacks/manager.py:192}}
Aug 13 06:22:13.202010 dv-osbrick-802691-4-iscsi neutron-server[93879]: DEBUG neutron_lib.callbacks.manager [None req-39d9e1be-ff60-43af-a65d-3a1f1a183f4c tempest-TestMinimumBasicScenario-724410963 tempest-TestMinimumBasicScenario-724410963-project] Notify callbacks [] for security_group_rule, before_create {{(pid=93879) _notify_loop /usr/local/lib/python3.8/dist-packages/neutron_lib/callbacks/manager.py:192}}
Aug 13 06:22:13.212539 dv-osbrick-802691-4-iscsi neutron-server[93881]: DEBUG neutron.db.l3_hamode_db [None req-6ae41143-b6eb-4ec8-9de2-6093d481cd49 None None] neutron.services.l3_router.l3_router_plugin.L3RouterPlugin method _process_sync_ha_data called with arguments (, [{'id': 'f14e716f-5f6b-4beb-83dc-851744c4722f', 'name': 'tempest-TestMinimumBasicScenario-1981209305-router', 'tenant_id': '7d82d4082ab748468a2ad109230e59f1', 'admin_state_up': True, 'status': 'ACTIVE', 'external_gateway_info': {'network_id': '80358f1d-db93-407e-9f4f-f511ad997642', 'external_fixed_ips': [{'subnet_id': '090a93f0-23b0-4121-a250-33303d434574', 'ip_address': '172.29.1.169'}], 'enable_snat': True}, 'gw_port_id': '8c831941-a3f9-493e-81a0-3152d481ef84', 'description': '', 'availability_zones': ['nova'], 'distributed': False, 'ha': False, 'ha_vr_id': 0, 'availability_zone_hints': [], 'routes': [], 'flavor_id': None, 'tags': [], 'created_at': '2021-08-13T06:20:54Z', 'updated_at': '2021-08-13T06:20:58Z', 'revision_number': 4, 'project_id': '7d82d4082ab748468a2ad109230e59f1', 'gw_port': {'id': '8c831941-a3f9-493e-81a0-3152d481ef84', 'name': '', 'network_id': '80358f1d-db93-407e-9f4f-f511ad997642', 'tenant_id': '', 'mac_address': 'fa:16:3e:a6:b0:ec', 'admin_state_up': True, 'status': 'ACTIVE', 'device_id': 'f14e716f-5f6b-4beb-83dc-851744c4722f', 'device_owner': 'network:router_gateway', 'standard_attr_id': 51, 'fixed_ips': [{'subnet_id': '090a93f0-23b0-4121-a250-33303d434574', 'ip_address': '172.29.1.169', 'prefixlen': 24}], 'allowed_address_pairs': [], 'extra_dhcp_opts': [], 'security_groups': [], 'description': '', 'binding:vnic_type': 'normal', 'binding:profile': {}, 'binding:host_id': 'dv-osbrick-802691-4-iscsi', 'binding:vif_type': 'ovs', 'binding:vif_details': {'connectivity': 'l2', 'port_filter': True, 'ovs_hybrid_plug': False, 'datapath_type': 'system', 'bridge_name': 'br-int'}, 'port_security_enabled': False, 'tags': [], 'created_at': '2021-08-13T06:20:54Z', 'updated_at': '2021-08-13T06:21:04Z', 'revision_number': 4, 'project_id': '', 'subnets': [{'id': '090a93f0-23b0-4121-a250-33303d434574', 'cidr': '172.29.1.0/24', 'gateway_ip': '172.29.1.1', 'dns_nameservers': [], 'ipv6_ra_mode': None, 'subnetpool_id': None}], 'extra_subnets': [], 'address_scopes': {4: None, 6: None}, 'mtu': 1500}, 'enable_snat': True, 'gw_port_host': 'dv-osbrick-802691-4-iscsi', '_floatingips': [{'id': 'e471664d-88df-4af3-abf9-ac6e20e73474', 'tenant_id': '7d82d4082ab748468a2ad109230e59f1', 'floating_ip_address': '172.29.1.254', 'floating_network_id': '80358f1d-db93-407e-9f4f-f511ad997642', 'router_id': 'f14e716f-5f6b-4beb-83dc-851744c4722f', 'port_id': '38613536-9aac-4cc8-afce-07e2c66c72b4', 'fixed_ip_address': '172.20.0.9', 'status': 'DOWN', 'standard_attr_id': 86, 'description': '', 'qos_policy_id': None, 'port_details': {'name': '', 'network_id': '9bac2251-f2d2-41a7-87cb-78c25df831c5', 'mac_address': 'fa:16:3e:79:a7:48', 'admin_state_up': True, 'status': 'ACTIVE', 'device_id': '37871bba-c2c3-4351-bac9-4a9a035df095', 'device_owner': 'compute:nova'}, 'dns_domain': '', 'dns_name': '', 'tags': [], 'created_at': '2021-08-13T06:22:10Z', 'updated_at': '2021-08-13T06:22:10Z', 'revision_number': 0, 'project_id': '7d82d4082ab748468a2ad109230e59f1', 'fixed_ip_address_scope': None}], '_interfaces': [{'id': 'dcb80b41-01fb-4473-aaf5-04e6e4a6a0c5', 'name': '', 'network_id': '9bac2251-f2d2-41a7-87cb-78c25df831c5', 'tenant_id': '7d82d4082ab748468a2ad109230e59f1', 'mac_address': 'fa:16:3e:d7:c8:4a', 'admin_state_up': True, 'status': 'ACTIVE', 'device_id': 'f14e716f-5f6b-4beb-83dc-851744c4722f', 'device_owner': 'network:router_interface', 'standard_attr_id': 54, 'fixed_ips': [{'subnet_id': '38d98ad4-719b-4bee-9c5b-13c5e4a1d9af', 'ip_address': '172.20.0.1', 'prefixlen': 28}], 'allowed_address_pairs': [], 'extra_dhcp_opts': [], 'security_groups': [], 'description': '', 'binding:vnic_type': 'normal', 'binding:profile': {}, 'binding:host_id': 'dv-osbrick-802691-4-iscsi', 'binding:vif_type': 'ovs', 'binding:vif_details': {'connectivity': 'l2', 'port_filter': True, 'ovs_hybrid_plug': False, 'datapath_type': 'system', 'bridge_name': 'br-int'}, 'port_security_enabled': False, 'tags': [], 'created_at': '2021-08-13T06:20:57Z', 'updated_at': '2021-08-13T06:21:11Z', 'revision_number': 5, 'project_id': '7d82d4082ab748468a2ad109230e59f1', 'subnets': [{'id': '38d98ad4-719b-4bee-9c5b-13c5e4a1d9af', 'cidr': '172.20.0.0/28', 'gateway_ip': '172.20.0.1', 'dns_nameservers': [], 'ipv6_ra_mode': None, 'subnetpool_id': None}], 'extra_subnets': [], 'address_scopes': {4: None, 6: None}, 'mtu': 1500}]}], 'dv-osbrick-802691-4-iscsi', False) {} {{(pid=93881) wrapper /usr/local/lib/python3.8/dist-packages/oslo_log/helpers.py:65}}
Aug 13 06:22:13.240836 dv-osbrick-802691-4-iscsi neutron-server[93878]: DEBUG neutron.pecan_wsgi.hooks.policy_enforcement [req-8ba33155-115d-474a-9f9e-84a1236ac531 req-16a257f4-8286-40e5-9435-e1f9f29998d2 service neutron] Attributes excluded by policy engine: ['standard_attr_id', 'vlan_transparent'] {{(pid=93878) _exclude_attributes_by_policy /opt/stack/neutron/neutron/pecan_wsgi/hooks/policy_enforcement.py:255}}
Aug 13 06:22:13.242327 dv-osbrick-802691-4-iscsi neutron-server[93878]: INFO neutron.wsgi [req-8ba33155-115d-474a-9f9e-84a1236ac531 req-16a257f4-8286-40e5-9435-e1f9f29998d2 service neutron] 10.222.0.30 "GET /v2.0/networks?id=9bac2251-f2d2-41a7-87cb-78c25df831c5 HTTP/1.1" status: 200 len: 916 time: 0.1048210
Aug 13 06:22:13.242444 dv-osbrick-802691-4-iscsi neutron-server[93881]: DEBUG neutron.api.rpc.handlers.l3_rpc [None req-6ae41143-b6eb-4ec8-9de2-6093d481cd49 None None] Checking router: f14e716f-5f6b-4beb-83dc-851744c4722f for host: dv-osbrick-802691-4-iscsi {{(pid=93881) _ensure_host_set_on_ports /opt/stack/neutron/neutron/api/rpc/handlers/l3_rpc.py:155}}
Aug 13 06:22:13.252086 dv-osbrick-802691-4-iscsi neutron-server[93881]: DEBUG neutron.db.l3_dvrscheduler_db [None req-6ae41143-b6eb-4ec8-9de2-6093d481cd49 None None] Routers {'f14e716f-5f6b-4beb-83dc-851744c4722f'} bound to L3 agent in host dv-osbrick-802691-4-iscsi {{(pid=93881) _get_router_ids_for_agent /opt/stack/neutron/neutron/db/l3_dvrscheduler_db.py:420}}
Aug 13 06:22:13.252709 dv-osbrick-802691-4-iscsi neutron-server[93881]: DEBUG neutron.db.l3_hamode_db [None req-6ae41143-b6eb-4ec8-9de2-6093d481cd49 None None] neutron.services.l3_router.l3_router_plugin.L3RouterPlugin method get_ha_sync_data_for_host called with arguments (, 'dv-osbrick-802691-4-iscsi', Agent(admin_state_up=True,agent_type='L3 agent',availability_zone='nova',binary='neutron-l3-agent',configurations={"agent_mode": "legacy", "ex_gw_ports": 5, "extensions": [], "floating_ips": 0, "handle_internal_only_routers": true, "interface_driver": "openvswitch", "interfaces": 5, "log_agent_heartbeats": false, "routers": 5},created_at=2021-08-13T06:13:17Z,description=,heartbeat_timestamp=2021-08-13T06:21:47Z,host='dv-osbrick-802691-4-iscsi',id=3de4fb07-c799-437c-ac74-57c5b4ede05b,load=0,resource_versions=,resources_synced=,started_at=2021-08-13T06:13:17Z,topic='l3_agent')) {'router_ids': ['f14e716f-5f6b-4beb-83dc-851744c4722f'], 'active': True} {{(pid=93881) wrapper /usr/local/lib/python3.8/dist-packages/oslo_log/helpers.py:65}}
Aug 13 06:22:13.279015 dv-osbrick-802691-4-iscsi neutron-server[93879]: DEBUG neutron.api.rpc.handlers.resources_rpc [None req-0da82ae5-aa79-470f-a493-1760dfe7bca6 service neutron] Pushing event updated for resources: {'Port': ['ID=a32b929c-5d07-409f-a8dc-5a8569269b9a,revision_number=2']} {{(pid=93879) push /opt/stack/neutron/neutron/api/rpc/handlers/resources_rpc.py:237}}
Aug 13 06:22:13.328142 dv-osbrick-802691-4-iscsi neutron-server[93878]: INFO neutron.wsgi [req-8ba33155-115d-474a-9f9e-84a1236ac531 req-e595da75-54e0-4996-9cec-e690fd3114bf service neutron] 10.222.0.30 "GET /v2.0/floatingips?fixed_ip_address=172.20.0.9&port_id=38613536-9aac-4cc8-afce-07e2c66c72b4 HTTP/1.1" status: 200 len: 999 time: 0.0780952
Aug 13 06:22:13.341269 dv-osbrick-802691-4-iscsi neutron-server[93879]: DEBUG neutron.plugins.ml2.managers [req-a882e3c2-2f7e-4836-9e46-6494ff62c175 req-0da82ae5-aa79-470f-a493-1760dfe7bca6 service neutron] Attempting to bind port a32b929c-5d07-409f-a8dc-5a8569269b9a on host hv-osbrick-8026 for vnic_type normal with profile {{(pid=93879) bind_port /opt/stack/neutron/neutron/plugins/ml2/managers.py:790}}
Aug 13 06:22:13.341595 dv-osbrick-802691-4-iscsi neutron-server[93879]: DEBUG neutron.plugins.ml2.managers [req-a882e3c2-2f7e-4836-9e46-6494ff62c175 req-0da82ae5-aa79-470f-a493-1760dfe7bca6 service neutron] Attempting to bind port a32b929c-5d07-409f-a8dc-5a8569269b9a by drivers openvswitch,hyperv on host hv-osbrick-8026 at level 0 using segments [{'id': 'fcaab3ce-dd77-4f7f-8946-4568d7db39d5', 'network_type': 'vlan', 'physical_network': 'physnet1', 'segmentation_id': 426, 'network_id': '62dd39ce-1b2c-48c1-b74b-4b6c5f0add28'}] {{(pid=93879) _bind_port_level /opt/stack/neutron/neutron/plugins/ml2/managers.py:815}}
Aug 13 06:22:13.341920 dv-osbrick-802691-4-iscsi neutron-server[93879]: DEBUG neutron.plugins.ml2.drivers.mech_agent [req-a882e3c2-2f7e-4836-9e46-6494ff62c175 req-0da82ae5-aa79-470f-a493-1760dfe7bca6 service neutron] Attempting to bind port a32b929c-5d07-409f-a8dc-5a8569269b9a on network 62dd39ce-1b2c-48c1-b74b-4b6c5f0add28 {{(pid=93879) bind_port /opt/stack/neutron/neutron/plugins/ml2/drivers/mech_agent.py:85}}
