Nov 09 15:51:40.380117 dv-osbrick-794658-3-ceph devstack@n-api.service[121320]: DEBUG oslo_concurrency.lockutils [None req-fc429f0b-3d4c-4b44-9289-4fe04288bad0 None None] Lock "1a4e7f71-7b25-44a0-9dd2-41bcbc86bd20" acquired by "nova.context.set_target_cell..get_or_set_cached_cell_and_set_connections" :: waited 0.000s {{(pid=121320) inner /usr/local/lib/python3.8/dist-packages/oslo_concurrency/lockutils.py:386}}
Nov 09 15:51:40.383929 dv-osbrick-794658-3-ceph devstack@n-api.service[121320]: DEBUG oslo_concurrency.lockutils [None req-fc429f0b-3d4c-4b44-9289-4fe04288bad0 None None] Lock "1a4e7f71-7b25-44a0-9dd2-41bcbc86bd20" "released" by "nova.context.set_target_cell..get_or_set_cached_cell_and_set_connections" :: held 0.004s {{(pid=121320) inner /usr/local/lib/python3.8/dist-packages/oslo_concurrency/lockutils.py:400}}
Nov 09 15:51:40.404935 dv-osbrick-794658-3-ceph devstack@n-api.service[121320]: DEBUG oslo_db.sqlalchemy.engines [None req-fc429f0b-3d4c-4b44-9289-4fe04288bad0 None None] MySQL server mode set to STRICT_TRANS_TABLES,STRICT_ALL_TABLES,NO_ZERO_IN_DATE,NO_ZERO_DATE,ERROR_FOR_DIVISION_BY_ZERO,TRADITIONAL,NO_ENGINE_SUBSTITUTION {{(pid=121320) _check_effective_sql_mode /usr/local/lib/python3.8/dist-packages/oslo_db/sqlalchemy/engines.py:314}}
Nov 09 15:51:40.407851 dv-osbrick-794658-3-ceph devstack@n-api.service[121320]: DEBUG oslo_db.sqlalchemy.engines [None req-fc429f0b-3d4c-4b44-9289-4fe04288bad0 None None] MySQL server mode set to STRICT_TRANS_TABLES,STRICT_ALL_TABLES,NO_ZERO_IN_DATE,NO_ZERO_DATE,ERROR_FOR_DIVISION_BY_ZERO,TRADITIONAL,NO_ENGINE_SUBSTITUTION {{(pid=121320) _check_effective_sql_mode /usr/local/lib/python3.8/dist-packages/oslo_db/sqlalchemy/engines.py:314}}
Nov 09 15:51:40.502743 dv-osbrick-794658-3-ceph devstack@n-api.service[121319]: DEBUG oslo_db.sqlalchemy.engines [None req-5746b8bb-765f-446b-9ef5-576c21dad69c None None] MySQL server mode set to STRICT_TRANS_TABLES,STRICT_ALL_TABLES,NO_ZERO_IN_DATE,NO_ZERO_DATE,ERROR_FOR_DIVISION_BY_ZERO,TRADITIONAL,NO_ENGINE_SUBSTITUTION {{(pid=121319) _check_effective_sql_mode /usr/local/lib/python3.8/dist-packages/oslo_db/sqlalchemy/engines.py:314}}
Nov 09 15:51:40.728501 dv-osbrick-794658-3-ceph devstack@n-api.service[121320]: DEBUG oslo_db.sqlalchemy.engines [None req-fc429f0b-3d4c-4b44-9289-4fe04288bad0 None None] MySQL server mode set to STRICT_TRANS_TABLES,STRICT_ALL_TABLES,NO_ZERO_IN_DATE,NO_ZERO_DATE,ERROR_FOR_DIVISION_BY_ZERO,TRADITIONAL,NO_ENGINE_SUBSTITUTION {{(pid=121320) _check_effective_sql_mode /usr/local/lib/python3.8/dist-packages/oslo_db/sqlalchemy/engines.py:314}}
Nov 09 15:51:40.964103 dv-osbrick-794658-3-ceph devstack@n-api.service[121319]: WARNING keystonemiddleware.auth_token [None req-5746b8bb-765f-446b-9ef5-576c21dad69c None None] AuthToken middleware is set with keystone_authtoken.service_token_roles_required set to False. This is backwards compatible but deprecated behaviour. Please set this to True.
Nov 09 15:51:40.971282 dv-osbrick-794658-3-ceph devstack@n-api.service[121319]: WARNING keystonemiddleware.auth_token [None req-5746b8bb-765f-446b-9ef5-576c21dad69c None None] Configuring www_authenticate_uri to point to the public identity endpoint is required; clients may not be able to authenticate against an admin endpoint
Nov 09 15:51:41.062370 dv-osbrick-794658-3-ceph devstack@n-api.service[121320]: WARNING keystonemiddleware.auth_token [None req-fc429f0b-3d4c-4b44-9289-4fe04288bad0 None None] AuthToken middleware is set with keystone_authtoken.service_token_roles_required set to False. This is backwards compatible but deprecated behaviour. Please set this to True.
Nov 09 15:51:41.068986 dv-osbrick-794658-3-ceph devstack@n-api.service[121320]: WARNING keystonemiddleware.auth_token [None req-fc429f0b-3d4c-4b44-9289-4fe04288bad0 None None] Configuring www_authenticate_uri to point to the public identity endpoint is required; clients may not be able to authenticate against an admin endpoint
Nov 09 15:51:41.327901 dv-osbrick-794658-3-ceph devstack@n-api.service[121319]: WARNING keystonemiddleware.auth_token [None req-5746b8bb-765f-446b-9ef5-576c21dad69c None None] AuthToken middleware is set with keystone_authtoken.service_token_roles_required set to False. This is backwards compatible but deprecated behaviour. Please set this to True.
Nov 09 15:51:41.333512 dv-osbrick-794658-3-ceph devstack@n-api.service[121319]: WARNING keystonemiddleware.auth_token [None req-5746b8bb-765f-446b-9ef5-576c21dad69c None None] Configuring www_authenticate_uri to point to the public identity endpoint is required; clients may not be able to authenticate against an admin endpoint
Nov 09 15:51:41.339213 dv-osbrick-794658-3-ceph devstack@n-api.service[121319]: WSGI app 0 (mountpoint='') ready in 6 seconds on interpreter 0x5648de7ab9c0 pid: 121319 (default app)
Nov 09 15:51:41.342214 dv-osbrick-794658-3-ceph devstack@n-api.service[121319]: DEBUG nova.api.openstack.wsgi [None req-5746b8bb-765f-446b-9ef5-576c21dad69c None None] Calling method '>' {{(pid=121319) _process_stack /opt/stack/nova/nova/api/openstack/wsgi.py:513}}
Nov 09 15:51:41.343457 dv-osbrick-794658-3-ceph devstack@n-api.service[121319]: INFO nova.api.openstack.requestlog [None req-5746b8bb-765f-446b-9ef5-576c21dad69c None None] 10.222.0.88 "GET /compute/v2.1/" status: 200 len: 388 microversion: 2.1 time: 0.001913
Nov 09 15:51:41.343867 dv-osbrick-794658-3-ceph devstack@n-api.service[121319]: [pid: 121319|app: 0|req: 1/1] 10.222.0.88 () {50 vars in 788 bytes} [Tue Nov 9 15:51:41 2021] GET /compute/v2.1/ => generated 388 bytes in 4 msecs (HTTP/1.1 200) 9 headers in 357 bytes (1 switches on core 0)
Nov 09 15:51:41.423996 dv-osbrick-794658-3-ceph devstack@n-api.service[121320]: WARNING keystonemiddleware.auth_token [None req-fc429f0b-3d4c-4b44-9289-4fe04288bad0 None None] AuthToken middleware is set with keystone_authtoken.service_token_roles_required set to False. This is backwards compatible but deprecated behaviour. Please set this to True.
Nov 09 15:51:41.429240 dv-osbrick-794658-3-ceph devstack@n-api.service[121320]: WARNING keystonemiddleware.auth_token [None req-fc429f0b-3d4c-4b44-9289-4fe04288bad0 None None] Configuring www_authenticate_uri to point to the public identity endpoint is required; clients may not be able to authenticate against an admin endpoint
Nov 09 15:51:41.435421 dv-osbrick-794658-3-ceph devstack@n-api.service[121320]: WSGI app 0 (mountpoint='') ready in 6 seconds on interpreter 0x5648de7ab9c0 pid: 121320 (default app)
Nov 09 15:53:04.451120 dv-osbrick-794658-3-ceph devstack@n-api.service[121319]: DEBUG nova.api.openstack.wsgi [None req-5746b8bb-765f-446b-9ef5-576c21dad69c None None] Calling method '>' {{(pid=121319) _process_stack /opt/stack/nova/nova/api/openstack/wsgi.py:513}}
Nov 09 15:53:04.452986 dv-osbrick-794658-3-ceph devstack@n-api.service[121319]: INFO nova.api.openstack.requestlog [None req-5746b8bb-765f-446b-9ef5-576c21dad69c None None] 10.222.0.88 "GET /compute/v2.1" status: 200 len: 388 microversion: 2.1 time: 0.002748
Nov 09 15:53:04.453954 dv-osbrick-794658-3-ceph devstack@n-api.service[121319]: [pid: 121319|app: 0|req: 2/2] 10.222.0.88 () {54 vars in 930 bytes} [Tue Nov 9 15:53:04 2021] GET /compute/v2.1 => generated 388 bytes in 5 msecs (HTTP/1.1 200) 9 headers in 357 bytes (1 switches on core 0)
Nov 09 15:53:04.927134 dv-osbrick-794658-3-ceph devstack@n-api.service[121320]: DEBUG nova.api.openstack.wsgi [None req-cf743124-c93b-4ee7-8480-a87749651543 admin admin] Calling method '>' {{(pid=121320) _process_stack /opt/stack/nova/nova/api/openstack/wsgi.py:513}}
Nov 09 15:53:04.956681 dv-osbrick-794658-3-ceph devstack@n-api.service[121320]: INFO nova.api.openstack.requestlog [None req-cf743124-c93b-4ee7-8480-a87749651543 admin admin] 10.222.0.88 "GET /compute/v2.1/flavors/detail?is_public=True" status: 200 len: 15 microversion: 2.61 time: 0.488811
Nov 09 15:53:04.957780 dv-osbrick-794658-3-ceph devstack@n-api.service[121320]: [pid: 121320|app: 0|req: 1/3] 10.222.0.88 () {60 vars in 1291 bytes} [Tue Nov 9 15:53:04 2021] GET /compute/v2.1/flavors/detail?is_public=True => generated 15 bytes in 492 msecs (HTTP/1.1 200) 9 headers in 358 bytes (1 switches on core 0)
Nov 09 15:53:07.696973 dv-osbrick-794658-3-ceph devstack@n-api.service[121319]: DEBUG nova.api.openstack.wsgi [None req-5746b8bb-765f-446b-9ef5-576c21dad69c None None] Calling method '>' {{(pid=121319) _process_stack /opt/stack/nova/nova/api/openstack/wsgi.py:513}}
Nov 09 15:53:07.701522 dv-osbrick-794658-3-ceph devstack@n-api.service[121319]: INFO nova.api.openstack.requestlog [None req-5746b8bb-765f-446b-9ef5-576c21dad69c None None] 10.222.0.88 "GET /compute/v2.1" status: 200 len: 388 microversion: 2.1 time: 0.001593
Nov 09 15:53:07.701522 dv-osbrick-794658-3-ceph devstack@n-api.service[121319]: [pid: 121319|app: 0|req: 3/4] 10.222.0.88 () {54 vars in 930 bytes} [Tue Nov 9 15:53:07 2021] GET /compute/v2.1 => generated 388 bytes in 3 msecs (HTTP/1.1 200) 9 headers in 357 bytes (1 switches on core 0)
Nov 09 15:53:07.761086 dv-osbrick-794658-3-ceph devstack@n-api.service[121320]: DEBUG nova.api.openstack.wsgi [None req-9278c027-c174-4ec7-b413-b568b038bc5c admin admin] Action: 'create', calling method: >, body: {"flavor": {"id": "c1", "OS-FLV-EXT-DATA:ephemeral": 0, "ram": 256, "rxtx_factor": 1.0, "swap": 0, "os-flavor-access:is_public": true, "vcpus": 1, "name": "cirros256", "disk": 1}} {{(pid=121320) _process_stack /opt/stack/nova/nova/api/openstack/wsgi.py:511}}
Nov 09 15:53:07.779920 dv-osbrick-794658-3-ceph devstack@n-api.service[121320]: /usr/local/lib/python3.8/dist-packages/oslo_policy/policy.py:1075: UserWarning: Policy os_compute_api:os-flavor-manage:create failed scope check. The token used to make the request was project scoped but the policy requires ['system'] scope. This behavior may change in the future where using the intended scope is required
Nov 09 15:53:07.779920 dv-osbrick-794658-3-ceph devstack@n-api.service[121320]: warnings.warn(msg)
Nov 09 15:53:07.895369 dv-osbrick-794658-3-ceph devstack@n-api.service[121320]: INFO nova.api.openstack.requestlog [None req-9278c027-c174-4ec7-b413-b568b038bc5c admin admin] 10.222.0.88 "POST /compute/v2.1/flavors" status: 200 len: 407 microversion: 2.61 time: 0.190200
Nov 09 15:53:07.895979 dv-osbrick-794658-3-ceph devstack@n-api.service[121320]: [pid: 121320|app: 0|req: 2/5] 10.222.0.88 () {64 vars in 1282 bytes} [Tue Nov 9 15:53:07 2021] POST /compute/v2.1/flavors => generated 407 bytes in 192 msecs (HTTP/1.1 200) 9 headers in 359 bytes (1 switches on core 0)
Nov 09 15:53:08.231248 dv-osbrick-794658-3-ceph devstack@n-api.service[121319]: DEBUG nova.api.openstack.wsgi [None req-7b45b13c-ed9c-43ea-ad9f-63af22f4059f admin admin] Action: 'create', calling method: >, body: {"extra_specs": {"hw_rng:allowed": "True"}} {{(pid=121319) _process_stack /opt/stack/nova/nova/api/openstack/wsgi.py:511}}
Nov 09 15:53:08.234823 dv-osbrick-794658-3-ceph devstack@n-api.service[121319]: /usr/local/lib/python3.8/dist-packages/oslo_policy/policy.py:1075: UserWarning: Policy os_compute_api:os-flavor-extra-specs:create failed scope check. The token used to make the request was project scoped but the policy requires ['system'] scope. This behavior may change in the future where using the intended scope is required
Nov 09 15:53:08.234823 dv-osbrick-794658-3-ceph devstack@n-api.service[121319]: warnings.warn(msg)
Nov 09 15:53:08.382195 dv-osbrick-794658-3-ceph devstack@n-api.service[121319]: INFO nova.api.openstack.requestlog [None req-7b45b13c-ed9c-43ea-ad9f-63af22f4059f admin admin] 10.222.0.88 "POST /compute/v2.1/flavors/c1/os-extra_specs" status: 200 len: 43 microversion: 2.61 time: 0.475654
Nov 09 15:53:08.382828 dv-osbrick-794658-3-ceph devstack@n-api.service[121319]: [pid: 121319|app: 0|req: 4/6] 10.222.0.88 () {64 vars in 1335 bytes} [Tue Nov 9 15:53:07 2021] POST /compute/v2.1/flavors/c1/os-extra_specs => generated 43 bytes in 477 msecs (HTTP/1.1 200) 9 headers in 358 bytes (2 switches on core 0)
Nov 09 15:53:11.118913 dv-osbrick-794658-3-ceph devstack@n-api.service[121320]: DEBUG nova.api.openstack.wsgi [None req-9278c027-c174-4ec7-b413-b568b038bc5c admin admin] Calling method '>' {{(pid=121320) _process_stack /opt/stack/nova/nova/api/openstack/wsgi.py:513}}
Nov 09 15:53:11.118913 dv-osbrick-794658-3-ceph devstack@n-api.service[121320]: INFO nova.api.openstack.requestlog [None req-9278c027-c174-4ec7-b413-b568b038bc5c admin admin] 10.222.0.88 "GET /compute/v2.1" status: 200 len: 388 microversion: 2.1 time: 0.001589
Nov 09 15:53:11.118913 dv-osbrick-794658-3-ceph devstack@n-api.service[121320]: [pid: 121320|app: 0|req: 3/7] 10.222.0.88 () {54 vars in 930 bytes} [Tue Nov 9 15:53:11 2021] GET /compute/v2.1 => generated 388 bytes in 4 msecs (HTTP/1.1 200) 9 headers in 357 bytes (1 switches on core 0)
Nov 09 15:53:11.278530 dv-osbrick-794658-3-ceph devstack@n-api.service[121319]: DEBUG nova.api.openstack.wsgi [None req-1bd15c8e-ef30-44bb-97ec-7e6853f4c5f7 admin admin] Action: 'create', calling method: >, body: {"flavor": {"rxtx_factor": 1.0, "OS-FLV-EXT-DATA:ephemeral": 0, "name": "ds512M", "id": "d1", "os-flavor-access:is_public": true, "disk": 5, "swap": 0, "vcpus": 1, "ram": 512}} {{(pid=121319) _process_stack /opt/stack/nova/nova/api/openstack/wsgi.py:511}}
Nov 09 15:53:11.307088 dv-osbrick-794658-3-ceph devstack@n-api.service[121319]: /usr/local/lib/python3.8/dist-packages/oslo_policy/policy.py:1075: UserWarning: Policy os_compute_api:os-flavor-manage:create failed scope check. The token used to make the request was project scoped but the policy requires ['system'] scope. This behavior may change in the future where using the intended scope is required
Nov 09 15:53:11.307088 dv-osbrick-794658-3-ceph devstack@n-api.service[121319]: warnings.warn(msg)
Nov 09 15:53:11.423479 dv-osbrick-794658-3-ceph devstack@n-api.service[121319]: INFO nova.api.openstack.requestlog [None req-1bd15c8e-ef30-44bb-97ec-7e6853f4c5f7 admin admin] 10.222.0.88 "POST /compute/v2.1/flavors" status: 200 len: 404 microversion: 2.61 time: 0.294247
Nov 09 15:53:11.424295 dv-osbrick-794658-3-ceph devstack@n-api.service[121319]: [pid: 121319|app: 0|req: 5/8] 10.222.0.88 () {64 vars in 1282 bytes} [Tue Nov 9 15:53:11 2021] POST /compute/v2.1/flavors => generated 404 bytes in 296 msecs (HTTP/1.1 200) 9 headers in 359 bytes (1 switches on core 0)
Nov 09 15:53:11.437344 dv-osbrick-794658-3-ceph devstack@n-api.service[121320]: DEBUG nova.api.openstack.wsgi [None req-cc77e1a5-e34f-41fa-b7ac-4ec4c1da11ea admin admin] Action: 'create', calling method: >, body: {"extra_specs": {"hw_rng:allowed": "True"}} {{(pid=121320) _process_stack /opt/stack/nova/nova/api/openstack/wsgi.py:511}}
Nov 09 15:53:11.439057 dv-osbrick-794658-3-ceph devstack@n-api.service[121320]: /usr/local/lib/python3.8/dist-packages/oslo_policy/policy.py:1075: UserWarning: Policy os_compute_api:os-flavor-extra-specs:create failed scope check. The token used to make the request was project scoped but the policy requires ['system'] scope. This behavior may change in the future where using the intended scope is required
Nov 09 15:53:11.439057 dv-osbrick-794658-3-ceph devstack@n-api.service[121320]: warnings.warn(msg)
Nov 09 15:53:11.546346 dv-osbrick-794658-3-ceph devstack@n-api.service[121320]: INFO nova.api.openstack.requestlog [None req-cc77e1a5-e34f-41fa-b7ac-4ec4c1da11ea admin admin] 10.222.0.88 "POST /compute/v2.1/flavors/d1/os-extra_specs" status: 200 len: 43 microversion: 2.61 time: 0.113258
Nov 09 15:53:11.547026 dv-osbrick-794658-3-ceph devstack@n-api.service[121320]: [pid: 121320|app: 0|req: 4/9] 10.222.0.88 () {64 vars in 1335 bytes} [Tue Nov 9 15:53:11 2021] POST /compute/v2.1/flavors/d1/os-extra_specs => generated 43 bytes in 115 msecs (HTTP/1.1 200) 9 headers in 358 bytes (1 switches on core 0)
Nov 09 15:53:14.161780 dv-osbrick-794658-3-ceph devstack@n-api.service[121319]: DEBUG nova.api.openstack.wsgi [None req-1bd15c8e-ef30-44bb-97ec-7e6853f4c5f7 admin admin] Calling method '>' {{(pid=121319) _process_stack /opt/stack/nova/nova/api/openstack/wsgi.py:513}}
Nov 09 15:53:14.174300 dv-osbrick-794658-3-ceph devstack@n-api.service[121319]: INFO nova.api.openstack.requestlog [None req-1bd15c8e-ef30-44bb-97ec-7e6853f4c5f7 admin admin] 10.222.0.88 "GET /compute/v2.1" status: 200 len: 388 microversion: 2.1 time: 0.005781
Nov 09 15:53:14.177873 dv-osbrick-794658-3-ceph devstack@n-api.service[121319]: [pid: 121319|app: 0|req: 6/10] 10.222.0.88 () {54 vars in 930 bytes} [Tue Nov 9 15:53:14 2021] GET /compute/v2.1 => generated 388 bytes in 19 msecs (HTTP/1.1 200) 9 headers in 357 bytes (1 switches on core 0)
Nov 09 15:53:14.267930 dv-osbrick-794658-3-ceph devstack@n-api.service[121320]: DEBUG nova.api.openstack.wsgi [None req-536bfd29-a4e1-4d43-a5fe-1f5d22578159 admin admin] Action: 'create', calling method: >, body: {"flavor": {"OS-FLV-EXT-DATA:ephemeral": 0, "id": "d2", "os-flavor-access:is_public": true, "ram": 1024, "name": "ds1G", "disk": 10, "vcpus": 1, "swap": 0, "rxtx_factor": 1.0}} {{(pid=121320) _process_stack /opt/stack/nova/nova/api/openstack/wsgi.py:511}}
Nov 09 15:53:14.420825 dv-osbrick-794658-3-ceph devstack@n-api.service[121320]: INFO nova.api.openstack.requestlog [None req-536bfd29-a4e1-4d43-a5fe-1f5d22578159 admin admin] 10.222.0.88 "POST /compute/v2.1/flavors" status: 200 len: 404 microversion: 2.61 time: 0.240095
Nov 09 15:53:14.423798 dv-osbrick-794658-3-ceph devstack@n-api.service[121320]: [pid: 121320|app: 0|req: 5/11] 10.222.0.88 () {64 vars in 1282 bytes} [Tue Nov 9 15:53:14 2021] POST /compute/v2.1/flavors => generated 404 bytes in 249 msecs (HTTP/1.1 200) 9 headers in 359 bytes (2 switches on core 0)
Nov 09 15:53:14.436583 dv-osbrick-794658-3-ceph devstack@n-api.service[121319]: DEBUG nova.api.openstack.wsgi [None req-063c4164-9ade-4d70-9a3b-81659132ea5a admin admin] Action: 'create', calling method: >, body: {"extra_specs": {"hw_rng:allowed": "True"}} {{(pid=121319) _process_stack /opt/stack/nova/nova/api/openstack/wsgi.py:511}}
Nov 09 15:53:14.522951 dv-osbrick-794658-3-ceph devstack@n-api.service[121319]: INFO nova.api.openstack.requestlog [None req-063c4164-9ade-4d70-9a3b-81659132ea5a admin admin] 10.222.0.88 "POST /compute/v2.1/flavors/d2/os-extra_specs" status: 200 len: 43 microversion: 2.61 time: 0.089847
Nov 09 15:53:14.524817 dv-osbrick-794658-3-ceph devstack@n-api.service[121319]: [pid: 121319|app: 0|req: 7/12] 10.222.0.88 () {64 vars in 1335 bytes} [Tue Nov 9 15:53:14 2021] POST /compute/v2.1/flavors/d2/os-extra_specs => generated 43 bytes in 93 msecs (HTTP/1.1 200) 9 headers in 358 bytes (1 switches on core 0)
Nov 09 15:53:16.997582 dv-osbrick-794658-3-ceph devstack@n-api.service[121320]: DEBUG nova.api.openstack.wsgi [None req-536bfd29-a4e1-4d43-a5fe-1f5d22578159 admin admin] Calling method '>' {{(pid=121320) _process_stack /opt/stack/nova/nova/api/openstack/wsgi.py:513}}
Nov 09 15:53:16.998659 dv-osbrick-794658-3-ceph devstack@n-api.service[121320]: INFO nova.api.openstack.requestlog [None req-536bfd29-a4e1-4d43-a5fe-1f5d22578159 admin admin] 10.222.0.88 "GET /compute/v2.1" status: 200 len: 388 microversion: 2.1 time: 0.001503
Nov 09 15:53:16.999073 dv-osbrick-794658-3-ceph devstack@n-api.service[121320]: [pid: 121320|app: 0|req: 6/13] 10.222.0.88 () {54 vars in 930 bytes} [Tue Nov 9 15:53:16 2021] GET /compute/v2.1 => generated 388 bytes in 2 msecs (HTTP/1.1 200) 9 headers in 357 bytes (1 switches on core 0)
Nov 09 15:53:17.061552 dv-osbrick-794658-3-ceph devstack@n-api.service[121319]: DEBUG nova.api.openstack.wsgi [None req-4f74b0a7-f191-40f5-bf5d-57143efab8b4 admin admin] Action: 'create', calling method: >, body: {"flavor": {"id": "d3", "swap": 0, "rxtx_factor": 1.0, "os-flavor-access:is_public": true, "disk": 10, "ram": 2048, "vcpus": 2, "name": "ds2G", "OS-FLV-EXT-DATA:ephemeral": 0}} {{(pid=121319) _process_stack /opt/stack/nova/nova/api/openstack/wsgi.py:511}}
Nov 09 15:53:17.205534 dv-osbrick-794658-3-ceph devstack@n-api.service[121319]: INFO nova.api.openstack.requestlog [None req-4f74b0a7-f191-40f5-bf5d-57143efab8b4 admin admin] 10.222.0.88 "POST /compute/v2.1/flavors" status: 200 len: 404 microversion: 2.61 time: 0.199619
Nov 09 15:53:17.206207 dv-osbrick-794658-3-ceph devstack@n-api.service[121319]: [pid: 121319|app: 0|req: 8/14] 10.222.0.88 () {64 vars in 1282 bytes} [Tue Nov 9 15:53:17 2021] POST /compute/v2.1/flavors => generated 404 bytes in 201 msecs (HTTP/1.1 200) 9 headers in 359 bytes (1 switches on core 0)
Nov 09 15:53:17.222088 dv-osbrick-794658-3-ceph devstack@n-api.service[121320]: DEBUG nova.api.openstack.wsgi [None req-ceccc79d-bf71-4e9e-a21d-8b7581fbd104 admin admin] Action: 'create', calling method: >, body: {"extra_specs": {"hw_rng:allowed": "True"}} {{(pid=121320) _process_stack /opt/stack/nova/nova/api/openstack/wsgi.py:511}}
Nov 09 15:53:17.309630 dv-osbrick-794658-3-ceph devstack@n-api.service[121320]: INFO nova.api.openstack.requestlog [None req-ceccc79d-bf71-4e9e-a21d-8b7581fbd104 admin admin] 10.222.0.88 "POST /compute/v2.1/flavors/d3/os-extra_specs" status: 200 len: 43 microversion: 2.61 time: 0.091404
Nov 09 15:53:17.310322 dv-osbrick-794658-3-ceph devstack@n-api.service[121320]: [pid: 121320|app: 0|req: 7/15] 10.222.0.88 () {64 vars in 1335 bytes} [Tue Nov 9 15:53:17 2021] POST /compute/v2.1/flavors/d3/os-extra_specs => generated 43 bytes in 93 msecs (HTTP/1.1 200) 9 headers in 358 bytes (1 switches on core 0)
Nov 09 15:53:19.794404 dv-osbrick-794658-3-ceph devstack@n-api.service[121319]: DEBUG nova.api.openstack.wsgi [None req-4f74b0a7-f191-40f5-bf5d-57143efab8b4 admin admin] Calling method '>' {{(pid=121319) _process_stack /opt/stack/nova/nova/api/openstack/wsgi.py:513}}
Nov 09 15:53:19.796214 dv-osbrick-794658-3-ceph devstack@n-api.service[121319]: INFO nova.api.openstack.requestlog [None req-4f74b0a7-f191-40f5-bf5d-57143efab8b4 admin admin] 10.222.0.88 "GET /compute/v2.1" status: 200 len: 388 microversion: 2.1 time: 0.002289
Nov 09 15:53:19.796735 dv-osbrick-794658-3-ceph devstack@n-api.service[121319]: [pid: 121319|app: 0|req: 9/16] 10.222.0.88 () {54 vars in 930 bytes} [Tue Nov 9 15:53:19 2021] GET /compute/v2.1 => generated 388 bytes in 3 msecs (HTTP/1.1 200) 9 headers in 357 bytes (1 switches on core 0)
Nov 09 15:53:19.854602 dv-osbrick-794658-3-ceph devstack@n-api.service[121320]: DEBUG nova.api.openstack.wsgi [None req-6c9565fc-f3d6-4882-b8a0-7784cafa5243 admin admin] Action: 'create', calling method: >, body: {"flavor": {"OS-FLV-EXT-DATA:ephemeral": 0, "id": "d4", "vcpus": 4, "disk": 20, "swap": 0, "name": "ds4G", "ram": 4096, "os-flavor-access:is_public": true, "rxtx_factor": 1.0}} {{(pid=121320) _process_stack /opt/stack/nova/nova/api/openstack/wsgi.py:511}}
Nov 09 15:53:19.924222 dv-osbrick-794658-3-ceph devstack@n-api.service[121320]: INFO nova.api.openstack.requestlog [None req-6c9565fc-f3d6-4882-b8a0-7784cafa5243 admin admin] 10.222.0.88 "POST /compute/v2.1/flavors" status: 200 len: 404 microversion: 2.61 time: 0.120867
Nov 09 15:53:19.924933 dv-osbrick-794658-3-ceph devstack@n-api.service[121320]: [pid: 121320|app: 0|req: 8/17] 10.222.0.88 () {64 vars in 1282 bytes} [Tue Nov 9 15:53:19 2021] POST /compute/v2.1/flavors => generated 404 bytes in 122 msecs (HTTP/1.1 200) 9 headers in 359 bytes (1 switches on core 0)
Nov 09 15:53:19.938128 dv-osbrick-794658-3-ceph devstack@n-api.service[121319]: DEBUG nova.api.openstack.wsgi [None req-d0d56282-f018-477e-a99d-173ef1640dfe admin admin] Action: 'create', calling method: >, body: {"extra_specs": {"hw_rng:allowed": "True"}} {{(pid=121319) _process_stack /opt/stack/nova/nova/api/openstack/wsgi.py:511}}
Nov 09 15:53:20.009705 dv-osbrick-794658-3-ceph devstack@n-api.service[121319]: INFO nova.api.openstack.requestlog [None req-d0d56282-f018-477e-a99d-173ef1640dfe admin admin] 10.222.0.88 "POST /compute/v2.1/flavors/d4/os-extra_specs" status: 200 len: 43 microversion: 2.61 time: 0.074904
Nov 09 15:53:20.016984 dv-osbrick-794658-3-ceph devstack@n-api.service[121319]: [pid: 121319|app: 0|req: 10/18] 10.222.0.88 () {64 vars in 1335 bytes} [Tue Nov 9 15:53:19 2021] POST /compute/v2.1/flavors/d4/os-extra_specs => generated 43 bytes in 83 msecs (HTTP/1.1 200) 9 headers in 358 bytes (1 switches on core 0)
Nov 09 15:53:22.443028 dv-osbrick-794658-3-ceph devstack@n-api.service[121320]: DEBUG nova.api.openstack.wsgi [None req-6c9565fc-f3d6-4882-b8a0-7784cafa5243 admin admin] Calling method '>' {{(pid=121320) _process_stack /opt/stack/nova/nova/api/openstack/wsgi.py:513}}
Nov 09 15:53:22.444033 dv-osbrick-794658-3-ceph devstack@n-api.service[121320]: INFO nova.api.openstack.requestlog [None req-6c9565fc-f3d6-4882-b8a0-7784cafa5243 admin admin] 10.222.0.88 "GET /compute/v2.1" status: 200 len: 388 microversion: 2.1 time: 0.001523
Nov 09 15:53:22.444638 dv-osbrick-794658-3-ceph devstack@n-api.service[121320]: [pid: 121320|app: 0|req: 9/19] 10.222.0.88 () {54 vars in 930 bytes} [Tue Nov 9 15:53:22 2021] GET /compute/v2.1 => generated 388 bytes in 2 msecs (HTTP/1.1 200) 9 headers in 357 bytes (1 switches on core 0)
Nov 09 15:53:22.505625 dv-osbrick-794658-3-ceph devstack@n-api.service[121319]: DEBUG nova.api.openstack.wsgi [None req-668ccb3d-125f-4967-ade2-eb145dee92e9 admin admin] Calling method '>' {{(pid=121319) _process_stack /opt/stack/nova/nova/api/openstack/wsgi.py:513}}
Nov 09 15:53:22.529914 dv-osbrick-794658-3-ceph devstack@n-api.service[121319]: INFO nova.api.openstack.requestlog [None req-668ccb3d-125f-4967-ade2-eb145dee92e9 admin admin] 10.222.0.88 "GET /compute/v2.1/flavors/detail?is_public=True" status: 200 len: 2106 microversion: 2.61 time: 0.078230
Nov 09 15:53:22.530757 dv-osbrick-794658-3-ceph devstack@n-api.service[121319]: [pid: 121319|app: 0|req: 11/20] 10.222.0.88 () {60 vars in 1291 bytes} [Tue Nov 9 15:53:22 2021] GET /compute/v2.1/flavors/detail?is_public=True => generated 2106 bytes in 79 msecs (HTTP/1.1 200) 9 headers in 360 bytes (1 switches on core 0)
Nov 09 15:53:25.046660 dv-osbrick-794658-3-ceph devstack@n-api.service[121320]: DEBUG nova.api.openstack.wsgi [None req-6c9565fc-f3d6-4882-b8a0-7784cafa5243 admin admin] Calling method '>' {{(pid=121320) _process_stack /opt/stack/nova/nova/api/openstack/wsgi.py:513}}
Nov 09 15:53:25.047626 dv-osbrick-794658-3-ceph devstack@n-api.service[121320]: INFO nova.api.openstack.requestlog [None req-6c9565fc-f3d6-4882-b8a0-7784cafa5243 admin admin] 10.222.0.88 "GET /compute/v2.1" status: 200 len: 388 microversion: 2.1 time: 0.001503
Nov 09 15:53:25.048033 dv-osbrick-794658-3-ceph devstack@n-api.service[121320]: [pid: 121320|app: 0|req: 10/21] 10.222.0.88 () {54 vars in 930 bytes} [Tue Nov 9 15:53:25 2021] GET /compute/v2.1 => generated 388 bytes in 2 msecs (HTTP/1.1 200) 9 headers in 357 bytes (2 switches on core 0)
Nov 09 15:53:25.112154 dv-osbrick-794658-3-ceph devstack@n-api.service[121319]: DEBUG nova.api.openstack.wsgi [None req-58540a46-d46d-4562-ae14-306e031d9d33 admin admin] Action: 'create', calling method: >, body: {"flavor": {"swap": 0, "disk": 1, "id": "1", "OS-FLV-EXT-DATA:ephemeral": 0, "vcpus": 1, "rxtx_factor": 1.0, "os-flavor-access:is_public": true, "ram": 512, "name": "m1.tiny"}} {{(pid=121319) _process_stack /opt/stack/nova/nova/api/openstack/wsgi.py:511}}
Nov 09 15:53:25.219481 dv-osbrick-794658-3-ceph devstack@n-api.service[121319]: INFO nova.api.openstack.requestlog [None req-58540a46-d46d-4562-ae14-306e031d9d33 admin admin] 10.222.0.88 "POST /compute/v2.1/flavors" status: 200 len: 402 microversion: 2.61 time: 0.163489
Nov 09 15:53:25.220279 dv-osbrick-794658-3-ceph devstack@n-api.service[121319]: [pid: 121319|app: 0|req: 12/22] 10.222.0.88 () {64 vars in 1282 bytes} [Tue Nov 9 15:53:25 2021] POST /compute/v2.1/flavors => generated 402 bytes in 166 msecs (HTTP/1.1 200) 9 headers in 359 bytes (2 switches on core 0)
Nov 09 15:53:25.233866 dv-osbrick-794658-3-ceph devstack@n-api.service[121320]: DEBUG nova.api.openstack.wsgi [None req-c68526c4-21d4-460d-8a56-8e7d9fccadf2 admin admin] Action: 'create', calling method: >, body: {"extra_specs": {"hw_rng:allowed": "True"}} {{(pid=121320) _process_stack /opt/stack/nova/nova/api/openstack/wsgi.py:511}}
Nov 09 15:53:25.341153 dv-osbrick-794658-3-ceph devstack@n-api.service[121320]: INFO nova.api.openstack.requestlog [None req-c68526c4-21d4-460d-8a56-8e7d9fccadf2 admin admin] 10.222.0.88 "POST /compute/v2.1/flavors/1/os-extra_specs" status: 200 len: 43 microversion: 2.61 time: 0.110797
Nov 09 15:53:25.341841 dv-osbrick-794658-3-ceph devstack@n-api.service[121320]: [pid: 121320|app: 0|req: 11/23] 10.222.0.88 () {64 vars in 1332 bytes} [Tue Nov 9 15:53:25 2021] POST /compute/v2.1/flavors/1/os-extra_specs => generated 43 bytes in 112 msecs (HTTP/1.1 200) 9 headers in 358 bytes (1 switches on core 0)
Nov 09 15:53:28.453853 dv-osbrick-794658-3-ceph devstack@n-api.service[121319]: DEBUG nova.api.openstack.wsgi [None req-58540a46-d46d-4562-ae14-306e031d9d33 admin admin] Calling method '>' {{(pid=121319) _process_stack /opt/stack/nova/nova/api/openstack/wsgi.py:513}}
Nov 09 15:53:28.455289 dv-osbrick-794658-3-ceph devstack@n-api.service[121319]: INFO nova.api.openstack.requestlog [None req-58540a46-d46d-4562-ae14-306e031d9d33 admin admin] 10.222.0.88 "GET /compute/v2.1" status: 200 len: 388 microversion: 2.1 time: 0.002141
Nov 09 15:53:28.455887 dv-osbrick-794658-3-ceph devstack@n-api.service[121319]: [pid: 121319|app: 0|req: 13/24] 10.222.0.88 () {54 vars in 930 bytes} [Tue Nov 9 15:53:28 2021] GET /compute/v2.1 => generated 388 bytes in 4 msecs (HTTP/1.1 200) 9 headers in 357 bytes (1 switches on core 0)
Nov 09 15:53:28.524046 dv-osbrick-794658-3-ceph devstack@n-api.service[121320]: DEBUG nova.api.openstack.wsgi [None req-1879afd8-d05f-47db-91ea-37f7a22055b0 admin admin] Action: 'create', calling method: >, body: {"flavor": {"OS-FLV-EXT-DATA:ephemeral": 0, "ram": 2048, "os-flavor-access:is_public": true, "id": "2", "name": "m1.small", "disk": 20, "swap": 0, "rxtx_factor": 1.0, "vcpus": 1}} {{(pid=121320) _process_stack /opt/stack/nova/nova/api/openstack/wsgi.py:511}}
Nov 09 15:53:28.621582 dv-osbrick-794658-3-ceph devstack@n-api.service[121320]: INFO nova.api.openstack.requestlog [None req-1879afd8-d05f-47db-91ea-37f7a22055b0 admin admin] 10.222.0.88 "POST /compute/v2.1/flavors" status: 200 len: 405 microversion: 2.61 time: 0.152876
Nov 09 15:53:28.622112 dv-osbrick-794658-3-ceph devstack@n-api.service[121320]: [pid: 121320|app: 0|req: 12/25] 10.222.0.88 () {64 vars in 1282 bytes} [Tue Nov 9 15:53:28 2021] POST /compute/v2.1/flavors => generated 405 bytes in 154 msecs (HTTP/1.1 200) 9 headers in 359 bytes (2 switches on core 0)
Nov 09 15:53:28.636347 dv-osbrick-794658-3-ceph devstack@n-api.service[121319]: DEBUG nova.api.openstack.wsgi [None req-5e0014dd-fc57-4cc8-8e02-f25e5dd8ca5a admin admin] Action: 'create', calling method: >, body: {"extra_specs": {"hw_rng:allowed": "True"}} {{(pid=121319) _process_stack /opt/stack/nova/nova/api/openstack/wsgi.py:511}}
Nov 09 15:53:28.746402 dv-osbrick-794658-3-ceph devstack@n-api.service[121319]: INFO nova.api.openstack.requestlog [None req-5e0014dd-fc57-4cc8-8e02-f25e5dd8ca5a admin admin] 10.222.0.88 "POST /compute/v2.1/flavors/2/os-extra_specs" status: 200 len: 43 microversion: 2.61 time: 0.114839
Nov 09 15:53:28.747367 dv-osbrick-794658-3-ceph devstack@n-api.service[121319]: [pid: 121319|app: 0|req: 14/26] 10.222.0.88 () {64 vars in 1332 bytes} [Tue Nov 9 15:53:28 2021] POST /compute/v2.1/flavors/2/os-extra_specs => generated 43 bytes in 117 msecs (HTTP/1.1 200) 9 headers in 358 bytes (2 switches on core 0)
Nov 09 15:53:31.244368 dv-osbrick-794658-3-ceph devstack@n-api.service[121320]: DEBUG nova.api.openstack.wsgi [None req-1879afd8-d05f-47db-91ea-37f7a22055b0 admin admin] Calling method '>' {{(pid=121320) _process_stack /opt/stack/nova/nova/api/openstack/wsgi.py:513}}
Nov 09 15:53:31.245374 dv-osbrick-794658-3-ceph devstack@n-api.service[121320]: INFO nova.api.openstack.requestlog [None req-1879afd8-d05f-47db-91ea-37f7a22055b0 admin admin] 10.222.0.88 "GET /compute/v2.1" status: 200 len: 388 microversion: 2.1 time: 0.002167
Nov 09 15:53:31.245782 dv-osbrick-794658-3-ceph devstack@n-api.service[121320]: [pid: 121320|app: 0|req: 13/27] 10.222.0.88 () {54 vars in 930 bytes} [Tue Nov 9 15:53:31 2021] GET /compute/v2.1 => generated 388 bytes in 3 msecs (HTTP/1.1 200) 9 headers in 357 bytes (1 switches on core 0)
Nov 09 15:53:31.303860 dv-osbrick-794658-3-ceph devstack@n-api.service[121319]: DEBUG nova.api.openstack.wsgi [None req-9eb45f14-68a9-4bca-b94e-d7272e1467b0 admin admin] Action: 'create', calling method: >, body: {"flavor": {"swap": 0, "name": "m1.medium", "rxtx_factor": 1.0, "os-flavor-access:is_public": true, "OS-FLV-EXT-DATA:ephemeral": 0, "disk": 40, "id": "3", "ram": 4096, "vcpus": 2}} {{(pid=121319) _process_stack /opt/stack/nova/nova/api/openstack/wsgi.py:511}}
Nov 09 15:53:31.373066 dv-osbrick-794658-3-ceph devstack@n-api.service[121319]: INFO nova.api.openstack.requestlog [None req-9eb45f14-68a9-4bca-b94e-d7272e1467b0 admin admin] 10.222.0.88 "POST /compute/v2.1/flavors" status: 200 len: 406 microversion: 2.61 time: 0.120690
Nov 09 15:53:31.373873 dv-osbrick-794658-3-ceph devstack@n-api.service[121319]: [pid: 121319|app: 0|req: 15/28] 10.222.0.88 () {64 vars in 1282 bytes} [Tue Nov 9 15:53:31 2021] POST /compute/v2.1/flavors => generated 406 bytes in 122 msecs (HTTP/1.1 200) 9 headers in 359 bytes (2 switches on core 0)
Nov 09 15:53:31.386565 dv-osbrick-794658-3-ceph devstack@n-api.service[121320]: DEBUG nova.api.openstack.wsgi [None req-2e20dfda-b51b-46fc-b102-a027bbd4b067 admin admin] Action: 'create', calling method: >, body: {"extra_specs": {"hw_rng:allowed": "True"}} {{(pid=121320) _process_stack /opt/stack/nova/nova/api/openstack/wsgi.py:511}}
Nov 09 15:53:31.483109 dv-osbrick-794658-3-ceph devstack@n-api.service[121320]: INFO nova.api.openstack.requestlog [None req-2e20dfda-b51b-46fc-b102-a027bbd4b067 admin admin] 10.222.0.88 "POST /compute/v2.1/flavors/3/os-extra_specs" status: 200 len: 43 microversion: 2.61 time: 0.100600
Nov 09 15:53:31.483765 dv-osbrick-794658-3-ceph devstack@n-api.service[121320]: [pid: 121320|app: 0|req: 14/29] 10.222.0.88 () {64 vars in 1332 bytes} [Tue Nov 9 15:53:31 2021] POST /compute/v2.1/flavors/3/os-extra_specs => generated 43 bytes in 102 msecs (HTTP/1.1 200) 9 headers in 358 bytes (2 switches on core 0)
Nov 09 15:53:34.124165 dv-osbrick-794658-3-ceph devstack@n-api.service[121319]: DEBUG nova.api.openstack.wsgi [None req-9eb45f14-68a9-4bca-b94e-d7272e1467b0 admin admin] Calling method '>' {{(pid=121319) _process_stack /opt/stack/nova/nova/api/openstack/wsgi.py:513}}
Nov 09 15:53:34.131061 dv-osbrick-794658-3-ceph devstack@n-api.service[121319]: INFO nova.api.openstack.requestlog [None req-9eb45f14-68a9-4bca-b94e-d7272e1467b0 admin admin] 10.222.0.88 "GET /compute/v2.1" status: 200 len: 388 microversion: 2.1 time: 0.001471
Nov 09 15:53:34.131061 dv-osbrick-794658-3-ceph devstack@n-api.service[121319]: [pid: 121319|app: 0|req: 16/30] 10.222.0.88 () {54 vars in 930 bytes} [Tue Nov 9 15:53:34 2021] GET /compute/v2.1 => generated 388 bytes in 3 msecs (HTTP/1.1 200) 9 headers in 357 bytes (2 switches on core 0)
Nov 09 15:53:34.187617 dv-osbrick-794658-3-ceph devstack@n-api.service[121320]: DEBUG nova.api.openstack.wsgi [None req-12a1e607-95ce-4a7e-8465-1498d71274cd admin admin] Action: 'create', calling method: >, body: {"flavor": {"OS-FLV-EXT-DATA:ephemeral": 0, "rxtx_factor": 1.0, "disk": 80, "name": "m1.large", "os-flavor-access:is_public": true, "id": "4", "swap": 0, "ram": 8192, "vcpus": 4}} {{(pid=121320) _process_stack /opt/stack/nova/nova/api/openstack/wsgi.py:511}}
Nov 09 15:53:34.284679 dv-osbrick-794658-3-ceph devstack@n-api.service[121320]: INFO nova.api.openstack.requestlog [None req-12a1e607-95ce-4a7e-8465-1498d71274cd admin admin] 10.222.0.88 "POST /compute/v2.1/flavors" status: 200 len: 405 microversion: 2.61 time: 0.152786
Nov 09 15:53:34.285397 dv-osbrick-794658-3-ceph devstack@n-api.service[121320]: [pid: 121320|app: 0|req: 15/31] 10.222.0.88 () {64 vars in 1282 bytes} [Tue Nov 9 15:53:34 2021] POST /compute/v2.1/flavors => generated 405 bytes in 154 msecs (HTTP/1.1 200) 9 headers in 359 bytes (1 switches on core 0)
Nov 09 15:53:34.298783 dv-osbrick-794658-3-ceph devstack@n-api.service[121319]: DEBUG nova.api.openstack.wsgi [None req-9a5485c8-b84f-4541-96ee-c55d8c529651 admin admin] Action: 'create', calling method: >, body: {"extra_specs": {"hw_rng:allowed": "True"}} {{(pid=121319) _process_stack /opt/stack/nova/nova/api/openstack/wsgi.py:511}}
Nov 09 15:53:34.379354 dv-osbrick-794658-3-ceph devstack@n-api.service[121319]: INFO nova.api.openstack.requestlog [None req-9a5485c8-b84f-4541-96ee-c55d8c529651 admin admin] 10.222.0.88 "POST /compute/v2.1/flavors/4/os-extra_specs" status: 200 len: 43 microversion: 2.61 time: 0.084284
Nov 09 15:53:34.380199 dv-osbrick-794658-3-ceph devstack@n-api.service[121319]: [pid: 121319|app: 0|req: 17/32] 10.222.0.88 () {64 vars in 1332 bytes} [Tue Nov 9 15:53:34 2021] POST /compute/v2.1/flavors/4/os-extra_specs => generated 43 bytes in 86 msecs (HTTP/1.1 200) 9 headers in 358 bytes (1 switches on core 0)
Nov 09 15:53:36.933063 dv-osbrick-794658-3-ceph devstack@n-api.service[121320]: DEBUG nova.api.openstack.wsgi [None req-12a1e607-95ce-4a7e-8465-1498d71274cd admin admin] Calling method '>' {{(pid=121320) _process_stack /opt/stack/nova/nova/api/openstack/wsgi.py:513}}
Nov 09 15:53:36.936500 dv-osbrick-794658-3-ceph devstack@n-api.service[121320]: INFO nova.api.openstack.requestlog [None req-12a1e607-95ce-4a7e-8465-1498d71274cd admin admin] 10.222.0.88 "GET /compute/v2.1" status: 200 len: 388 microversion: 2.1 time: 0.001482
Nov 09 15:53:36.936500 dv-osbrick-794658-3-ceph devstack@n-api.service[121320]: [pid: 121320|app: 0|req: 16/33] 10.222.0.88 () {54 vars in 930 bytes} [Tue Nov 9 15:53:36 2021] GET /compute/v2.1 => generated 388 bytes in 2 msecs (HTTP/1.1 200) 9 headers in 357 bytes (1 switches on core 0)
Nov 09 15:53:36.999038 dv-osbrick-794658-3-ceph devstack@n-api.service[121319]: DEBUG nova.api.openstack.wsgi [None req-91448f45-87d0-45bc-89c2-1620ff18753f admin admin] Action: 'create', calling method: >, body: {"flavor": {"rxtx_factor": 1.0, "disk": 160, "vcpus": 8, "name": "m1.xlarge", "os-flavor-access:is_public": true, "id": "5", "swap": 0, "OS-FLV-EXT-DATA:ephemeral": 0, "ram": 16384}} {{(pid=121319) _process_stack /opt/stack/nova/nova/api/openstack/wsgi.py:511}}
Nov 09 15:53:37.092463 dv-osbrick-794658-3-ceph devstack@n-api.service[121319]: INFO nova.api.openstack.requestlog [None req-91448f45-87d0-45bc-89c2-1620ff18753f admin admin] 10.222.0.88 "POST /compute/v2.1/flavors" status: 200 len: 408 microversion: 2.61 time: 0.151491
Nov 09 15:53:37.094067 dv-osbrick-794658-3-ceph devstack@n-api.service[121319]: [pid: 121319|app: 0|req: 18/34] 10.222.0.88 () {64 vars in 1282 bytes} [Tue Nov 9 15:53:36 2021] POST /compute/v2.1/flavors => generated 408 bytes in 153 msecs (HTTP/1.1 200) 9 headers in 359 bytes (2 switches on core 0)
Nov 09 15:53:37.106295 dv-osbrick-794658-3-ceph devstack@n-api.service[121320]: DEBUG nova.api.openstack.wsgi [None req-f59316c2-84bb-4947-83e8-66cfb4ba79ad admin admin] Action: 'create', calling method: >, body: {"extra_specs": {"hw_rng:allowed": "True"}} {{(pid=121320) _process_stack /opt/stack/nova/nova/api/openstack/wsgi.py:511}}
Nov 09 15:53:37.218951 dv-osbrick-794658-3-ceph devstack@n-api.service[121320]: INFO nova.api.openstack.requestlog [None req-f59316c2-84bb-4947-83e8-66cfb4ba79ad admin admin] 10.222.0.88 "POST /compute/v2.1/flavors/5/os-extra_specs" status: 200 len: 43 microversion: 2.61 time: 0.117257
Nov 09 15:53:37.219550 dv-osbrick-794658-3-ceph devstack@n-api.service[121320]: [pid: 121320|app: 0|req: 17/35] 10.222.0.88 () {64 vars in 1332 bytes} [Tue Nov 9 15:53:37 2021] POST /compute/v2.1/flavors/5/os-extra_specs => generated 43 bytes in 119 msecs (HTTP/1.1 200) 9 headers in 358 bytes (2 switches on core 0)
Nov 09 15:54:01.238375 dv-osbrick-794658-3-ceph devstack@n-api.service[121319]: DEBUG nova.api.openstack.wsgi [None req-91448f45-87d0-45bc-89c2-1620ff18753f admin admin] Calling method '>' {{(pid=121319) _process_stack /opt/stack/nova/nova/api/openstack/wsgi.py:513}}
Nov 09 15:54:01.239404 dv-osbrick-794658-3-ceph devstack@n-api.service[121319]: INFO nova.api.openstack.requestlog [None req-91448f45-87d0-45bc-89c2-1620ff18753f admin admin] 10.222.0.88 "GET /compute/v2.1" status: 200 len: 388 microversion: 2.1 time: 0.001471
Nov 09 15:54:01.239808 dv-osbrick-794658-3-ceph devstack@n-api.service[121319]: [pid: 121319|app: 0|req: 19/36] 10.222.0.88 () {54 vars in 930 bytes} [Tue Nov 9 15:54:01 2021] GET /compute/v2.1 => generated 388 bytes in 2 msecs (HTTP/1.1 200) 9 headers in 357 bytes (1 switches on core 0)
Nov 09 15:54:01.297949 dv-osbrick-794658-3-ceph devstack@n-api.service[121320]: DEBUG nova.api.openstack.wsgi [None req-149a6a55-86c8-47db-afd2-a8a22d832f13 admin admin] Calling method '>' {{(pid=121320) _process_stack /opt/stack/nova/nova/api/openstack/wsgi.py:513}}
Nov 09 15:54:01.315591 dv-osbrick-794658-3-ceph devstack@n-api.service[121320]: INFO nova.api.openstack.requestlog [None req-149a6a55-86c8-47db-afd2-a8a22d832f13 admin admin] 10.222.0.88 "GET /compute/v2.1/flavors/detail?is_public=True" status: 200 len: 4202 microversion: 2.61 time: 0.068987
Nov 09 15:54:01.316050 dv-osbrick-794658-3-ceph devstack@n-api.service[121320]: [pid: 121320|app: 0|req: 18/37] 10.222.0.88 () {60 vars in 1291 bytes} [Tue Nov 9 15:54:01 2021] GET /compute/v2.1/flavors/detail?is_public=True => generated 4202 bytes in 70 msecs (HTTP/1.1 200) 9 headers in 360 bytes (1 switches on core 0)
Nov 09 15:54:02.938048 dv-osbrick-794658-3-ceph devstack@n-api.service[121319]: DEBUG nova.api.openstack.wsgi [None req-91448f45-87d0-45bc-89c2-1620ff18753f admin admin] Calling method '>' {{(pid=121319) _process_stack /opt/stack/nova/nova/api/openstack/wsgi.py:513}}
Nov 09 15:54:02.939086 dv-osbrick-794658-3-ceph devstack@n-api.service[121319]: INFO nova.api.openstack.requestlog [None req-91448f45-87d0-45bc-89c2-1620ff18753f admin admin] 10.222.0.88 "GET /compute/v2.1" status: 200 len: 388 microversion: 2.1 time: 0.001439
Nov 09 15:54:02.939482 dv-osbrick-794658-3-ceph devstack@n-api.service[121319]: [pid: 121319|app: 0|req: 20/38] 10.222.0.88 () {56 vars in 1074 bytes} [Tue Nov 9 15:54:02 2021] GET /compute/v2.1 => generated 388 bytes in 2 msecs (HTTP/1.1 200) 9 headers in 357 bytes (1 switches on core 0)
Nov 09 15:54:03.190011 dv-osbrick-794658-3-ceph devstack@n-api.service[121320]: DEBUG nova.api.openstack.wsgi [None req-9b9e441e-0012-4ccf-964a-31e63987b3ab admin admin] Calling method '>' {{(pid=121320) _process_stack /opt/stack/nova/nova/api/openstack/wsgi.py:513}}
Nov 09 15:54:03.195672 dv-osbrick-794658-3-ceph devstack@n-api.service[121320]: INFO nova.api.openstack.wsgi [None req-9b9e441e-0012-4ccf-964a-31e63987b3ab admin admin] HTTP exception thrown: Flavor 42 could not be found.
Nov 09 15:54:03.196244 dv-osbrick-794658-3-ceph devstack@n-api.service[121320]: DEBUG nova.api.openstack.wsgi [None req-9b9e441e-0012-4ccf-964a-31e63987b3ab admin admin] Returning 404 to user: Flavor 42 could not be found. {{(pid=121320) __call__ /opt/stack/nova/nova/api/openstack/wsgi.py:936}}
Nov 09 15:54:03.197047 dv-osbrick-794658-3-ceph devstack@n-api.service[121320]: INFO nova.api.openstack.requestlog [None req-9b9e441e-0012-4ccf-964a-31e63987b3ab admin admin] 10.222.0.88 "GET /compute/v2.1/flavors/42" status: 404 len: 75 microversion: 2.90 time: 0.059756
Nov 09 15:54:03.197769 dv-osbrick-794658-3-ceph devstack@n-api.service[121320]: [pid: 121320|app: 0|req: 19/39] 10.222.0.88 () {60 vars in 1190 bytes} [Tue Nov 9 15:54:03 2021] GET /compute/v2.1/flavors/42 => generated 75 bytes in 61 msecs (HTTP/1.1 404) 9 headers in 380 bytes (1 switches on core 0)
Nov 09 15:54:03.207979 dv-osbrick-794658-3-ceph devstack@n-api.service[121319]: DEBUG nova.api.openstack.wsgi [None req-0a47ca75-78be-4107-bef6-5cfc4024a090 admin admin] Calling method '>' {{(pid=121319) _process_stack /opt/stack/nova/nova/api/openstack/wsgi.py:513}}
Nov 09 15:54:03.228972 dv-osbrick-794658-3-ceph devstack@n-api.service[121319]: INFO nova.api.openstack.requestlog [None req-0a47ca75-78be-4107-bef6-5cfc4024a090 admin admin] 10.222.0.88 "GET /compute/v2.1/flavors?is_public=None" status: 200 len: 2056 microversion: 2.90 time: 0.024670
Nov 09 15:54:03.229775 dv-osbrick-794658-3-ceph devstack@n-api.service[121319]: [pid: 121319|app: 0|req: 21/40] 10.222.0.88 () {60 vars in 1210 bytes} [Tue Nov 9 15:54:03 2021] GET /compute/v2.1/flavors?is_public=None => generated 2056 bytes in 26 msecs (HTTP/1.1 200) 9 headers in 360 bytes (1 switches on core 0)
Nov 09 15:54:03.240594 dv-osbrick-794658-3-ceph devstack@n-api.service[121320]: DEBUG nova.api.openstack.wsgi [None req-ac7b5e4e-eb5d-40ff-808e-cef89b1dfb68 admin admin] Calling method '>' {{(pid=121320) _process_stack /opt/stack/nova/nova/api/openstack/wsgi.py:513}}
Nov 09 15:54:03.263174 dv-osbrick-794658-3-ceph devstack@n-api.service[121320]: INFO nova.api.openstack.requestlog [None req-ac7b5e4e-eb5d-40ff-808e-cef89b1dfb68 admin admin] 10.222.0.88 "GET /compute/v2.1/flavors?is_public=None" status: 200 len: 2056 microversion: 2.90 time: 0.026139
Nov 09 15:54:03.263750 dv-osbrick-794658-3-ceph devstack@n-api.service[121320]: [pid: 121320|app: 0|req: 20/41] 10.222.0.88 () {60 vars in 1210 bytes} [Tue Nov 9 15:54:03 2021] GET /compute/v2.1/flavors?is_public=None => generated 2056 bytes in 27 msecs (HTTP/1.1 200) 9 headers in 360 bytes (1 switches on core 0)
Nov 09 15:54:03.273815 dv-osbrick-794658-3-ceph devstack@n-api.service[121319]: DEBUG nova.api.openstack.wsgi [None req-e6f699aa-b81e-460b-9e13-6e882e2cb371 admin admin] Calling method '>' {{(pid=121319) _process_stack /opt/stack/nova/nova/api/openstack/wsgi.py:513}}
Nov 09 15:54:03.279498 dv-osbrick-794658-3-ceph devstack@n-api.service[121319]: INFO nova.api.openstack.wsgi [None req-e6f699aa-b81e-460b-9e13-6e882e2cb371 admin admin] HTTP exception thrown: Flavor 42 could not be found.
Nov 09 15:54:03.280066 dv-osbrick-794658-3-ceph devstack@n-api.service[121319]: DEBUG nova.api.openstack.wsgi [None req-e6f699aa-b81e-460b-9e13-6e882e2cb371 admin admin] Returning 404 to user: Flavor 42 could not be found. {{(pid=121319) __call__ /opt/stack/nova/nova/api/openstack/wsgi.py:936}}
Nov 09 15:54:03.280851 dv-osbrick-794658-3-ceph devstack@n-api.service[121319]: INFO nova.api.openstack.requestlog [None req-e6f699aa-b81e-460b-9e13-6e882e2cb371 admin admin] 10.222.0.88 "GET /compute/v2.1/flavors/42" status: 404 len: 75 microversion: 2.90 time: 0.010741
Nov 09 15:54:03.281353 dv-osbrick-794658-3-ceph devstack@n-api.service[121319]: [pid: 121319|app: 0|req: 22/42] 10.222.0.88 () {60 vars in 1190 bytes} [Tue Nov 9 15:54:03 2021] GET /compute/v2.1/flavors/42 => generated 75 bytes in 12 msecs (HTTP/1.1 404) 9 headers in 380 bytes (1 switches on core 0)
Nov 09 15:54:04.768643 dv-osbrick-794658-3-ceph devstack@n-api.service[121320]: DEBUG nova.api.openstack.wsgi [None req-ac7b5e4e-eb5d-40ff-808e-cef89b1dfb68 admin admin] Calling method '>' {{(pid=121320) _process_stack /opt/stack/nova/nova/api/openstack/wsgi.py:513}}
Nov 09 15:54:04.769643 dv-osbrick-794658-3-ceph devstack@n-api.service[121320]: INFO nova.api.openstack.requestlog [None req-ac7b5e4e-eb5d-40ff-808e-cef89b1dfb68 admin admin] 10.222.0.88 "GET /compute/v2.1" status: 200 len: 388 microversion: 2.1 time: 0.001448
Nov 09 15:54:04.770052 dv-osbrick-794658-3-ceph devstack@n-api.service[121320]: [pid: 121320|app: 0|req: 21/43] 10.222.0.88 () {56 vars in 1074 bytes} [Tue Nov 9 15:54:04 2021] GET /compute/v2.1 => generated 388 bytes in 3 msecs (HTTP/1.1 200) 9 headers in 357 bytes (1 switches on core 0)
Nov 09 15:54:04.964637 dv-osbrick-794658-3-ceph devstack@n-api.service[121319]: DEBUG nova.api.openstack.wsgi [None req-7d789d18-90a5-47e9-8caa-ca1848707620 admin admin] Calling method '>' {{(pid=121319) _process_stack /opt/stack/nova/nova/api/openstack/wsgi.py:513}}
Nov 09 15:54:04.971064 dv-osbrick-794658-3-ceph devstack@n-api.service[121319]: INFO nova.api.openstack.wsgi [None req-7d789d18-90a5-47e9-8caa-ca1848707620 admin admin] HTTP exception thrown: Flavor 84 could not be found.
Nov 09 15:54:04.971628 dv-osbrick-794658-3-ceph devstack@n-api.service[121319]: DEBUG nova.api.openstack.wsgi [None req-7d789d18-90a5-47e9-8caa-ca1848707620 admin admin] Returning 404 to user: Flavor 84 could not be found. {{(pid=121319) __call__ /opt/stack/nova/nova/api/openstack/wsgi.py:936}}
Nov 09 15:54:04.972417 dv-osbrick-794658-3-ceph devstack@n-api.service[121319]: INFO nova.api.openstack.requestlog [None req-7d789d18-90a5-47e9-8caa-ca1848707620 admin admin] 10.222.0.88 "GET /compute/v2.1/flavors/84" status: 404 len: 75 microversion: 2.90 time: 0.057250
Nov 09 15:54:04.972924 dv-osbrick-794658-3-ceph devstack@n-api.service[121319]: [pid: 121319|app: 0|req: 23/44] 10.222.0.88 () {60 vars in 1190 bytes} [Tue Nov 9 15:54:04 2021] GET /compute/v2.1/flavors/84 => generated 75 bytes in 58 msecs (HTTP/1.1 404) 9 headers in 380 bytes (1 switches on core 0)
Nov 09 15:54:04.983398 dv-osbrick-794658-3-ceph devstack@n-api.service[121320]: DEBUG nova.api.openstack.wsgi [None req-2578b071-7c78-4ad8-b1ee-e7e09c85e43a admin admin] Calling method '>' {{(pid=121320) _process_stack /opt/stack/nova/nova/api/openstack/wsgi.py:513}}
Nov 09 15:54:04.997243 dv-osbrick-794658-3-ceph devstack@n-api.service[121320]: INFO nova.api.openstack.requestlog [None req-2578b071-7c78-4ad8-b1ee-e7e09c85e43a admin admin] 10.222.0.88 "GET /compute/v2.1/flavors?is_public=None" status: 200 len: 2056 microversion: 2.90 time: 0.017287
Nov 09 15:54:04.997777 dv-osbrick-794658-3-ceph devstack@n-api.service[121320]: [pid: 121320|app: 0|req: 22/45] 10.222.0.88 () {60 vars in 1210 bytes} [Tue Nov 9 15:54:04 2021] GET /compute/v2.1/flavors?is_public=None => generated 2056 bytes in 18 msecs (HTTP/1.1 200) 9 headers in 360 bytes (1 switches on core 0)
