May 14 17:02:06.355016 dv-osbrick-791274-3-ceph neutron-server[80069]: DEBUG neutron_lib.callbacks.manager [None req-8f1e7747-9611-4b34-8668-cdecb9b51b95 None None] Notify callbacks ['neutron.services.segments.db._update_segment_host_mapping_for_agent-8787445080589', 'neutron.plugins.ml2.plugin.Ml2Plugin._retry_binding_revived_agents-1769675'] for agent, after_update {{(pid=80069) _notify_loop /usr/local/lib/python3.8/dist-packages/neutron_lib/callbacks/manager.py:192}}
May 14 17:02:07.146690 dv-osbrick-791274-3-ceph neutron-server[80070]: DEBUG neutron.db.agents_db [None req-30b91e06-8fe8-4f44-a6fb-80552fdb97b0 None None] Agent healthcheck: found 5 active agents {{(pid=80070) agent_health_check /opt/stack/neutron/neutron/db/agents_db.py:325}}
May 14 17:02:07.467780 dv-osbrick-791274-3-ceph neutron-server[80069]: DEBUG neutron_lib.callbacks.manager [None req-12527ae9-332d-4dfd-aeec-e4d0158c874c None None] Notify callbacks ['neutron.services.segments.db._update_segment_host_mapping_for_agent-8787445080589', 'neutron.plugins.ml2.plugin.Ml2Plugin._retry_binding_revived_agents-1769675'] for agent, after_update {{(pid=80069) _notify_loop /usr/local/lib/python3.8/dist-packages/neutron_lib/callbacks/manager.py:192}}
May 14 17:02:11.275350 dv-osbrick-791274-3-ceph neutron-server[80067]: DEBUG neutron.pecan_wsgi.hooks.policy_enforcement [req-96adef7b-7269-4b2c-84ec-757e0aeafcac req-a63cdddd-766a-4e08-a9a5-17c0a67f77ae tempest-TestMinimumBasicScenario-1231325194 tempest-TestMinimumBasicScenario-1231325194-project] Attributes excluded by policy engine: ['standard_attr_id', 'binding:profile', 'binding:host_id', 'binding:vif_type', 'binding:vif_details'] {{(pid=80067) _exclude_attributes_by_policy /opt/stack/neutron/neutron/pecan_wsgi/hooks/policy_enforcement.py:255}}
May 14 17:02:11.277060 dv-osbrick-791274-3-ceph neutron-server[80067]: INFO neutron.wsgi [req-96adef7b-7269-4b2c-84ec-757e0aeafcac req-a63cdddd-766a-4e08-a9a5-17c0a67f77ae tempest-TestMinimumBasicScenario-1231325194 tempest-TestMinimumBasicScenario-1231325194-project] 10.222.0.74 "GET /v2.0/ports?device_id=3093317e-5e1f-4461-8676-0dd9462cce8b HTTP/1.1" status: 200 len: 945 time: 0.1364737
May 14 17:02:11.365414 dv-osbrick-791274-3-ceph neutron-server[80067]: INFO neutron.wsgi [req-96adef7b-7269-4b2c-84ec-757e0aeafcac req-f37a8bf5-1d73-4a95-b0a8-9357f5270309 tempest-TestMinimumBasicScenario-1231325194 tempest-TestMinimumBasicScenario-1231325194-project] 10.222.0.74 "GET /v2.0/security-groups?id=e86abe7b-b97b-4f4a-a47e-7323a6504e49&fields=id&fields=name HTTP/1.1" status: 200 len: 286 time: 0.0739968
May 14 17:02:11.408773 dv-osbrick-791274-3-ceph neutron-server[80067]: DEBUG neutron.wsgi [-] (80067) accepted ('10.222.0.74', 36302) {{(pid=80067) server /usr/local/lib/python3.8/dist-packages/eventlet/wsgi.py:992}}
May 14 17:02:11.623236 dv-osbrick-791274-3-ceph neutron-server[80067]: DEBUG neutron.pecan_wsgi.hooks.policy_enforcement [None req-b3bcbae5-bfae-4bc6-8a68-84c99bf3f9dc tempest-TestMinimumBasicScenario-1567310393 tempest-TestMinimumBasicScenario-1567310393-project-admin] Attributes excluded by policy engine: ['standard_attr_id'] {{(pid=80067) _exclude_attributes_by_policy /opt/stack/neutron/neutron/pecan_wsgi/hooks/policy_enforcement.py:255}}
May 14 17:02:11.625055 dv-osbrick-791274-3-ceph neutron-server[80067]: INFO neutron.wsgi [None req-b3bcbae5-bfae-4bc6-8a68-84c99bf3f9dc tempest-TestMinimumBasicScenario-1567310393 tempest-TestMinimumBasicScenario-1567310393-project-admin] 10.222.0.74 "GET /v2.0/ports?device_id=3093317e-5e1f-4461-8676-0dd9462cce8b HTTP/1.1" status: 200 len: 1093 time: 0.2145562
May 14 17:02:11.629913 dv-osbrick-791274-3-ceph neutron-server[80067]: DEBUG neutron.wsgi [-] (80067) accepted ('10.222.0.74', 36308) {{(pid=80067) server /usr/local/lib/python3.8/dist-packages/eventlet/wsgi.py:992}}
May 14 17:02:11.637315 dv-osbrick-791274-3-ceph neutron-server[80067]: DEBUG neutron.api.v2.base [None req-fe7d1117-6e67-4532-b527-3439ab8ba0e0 tempest-TestMinimumBasicScenario-1231325194 tempest-TestMinimumBasicScenario-1231325194-project] Request body: {'floatingip': {'floating_network_id': '6031090a-d9f5-4357-a279-4f843716a020', 'port_id': 'b7a1db17-6027-4bf8-8f4e-5b4889d02373', 'tenant_id': '882512aa7d3b4a4696d74f545078a596', 'fixed_ip_address': '172.20.0.6'}} {{(pid=80067) prepare_request_body /opt/stack/neutron/neutron/api/v2/base.py:729}}
May 14 17:02:11.644982 dv-osbrick-791274-3-ceph neutron-server[80067]: DEBUG neutron.db.quota.driver [None req-fe7d1117-6e67-4532-b527-3439ab8ba0e0 tempest-TestMinimumBasicScenario-1231325194 tempest-TestMinimumBasicScenario-1231325194-project] Resources subnetpool have unlimited quota limit. It is not required to calculate headroom {{(pid=80067) make_reservation /opt/stack/neutron/neutron/db/quota/driver.py:219}}
May 14 17:02:11.651039 dv-osbrick-791274-3-ceph neutron-server[80067]: DEBUG neutron.quota.resource [None req-fe7d1117-6e67-4532-b527-3439ab8ba0e0 tempest-TestMinimumBasicScenario-1231325194 tempest-TestMinimumBasicScenario-1231325194-project] Usage tracker for resource:floatingip and tenant:882512aa7d3b4a4696d74f545078a596 is out of sync, need to count used quota {{(pid=80067) count_used /opt/stack/neutron/neutron/quota/resource.py:270}}
May 14 17:02:11.656828 dv-osbrick-791274-3-ceph neutron-server[80067]: DEBUG neutron.quota.resource [None req-fe7d1117-6e67-4532-b527-3439ab8ba0e0 tempest-TestMinimumBasicScenario-1231325194 tempest-TestMinimumBasicScenario-1231325194-project] Quota usage for floatingip was recalculated. Used quota:0. {{(pid=80067) count_used /opt/stack/neutron/neutron/quota/resource.py:290}}
May 14 17:02:11.666863 dv-osbrick-791274-3-ceph neutron-server[80067]: DEBUG neutron.db.quota.driver [None req-fe7d1117-6e67-4532-b527-3439ab8ba0e0 tempest-TestMinimumBasicScenario-1231325194 tempest-TestMinimumBasicScenario-1231325194-project] Attempting to reserve 1 items for resource floatingip. Total usage: 0; quota limit: 50; headroom:50 {{(pid=80067) make_reservation /opt/stack/neutron/neutron/db/quota/driver.py:246}}
May 14 17:02:11.687131 dv-osbrick-791274-3-ceph neutron-server[80067]: DEBUG neutron_lib.callbacks.manager [None req-fe7d1117-6e67-4532-b527-3439ab8ba0e0 tempest-TestMinimumBasicScenario-1231325194 tempest-TestMinimumBasicScenario-1231325194-project] Notify callbacks [] for floatingip, before_create {{(pid=80067) _notify_loop /usr/local/lib/python3.8/dist-packages/neutron_lib/callbacks/manager.py:192}}
May 14 17:02:11.932786 dv-osbrick-791274-3-ceph neutron-server[80067]: DEBUG neutron_lib.callbacks.manager [None req-fe7d1117-6e67-4532-b527-3439ab8ba0e0 tempest-TestMinimumBasicScenario-1231325194 tempest-TestMinimumBasicScenario-1231325194-project] Notify callbacks ['neutron.plugins.ml2.plugin.SecurityGroupDbMixin._ensure_default_security_group_handler-1701453'] for port, before_create {{(pid=80067) _notify_loop /usr/local/lib/python3.8/dist-packages/neutron_lib/callbacks/manager.py:192}}
May 14 17:02:12.098702 dv-osbrick-791274-3-ceph neutron-server[80067]: DEBUG neutron.db.db_base_plugin_common [None req-fe7d1117-6e67-4532-b527-3439ab8ba0e0 tempest-TestMinimumBasicScenario-1231325194 tempest-TestMinimumBasicScenario-1231325194-project] Allocated IP 172.31.1.91 (6031090a-d9f5-4357-a279-4f843716a020/8099ad09-c81b-423e-9334-5e46417fb712/77593c73-e6b5-4c55-8330-8dafd8205cb7) {{(pid=80067) _store_ip_allocation /opt/stack/neutron/neutron/db/db_base_plugin_common.py:131}}
May 14 17:02:12.346413 dv-osbrick-791274-3-ceph neutron-server[80067]: DEBUG neutron_lib.callbacks.manager [None req-fe7d1117-6e67-4532-b527-3439ab8ba0e0 tempest-TestMinimumBasicScenario-1231325194 tempest-TestMinimumBasicScenario-1231325194-project] Notify callbacks [] for port, precommit_create {{(pid=80067) _notify_loop /usr/local/lib/python3.8/dist-packages/neutron_lib/callbacks/manager.py:192}}
May 14 17:02:12.404756 dv-osbrick-791274-3-ceph neutron-server[80067]: DEBUG neutron_lib.callbacks.manager [None req-fe7d1117-6e67-4532-b527-3439ab8ba0e0 tempest-TestMinimumBasicScenario-1231325194 tempest-TestMinimumBasicScenario-1231325194-project] Notify callbacks ['neutron.plugins.ml2.plugin.SecurityGroupServerNotifierRpcMixin.notify_sg_on_port_change-1701386', 'neutron.plugins.ml2.ovo_rpc._ObjectChangeHandler.handle_event-836630', 'neutron.api.rpc.agentnotifiers.dhcp_rpc_agent_api.DhcpAgentNotifyAPI._native_event_send_dhcp_notification-1040420', 'neutron.db.l3_dvrscheduler_db._notify_l3_agent_new_port-8787444582193'] for port, after_create {{(pid=80067) _notify_loop /usr/local/lib/python3.8/dist-packages/neutron_lib/callbacks/manager.py:192}}
May 14 17:02:12.413639 dv-osbrick-791274-3-ceph neutron-server[80067]: DEBUG oslo_concurrency.lockutils [-] Lock "event-dispatch" acquired by "neutron.plugins.ml2.ovo_rpc._ObjectChangeHandler.dispatch_events" :: waited 0.000s {{(pid=80067) inner /usr/local/lib/python3.8/dist-packages/oslo_concurrency/lockutils.py:355}}
May 14 17:02:12.535612 dv-osbrick-791274-3-ceph neutron-server[80067]: DEBUG neutron.scheduler.dhcp_agent_scheduler [None req-fe7d1117-6e67-4532-b527-3439ab8ba0e0 tempest-TestMinimumBasicScenario-1231325194 tempest-TestMinimumBasicScenario-1231325194-project] Network 6031090a-d9f5-4357-a279-4f843716a020 is already hosted by enough agents. {{(pid=80067) _get_dhcp_agents_hosting_network /opt/stack/neutron/neutron/scheduler/dhcp_agent_scheduler.py:275}}
May 14 17:02:12.541838 dv-osbrick-791274-3-ceph neutron-server[80067]: DEBUG neutron.scheduler.base_scheduler [None req-fe7d1117-6e67-4532-b527-3439ab8ba0e0 tempest-TestMinimumBasicScenario-1231325194 tempest-TestMinimumBasicScenario-1231325194-project] Resources bound (agent type, host, resource id): {{(pid=80067) schedule /opt/stack/neutron/neutron/scheduler/base_scheduler.py:57}}
May 14 17:02:12.549479 dv-osbrick-791274-3-ceph neutron-server[80067]: DEBUG neutron.db.l3_dvrscheduler_db [None req-fe7d1117-6e67-4532-b527-3439ab8ba0e0 tempest-TestMinimumBasicScenario-1231325194 tempest-TestMinimumBasicScenario-1231325194-project] Received port after_create {{(pid=80067) _notify_l3_agent_new_port /opt/stack/neutron/neutron/db/l3_dvrscheduler_db.py:537}}
May 14 17:02:12.648567 dv-osbrick-791274-3-ceph neutron-server[80067]: DEBUG neutron.api.rpc.handlers.resources_rpc [None req-fe7d1117-6e67-4532-b527-3439ab8ba0e0 tempest-TestMinimumBasicScenario-1231325194 tempest-TestMinimumBasicScenario-1231325194-project] Pushing event updated for resources: {'Port': ['ID=77593c73-e6b5-4c55-8330-8dafd8205cb7,revision_number=1']} {{(pid=80067) push /opt/stack/neutron/neutron/api/rpc/handlers/resources_rpc.py:237}}
May 14 17:02:12.675627 dv-osbrick-791274-3-ceph neutron-server[80067]: DEBUG neutron.api.rpc.callbacks.version_manager [None req-fe7d1117-6e67-4532-b527-3439ab8ba0e0 tempest-TestMinimumBasicScenario-1231325194 tempest-TestMinimumBasicScenario-1231325194-project] Version for resource type AddressGroup changed None to 1.2 on consumer Open vSwitch agent@dv-osbrick-791274-3-ceph {{(pid=80067) _set_version /opt/stack/neutron/neutron/api/rpc/callbacks/version_manager.py:113}}
May 14 17:02:12.676203 dv-osbrick-791274-3-ceph neutron-server[80067]: DEBUG neutron.api.rpc.callbacks.version_manager [None req-fe7d1117-6e67-4532-b527-3439ab8ba0e0 tempest-TestMinimumBasicScenario-1231325194 tempest-TestMinimumBasicScenario-1231325194-project] Version for resource type ConntrackHelper changed None to 1.0 on consumer Open vSwitch agent@dv-osbrick-791274-3-ceph {{(pid=80067) _set_version /opt/stack/neutron/neutron/api/rpc/callbacks/version_manager.py:113}}
May 14 17:02:12.676781 dv-osbrick-791274-3-ceph neutron-server[80067]: DEBUG neutron.api.rpc.callbacks.version_manager [None req-fe7d1117-6e67-4532-b527-3439ab8ba0e0 tempest-TestMinimumBasicScenario-1231325194 tempest-TestMinimumBasicScenario-1231325194-project] Version for resource type Log changed None to 1.0 on consumer Open vSwitch agent@dv-osbrick-791274-3-ceph {{(pid=80067) _set_version /opt/stack/neutron/neutron/api/rpc/callbacks/version_manager.py:113}}
May 14 17:02:12.677362 dv-osbrick-791274-3-ceph neutron-server[80067]: DEBUG neutron.api.rpc.callbacks.version_manager [None req-fe7d1117-6e67-4532-b527-3439ab8ba0e0 tempest-TestMinimumBasicScenario-1231325194 tempest-TestMinimumBasicScenario-1231325194-project] Version for resource type Network changed None to 1.1 on consumer Open vSwitch agent@dv-osbrick-791274-3-ceph {{(pid=80067) _set_version /opt/stack/neutron/neutron/api/rpc/callbacks/version_manager.py:113}}
May 14 17:02:12.677966 dv-osbrick-791274-3-ceph neutron-server[80067]: DEBUG neutron.api.rpc.callbacks.version_manager [None req-fe7d1117-6e67-4532-b527-3439ab8ba0e0 tempest-TestMinimumBasicScenario-1231325194 tempest-TestMinimumBasicScenario-1231325194-project] Version for resource type Port changed None to 1.7 on consumer Open vSwitch agent@dv-osbrick-791274-3-ceph {{(pid=80067) _set_version /opt/stack/neutron/neutron/api/rpc/callbacks/version_manager.py:113}}
May 14 17:02:12.678538 dv-osbrick-791274-3-ceph neutron-server[80067]: DEBUG neutron.api.rpc.callbacks.version_manager [None req-fe7d1117-6e67-4532-b527-3439ab8ba0e0 tempest-TestMinimumBasicScenario-1231325194 tempest-TestMinimumBasicScenario-1231325194-project] Version for resource type PortForwarding changed None to 1.2 on consumer Open vSwitch agent@dv-osbrick-791274-3-ceph {{(pid=80067) _set_version /opt/stack/neutron/neutron/api/rpc/callbacks/version_manager.py:113}}
May 14 17:02:12.679128 dv-osbrick-791274-3-ceph neutron-server[80067]: DEBUG neutron.api.rpc.callbacks.version_manager [None req-fe7d1117-6e67-4532-b527-3439ab8ba0e0 tempest-TestMinimumBasicScenario-1231325194 tempest-TestMinimumBasicScenario-1231325194-project] Version for resource type QosPolicy changed None to 1.8 on consumer Open vSwitch agent@dv-osbrick-791274-3-ceph {{(pid=80067) _set_version /opt/stack/neutron/neutron/api/rpc/callbacks/version_manager.py:113}}
May 14 17:02:12.679714 dv-osbrick-791274-3-ceph neutron-server[80067]: DEBUG neutron.api.rpc.callbacks.version_manager [None req-fe7d1117-6e67-4532-b527-3439ab8ba0e0 tempest-TestMinimumBasicScenario-1231325194 tempest-TestMinimumBasicScenario-1231325194-project] Version for resource type SecurityGroup changed None to 1.4 on consumer Open vSwitch agent@dv-osbrick-791274-3-ceph {{(pid=80067) _set_version /opt/stack/neutron/neutron/api/rpc/callbacks/version_manager.py:113}}
May 14 17:02:12.680305 dv-osbrick-791274-3-ceph neutron-server[80067]: DEBUG neutron.api.rpc.callbacks.version_manager [None req-fe7d1117-6e67-4532-b527-3439ab8ba0e0 tempest-TestMinimumBasicScenario-1231325194 tempest-TestMinimumBasicScenario-1231325194-project] Version for resource type SecurityGroupRule changed None to 1.2 on consumer Open vSwitch agent@dv-osbrick-791274-3-ceph {{(pid=80067) _set_version /opt/stack/neutron/neutron/api/rpc/callbacks/version_manager.py:113}}
May 14 17:02:12.680883 dv-osbrick-791274-3-ceph neutron-server[80067]: DEBUG neutron.api.rpc.callbacks.version_manager [None req-fe7d1117-6e67-4532-b527-3439ab8ba0e0 tempest-TestMinimumBasicScenario-1231325194 tempest-TestMinimumBasicScenario-1231325194-project] Version for resource type SubPort changed None to 1.0 on consumer Open vSwitch agent@dv-osbrick-791274-3-ceph {{(pid=80067) _set_version /opt/stack/neutron/neutron/api/rpc/callbacks/version_manager.py:113}}
May 14 17:02:12.681465 dv-osbrick-791274-3-ceph neutron-server[80067]: DEBUG neutron.api.rpc.callbacks.version_manager [None req-fe7d1117-6e67-4532-b527-3439ab8ba0e0 tempest-TestMinimumBasicScenario-1231325194 tempest-TestMinimumBasicScenario-1231325194-project] Version for resource type Subnet changed None to 1.1 on consumer Open vSwitch agent@dv-osbrick-791274-3-ceph {{(pid=80067) _set_version /opt/stack/neutron/neutron/api/rpc/callbacks/version_manager.py:113}}
May 14 17:02:12.682079 dv-osbrick-791274-3-ceph neutron-server[80067]: DEBUG neutron.api.rpc.callbacks.version_manager [None req-fe7d1117-6e67-4532-b527-3439ab8ba0e0 tempest-TestMinimumBasicScenario-1231325194 tempest-TestMinimumBasicScenario-1231325194-project] Version for resource type Trunk changed None to 1.1 on consumer Open vSwitch agent@dv-osbrick-791274-3-ceph {{(pid=80067) _set_version /opt/stack/neutron/neutron/api/rpc/callbacks/version_manager.py:113}}
May 14 17:02:12.698165 dv-osbrick-791274-3-ceph neutron-server[80067]: DEBUG oslo_concurrency.lockutils [None req-fe7d1117-6e67-4532-b527-3439ab8ba0e0 tempest-TestMinimumBasicScenario-1231325194 tempest-TestMinimumBasicScenario-1231325194-project] Lock "event-dispatch" released by "neutron.plugins.ml2.ovo_rpc._ObjectChangeHandler.dispatch_events" :: held 0.284s {{(pid=80067) inner /usr/local/lib/python3.8/dist-packages/oslo_concurrency/lockutils.py:367}}
May 14 17:02:13.593181 dv-osbrick-791274-3-ceph neutron-server[80067]: DEBUG neutron_lib.callbacks.manager [None req-fe7d1117-6e67-4532-b527-3439ab8ba0e0 tempest-TestMinimumBasicScenario-1231325194 tempest-TestMinimumBasicScenario-1231325194-project] Notify callbacks [] for floatingip, precommit_create {{(pid=80067) _notify_loop /usr/local/lib/python3.8/dist-packages/neutron_lib/callbacks/manager.py:192}}
May 14 17:02:13.763290 dv-osbrick-791274-3-ceph neutron-server[80067]: DEBUG neutron_lib.callbacks.manager [None req-fe7d1117-6e67-4532-b527-3439ab8ba0e0 tempest-TestMinimumBasicScenario-1231325194 tempest-TestMinimumBasicScenario-1231325194-project] Notify callbacks ['neutron.plugins.ml2.plugin.SecurityGroupDbMixin._ensure_default_security_group_handler-1701453'] for port, before_update {{(pid=80067) _notify_loop /usr/local/lib/python3.8/dist-packages/neutron_lib/callbacks/manager.py:192}}
May 14 17:02:14.094894 dv-osbrick-791274-3-ceph neutron-server[80067]: DEBUG neutron_lib.callbacks.manager [None req-fe7d1117-6e67-4532-b527-3439ab8ba0e0 tempest-TestMinimumBasicScenario-1231325194 tempest-TestMinimumBasicScenario-1231325194-project] Notify callbacks [] for port, precommit_update {{(pid=80067) _notify_loop /usr/local/lib/python3.8/dist-packages/neutron_lib/callbacks/manager.py:192}}
May 14 17:02:14.103153 dv-osbrick-791274-3-ceph neutron-server[80067]: DEBUG neutron_lib.callbacks.manager [None req-fe7d1117-6e67-4532-b527-3439ab8ba0e0 tempest-TestMinimumBasicScenario-1231325194 tempest-TestMinimumBasicScenario-1231325194-project] Notify callbacks ['neutron.plugins.ml2.plugin.SecurityGroupServerNotifierRpcMixin.notify_sg_on_port_change-1701386', 'neutron.plugins.ml2.ovo_rpc._ObjectChangeHandler.handle_event-836630', 'neutron.api.rpc.agentnotifiers.dhcp_rpc_agent_api.DhcpAgentNotifyAPI._native_event_send_dhcp_notification-1040420', 'neutron.db.l3_db.L3RpcNotifierMixin._notify_gateway_port_ip_changed-8787445052106', 'neutron.db.l3_dvrscheduler_db._notify_l3_agent_port_update-8787444582211', 'neutron.db.l3_hascheduler_db._notify_l3_agent_ha_port_update-8787444582256'] for port, after_update {{(pid=80067) _notify_loop /usr/local/lib/python3.8/dist-packages/neutron_lib/callbacks/manager.py:192}}
May 14 17:02:14.112684 dv-osbrick-791274-3-ceph neutron-server[80067]: DEBUG oslo_concurrency.lockutils [None req-e931450b-1c12-4f6c-8e64-f1634d0422e6 admin admin] Lock "event-dispatch" acquired by "neutron.plugins.ml2.ovo_rpc._ObjectChangeHandler.dispatch_events" :: waited 0.000s {{(pid=80067) inner /usr/local/lib/python3.8/dist-packages/oslo_concurrency/lockutils.py:355}}
May 14 17:02:14.223569 dv-osbrick-791274-3-ceph neutron-server[80067]: DEBUG neutron_lib.callbacks.manager [None req-fe7d1117-6e67-4532-b527-3439ab8ba0e0 tempest-TestMinimumBasicScenario-1231325194 tempest-TestMinimumBasicScenario-1231325194-project] Notify callbacks ['neutron.services.l3_router.l3_router_plugin.DVRResourceOperationHandler._create_dvr_floating_gw_port-665198'] for floatingip, after_update {{(pid=80067) _notify_loop /usr/local/lib/python3.8/dist-packages/neutron_lib/callbacks/manager.py:192}}
May 14 17:02:14.569457 dv-osbrick-791274-3-ceph neutron-server[80067]: DEBUG neutron.api.rpc.handlers.resources_rpc [None req-fe7d1117-6e67-4532-b527-3439ab8ba0e0 tempest-TestMinimumBasicScenario-1231325194 tempest-TestMinimumBasicScenario-1231325194-project] Pushing event updated for resources: {'Port': ['ID=77593c73-e6b5-4c55-8330-8dafd8205cb7,revision_number=2']} {{(pid=80067) push /opt/stack/neutron/neutron/api/rpc/handlers/resources_rpc.py:237}}
May 14 17:02:14.575831 dv-osbrick-791274-3-ceph neutron-server[80067]: DEBUG oslo_concurrency.lockutils [None req-fe7d1117-6e67-4532-b527-3439ab8ba0e0 tempest-TestMinimumBasicScenario-1231325194 tempest-TestMinimumBasicScenario-1231325194-project] Lock "event-dispatch" released by "neutron.plugins.ml2.ovo_rpc._ObjectChangeHandler.dispatch_events" :: held 0.463s {{(pid=80067) inner /usr/local/lib/python3.8/dist-packages/oslo_concurrency/lockutils.py:367}}
May 14 17:02:14.600008 dv-osbrick-791274-3-ceph neutron-server[80067]: INFO neutron.db.l3_db [None req-fe7d1117-6e67-4532-b527-3439ab8ba0e0 tempest-TestMinimumBasicScenario-1231325194 tempest-TestMinimumBasicScenario-1231325194-project] Floating IP d0660e35-4f67-4c3d-8a58-4b1093f782c2 associated. External IP: 172.31.1.91, port: b7a1db17-6027-4bf8-8f4e-5b4889d02373.
May 14 17:02:15.249185 dv-osbrick-791274-3-ceph neutron-server[80067]: DEBUG neutron.scheduler.l3_agent_scheduler [None req-fe7d1117-6e67-4532-b527-3439ab8ba0e0 tempest-TestMinimumBasicScenario-1231325194 tempest-TestMinimumBasicScenario-1231325194-project] Router 73a8e5ed-a5ac-457a-bbe0-60c186948f58 has already been hosted by L3 agent f4aaea41-a395-4c28-aaac-31d56dc03f65 {{(pid=80067) _get_candidates /opt/stack/neutron/neutron/scheduler/l3_agent_scheduler.py:127}}
May 14 17:02:15.620241 dv-osbrick-791274-3-ceph neutron-server[80067]: DEBUG neutron.api.rpc.agentnotifiers.l3_rpc_agent_api [None req-fe7d1117-6e67-4532-b527-3439ab8ba0e0 tempest-TestMinimumBasicScenario-1231325194 tempest-TestMinimumBasicScenario-1231325194-project] Notify agent at l3_agent.dv-osbrick-791274-3-ceph the message routers_updated {{(pid=80067) _agent_notification /opt/stack/neutron/neutron/api/rpc/agentnotifiers/l3_rpc_agent_api.py:68}}
May 14 17:02:15.641883 dv-osbrick-791274-3-ceph neutron-server[80070]: DEBUG neutron.api.rpc.handlers.l3_rpc [None req-10b7a22f-434b-41f4-b2ce-9eadf3317cde None None] Sync routers for ids ['73a8e5ed-a5ac-457a-bbe0-60c186948f58'] in dv-osbrick-791274-3-ceph {{(pid=80070) sync_routers /opt/stack/neutron/neutron/api/rpc/handlers/l3_rpc.py:125}}
May 14 17:02:15.663256 dv-osbrick-791274-3-ceph neutron-server[80070]: DEBUG neutron.db.l3_dvrscheduler_db [None req-10b7a22f-434b-41f4-b2ce-9eadf3317cde None None] Routers {'73a8e5ed-a5ac-457a-bbe0-60c186948f58'} bound to L3 agent in host dv-osbrick-791274-3-ceph {{(pid=80070) _get_router_ids_for_agent /opt/stack/neutron/neutron/db/l3_dvrscheduler_db.py:422}}
May 14 17:02:15.664349 dv-osbrick-791274-3-ceph neutron-server[80070]: DEBUG neutron.db.l3_hamode_db [None req-10b7a22f-434b-41f4-b2ce-9eadf3317cde None None] neutron.services.l3_router.l3_router_plugin.L3RouterPlugin method get_ha_sync_data_for_host called with arguments (, 'dv-osbrick-791274-3-ceph', Agent(admin_state_up=True,agent_type='L3 agent',availability_zone='nova',binary='neutron-l3-agent',configurations={"agent_mode": "legacy", "ex_gw_ports": 5, "extensions": [], "floating_ips": 0, "handle_internal_only_routers": true, "interface_driver": "openvswitch", "interfaces": 5, "log_agent_heartbeats": false, "routers": 5},created_at=2021-05-14T16:53:36Z,description=,heartbeat_timestamp=2021-05-14T17:02:06Z,host='dv-osbrick-791274-3-ceph',id=f4aaea41-a395-4c28-aaac-31d56dc03f65,load=0,resource_versions=,resources_synced=,started_at=2021-05-14T16:53:36Z,topic='l3_agent')) {'router_ids': ['73a8e5ed-a5ac-457a-bbe0-60c186948f58'], 'active': True} {{(pid=80070) wrapper /usr/local/lib/python3.8/dist-packages/oslo_log/helpers.py:65}}
May 14 17:02:15.675900 dv-osbrick-791274-3-ceph neutron-server[80067]: DEBUG neutron_lib.callbacks.manager [None req-fe7d1117-6e67-4532-b527-3439ab8ba0e0 tempest-TestMinimumBasicScenario-1231325194 tempest-TestMinimumBasicScenario-1231325194-project] Notify callbacks ['neutron.notifiers.nova.Notifier._send_nova_notification-99434'] for floatingip, before_response {{(pid=80067) _notify_loop /usr/local/lib/python3.8/dist-packages/neutron_lib/callbacks/manager.py:192}}
May 14 17:02:15.774122 dv-osbrick-791274-3-ceph neutron-server[80067]: INFO neutron.wsgi [None req-fe7d1117-6e67-4532-b527-3439ab8ba0e0 tempest-TestMinimumBasicScenario-1231325194 tempest-TestMinimumBasicScenario-1231325194-project] 10.222.0.74 "POST /v2.0/floatingips HTTP/1.1" status: 201 len: 995 time: 4.1379213
May 14 17:02:15.774122 dv-osbrick-791274-3-ceph neutron-server[80067]: DEBUG neutron.notifiers.nova [-] Sending events: [{'name': 'network-changed', 'server_uuid': '3093317e-5e1f-4461-8676-0dd9462cce8b', 'tag': 'b7a1db17-6027-4bf8-8f4e-5b4889d02373'}] {{(pid=80067) send_events /opt/stack/neutron/neutron/notifiers/nova.py:262}}
May 14 17:02:15.774754 dv-osbrick-791274-3-ceph neutron-server[80066]: DEBUG neutron.wsgi [-] (80066) accepted ('10.222.0.74', 36338) {{(pid=80066) server /usr/local/lib/python3.8/dist-packages/eventlet/wsgi.py:992}}
May 14 17:02:15.784822 dv-osbrick-791274-3-ceph neutron-server[80066]: DEBUG neutron.api.v2.base [None req-44e19a7f-0c9c-43a1-8d0c-ab75dc9856e1 tempest-TestMinimumBasicScenario-1231325194 tempest-TestMinimumBasicScenario-1231325194-project] Request body: {'security_group': {'name': 'tempest-secgroup-smoke-1887231677', 'description': 'tempest-secgroup-smoke-1887231677 description', 'project_id': '882512aa7d3b4a4696d74f545078a596'}} {{(pid=80066) prepare_request_body /opt/stack/neutron/neutron/api/v2/base.py:729}}
May 14 17:02:15.796684 dv-osbrick-791274-3-ceph neutron-server[80066]: DEBUG neutron.db.quota.driver [None req-44e19a7f-0c9c-43a1-8d0c-ab75dc9856e1 tempest-TestMinimumBasicScenario-1231325194 tempest-TestMinimumBasicScenario-1231325194-project] Resources subnetpool have unlimited quota limit. It is not required to calculate headroom {{(pid=80066) make_reservation /opt/stack/neutron/neutron/db/quota/driver.py:219}}
May 14 17:02:15.819370 dv-osbrick-791274-3-ceph neutron-server[80066]: DEBUG neutron.db.quota.driver [None req-44e19a7f-0c9c-43a1-8d0c-ab75dc9856e1 tempest-TestMinimumBasicScenario-1231325194 tempest-TestMinimumBasicScenario-1231325194-project] Attempting to reserve 1 items for resource security_group. Total usage: 1; quota limit: 100; headroom:99 {{(pid=80066) make_reservation /opt/stack/neutron/neutron/db/quota/driver.py:246}}
May 14 17:02:15.843256 dv-osbrick-791274-3-ceph neutron-server[80066]: DEBUG neutron_lib.callbacks.manager [None req-44e19a7f-0c9c-43a1-8d0c-ab75dc9856e1 tempest-TestMinimumBasicScenario-1231325194 tempest-TestMinimumBasicScenario-1231325194-project] Notify callbacks [] for security_group, before_create {{(pid=80066) _notify_loop /usr/local/lib/python3.8/dist-packages/neutron_lib/callbacks/manager.py:192}}
May 14 17:02:15.881194 dv-osbrick-791274-3-ceph neutron-server[80067]: INFO neutron.notifiers.nova [-] Nova event response: {'name': 'network-changed', 'server_uuid': '3093317e-5e1f-4461-8676-0dd9462cce8b', 'tag': 'b7a1db17-6027-4bf8-8f4e-5b4889d02373', 'status': 'completed', 'code': 200}
May 14 17:02:15.898934 dv-osbrick-791274-3-ceph neutron-server[80066]: DEBUG neutron.db.quota.driver [None req-44e19a7f-0c9c-43a1-8d0c-ab75dc9856e1 tempest-TestMinimumBasicScenario-1231325194 tempest-TestMinimumBasicScenario-1231325194-project] Resources subnetpool have unlimited quota limit. It is not required to calculate headroom {{(pid=80066) make_reservation /opt/stack/neutron/neutron/db/quota/driver.py:219}}
May 14 17:02:15.908191 dv-osbrick-791274-3-ceph neutron-server[80066]: DEBUG neutron.quota.resource [None req-44e19a7f-0c9c-43a1-8d0c-ab75dc9856e1 tempest-TestMinimumBasicScenario-1231325194 tempest-TestMinimumBasicScenario-1231325194-project] Usage tracker for resource:security_group_rule and tenant:882512aa7d3b4a4696d74f545078a596 is out of sync, need to count used quota {{(pid=80066) count_used /opt/stack/neutron/neutron/quota/resource.py:270}}
May 14 17:02:15.915163 dv-osbrick-791274-3-ceph neutron-server[80066]: DEBUG neutron.quota.resource [None req-44e19a7f-0c9c-43a1-8d0c-ab75dc9856e1 tempest-TestMinimumBasicScenario-1231325194 tempest-TestMinimumBasicScenario-1231325194-project] Quota usage for security_group_rule was recalculated. Used quota:4. {{(pid=80066) count_used /opt/stack/neutron/neutron/quota/resource.py:290}}
May 14 17:02:15.926923 dv-osbrick-791274-3-ceph neutron-server[80066]: DEBUG neutron.db.quota.driver [None req-44e19a7f-0c9c-43a1-8d0c-ab75dc9856e1 tempest-TestMinimumBasicScenario-1231325194 tempest-TestMinimumBasicScenario-1231325194-project] Attempting to reserve 2 items for resource security_group_rule. Total usage: 4; quota limit: 100; headroom:96 {{(pid=80066) make_reservation /opt/stack/neutron/neutron/db/quota/driver.py:246}}
May 14 17:02:16.028626 dv-osbrick-791274-3-ceph neutron-server[80070]: DEBUG neutron.db.l3_dvr_db [None req-10b7a22f-434b-41f4-b2ce-9eadf3317cde None None] Set router 73a8e5ed-a5ac-457a-bbe0-60c186948f58 gateway port host: dv-osbrick-791274-3-ceph {{(pid=80070) _build_routers_list /opt/stack/neutron/neutron/db/l3_dvr_db.py:819}}
May 14 17:02:16.092195 dv-osbrick-791274-3-ceph neutron-server[80066]: DEBUG neutron_lib.callbacks.manager [None req-44e19a7f-0c9c-43a1-8d0c-ab75dc9856e1 tempest-TestMinimumBasicScenario-1231325194 tempest-TestMinimumBasicScenario-1231325194-project] Notify callbacks [] for security_group, precommit_create {{(pid=80066) _notify_loop /usr/local/lib/python3.8/dist-packages/neutron_lib/callbacks/manager.py:192}}
May 14 17:02:16.092916 dv-osbrick-791274-3-ceph neutron-server[80067]: DEBUG neutron.pecan_wsgi.hooks.policy_enforcement [req-39ab46d9-f68b-4255-a64c-f6326c39e96b req-079c095f-1c0a-4da6-9e37-eb91e4cf16ae service neutron] Attributes excluded by policy engine: ['standard_attr_id'] {{(pid=80067) _exclude_attributes_by_policy /opt/stack/neutron/neutron/pecan_wsgi/hooks/policy_enforcement.py:255}}
May 14 17:02:16.095214 dv-osbrick-791274-3-ceph neutron-server[80067]: INFO neutron.wsgi [req-39ab46d9-f68b-4255-a64c-f6326c39e96b req-079c095f-1c0a-4da6-9e37-eb91e4cf16ae service neutron] 10.222.0.79 "GET /v2.0/ports?tenant_id=882512aa7d3b4a4696d74f545078a596&device_id=3093317e-5e1f-4461-8676-0dd9462cce8b HTTP/1.1" status: 200 len: 1098 time: 0.1870463
May 14 17:02:16.098469 dv-osbrick-791274-3-ceph neutron-server[80066]: DEBUG neutron_lib.callbacks.manager [None req-44e19a7f-0c9c-43a1-8d0c-ab75dc9856e1 tempest-TestMinimumBasicScenario-1231325194 tempest-TestMinimumBasicScenario-1231325194-project] Notify callbacks ['neutron.plugins.ml2.ovo_rpc._ObjectChangeHandler.handle_event-723275'] for security_group, after_create {{(pid=80066) _notify_loop /usr/local/lib/python3.8/dist-packages/neutron_lib/callbacks/manager.py:192}}
May 14 17:02:16.105714 dv-osbrick-791274-3-ceph neutron-server[80066]: DEBUG oslo_concurrency.lockutils [-] Lock "event-dispatch" acquired by "neutron.plugins.ml2.ovo_rpc._ObjectChangeHandler.dispatch_events" :: waited 0.000s {{(pid=80066) inner /usr/local/lib/python3.8/dist-packages/oslo_concurrency/lockutils.py:355}}
May 14 17:02:16.188198 dv-osbrick-791274-3-ceph neutron-server[80066]: DEBUG neutron.api.rpc.handlers.resources_rpc [None req-44e19a7f-0c9c-43a1-8d0c-ab75dc9856e1 tempest-TestMinimumBasicScenario-1231325194 tempest-TestMinimumBasicScenario-1231325194-project] Pushing event updated for resources: {'SecurityGroup': ['ID=4ee4befa-0686-4daa-a33c-480958a9fce0,revision_number=1']} {{(pid=80066) push /opt/stack/neutron/neutron/api/rpc/handlers/resources_rpc.py:237}}
May 14 17:02:16.207209 dv-osbrick-791274-3-ceph neutron-server[80066]: DEBUG neutron.api.rpc.callbacks.version_manager [None req-44e19a7f-0c9c-43a1-8d0c-ab75dc9856e1 tempest-TestMinimumBasicScenario-1231325194 tempest-TestMinimumBasicScenario-1231325194-project] Version for resource type AddressGroup changed None to 1.2 on consumer Open vSwitch agent@dv-osbrick-791274-3-ceph {{(pid=80066) _set_version /opt/stack/neutron/neutron/api/rpc/callbacks/version_manager.py:113}}
May 14 17:02:16.207979 dv-osbrick-791274-3-ceph neutron-server[80066]: DEBUG neutron.api.rpc.callbacks.version_manager [None req-44e19a7f-0c9c-43a1-8d0c-ab75dc9856e1 tempest-TestMinimumBasicScenario-1231325194 tempest-TestMinimumBasicScenario-1231325194-project] Version for resource type ConntrackHelper changed None to 1.0 on consumer Open vSwitch agent@dv-osbrick-791274-3-ceph {{(pid=80066) _set_version /opt/stack/neutron/neutron/api/rpc/callbacks/version_manager.py:113}}
May 14 17:02:16.208647 dv-osbrick-791274-3-ceph neutron-server[80066]: DEBUG neutron.api.rpc.callbacks.version_manager [None req-44e19a7f-0c9c-43a1-8d0c-ab75dc9856e1 tempest-TestMinimumBasicScenario-1231325194 tempest-TestMinimumBasicScenario-1231325194-project] Version for resource type Log changed None to 1.0 on consumer Open vSwitch agent@dv-osbrick-791274-3-ceph {{(pid=80066) _set_version /opt/stack/neutron/neutron/api/rpc/callbacks/version_manager.py:113}}
May 14 17:02:16.209320 dv-osbrick-791274-3-ceph neutron-server[80066]: DEBUG neutron.api.rpc.callbacks.version_manager [None req-44e19a7f-0c9c-43a1-8d0c-ab75dc9856e1 tempest-TestMinimumBasicScenario-1231325194 tempest-TestMinimumBasicScenario-1231325194-project] Version for resource type Network changed None to 1.1 on consumer Open vSwitch agent@dv-osbrick-791274-3-ceph {{(pid=80066) _set_version /opt/stack/neutron/neutron/api/rpc/callbacks/version_manager.py:113}}
May 14 17:02:16.210056 dv-osbrick-791274-3-ceph neutron-server[80066]: DEBUG neutron.api.rpc.callbacks.version_manager [None req-44e19a7f-0c9c-43a1-8d0c-ab75dc9856e1 tempest-TestMinimumBasicScenario-1231325194 tempest-TestMinimumBasicScenario-1231325194-project] Version for resource type Port changed None to 1.7 on consumer Open vSwitch agent@dv-osbrick-791274-3-ceph {{(pid=80066) _set_version /opt/stack/neutron/neutron/api/rpc/callbacks/version_manager.py:113}}
May 14 17:02:16.210724 dv-osbrick-791274-3-ceph neutron-server[80066]: DEBUG neutron.api.rpc.callbacks.version_manager [None req-44e19a7f-0c9c-43a1-8d0c-ab75dc9856e1 tempest-TestMinimumBasicScenario-1231325194 tempest-TestMinimumBasicScenario-1231325194-project] Version for resource type PortForwarding changed None to 1.2 on consumer Open vSwitch agent@dv-osbrick-791274-3-ceph {{(pid=80066) _set_version /opt/stack/neutron/neutron/api/rpc/callbacks/version_manager.py:113}}
May 14 17:02:16.211389 dv-osbrick-791274-3-ceph neutron-server[80066]: DEBUG neutron.api.rpc.callbacks.version_manager [None req-44e19a7f-0c9c-43a1-8d0c-ab75dc9856e1 tempest-TestMinimumBasicScenario-1231325194 tempest-TestMinimumBasicScenario-1231325194-project] Version for resource type QosPolicy changed None to 1.8 on consumer Open vSwitch agent@dv-osbrick-791274-3-ceph {{(pid=80066) _set_version /opt/stack/neutron/neutron/api/rpc/callbacks/version_manager.py:113}}
May 14 17:02:16.212053 dv-osbrick-791274-3-ceph neutron-server[80066]: DEBUG neutron.api.rpc.callbacks.version_manager [None req-44e19a7f-0c9c-43a1-8d0c-ab75dc9856e1 tempest-TestMinimumBasicScenario-1231325194 tempest-TestMinimumBasicScenario-1231325194-project] Version for resource type SecurityGroup changed None to 1.4 on consumer Open vSwitch agent@dv-osbrick-791274-3-ceph {{(pid=80066) _set_version /opt/stack/neutron/neutron/api/rpc/callbacks/version_manager.py:113}}
May 14 17:02:16.212715 dv-osbrick-791274-3-ceph neutron-server[80066]: DEBUG neutron.api.rpc.callbacks.version_manager [None req-44e19a7f-0c9c-43a1-8d0c-ab75dc9856e1 tempest-TestMinimumBasicScenario-1231325194 tempest-TestMinimumBasicScenario-1231325194-project] Version for resource type SecurityGroupRule changed None to 1.2 on consumer Open vSwitch agent@dv-osbrick-791274-3-ceph {{(pid=80066) _set_version /opt/stack/neutron/neutron/api/rpc/callbacks/version_manager.py:113}}
May 14 17:02:16.213371 dv-osbrick-791274-3-ceph neutron-server[80066]: DEBUG neutron.api.rpc.callbacks.version_manager [None req-44e19a7f-0c9c-43a1-8d0c-ab75dc9856e1 tempest-TestMinimumBasicScenario-1231325194 tempest-TestMinimumBasicScenario-1231325194-project] Version for resource type SubPort changed None to 1.0 on consumer Open vSwitch agent@dv-osbrick-791274-3-ceph {{(pid=80066) _set_version /opt/stack/neutron/neutron/api/rpc/callbacks/version_manager.py:113}}
May 14 17:02:16.214872 dv-osbrick-791274-3-ceph neutron-server[80066]: DEBUG neutron.api.rpc.callbacks.version_manager [None req-44e19a7f-0c9c-43a1-8d0c-ab75dc9856e1 tempest-TestMinimumBasicScenario-1231325194 tempest-TestMinimumBasicScenario-1231325194-project] Version for resource type Subnet changed None to 1.1 on consumer Open vSwitch agent@dv-osbrick-791274-3-ceph {{(pid=80066) _set_version /opt/stack/neutron/neutron/api/rpc/callbacks/version_manager.py:113}}
May 14 17:02:16.215538 dv-osbrick-791274-3-ceph neutron-server[80066]: DEBUG neutron.api.rpc.callbacks.version_manager [None req-44e19a7f-0c9c-43a1-8d0c-ab75dc9856e1 tempest-TestMinimumBasicScenario-1231325194 tempest-TestMinimumBasicScenario-1231325194-project] Version for resource type Trunk changed None to 1.1 on consumer Open vSwitch agent@dv-osbrick-791274-3-ceph {{(pid=80066) _set_version /opt/stack/neutron/neutron/api/rpc/callbacks/version_manager.py:113}}
May 14 17:02:16.223052 dv-osbrick-791274-3-ceph neutron-server[80066]: DEBUG oslo_concurrency.lockutils [None req-44e19a7f-0c9c-43a1-8d0c-ab75dc9856e1 tempest-TestMinimumBasicScenario-1231325194 tempest-TestMinimumBasicScenario-1231325194-project] Lock "event-dispatch" released by "neutron.plugins.ml2.ovo_rpc._ObjectChangeHandler.dispatch_events" :: held 0.117s {{(pid=80066) inner /usr/local/lib/python3.8/dist-packages/oslo_concurrency/lockutils.py:367}}
May 14 17:02:16.227253 dv-osbrick-791274-3-ceph neutron-server[80066]: DEBUG neutron_lib.callbacks.manager [None req-44e19a7f-0c9c-43a1-8d0c-ab75dc9856e1 tempest-TestMinimumBasicScenario-1231325194 tempest-TestMinimumBasicScenario-1231325194-project] Notify callbacks [] for security_group, before_response {{(pid=80066) _notify_loop /usr/local/lib/python3.8/dist-packages/neutron_lib/callbacks/manager.py:192}}
May 14 17:02:16.247481 dv-osbrick-791274-3-ceph neutron-server[80066]: INFO neutron.wsgi [None req-44e19a7f-0c9c-43a1-8d0c-ab75dc9856e1 tempest-TestMinimumBasicScenario-1231325194 tempest-TestMinimumBasicScenario-1231325194-project] 10.222.0.74 "POST /v2.0/security-groups HTTP/1.1" status: 201 len: 1792 time: 0.4706118
May 14 17:02:16.248505 dv-osbrick-791274-3-ceph neutron-server[80066]: DEBUG neutron.wsgi [-] (80066) accepted ('10.222.0.74', 36344) {{(pid=80066) server /usr/local/lib/python3.8/dist-packages/eventlet/wsgi.py:992}}
May 14 17:02:16.264781 dv-osbrick-791274-3-ceph neutron-server[80066]: DEBUG neutron.api.v2.base [None req-206febac-3ff7-48ba-b050-dd7b40654e64 tempest-TestMinimumBasicScenario-1231325194 tempest-TestMinimumBasicScenario-1231325194-project] Request body: {'security_group_rule': {'security_group_id': '4ee4befa-0686-4daa-a33c-480958a9fce0', 'project_id': '882512aa7d3b4a4696d74f545078a596', 'protocol': 'tcp', 'port_range_min': 22, 'port_range_max': 22, 'direction': 'ingress'}} {{(pid=80066) prepare_request_body /opt/stack/neutron/neutron/api/v2/base.py:729}}
May 14 17:02:16.274896 dv-osbrick-791274-3-ceph neutron-server[80066]: DEBUG neutron.db.quota.driver [None req-206febac-3ff7-48ba-b050-dd7b40654e64 tempest-TestMinimumBasicScenario-1231325194 tempest-TestMinimumBasicScenario-1231325194-project] Resources subnetpool have unlimited quota limit. It is not required to calculate headroom {{(pid=80066) make_reservation /opt/stack/neutron/neutron/db/quota/driver.py:219}}
May 14 17:02:16.285734 dv-osbrick-791274-3-ceph neutron-server[80066]: DEBUG neutron.quota.resource [None req-206febac-3ff7-48ba-b050-dd7b40654e64 tempest-TestMinimumBasicScenario-1231325194 tempest-TestMinimumBasicScenario-1231325194-project] Usage tracker for resource:security_group_rule and tenant:882512aa7d3b4a4696d74f545078a596 is out of sync, need to count used quota {{(pid=80066) count_used /opt/stack/neutron/neutron/quota/resource.py:270}}
May 14 17:02:16.290738 dv-osbrick-791274-3-ceph neutron-server[80066]: DEBUG neutron.quota.resource [None req-206febac-3ff7-48ba-b050-dd7b40654e64 tempest-TestMinimumBasicScenario-1231325194 tempest-TestMinimumBasicScenario-1231325194-project] Quota usage for security_group_rule was recalculated. Used quota:6. {{(pid=80066) count_used /opt/stack/neutron/neutron/quota/resource.py:290}}
May 14 17:02:16.304483 dv-osbrick-791274-3-ceph neutron-server[80066]: DEBUG neutron.db.quota.driver [None req-206febac-3ff7-48ba-b050-dd7b40654e64 tempest-TestMinimumBasicScenario-1231325194 tempest-TestMinimumBasicScenario-1231325194-project] Attempting to reserve 1 items for resource security_group_rule. Total usage: 6; quota limit: 100; headroom:94 {{(pid=80066) make_reservation /opt/stack/neutron/neutron/db/quota/driver.py:246}}
May 14 17:02:16.344034 dv-osbrick-791274-3-ceph neutron-server[80066]: DEBUG neutron_lib.callbacks.manager [None req-206febac-3ff7-48ba-b050-dd7b40654e64 tempest-TestMinimumBasicScenario-1231325194 tempest-TestMinimumBasicScenario-1231325194-project] Notify callbacks [] for security_group_rule, before_create {{(pid=80066) _notify_loop /usr/local/lib/python3.8/dist-packages/neutron_lib/callbacks/manager.py:192}}
May 14 17:02:16.386054 dv-osbrick-791274-3-ceph neutron-server[80067]: DEBUG neutron.pecan_wsgi.hooks.policy_enforcement [req-39ab46d9-f68b-4255-a64c-f6326c39e96b req-2c25501c-a1e0-4ba3-9940-147326f67689 service neutron] Attributes excluded by policy engine: ['standard_attr_id', 'vlan_transparent'] {{(pid=80067) _exclude_attributes_by_policy /opt/stack/neutron/neutron/pecan_wsgi/hooks/policy_enforcement.py:255}}
May 14 17:02:16.388633 dv-osbrick-791274-3-ceph neutron-server[80067]: INFO neutron.wsgi [req-39ab46d9-f68b-4255-a64c-f6326c39e96b req-2c25501c-a1e0-4ba3-9940-147326f67689 service neutron] 10.222.0.79 "GET /v2.0/networks?id=6ed2a171-6823-4878-91eb-b8b9b33c5507 HTTP/1.1" status: 200 len: 914 time: 0.2849264
May 14 17:02:16.485466 dv-osbrick-791274-3-ceph neutron-server[80066]: DEBUG neutron.wsgi [-] (80066) accepted ('10.222.0.79', 54591) {{(pid=80066) server /usr/local/lib/python3.8/dist-packages/eventlet/wsgi.py:992}}
May 14 17:02:16.734954 dv-osbrick-791274-3-ceph neutron-server[80067]: INFO neutron.wsgi [req-39ab46d9-f68b-4255-a64c-f6326c39e96b req-bee0ab2f-e58c-4e5b-abda-c661c668d3b0 service neutron] 10.222.0.79 "GET /v2.0/floatingips?fixed_ip_address=172.20.0.6&port_id=b7a1db17-6027-4bf8-8f4e-5b4889d02373 HTTP/1.1" status: 200 len: 998 time: 0.3175025
May 14 17:02:16.752962 dv-osbrick-791274-3-ceph neutron-server[80070]: DEBUG neutron.db.l3_hamode_db [None req-10b7a22f-434b-41f4-b2ce-9eadf3317cde None None] neutron.services.l3_router.l3_router_plugin.L3RouterPlugin method _process_sync_ha_data called with arguments (, [{'id': '73a8e5ed-a5ac-457a-bbe0-60c186948f58', 'name': 'tempest-TestMinimumBasicScenario-61233040-router', 'tenant_id': '882512aa7d3b4a4696d74f545078a596', 'admin_state_up': True, 'status': 'ACTIVE', 'external_gateway_info': {'network_id': '6031090a-d9f5-4357-a279-4f843716a020', 'external_fixed_ips': [{'subnet_id': '8099ad09-c81b-423e-9334-5e46417fb712', 'ip_address': '172.31.1.68'}], 'enable_snat': True}, 'gw_port_id': 'c8df7558-19b3-4512-8f9f-16874eb44d31', 'description': '', 'availability_zones': ['nova'], 'distributed': False, 'ha': False, 'ha_vr_id': 0, 'availability_zone_hints': [], 'routes': [], 'flavor_id': None, 'tags': [], 'created_at': '2021-05-14T17:00:59Z', 'updated_at': '2021-05-14T17:01:03Z', 'revision_number': 4, 'project_id': '882512aa7d3b4a4696d74f545078a596', 'gw_port': {'id': 'c8df7558-19b3-4512-8f9f-16874eb44d31', 'name': '', 'network_id': '6031090a-d9f5-4357-a279-4f843716a020', 'tenant_id': '', 'mac_address': 'fa:16:3e:e4:f5:72', 'admin_state_up': True, 'status': 'ACTIVE', 'device_id': '73a8e5ed-a5ac-457a-bbe0-60c186948f58', 'device_owner': 'network:router_gateway', 'standard_attr_id': 51, 'fixed_ips': [{'subnet_id': '8099ad09-c81b-423e-9334-5e46417fb712', 'ip_address': '172.31.1.68', 'prefixlen': 24}], 'allowed_address_pairs': [], 'extra_dhcp_opts': [], 'security_groups': [], 'description': '', 'binding:vnic_type': 'normal', 'binding:profile': {}, 'binding:host_id': 'dv-osbrick-791274-3-ceph', 'binding:vif_type': 'ovs', 'binding:vif_details': {'connectivity': 'l2', 'port_filter': True, 'ovs_hybrid_plug': False, 'datapath_type': 'system', 'bridge_name': 'br-int'}, 'port_security_enabled': False, 'tags': [], 'created_at': '2021-05-14T17:01:00Z', 'updated_at': '2021-05-14T17:01:07Z', 'revision_number': 4, 'project_id': '', 'subnets': [{'id': '8099ad09-c81b-423e-9334-5e46417fb712', 'cidr': '172.31.1.0/24', 'gateway_ip': '172.31.1.1', 'dns_nameservers': [], 'ipv6_ra_mode': None, 'subnetpool_id': None}], 'extra_subnets': [], 'address_scopes': {4: None, 6: None}, 'mtu': 1500}, 'enable_snat': True, 'gw_port_host': 'dv-osbrick-791274-3-ceph', '_floatingips': [{'id': 'd0660e35-4f67-4c3d-8a58-4b1093f782c2', 'tenant_id': '882512aa7d3b4a4696d74f545078a596', 'floating_ip_address': '172.31.1.91', 'floating_network_id': '6031090a-d9f5-4357-a279-4f843716a020', 'router_id': '73a8e5ed-a5ac-457a-bbe0-60c186948f58', 'port_id': 'b7a1db17-6027-4bf8-8f4e-5b4889d02373', 'fixed_ip_address': '172.20.0.6', 'status': 'DOWN', 'standard_attr_id': 86, 'description': '', 'qos_policy_id': None, 'port_details': {'name': '', 'network_id': '6ed2a171-6823-4878-91eb-b8b9b33c5507', 'mac_address': 'fa:16:3e:4b:d2:8b', 'admin_state_up': True, 'status': 'ACTIVE', 'device_id': '3093317e-5e1f-4461-8676-0dd9462cce8b', 'device_owner': 'compute:nova'}, 'dns_domain': '', 'dns_name': '', 'tags': [], 'created_at': '2021-05-14T17:02:13Z', 'updated_at': '2021-05-14T17:02:13Z', 'revision_number': 0, 'project_id': '882512aa7d3b4a4696d74f545078a596', 'fixed_ip_address_scope': None}], '_interfaces': [{'id': '7de1f0ab-7518-416f-8d51-d60e4dfaf105', 'name': '', 'network_id': '6ed2a171-6823-4878-91eb-b8b9b33c5507', 'tenant_id': '882512aa7d3b4a4696d74f545078a596', 'mac_address': 'fa:16:3e:a7:68:07', 'admin_state_up': True, 'status': 'ACTIVE', 'device_id': '73a8e5ed-a5ac-457a-bbe0-60c186948f58', 'device_owner': 'network:router_interface', 'standard_attr_id': 53, 'fixed_ips': [{'subnet_id': '100e3d6f-fec6-4a61-88b4-9bdf89c490ec', 'ip_address': '172.20.0.1', 'prefixlen': 28}], 'allowed_address_pairs': [], 'extra_dhcp_opts': [], 'security_groups': [], 'description': '', 'binding:vnic_type': 'normal', 'binding:profile': {}, 'binding:host_id': 'dv-osbrick-791274-3-ceph', 'binding:vif_type': 'ovs', 'binding:vif_details': {'connectivity': 'l2', 'port_filter': True, 'ovs_hybrid_plug': False, 'datapath_type': 'system', 'bridge_name': 'br-int'}, 'port_security_enabled': False, 'tags': [], 'created_at': '2021-05-14T17:01:03Z', 'updated_at': '2021-05-14T17:01:15Z', 'revision_number': 5, 'project_id': '882512aa7d3b4a4696d74f545078a596', 'subnets': [{'id': '100e3d6f-fec6-4a61-88b4-9bdf89c490ec', 'cidr': '172.20.0.0/28', 'gateway_ip': '172.20.0.1', 'dns_nameservers': [], 'ipv6_ra_mode': None, 'subnetpool_id': None}], 'extra_subnets': [], 'address_scopes': {4: None, 6: None}, 'mtu': 1500}]}], 'dv-osbrick-791274-3-ceph', False) {} {{(pid=80070) wrapper /usr/local/lib/python3.8/dist-packages/oslo_log/helpers.py:65}}
May 14 17:02:16.756940 dv-osbrick-791274-3-ceph neutron-server[80066]: DEBUG neutron_lib.callbacks.manager [None req-206febac-3ff7-48ba-b050-dd7b40654e64 tempest-TestMinimumBasicScenario-1231325194 tempest-TestMinimumBasicScenario-1231325194-project] Notify callbacks [] for security_group_rule, precommit_create {{(pid=80066) _notify_loop /usr/local/lib/python3.8/dist-packages/neutron_lib/callbacks/manager.py:192}}
May 14 17:02:16.770790 dv-osbrick-791274-3-ceph neutron-server[80066]: DEBUG neutron_lib.callbacks.manager [None req-206febac-3ff7-48ba-b050-dd7b40654e64 tempest-TestMinimumBasicScenario-1231325194 tempest-TestMinimumBasicScenario-1231325194-project] Notify callbacks ['neutron.plugins.ml2.ovo_rpc._ObjectChangeHandler.handle_event-723296'] for security_group_rule, after_create {{(pid=80066) _notify_loop /usr/local/lib/python3.8/dist-packages/neutron_lib/callbacks/manager.py:192}}
May 14 17:02:16.773135 dv-osbrick-791274-3-ceph neutron-server[80070]: DEBUG neutron.api.rpc.handlers.l3_rpc [None req-10b7a22f-434b-41f4-b2ce-9eadf3317cde None None] Checking router: 73a8e5ed-a5ac-457a-bbe0-60c186948f58 for host: dv-osbrick-791274-3-ceph {{(pid=80070) _ensure_host_set_on_ports /opt/stack/neutron/neutron/api/rpc/handlers/l3_rpc.py:155}}
May 14 17:02:16.784007 dv-osbrick-791274-3-ceph neutron-server[80066]: DEBUG oslo_concurrency.lockutils [-] Lock "event-dispatch" acquired by "neutron.plugins.ml2.ovo_rpc._ObjectChangeHandler.dispatch_events" :: waited 0.000s {{(pid=80066) inner /usr/local/lib/python3.8/dist-packages/oslo_concurrency/lockutils.py:355}}
May 14 17:02:16.806626 dv-osbrick-791274-3-ceph neutron-server[80070]: DEBUG neutron.db.l3_dvrscheduler_db [None req-10b7a22f-434b-41f4-b2ce-9eadf3317cde None None] Routers {'73a8e5ed-a5ac-457a-bbe0-60c186948f58'} bound to L3 agent in host dv-osbrick-791274-3-ceph {{(pid=80070) _get_router_ids_for_agent /opt/stack/neutron/neutron/db/l3_dvrscheduler_db.py:422}}
