May 14 12:55:01.004698 dv-osbrick-791273-2-iscsi neutron-server[78755]: DEBUG neutron.plugins.ml2.plugin [req-76b375c5-23af-4404-be16-be78a9eaf589 req-f74708f6-84ee-4a07-a9df-c1739e858d62 tempest-TestVolumeBootPattern-546566123 tempest-TestVolumeBootPattern-546566123-project] Calling delete_port for 1ee95498-16ac-4ebc-af17-3230925d31e3 owned by compute:nova {{(pid=78755) delete_port /opt/stack/neutron/neutron/plugins/ml2/plugin.py:1960}}
May 14 12:55:01.019306 dv-osbrick-791273-2-iscsi neutron-server[78754]: DEBUG neutron_lib.callbacks.manager [None req-e691e18a-f4e7-4451-9cfd-faee12db060a admin admin] Notify callbacks ['neutron.plugins.ml2.plugin.SecurityGroupServerNotifierRpcMixin.notify_sg_on_port_change-574864', 'neutron.plugins.ml2.ovo_rpc._ObjectChangeHandler.handle_event-348359', 'neutron.api.rpc.agentnotifiers.dhcp_rpc_agent_api.DhcpAgentNotifyAPI._native_event_send_dhcp_notification-1582984', 'neutron.db.l3_db.L3RpcNotifierMixin._notify_routers_callback-8739869681969', 'neutron.db.l3_dvrscheduler_db._notify_port_delete-8739869214446'] for port, after_delete {{(pid=78754) _notify_loop /usr/local/lib/python3.8/dist-packages/neutron_lib/callbacks/manager.py:192}}
May 14 12:55:01.024597 dv-osbrick-791273-2-iscsi neutron-server[78754]: DEBUG oslo_concurrency.lockutils [-] Lock "event-dispatch" acquired by "neutron.plugins.ml2.ovo_rpc._ObjectChangeHandler.dispatch_events" :: waited 0.000s {{(pid=78754) inner /usr/local/lib/python3.8/dist-packages/oslo_concurrency/lockutils.py:355}}
May 14 12:55:01.074494 dv-osbrick-791273-2-iscsi neutron-server[78754]: DEBUG neutron.api.rpc.handlers.resources_rpc [None req-e691e18a-f4e7-4451-9cfd-faee12db060a admin admin] Pushing event deleted for resources: {'Port': ['ID=1ac28dcb-b33e-481f-9b0b-43c4e8a384c0,revision_number=None']} {{(pid=78754) push /opt/stack/neutron/neutron/api/rpc/handlers/resources_rpc.py:237}}
May 14 12:55:01.076415 dv-osbrick-791273-2-iscsi neutron-server[78754]: DEBUG neutron.db.l3_dvrscheduler_db [None req-e691e18a-f4e7-4451-9cfd-faee12db060a admin admin] No DVR routers for this DVR port 1ac28dcb-b33e-481f-9b0b-43c4e8a384c0 on host dv-osbrick-791273-2-iscsi {{(pid=78754) get_dvr_routers_to_remove /opt/stack/neutron/neutron/db/l3_dvrscheduler_db.py:214}}
May 14 12:55:01.077902 dv-osbrick-791273-2-iscsi neutron-server[78754]: DEBUG oslo_concurrency.lockutils [None req-e691e18a-f4e7-4451-9cfd-faee12db060a admin admin] Lock "event-dispatch" released by "neutron.plugins.ml2.ovo_rpc._ObjectChangeHandler.dispatch_events" :: held 0.053s {{(pid=78754) inner /usr/local/lib/python3.8/dist-packages/oslo_concurrency/lockutils.py:367}}
May 14 12:55:01.124638 dv-osbrick-791273-2-iscsi neutron-server[78756]: DEBUG neutron.plugins.ml2.plugin [None req-cc8ca8b8-9c60-4e72-a476-aed0592741b2 None None] Calling delete_port for 1ac28dcb-b33e-481f-9b0b-43c4e8a384c0 owned by network:dhcp {{(pid=78756) delete_port /opt/stack/neutron/neutron/plugins/ml2/plugin.py:1960}}
May 14 12:55:01.126585 dv-osbrick-791273-2-iscsi neutron-server[78755]: DEBUG neutron_lib.callbacks.manager [req-76b375c5-23af-4404-be16-be78a9eaf589 req-f74708f6-84ee-4a07-a9df-c1739e858d62 tempest-TestVolumeBootPattern-546566123 tempest-TestVolumeBootPattern-546566123-project] Notify callbacks ['neutron.plugins.ml2.plugin.SecurityGroupServerNotifierRpcMixin.notify_sg_on_port_change-574864', 'neutron.plugins.ml2.ovo_rpc._ObjectChangeHandler.handle_event-348359', 'neutron.api.rpc.agentnotifiers.dhcp_rpc_agent_api.DhcpAgentNotifyAPI._native_event_send_dhcp_notification-1582984', 'neutron.db.l3_db.L3RpcNotifierMixin._notify_routers_callback-8739869681969', 'neutron.db.l3_dvrscheduler_db._notify_port_delete-8739869214446'] for port, after_delete {{(pid=78755) _notify_loop /usr/local/lib/python3.8/dist-packages/neutron_lib/callbacks/manager.py:192}}
May 14 12:55:01.139905 dv-osbrick-791273-2-iscsi neutron-server[78755]: DEBUG oslo_concurrency.lockutils [-] Lock "event-dispatch" acquired by "neutron.plugins.ml2.ovo_rpc._ObjectChangeHandler.dispatch_events" :: waited 0.000s {{(pid=78755) inner /usr/local/lib/python3.8/dist-packages/oslo_concurrency/lockutils.py:355}}
May 14 12:55:01.143236 dv-osbrick-791273-2-iscsi neutron-server[78756]: DEBUG neutron.plugins.ml2.db [None req-ece54875-89d4-42e6-831e-95a98d156384 None None] get_ports_and_sgs() called for port_ids ['b3f6be47-d1df-4fcb-b204-c5c1e87ae418', '1ee95498-16ac-4ebc-af17-3230925d31e3'] {{(pid=78756) get_ports_and_sgs /opt/stack/neutron/neutron/plugins/ml2/db.py:164}}
May 14 12:55:01.204657 dv-osbrick-791273-2-iscsi neutron-server[78754]: DEBUG neutron_lib.callbacks.manager [None req-e691e18a-f4e7-4451-9cfd-faee12db060a admin admin] Notify callbacks ['neutron.plugins.ml2.plugin.Ml2Plugin._network_delete_precommit_handler-857061', 'neutron.services.segments.db._delete_segments_for_network-8739869656652'] for network, precommit_delete {{(pid=78754) _notify_loop /usr/local/lib/python3.8/dist-packages/neutron_lib/callbacks/manager.py:192}}
May 14 12:55:01.222992 dv-osbrick-791273-2-iscsi neutron-server[78754]: DEBUG neutron_lib.callbacks.manager [None req-e691e18a-f4e7-4451-9cfd-faee12db060a admin admin] Subscribe: > segment before_delete 55550000 {{(pid=78754) subscribe /usr/local/lib/python3.8/dist-packages/neutron_lib/callbacks/manager.py:45}}
May 14 12:55:01.223294 dv-osbrick-791273-2-iscsi neutron-server[78754]: DEBUG neutron_lib.callbacks.manager [None req-e691e18a-f4e7-4451-9cfd-faee12db060a admin admin] Subscribe: > subnet precommit_delete_associations 55550000 {{(pid=78754) subscribe /usr/local/lib/python3.8/dist-packages/neutron_lib/callbacks/manager.py:45}}
May 14 12:55:01.224103 dv-osbrick-791273-2-iscsi neutron-server[78754]: DEBUG neutron_lib.callbacks.manager [None req-e691e18a-f4e7-4451-9cfd-faee12db060a admin admin] Subscribe: > segment_host_mapping after_create 55550000 {{(pid=78754) subscribe /usr/local/lib/python3.8/dist-packages/neutron_lib/callbacks/manager.py:45}}
May 14 12:55:01.224493 dv-osbrick-791273-2-iscsi neutron-server[78754]: DEBUG neutron_lib.callbacks.manager [None req-e691e18a-f4e7-4451-9cfd-faee12db060a admin admin] Subscribe: > port after_create 55550000 {{(pid=78754) subscribe /usr/local/lib/python3.8/dist-packages/neutron_lib/callbacks/manager.py:45}}
May 14 12:55:01.224841 dv-osbrick-791273-2-iscsi neutron-server[78754]: DEBUG neutron_lib.callbacks.manager [None req-e691e18a-f4e7-4451-9cfd-faee12db060a admin admin] Subscribe: > port after_delete 55550000 {{(pid=78754) subscribe /usr/local/lib/python3.8/dist-packages/neutron_lib/callbacks/manager.py:45}}
May 14 12:55:01.225196 dv-osbrick-791273-2-iscsi neutron-server[78754]: DEBUG neutron_lib.callbacks.manager [None req-e691e18a-f4e7-4451-9cfd-faee12db060a admin admin] Subscribe: > port after_update 55550000 {{(pid=78754) subscribe /usr/local/lib/python3.8/dist-packages/neutron_lib/callbacks/manager.py:45}}
May 14 12:55:01.225549 dv-osbrick-791273-2-iscsi neutron-server[78754]: DEBUG neutron_lib.callbacks.manager [None req-e691e18a-f4e7-4451-9cfd-faee12db060a admin admin] Subscribe: > segment after_delete 55550000 {{(pid=78754) subscribe /usr/local/lib/python3.8/dist-packages/neutron_lib/callbacks/manager.py:45}}
May 14 12:55:01.225893 dv-osbrick-791273-2-iscsi neutron-server[78754]: DEBUG neutron_lib.callbacks.manager [None req-e691e18a-f4e7-4451-9cfd-faee12db060a admin admin] Subscribe: > subnet after_create 55550000 {{(pid=78754) subscribe /usr/local/lib/python3.8/dist-packages/neutron_lib/callbacks/manager.py:45}}
May 14 12:55:01.226233 dv-osbrick-791273-2-iscsi neutron-server[78754]: DEBUG neutron_lib.callbacks.manager [None req-e691e18a-f4e7-4451-9cfd-faee12db060a admin admin] Subscribe: > subnet after_delete 55550000 {{(pid=78754) subscribe /usr/local/lib/python3.8/dist-packages/neutron_lib/callbacks/manager.py:45}}
May 14 12:55:01.226592 dv-osbrick-791273-2-iscsi neutron-server[78754]: DEBUG neutron_lib.callbacks.manager [None req-e691e18a-f4e7-4451-9cfd-faee12db060a admin admin] Subscribe: > subnet after_update 55550000 {{(pid=78754) subscribe /usr/local/lib/python3.8/dist-packages/neutron_lib/callbacks/manager.py:45}}
May 14 12:55:01.261908 dv-osbrick-791273-2-iscsi neutron-server[78755]: DEBUG neutron.db.l3_dvrscheduler_db [req-76b375c5-23af-4404-be16-be78a9eaf589 req-f74708f6-84ee-4a07-a9df-c1739e858d62 tempest-TestVolumeBootPattern-546566123 tempest-TestVolumeBootPattern-546566123-project] No DVR routers for this DVR port 1ee95498-16ac-4ebc-af17-3230925d31e3 on host hv-osbrick-7912 {{(pid=78755) get_dvr_routers_to_remove /opt/stack/neutron/neutron/db/l3_dvrscheduler_db.py:214}}
May 14 12:55:01.263805 dv-osbrick-791273-2-iscsi neutron-server[78755]: DEBUG neutron.api.rpc.handlers.resources_rpc [None req-f74708f6-84ee-4a07-a9df-c1739e858d62 tempest-TestVolumeBootPattern-546566123 tempest-TestVolumeBootPattern-546566123-project] Pushing event deleted for resources: {'Port': ['ID=1ee95498-16ac-4ebc-af17-3230925d31e3,revision_number=None']} {{(pid=78755) push /opt/stack/neutron/neutron/api/rpc/handlers/resources_rpc.py:237}}
May 14 12:55:01.266224 dv-osbrick-791273-2-iscsi neutron-server[78755]: DEBUG neutron_lib.callbacks.manager [req-76b375c5-23af-4404-be16-be78a9eaf589 req-f74708f6-84ee-4a07-a9df-c1739e858d62 tempest-TestVolumeBootPattern-546566123 tempest-TestVolumeBootPattern-546566123-project] Notify callbacks ['neutron.notifiers.nova.Notifier._send_nova_notification-5307'] for port, before_response {{(pid=78755) _notify_loop /usr/local/lib/python3.8/dist-packages/neutron_lib/callbacks/manager.py:192}}
May 14 12:55:01.276181 dv-osbrick-791273-2-iscsi neutron-server[78755]: DEBUG neutron.notifiers.nova [-] Sending events: [{'server_uuid': '36744759-b015-4408-9b8c-6fd7a12eff48', 'name': 'network-vif-deleted', 'tag': '1ee95498-16ac-4ebc-af17-3230925d31e3'}] {{(pid=78755) send_events /opt/stack/neutron/neutron/notifiers/nova.py:262}}
May 14 12:55:01.282885 dv-osbrick-791273-2-iscsi neutron-server[78755]: DEBUG oslo_concurrency.lockutils [None req-f74708f6-84ee-4a07-a9df-c1739e858d62 tempest-TestVolumeBootPattern-546566123 tempest-TestVolumeBootPattern-546566123-project] Lock "event-dispatch" released by "neutron.plugins.ml2.ovo_rpc._ObjectChangeHandler.dispatch_events" :: held 0.143s {{(pid=78755) inner /usr/local/lib/python3.8/dist-packages/oslo_concurrency/lockutils.py:367}}
May 14 12:55:01.284968 dv-osbrick-791273-2-iscsi neutron-server[78755]: INFO neutron.wsgi [req-76b375c5-23af-4404-be16-be78a9eaf589 req-f74708f6-84ee-4a07-a9df-c1739e858d62 tempest-TestVolumeBootPattern-546566123 tempest-TestVolumeBootPattern-546566123-project] 10.222.0.67 "DELETE /v2.0/ports/1ee95498-16ac-4ebc-af17-3230925d31e3 HTTP/1.1" status: 204 len: 173 time: 0.8692827
May 14 12:55:01.332267 dv-osbrick-791273-2-iscsi neutron-server[78754]: DEBUG neutron_lib.callbacks.manager [None req-e691e18a-f4e7-4451-9cfd-faee12db060a admin admin] Subscribe: > subnet after_create 55550000 {{(pid=78754) subscribe /usr/local/lib/python3.8/dist-packages/neutron_lib/callbacks/manager.py:45}}
May 14 12:55:01.332853 dv-osbrick-791273-2-iscsi neutron-server[78754]: DEBUG neutron_lib.callbacks.manager [None req-e691e18a-f4e7-4451-9cfd-faee12db060a admin admin] Subscribe: > subnet after_delete 55550000 {{(pid=78754) subscribe /usr/local/lib/python3.8/dist-packages/neutron_lib/callbacks/manager.py:45}}
May 14 12:55:01.333089 dv-osbrick-791273-2-iscsi neutron-server[78754]: DEBUG neutron_lib.callbacks.manager [None req-e691e18a-f4e7-4451-9cfd-faee12db060a admin admin] Subscribe: > subnet before_create 55550000 {{(pid=78754) subscribe /usr/local/lib/python3.8/dist-packages/neutron_lib/callbacks/manager.py:45}}
May 14 12:55:01.333472 dv-osbrick-791273-2-iscsi neutron-server[78754]: DEBUG neutron_lib.callbacks.manager [None req-e691e18a-f4e7-4451-9cfd-faee12db060a admin admin] Subscribe: > subnet before_update 55550000 {{(pid=78754) subscribe /usr/local/lib/python3.8/dist-packages/neutron_lib/callbacks/manager.py:45}}
May 14 12:55:01.333991 dv-osbrick-791273-2-iscsi neutron-server[78754]: DEBUG neutron.services.segments.db [None req-e691e18a-f4e7-4451-9cfd-faee12db060a admin admin] neutron.services.segments.plugin.Plugin method get_segments called with arguments (,) {'filters': {'network_id': ['9c4e24b4-00f4-4daf-860d-0557fed1d3a6']}} {{(pid=78754) wrapper /usr/local/lib/python3.8/dist-packages/oslo_log/helpers.py:65}}
May 14 12:55:01.350162 dv-osbrick-791273-2-iscsi neutron-server[78754]: DEBUG neutron.services.segments.db [None req-e691e18a-f4e7-4451-9cfd-faee12db060a admin admin] neutron.services.segments.plugin.Plugin method delete_segment called with arguments (, 'c4557c8b-2eda-4eeb-89bf-7e9eaa08f21a') {'for_net_delete': True} {{(pid=78754) wrapper /usr/local/lib/python3.8/dist-packages/oslo_log/helpers.py:65}}
May 14 12:55:01.350338 dv-osbrick-791273-2-iscsi neutron-server[78754]: DEBUG neutron.services.segments.db [None req-e691e18a-f4e7-4451-9cfd-faee12db060a admin admin] neutron.services.segments.plugin.Plugin method get_segment called with arguments (, 'c4557c8b-2eda-4eeb-89bf-7e9eaa08f21a') {} {{(pid=78754) wrapper /usr/local/lib/python3.8/dist-packages/oslo_log/helpers.py:65}}
May 14 12:55:01.365631 dv-osbrick-791273-2-iscsi neutron-server[78755]: INFO neutron.notifiers.nova [-] Nova event response: {'server_uuid': '36744759-b015-4408-9b8c-6fd7a12eff48', 'name': 'network-vif-deleted', 'tag': '1ee95498-16ac-4ebc-af17-3230925d31e3', 'status': 'completed', 'code': 200}
May 14 12:55:01.366407 dv-osbrick-791273-2-iscsi neutron-server[78754]: DEBUG neutron_lib.callbacks.manager [None req-e691e18a-f4e7-4451-9cfd-faee12db060a admin admin] Notify callbacks ['neutron.plugins.ml2.db._prevent_segment_delete_with_port_bound-8739869668181', 'neutron.services.segments.plugin.Plugin._prevent_segment_delete_with_subnet_associated-1338780'] for segment, before_delete {{(pid=78754) _notify_loop /usr/local/lib/python3.8/dist-packages/neutron_lib/callbacks/manager.py:192}}
May 14 12:55:01.386280 dv-osbrick-791273-2-iscsi neutron-server[78754]: DEBUG neutron_lib.callbacks.manager [None req-e691e18a-f4e7-4451-9cfd-faee12db060a admin admin] Notify callbacks ['neutron.plugins.ml2.plugin.Ml2Plugin._handle_segment_change-867613'] for segment, precommit_delete {{(pid=78754) _notify_loop /usr/local/lib/python3.8/dist-packages/neutron_lib/callbacks/manager.py:192}}
May 14 12:55:01.401169 dv-osbrick-791273-2-iscsi neutron-server[78754]: DEBUG neutron.plugins.ml2.drivers.type_vlan [None req-e691e18a-f4e7-4451-9cfd-faee12db060a admin admin] Releasing vlan 885 on physical network physnet1 to pool {{(pid=78754) release_segment /opt/stack/neutron/neutron/plugins/ml2/drivers/type_vlan.py:304}}
May 14 12:55:01.401579 dv-osbrick-791273-2-iscsi neutron-server[78754]: DEBUG neutron_lib.callbacks.manager [None req-e691e18a-f4e7-4451-9cfd-faee12db060a admin admin] Notify callbacks ['neutron.plugins.ml2.plugin.Ml2Plugin._handle_segment_change-867613', 'neutron.services.segments.plugin.NovaSegmentNotifier._notify_segment_deleted-6489996'] for segment, after_delete {{(pid=78754) _notify_loop /usr/local/lib/python3.8/dist-packages/neutron_lib/callbacks/manager.py:192}}
May 14 12:55:01.410408 dv-osbrick-791273-2-iscsi neutron-server[78756]: DEBUG neutron_lib.callbacks.manager [None req-cc8ca8b8-9c60-4e72-a476-aed0592741b2 None None] Notify callbacks ['neutron.plugins.ml2.plugin.SecurityGroupServerNotifierRpcMixin.notify_sg_on_port_change-574864', 'neutron.plugins.ml2.ovo_rpc._ObjectChangeHandler.handle_event-348359', 'neutron.api.rpc.agentnotifiers.dhcp_rpc_agent_api.DhcpAgentNotifyAPI._native_event_send_dhcp_notification-1582984', 'neutron.db.l3_db.L3RpcNotifierMixin._notify_routers_callback-8739869681969', 'neutron.db.l3_dvrscheduler_db._notify_port_delete-8739869214446'] for port, after_delete {{(pid=78756) _notify_loop /usr/local/lib/python3.8/dist-packages/neutron_lib/callbacks/manager.py:192}}
May 14 12:55:01.416332 dv-osbrick-791273-2-iscsi neutron-server[78756]: DEBUG oslo_concurrency.lockutils [None req-8727caa4-67b0-40c3-8791-fc3d1063d522 None None] Lock "event-dispatch" acquired by "neutron.plugins.ml2.ovo_rpc._ObjectChangeHandler.dispatch_events" :: waited 0.000s {{(pid=78756) inner /usr/local/lib/python3.8/dist-packages/oslo_concurrency/lockutils.py:355}}
May 14 12:55:01.445607 dv-osbrick-791273-2-iscsi neutron-server[78754]: /usr/lib/python3/dist-packages/secretstorage/dhcrypto.py:15: CryptographyDeprecationWarning: int_from_bytes is deprecated, use int.from_bytes instead
May 14 12:55:01.445607 dv-osbrick-791273-2-iscsi neutron-server[78754]: from cryptography.utils import int_from_bytes
May 14 12:55:01.445607 dv-osbrick-791273-2-iscsi neutron-server[78754]: /usr/lib/python3/dist-packages/secretstorage/util.py:19: CryptographyDeprecationWarning: int_from_bytes is deprecated, use int.from_bytes instead
May 14 12:55:01.445607 dv-osbrick-791273-2-iscsi neutron-server[78754]: from cryptography.utils import int_from_bytes
May 14 12:55:01.445607 dv-osbrick-791273-2-iscsi neutron-server[78754]: Traceback (most recent call last):
May 14 12:55:01.445607 dv-osbrick-791273-2-iscsi neutron-server[78754]: File "/usr/local/lib/python3.8/dist-packages/eventlet/hubs/hub.py", line 476, in fire_timers
May 14 12:55:01.445607 dv-osbrick-791273-2-iscsi neutron-server[78754]: timer()
May 14 12:55:01.445607 dv-osbrick-791273-2-iscsi neutron-server[78754]: File "/usr/local/lib/python3.8/dist-packages/eventlet/hubs/timer.py", line 59, in __call__
May 14 12:55:01.445607 dv-osbrick-791273-2-iscsi neutron-server[78754]: cb(*args, **kw)
May 14 12:55:01.445607 dv-osbrick-791273-2-iscsi neutron-server[78754]: File "/opt/stack/neutron/neutron/common/utils.py", line 905, in wrapper
May 14 12:55:01.445607 dv-osbrick-791273-2-iscsi neutron-server[78754]: return func(*args, **kwargs)
May 14 12:55:01.445607 dv-osbrick-791273-2-iscsi neutron-server[78754]: File "/opt/stack/neutron/neutron/notifiers/batch_notifier.py", line 58, in synced_send
May 14 12:55:01.445607 dv-osbrick-791273-2-iscsi neutron-server[78754]: self._notify()
May 14 12:55:01.445607 dv-osbrick-791273-2-iscsi neutron-server[78754]: File "/opt/stack/neutron/neutron/notifiers/batch_notifier.py", line 69, in _notify
May 14 12:55:01.445607 dv-osbrick-791273-2-iscsi neutron-server[78754]: self.callback(batched_events)
May 14 12:55:01.445607 dv-osbrick-791273-2-iscsi neutron-server[78754]: File "/opt/stack/neutron/neutron/services/segments/plugin.py", line 211, in _send_notifications
May 14 12:55:01.445607 dv-osbrick-791273-2-iscsi neutron-server[78754]: event.method(event)
May 14 12:55:01.445607 dv-osbrick-791273-2-iscsi neutron-server[78754]: File "/opt/stack/neutron/neutron/services/segments/plugin.py", line 379, in _delete_nova_inventory
May 14 12:55:01.445607 dv-osbrick-791273-2-iscsi neutron-server[78754]: aggregate_id = self._get_aggregate_id(event.segment_id)
May 14 12:55:01.445607 dv-osbrick-791273-2-iscsi neutron-server[78754]: File "/opt/stack/neutron/neutron/services/segments/plugin.py", line 366, in _get_aggregate_id
May 14 12:55:01.445607 dv-osbrick-791273-2-iscsi neutron-server[78754]: aggregate_uuid = self.p_client.list_aggregates(
May 14 12:55:01.445607 dv-osbrick-791273-2-iscsi neutron-server[78754]: File "/usr/local/lib/python3.8/dist-packages/neutron_lib/placement/client.py", line 57, in wrapper
May 14 12:55:01.445607 dv-osbrick-791273-2-iscsi neutron-server[78754]: return f(self, *a, **k)
May 14 12:55:01.445607 dv-osbrick-791273-2-iscsi neutron-server[78754]: File "/usr/local/lib/python3.8/dist-packages/neutron_lib/placement/client.py", line 553, in list_aggregates
May 14 12:55:01.445607 dv-osbrick-791273-2-iscsi neutron-server[78754]: return self._get(url).json()
May 14 12:55:01.445607 dv-osbrick-791273-2-iscsi neutron-server[78754]: File "/usr/local/lib/python3.8/dist-packages/neutron_lib/placement/client.py", line 189, in _get
May 14 12:55:01.445607 dv-osbrick-791273-2-iscsi neutron-server[78754]: return self._client.get(url, endpoint_filter=self._ks_filter,
May 14 12:55:01.445607 dv-osbrick-791273-2-iscsi neutron-server[78754]: File "/usr/local/lib/python3.8/dist-packages/keystoneauth1/session.py", line 1141, in get
May 14 12:55:01.445607 dv-osbrick-791273-2-iscsi neutron-server[78754]: return self.request(url, 'GET', **kwargs)
May 14 12:55:01.445607 dv-osbrick-791273-2-iscsi neutron-server[78754]: File "/usr/local/lib/python3.8/dist-packages/keystoneauth1/session.py", line 811, in request
May 14 12:55:01.445607 dv-osbrick-791273-2-iscsi neutron-server[78754]: base_url = self.get_endpoint(auth, allow=allow,
May 14 12:55:01.445607 dv-osbrick-791273-2-iscsi neutron-server[78754]: File "/usr/local/lib/python3.8/dist-packages/keystoneauth1/session.py", line 1241, in get_endpoint
May 14 12:55:01.445607 dv-osbrick-791273-2-iscsi neutron-server[78754]: auth = self._auth_required(auth, 'determine endpoint URL')
May 14 12:55:01.445607 dv-osbrick-791273-2-iscsi neutron-server[78754]: File "/usr/local/lib/python3.8/dist-packages/keystoneauth1/session.py", line 1181, in _auth_required
May 14 12:55:01.445607 dv-osbrick-791273-2-iscsi neutron-server[78754]: raise exceptions.MissingAuthPlugin(msg_fmt % msg)
May 14 12:55:01.445607 dv-osbrick-791273-2-iscsi neutron-server[78754]: keystoneauth1.exceptions.auth_plugins.MissingAuthPlugin: An auth plugin is required to determine endpoint URL
May 14 12:55:01.471718 dv-osbrick-791273-2-iscsi neutron-server[78756]: DEBUG neutron.api.rpc.handlers.resources_rpc [None req-cc8ca8b8-9c60-4e72-a476-aed0592741b2 None None] Pushing event deleted for resources: {'Port': ['ID=1ac28dcb-b33e-481f-9b0b-43c4e8a384c0,revision_number=None']} {{(pid=78756) push /opt/stack/neutron/neutron/api/rpc/handlers/resources_rpc.py:237}}
May 14 12:55:01.477664 dv-osbrick-791273-2-iscsi neutron-server[78756]: DEBUG oslo_concurrency.lockutils [None req-cc8ca8b8-9c60-4e72-a476-aed0592741b2 None None] Lock "event-dispatch" released by "neutron.plugins.ml2.ovo_rpc._ObjectChangeHandler.dispatch_events" :: held 0.061s {{(pid=78756) inner /usr/local/lib/python3.8/dist-packages/oslo_concurrency/lockutils.py:367}}
May 14 12:55:01.480665 dv-osbrick-791273-2-iscsi neutron-server[78756]: DEBUG neutron.db.l3_dvrscheduler_db [None req-cc8ca8b8-9c60-4e72-a476-aed0592741b2 None None] No DVR routers for this DVR port 1ac28dcb-b33e-481f-9b0b-43c4e8a384c0 on host dv-osbrick-791273-2-iscsi {{(pid=78756) get_dvr_routers_to_remove /opt/stack/neutron/neutron/db/l3_dvrscheduler_db.py:214}}
May 14 12:55:01.537745 dv-osbrick-791273-2-iscsi neutron-server[78754]: DEBUG neutron_lib.callbacks.manager [None req-e691e18a-f4e7-4451-9cfd-faee12db060a admin admin] Notify callbacks ['neutron.plugins.ml2.plugin.Ml2Plugin._network_delete_after_delete_handler-857068', 'neutron.plugins.ml2.ovo_rpc._ObjectChangeHandler.handle_event-1673898', 'neutron.api.rpc.agentnotifiers.dhcp_rpc_agent_api.DhcpAgentNotifyAPI._native_event_send_dhcp_notification-1582984', 'neutron.services.l3_router.l3_router_plugin.DVRResourceOperationHandler.delete_fip_namespaces_for_ext_net-2008961'] for network, after_delete {{(pid=78754) _notify_loop /usr/local/lib/python3.8/dist-packages/neutron_lib/callbacks/manager.py:192}}
May 14 12:55:01.542391 dv-osbrick-791273-2-iscsi neutron-server[78754]: DEBUG oslo_concurrency.lockutils [None req-d92f3bb9-c8b7-4b70-ba4d-0b03a1503fa4 admin admin] Lock "event-dispatch" acquired by "neutron.plugins.ml2.ovo_rpc._ObjectChangeHandler.dispatch_events" :: waited 0.000s {{(pid=78754) inner /usr/local/lib/python3.8/dist-packages/oslo_concurrency/lockutils.py:355}}
May 14 12:55:01.561026 dv-osbrick-791273-2-iscsi neutron-server[78754]: DEBUG neutron_lib.callbacks.manager [None req-e691e18a-f4e7-4451-9cfd-faee12db060a admin admin] Notify callbacks ['neutron.api.rpc.agentnotifiers.dhcp_rpc_agent_api.DhcpAgentNotifyAPI._send_dhcp_notification-1583002'] for network, before_response {{(pid=78754) _notify_loop /usr/local/lib/python3.8/dist-packages/neutron_lib/callbacks/manager.py:192}}
May 14 12:55:01.564224 dv-osbrick-791273-2-iscsi neutron-server[78754]: DEBUG neutron.api.rpc.handlers.resources_rpc [None req-e691e18a-f4e7-4451-9cfd-faee12db060a admin admin] Pushing event deleted for resources: {'Network': ['ID=9c4e24b4-00f4-4daf-860d-0557fed1d3a6,revision_number=None']} {{(pid=78754) push /opt/stack/neutron/neutron/api/rpc/handlers/resources_rpc.py:237}}
May 14 12:55:01.570371 dv-osbrick-791273-2-iscsi neutron-server[78754]: DEBUG oslo_concurrency.lockutils [None req-e691e18a-f4e7-4451-9cfd-faee12db060a admin admin] Lock "event-dispatch" released by "neutron.plugins.ml2.ovo_rpc._ObjectChangeHandler.dispatch_events" :: held 0.028s {{(pid=78754) inner /usr/local/lib/python3.8/dist-packages/oslo_concurrency/lockutils.py:367}}
May 14 12:55:01.582562 dv-osbrick-791273-2-iscsi neutron-server[78754]: INFO neutron.wsgi [None req-e691e18a-f4e7-4451-9cfd-faee12db060a admin admin] 10.222.0.68 "DELETE /v2.0/networks/9c4e24b4-00f4-4daf-860d-0557fed1d3a6 HTTP/1.1" status: 204 len: 168 time: 1.2129524
May 14 12:55:01.585534 dv-osbrick-791273-2-iscsi neutron-server[78754]: DEBUG neutron.wsgi [-] (78754) accepted ('10.222.0.68', 50192) {{(pid=78754) server /usr/local/lib/python3.8/dist-packages/eventlet/wsgi.py:992}}
May 14 12:55:02.023515 dv-osbrick-791273-2-iscsi neutron-server[78754]: INFO neutron.wsgi [req-ff26613b-9717-49ee-ac2f-687529b1f55f req-d7153659-ede2-42c8-abf1-0c10475785f0 tempest-TestVolumeBootPattern-546566123 tempest-TestVolumeBootPattern-546566123-project] 10.222.0.68 "GET /v2.0/ports?device_id=36744759-b015-4408-9b8c-6fd7a12eff48 HTTP/1.1" status: 200 len: 210 time: 0.1943657
May 14 12:55:02.271489 dv-osbrick-791273-2-iscsi neutron-server[78754]: DEBUG neutron_lib.callbacks.manager [None req-5dc6b98a-ef8e-4af4-8e7d-b64569e54531 admin admin] Notify callbacks ['neutron.services.l3_router.l3_router_plugin.DVRResourceOperationHandler._cache_related_dvr_routers_info_before_interface_removal-2007876'] for router_interface, before_delete {{(pid=78754) _notify_loop /usr/local/lib/python3.8/dist-packages/neutron_lib/callbacks/manager.py:192}}
May 14 12:55:02.506054 dv-osbrick-791273-2-iscsi neutron-server[78756]: DEBUG neutron.plugins.ml2.rpc [None req-8727caa4-67b0-40c3-8791-fc3d1063d522 None None] Device 1ac28dcb-b33e-481f-9b0b-43c4e8a384c0 no longer exists at agent ovs-agent-dv-osbrick-791273-2-iscsi {{(pid=78756) update_device_down /opt/stack/neutron/neutron/plugins/ml2/rpc.py:243}}
May 14 12:55:02.540831 dv-osbrick-791273-2-iscsi neutron-server[78756]: DEBUG neutron.plugins.ml2.plugin [None req-8727caa4-67b0-40c3-8791-fc3d1063d522 None None] No Port match for: 1ac28dcb-b33e-481f-9b0b-43c4e8a384c0 {{(pid=78756) port_bound_to_host /opt/stack/neutron/neutron/plugins/ml2/plugin.py:2214}}
May 14 12:55:02.541180 dv-osbrick-791273-2-iscsi neutron-server[78756]: DEBUG neutron.plugins.ml2.rpc [None req-8727caa4-67b0-40c3-8791-fc3d1063d522 None None] Device 1ac28dcb-b33e-481f-9b0b-43c4e8a384c0 not bound to the agent host dv-osbrick-791273-2-iscsi {{(pid=78756) update_device_down /opt/stack/neutron/neutron/plugins/ml2/rpc.py:251}}
May 14 12:55:02.684648 dv-osbrick-791273-2-iscsi neutron-server[78754]: DEBUG neutron.plugins.ml2.plugin [None req-5dc6b98a-ef8e-4af4-8e7d-b64569e54531 admin admin] Deleting port 06be33b3-6a08-4278-9b05-ae72af2aed60 {{(pid=78754) _pre_delete_port /opt/stack/neutron/neutron/plugins/ml2/plugin.py:1887}}
May 14 12:55:02.685251 dv-osbrick-791273-2-iscsi neutron-server[78754]: DEBUG neutron_lib.callbacks.manager [None req-5dc6b98a-ef8e-4af4-8e7d-b64569e54531 admin admin] Notify callbacks ['neutron.db.l3_db.L3_NAT_dbonly_mixin._prevent_l3_port_delete_callback-8739869677963'] for port, before_delete {{(pid=78754) _notify_loop /usr/local/lib/python3.8/dist-packages/neutron_lib/callbacks/manager.py:192}}
May 14 12:55:02.810133 dv-osbrick-791273-2-iscsi neutron-server[78754]: DEBUG neutron.plugins.ml2.db [None req-5dc6b98a-ef8e-4af4-8e7d-b64569e54531 admin admin] For port 06be33b3-6a08-4278-9b05-ae72af2aed60, host dv-osbrick-791273-2-iscsi, got binding levels [PortBindingLevel(driver='openvswitch',host='dv-osbrick-791273-2-iscsi',level=0,port_id=06be33b3-6a08-4278-9b05-ae72af2aed60,segment=NetworkSegment(2f8735ec-18eb-45bc-9c5a-272bee0a3ee4),segment_id=2f8735ec-18eb-45bc-9c5a-272bee0a3ee4)] {{(pid=78754) get_binding_level_objs /opt/stack/neutron/neutron/plugins/ml2/db.py:75}}
May 14 12:55:02.810393 dv-osbrick-791273-2-iscsi neutron-server[78754]: DEBUG neutron_lib.callbacks.manager [None req-5dc6b98a-ef8e-4af4-8e7d-b64569e54531 admin admin] Notify callbacks ['neutron.services.l3_router.l3_router_plugin.L3_NAT_dbonly_mixin._precommit_delete_port_callback-2015130'] for port, precommit_delete {{(pid=78754) _notify_loop /usr/local/lib/python3.8/dist-packages/neutron_lib/callbacks/manager.py:192}}
May 14 12:55:02.928432 dv-osbrick-791273-2-iscsi neutron-server[78754]: DEBUG neutron.plugins.ml2.plugin [None req-5dc6b98a-ef8e-4af4-8e7d-b64569e54531 admin admin] Calling delete_port for 06be33b3-6a08-4278-9b05-ae72af2aed60 owned by network:router_interface {{(pid=78754) delete_port /opt/stack/neutron/neutron/plugins/ml2/plugin.py:1960}}
May 14 12:55:03.061717 dv-osbrick-791273-2-iscsi neutron-server[78754]: DEBUG neutron_lib.callbacks.manager [None req-5dc6b98a-ef8e-4af4-8e7d-b64569e54531 admin admin] Notify callbacks ['neutron.plugins.ml2.plugin.SecurityGroupServerNotifierRpcMixin.notify_sg_on_port_change-574864', 'neutron.plugins.ml2.ovo_rpc._ObjectChangeHandler.handle_event-348359', 'neutron.api.rpc.agentnotifiers.dhcp_rpc_agent_api.DhcpAgentNotifyAPI._native_event_send_dhcp_notification-1582984', 'neutron.db.l3_db.L3RpcNotifierMixin._notify_routers_callback-8739869681969', 'neutron.db.l3_dvrscheduler_db._notify_port_delete-8739869214446', 'neutron.services.segments.plugin.NovaSegmentNotifier._notify_port_created_or_deleted-6490065'] for port, after_delete {{(pid=78754) _notify_loop /usr/local/lib/python3.8/dist-packages/neutron_lib/callbacks/manager.py:192}}
May 14 12:55:03.067045 dv-osbrick-791273-2-iscsi neutron-server[78754]: DEBUG oslo_concurrency.lockutils [None req-c1043ef8-e578-4cf9-9559-91d58fa91669 admin admin] Lock "event-dispatch" acquired by "neutron.plugins.ml2.ovo_rpc._ObjectChangeHandler.dispatch_events" :: waited 0.000s {{(pid=78754) inner /usr/local/lib/python3.8/dist-packages/oslo_concurrency/lockutils.py:355}}
May 14 12:55:03.137213 dv-osbrick-791273-2-iscsi neutron-server[78754]: DEBUG neutron.api.rpc.handlers.resources_rpc [None req-5dc6b98a-ef8e-4af4-8e7d-b64569e54531 admin admin] Pushing event deleted for resources: {'Port': ['ID=06be33b3-6a08-4278-9b05-ae72af2aed60,revision_number=None']} {{(pid=78754) push /opt/stack/neutron/neutron/api/rpc/handlers/resources_rpc.py:237}}
May 14 12:55:03.139693 dv-osbrick-791273-2-iscsi neutron-server[78754]: DEBUG oslo_concurrency.lockutils [None req-5dc6b98a-ef8e-4af4-8e7d-b64569e54531 admin admin] Lock "event-dispatch" released by "neutron.plugins.ml2.ovo_rpc._ObjectChangeHandler.dispatch_events" :: held 0.073s {{(pid=78754) inner /usr/local/lib/python3.8/dist-packages/oslo_concurrency/lockutils.py:367}}
May 14 12:55:03.462493 dv-osbrick-791273-2-iscsi neutron-server[78754]: DEBUG neutron_lib.callbacks.manager [None req-5dc6b98a-ef8e-4af4-8e7d-b64569e54531 admin admin] Notify callbacks ['neutron.api.rpc.agentnotifiers.dhcp_rpc_agent_api.DhcpAgentNotifyAPI._after_router_interface_deleted-1582977', 'neutron.services.l3_router.l3_router_plugin.DVRResourceOperationHandler._cleanup_after_interface_removal-2008276'] for router_interface, after_delete {{(pid=78754) _notify_loop /usr/local/lib/python3.8/dist-packages/neutron_lib/callbacks/manager.py:192}}
May 14 12:55:03.767118 dv-osbrick-791273-2-iscsi neutron-server[78756]: DEBUG neutron.plugins.ml2.rpc [None req-ece54875-89d4-42e6-831e-95a98d156384 None None] Device 1ee95498-16ac-4ebc-af17-3230925d31e3 no longer exists at agent hyperv_hv-osbrick-7912 {{(pid=78756) update_device_down /opt/stack/neutron/neutron/plugins/ml2/rpc.py:243}}
May 14 12:55:03.804909 dv-osbrick-791273-2-iscsi neutron-server[78756]: DEBUG neutron.plugins.ml2.plugin [None req-ece54875-89d4-42e6-831e-95a98d156384 None None] No Port match for: 1ee95498-16ac-4ebc-af17-3230925d31e3 {{(pid=78756) port_bound_to_host /opt/stack/neutron/neutron/plugins/ml2/plugin.py:2214}}
May 14 12:55:03.805284 dv-osbrick-791273-2-iscsi neutron-server[78756]: DEBUG neutron.plugins.ml2.rpc [None req-ece54875-89d4-42e6-831e-95a98d156384 None None] Device 1ee95498-16ac-4ebc-af17-3230925d31e3 not bound to the agent host hv-osbrick-7912 {{(pid=78756) update_device_down /opt/stack/neutron/neutron/plugins/ml2/rpc.py:251}}
May 14 12:55:03.829308 dv-osbrick-791273-2-iscsi neutron-server[78754]: DEBUG neutron.scheduler.l3_agent_scheduler [None req-5dc6b98a-ef8e-4af4-8e7d-b64569e54531 admin admin] Router a4d1cfa9-5a22-43f4-9ad8-d2c35c3f74ae has already been hosted by L3 agent 872e604f-7c79-4fbd-9f96-57d6c3654a25 {{(pid=78754) _get_candidates /opt/stack/neutron/neutron/scheduler/l3_agent_scheduler.py:127}}
May 14 12:55:04.008870 dv-osbrick-791273-2-iscsi neutron-server[78754]: DEBUG neutron.api.rpc.agentnotifiers.l3_rpc_agent_api [None req-5dc6b98a-ef8e-4af4-8e7d-b64569e54531 admin admin] Notify agent at l3_agent.dv-osbrick-791273-2-iscsi the message routers_updated {{(pid=78754) _agent_notification /opt/stack/neutron/neutron/api/rpc/agentnotifiers/l3_rpc_agent_api.py:68}}
May 14 12:55:04.017867 dv-osbrick-791273-2-iscsi neutron-server[78756]: DEBUG neutron.api.rpc.handlers.l3_rpc [None req-d0bc100d-4657-4212-b4ee-2d73d6124ecb None None] Sync routers for ids ['a4d1cfa9-5a22-43f4-9ad8-d2c35c3f74ae'] in dv-osbrick-791273-2-iscsi {{(pid=78756) sync_routers /opt/stack/neutron/neutron/api/rpc/handlers/l3_rpc.py:125}}
May 14 12:55:04.026674 dv-osbrick-791273-2-iscsi neutron-server[78754]: INFO neutron.wsgi [None req-5dc6b98a-ef8e-4af4-8e7d-b64569e54531 admin admin] 10.222.0.68 "PUT /v2.0/routers/a4d1cfa9-5a22-43f4-9ad8-d2c35c3f74ae/remove_router_interface HTTP/1.1" status: 200 len: 503 time: 2.4387584
May 14 12:55:04.027747 dv-osbrick-791273-2-iscsi neutron-server[78756]: DEBUG neutron.db.l3_dvrscheduler_db [None req-d0bc100d-4657-4212-b4ee-2d73d6124ecb None None] Routers {'a4d1cfa9-5a22-43f4-9ad8-d2c35c3f74ae'} bound to L3 agent in host dv-osbrick-791273-2-iscsi {{(pid=78756) _get_router_ids_for_agent /opt/stack/neutron/neutron/db/l3_dvrscheduler_db.py:422}}
May 14 12:55:04.027894 dv-osbrick-791273-2-iscsi neutron-server[78754]: DEBUG neutron.wsgi [-] (78754) accepted ('10.222.0.68', 50206) {{(pid=78754) server /usr/local/lib/python3.8/dist-packages/eventlet/wsgi.py:992}}
May 14 12:55:04.028804 dv-osbrick-791273-2-iscsi neutron-server[78756]: DEBUG neutron.db.l3_hamode_db [None req-d0bc100d-4657-4212-b4ee-2d73d6124ecb None None] neutron.services.l3_router.l3_router_plugin.L3RouterPlugin method get_ha_sync_data_for_host called with arguments (, 'dv-osbrick-791273-2-iscsi', Agent(admin_state_up=True,agent_type='L3 agent',availability_zone='nova',binary='neutron-l3-agent',configurations={"agent_mode": "legacy", "ex_gw_ports": 5, "extensions": [], "floating_ips": 1, "handle_internal_only_routers": true, "interface_driver": "openvswitch", "interfaces": 5, "log_agent_heartbeats": false, "routers": 5},created_at=2021-05-14T12:45:18Z,description=,heartbeat_timestamp=2021-05-14T12:54:48Z,host='dv-osbrick-791273-2-iscsi',id=872e604f-7c79-4fbd-9f96-57d6c3654a25,load=0,resource_versions=,resources_synced=,started_at=2021-05-14T12:45:18Z,topic='l3_agent')) {'router_ids': ['a4d1cfa9-5a22-43f4-9ad8-d2c35c3f74ae'], 'active': True} {{(pid=78756) wrapper /usr/local/lib/python3.8/dist-packages/oslo_log/helpers.py:65}}
May 14 12:55:04.204522 dv-osbrick-791273-2-iscsi neutron-server[78756]: DEBUG neutron.db.l3_dvr_db [None req-d0bc100d-4657-4212-b4ee-2d73d6124ecb None None] Set router a4d1cfa9-5a22-43f4-9ad8-d2c35c3f74ae gateway port host: dv-osbrick-791273-2-iscsi {{(pid=78756) _build_routers_list /opt/stack/neutron/neutron/db/l3_dvr_db.py:819}}
May 14 12:55:04.207040 dv-osbrick-791273-2-iscsi neutron-server[78754]: DEBUG neutron_lib.callbacks.manager [None req-49d5908d-5140-4a23-9845-23b0f2f60c2e admin admin] Notify callbacks [] for router, before_delete {{(pid=78754) _notify_loop /usr/local/lib/python3.8/dist-packages/neutron_lib/callbacks/manager.py:192}}
May 14 12:55:04.387524 dv-osbrick-791273-2-iscsi neutron-server[78754]: DEBUG neutron_lib.callbacks.manager [None req-49d5908d-5140-4a23-9845-23b0f2f60c2e admin admin] Notify callbacks [] for router_gateway, before_delete {{(pid=78754) _notify_loop /usr/local/lib/python3.8/dist-packages/neutron_lib/callbacks/manager.py:192}}
May 14 12:55:04.510807 dv-osbrick-791273-2-iscsi neutron-server[78754]: DEBUG neutron.plugins.ml2.plugin [None req-49d5908d-5140-4a23-9845-23b0f2f60c2e admin admin] Deleting port 96d9abf4-f291-4b26-8d36-729b16ce851c {{(pid=78754) _pre_delete_port /opt/stack/neutron/neutron/plugins/ml2/plugin.py:1887}}
May 14 12:55:04.511537 dv-osbrick-791273-2-iscsi neutron-server[78754]: DEBUG neutron_lib.callbacks.manager [None req-49d5908d-5140-4a23-9845-23b0f2f60c2e admin admin] Notify callbacks ['neutron.db.l3_db.L3_NAT_dbonly_mixin._prevent_l3_port_delete_callback-8739869677963'] for port, before_delete {{(pid=78754) _notify_loop /usr/local/lib/python3.8/dist-packages/neutron_lib/callbacks/manager.py:192}}
May 14 12:55:04.517198 dv-osbrick-791273-2-iscsi neutron-server[78756]: DEBUG neutron.db.l3_hamode_db [None req-d0bc100d-4657-4212-b4ee-2d73d6124ecb None None] neutron.services.l3_router.l3_router_plugin.L3RouterPlugin method _process_sync_ha_data called with arguments (, [{'id': 'a4d1cfa9-5a22-43f4-9ad8-d2c35c3f74ae', 'name': 'tempest-TestMinimumBasicScenario-1765283106-router', 'tenant_id': 'be932df9b220460b9e6e4fc119a9b120', 'admin_state_up': True, 'status': 'ACTIVE', 'external_gateway_info': {'network_id': '944cc636-3dc5-46e6-8ee8-f8af70ebda15', 'external_fixed_ips': [{'subnet_id': '724d5bb2-f8ec-4992-8c44-d5dc29e8645d', 'ip_address': '172.29.1.56'}], 'enable_snat': True}, 'gw_port_id': '96d9abf4-f291-4b26-8d36-729b16ce851c', 'description': '', 'availability_zones': ['nova'], 'distributed': False, 'ha': False, 'ha_vr_id': 0, 'availability_zone_hints': [], 'routes': [], 'flavor_id': None, 'tags': [], 'created_at': '2021-05-14T12:52:32Z', 'updated_at': '2021-05-14T12:55:03Z', 'revision_number': 5, 'project_id': 'be932df9b220460b9e6e4fc119a9b120', 'gw_port': {'id': '96d9abf4-f291-4b26-8d36-729b16ce851c', 'name': '', 'network_id': '944cc636-3dc5-46e6-8ee8-f8af70ebda15', 'tenant_id': '', 'mac_address': 'fa:16:3e:13:25:4f', 'admin_state_up': True, 'status': 'ACTIVE', 'device_id': 'a4d1cfa9-5a22-43f4-9ad8-d2c35c3f74ae', 'device_owner': 'network:router_gateway', 'standard_attr_id': 74, 'fixed_ips': [{'subnet_id': '724d5bb2-f8ec-4992-8c44-d5dc29e8645d', 'ip_address': '172.29.1.56', 'prefixlen': 24}], 'allowed_address_pairs': [], 'extra_dhcp_opts': [], 'security_groups': [], 'description': '', 'binding:vnic_type': 'normal', 'binding:profile': {}, 'binding:host_id': 'dv-osbrick-791273-2-iscsi', 'binding:vif_type': 'ovs', 'binding:vif_details': {'connectivity': 'l2', 'port_filter': True, 'ovs_hybrid_plug': False, 'datapath_type': 'system', 'bridge_name': 'br-int'}, 'port_security_enabled': False, 'tags': [], 'created_at': '2021-05-14T12:52:33Z', 'updated_at': '2021-05-14T12:52:43Z', 'revision_number': 4, 'project_id': '', 'subnets': [{'id': '724d5bb2-f8ec-4992-8c44-d5dc29e8645d', 'cidr': '172.29.1.0/24', 'gateway_ip': '172.29.1.1', 'dns_nameservers': [], 'ipv6_ra_mode': None, 'subnetpool_id': None}], 'extra_subnets': [], 'address_scopes': {4: None, 6: None}, 'mtu': 1500}, 'enable_snat': True, 'gw_port_host': 'dv-osbrick-791273-2-iscsi'}], 'dv-osbrick-791273-2-iscsi', False) {} {{(pid=78756) wrapper /usr/local/lib/python3.8/dist-packages/oslo_log/helpers.py:65}}
May 14 12:55:04.522448 dv-osbrick-791273-2-iscsi neutron-server[78756]: DEBUG neutron.api.rpc.handlers.l3_rpc [None req-d0bc100d-4657-4212-b4ee-2d73d6124ecb None None] Checking router: a4d1cfa9-5a22-43f4-9ad8-d2c35c3f74ae for host: dv-osbrick-791273-2-iscsi {{(pid=78756) _ensure_host_set_on_ports /opt/stack/neutron/neutron/api/rpc/handlers/l3_rpc.py:155}}
May 14 12:55:04.532552 dv-osbrick-791273-2-iscsi neutron-server[78756]: DEBUG neutron.db.l3_dvrscheduler_db [None req-d0bc100d-4657-4212-b4ee-2d73d6124ecb None None] Routers {'a4d1cfa9-5a22-43f4-9ad8-d2c35c3f74ae'} bound to L3 agent in host dv-osbrick-791273-2-iscsi {{(pid=78756) _get_router_ids_for_agent /opt/stack/neutron/neutron/db/l3_dvrscheduler_db.py:422}}
May 14 12:55:04.533490 dv-osbrick-791273-2-iscsi neutron-server[78756]: DEBUG neutron.db.l3_hamode_db [None req-d0bc100d-4657-4212-b4ee-2d73d6124ecb None None] neutron.services.l3_router.l3_router_plugin.L3RouterPlugin method get_ha_sync_data_for_host called with arguments (, 'dv-osbrick-791273-2-iscsi', Agent(admin_state_up=True,agent_type='L3 agent',availability_zone='nova',binary='neutron-l3-agent',configurations={"agent_mode": "legacy", "ex_gw_ports": 5, "extensions": [], "floating_ips": 1, "handle_internal_only_routers": true, "interface_driver": "openvswitch", "interfaces": 5, "log_agent_heartbeats": false, "routers": 5},created_at=2021-05-14T12:45:18Z,description=,heartbeat_timestamp=2021-05-14T12:54:48Z,host='dv-osbrick-791273-2-iscsi',id=872e604f-7c79-4fbd-9f96-57d6c3654a25,load=0,resource_versions=,resources_synced=,started_at=2021-05-14T12:45:18Z,topic='l3_agent')) {'router_ids': ['a4d1cfa9-5a22-43f4-9ad8-d2c35c3f74ae'], 'active': True} {{(pid=78756) wrapper /usr/local/lib/python3.8/dist-packages/oslo_log/helpers.py:65}}
May 14 12:55:04.652487 dv-osbrick-791273-2-iscsi neutron-server[78754]: DEBUG neutron.plugins.ml2.db [None req-49d5908d-5140-4a23-9845-23b0f2f60c2e admin admin] For port 96d9abf4-f291-4b26-8d36-729b16ce851c, host dv-osbrick-791273-2-iscsi, got binding levels [PortBindingLevel(driver='openvswitch',host='dv-osbrick-791273-2-iscsi',level=0,port_id=96d9abf4-f291-4b26-8d36-729b16ce851c,segment=NetworkSegment(f6ca3747-06c9-493f-9df6-e5cc0b1a315e),segment_id=f6ca3747-06c9-493f-9df6-e5cc0b1a315e)] {{(pid=78754) get_binding_level_objs /opt/stack/neutron/neutron/plugins/ml2/db.py:75}}
May 14 12:55:04.652862 dv-osbrick-791273-2-iscsi neutron-server[78754]: DEBUG neutron_lib.callbacks.manager [None req-49d5908d-5140-4a23-9845-23b0f2f60c2e admin admin] Notify callbacks ['neutron.services.l3_router.l3_router_plugin.L3_NAT_dbonly_mixin._precommit_delete_port_callback-2015130'] for port, precommit_delete {{(pid=78754) _notify_loop /usr/local/lib/python3.8/dist-packages/neutron_lib/callbacks/manager.py:192}}
May 14 12:55:04.689669 dv-osbrick-791273-2-iscsi neutron-server[78756]: DEBUG neutron.db.l3_dvr_db [None req-d0bc100d-4657-4212-b4ee-2d73d6124ecb None None] Set router a4d1cfa9-5a22-43f4-9ad8-d2c35c3f74ae gateway port host: None {{(pid=78756) _build_routers_list /opt/stack/neutron/neutron/db/l3_dvr_db.py:819}}
May 14 12:55:04.835223 dv-osbrick-791273-2-iscsi neutron-server[78756]: DEBUG neutron.db.l3_hamode_db [None req-d0bc100d-4657-4212-b4ee-2d73d6124ecb None None] neutron.services.l3_router.l3_router_plugin.L3RouterPlugin method _process_sync_ha_data called with arguments (, [{'id': 'a4d1cfa9-5a22-43f4-9ad8-d2c35c3f74ae', 'name': 'tempest-TestMinimumBasicScenario-1765283106-router', 'tenant_id': 'be932df9b220460b9e6e4fc119a9b120', 'admin_state_up': True, 'status': 'ACTIVE', 'external_gateway_info': None, 'gw_port_id': None, 'description': '', 'availability_zones': ['nova'], 'distributed': False, 'ha': False, 'ha_vr_id': 0, 'availability_zone_hints': [], 'routes': [], 'flavor_id': None, 'tags': [], 'created_at': '2021-05-14T12:52:32Z', 'updated_at': '2021-05-14T12:55:04Z', 'revision_number': 6, 'project_id': 'be932df9b220460b9e6e4fc119a9b120', 'gw_port_host': None}], 'dv-osbrick-791273-2-iscsi', False) {} {{(pid=78756) wrapper /usr/local/lib/python3.8/dist-packages/oslo_log/helpers.py:65}}
May 14 12:55:04.839520 dv-osbrick-791273-2-iscsi neutron-server[78756]: DEBUG neutron.api.rpc.handlers.l3_rpc [None req-d0bc100d-4657-4212-b4ee-2d73d6124ecb None None] The sync data for ids ['a4d1cfa9-5a22-43f4-9ad8-d2c35c3f74ae'] in dv-osbrick-791273-2-iscsi is: [{'id': 'a4d1cfa9-5a22-43f4-9ad8-d2c35c3f74ae', 'name': 'tempest-TestMinimumBasicScenario-1765283106-router', 'tenant_id': 'be932df9b220460b9e6e4fc119a9b120', 'admin_state_up': True, 'status': 'ACTIVE', 'external_gateway_info': None, 'gw_port_id': None, 'description': '', 'availability_zones': ['nova'], 'distributed': False, 'ha': False, 'ha_vr_id': 0, 'availability_zone_hints': [], 'routes': [], 'flavor_id': None, 'tags': [], 'created_at': '2021-05-14T12:52:32Z', 'updated_at': '2021-05-14T12:55:04Z', 'revision_number': 6, 'project_id': 'be932df9b220460b9e6e4fc119a9b120', 'gw_port_host': None}] {{(pid=78756) sync_routers /opt/stack/neutron/neutron/api/rpc/handlers/l3_rpc.py:137}}
May 14 12:55:04.915097 dv-osbrick-791273-2-iscsi neutron-server[78754]: DEBUG neutron.plugins.ml2.plugin [None req-49d5908d-5140-4a23-9845-23b0f2f60c2e admin admin] Calling delete_port for 96d9abf4-f291-4b26-8d36-729b16ce851c owned by network:router_gateway {{(pid=78754) delete_port /opt/stack/neutron/neutron/plugins/ml2/plugin.py:1960}}
May 14 12:55:04.983090 dv-osbrick-791273-2-iscsi neutron-server[78754]: DEBUG neutron.pecan_wsgi.hooks.policy_enforcement [req-670cee07-4f84-4e75-8e68-da7dd9cc779d req-ee0fde0e-94bf-4cfc-b232-c8d9bcdd4b2a tempest-TestVolumeBootPattern-546566123 tempest-TestVolumeBootPattern-546566123-project] Attributes excluded by policy engine: ['standard_attr_id', 'binding:profile', 'binding:host_id', 'binding:vif_type', 'binding:vif_details'] {{(pid=78754) _exclude_attributes_by_policy /opt/stack/neutron/neutron/pecan_wsgi/hooks/policy_enforcement.py:255}}
May 14 12:55:04.985265 dv-osbrick-791273-2-iscsi neutron-server[78754]: INFO neutron.wsgi [req-670cee07-4f84-4e75-8e68-da7dd9cc779d req-ee0fde0e-94bf-4cfc-b232-c8d9bcdd4b2a tempest-TestVolumeBootPattern-546566123 tempest-TestVolumeBootPattern-546566123-project] 10.222.0.68 "GET /v2.0/ports?device_id=9bbad7ef-edd5-4ee6-abcb-39bcb9e094f4 HTTP/1.1" status: 200 len: 946 time: 0.2698371
May 14 12:55:05.049924 dv-osbrick-791273-2-iscsi neutron-server[78754]: INFO neutron.wsgi [req-670cee07-4f84-4e75-8e68-da7dd9cc779d req-148947f1-73cd-4692-91ce-29471a6bee58 tempest-TestVolumeBootPattern-546566123 tempest-TestVolumeBootPattern-546566123-project] 10.222.0.68 "GET /v2.0/security-groups?id=a9f92153-c73e-4eb5-b528-68ddbd664bc5&fields=id&fields=name HTTP/1.1" status: 200 len: 286 time: 0.0528018
May 14 12:55:05.128124 dv-osbrick-791273-2-iscsi neutron-server[78754]: DEBUG neutron_lib.callbacks.manager [None req-49d5908d-5140-4a23-9845-23b0f2f60c2e admin admin] Notify callbacks ['neutron.plugins.ml2.plugin.SecurityGroupServerNotifierRpcMixin.notify_sg_on_port_change-574864', 'neutron.plugins.ml2.ovo_rpc._ObjectChangeHandler.handle_event-348359', 'neutron.api.rpc.agentnotifiers.dhcp_rpc_agent_api.DhcpAgentNotifyAPI._native_event_send_dhcp_notification-1582984', 'neutron.db.l3_db.L3RpcNotifierMixin._notify_routers_callback-8739869681969', 'neutron.db.l3_dvrscheduler_db._notify_port_delete-8739869214446', 'neutron.services.segments.plugin.NovaSegmentNotifier._notify_port_created_or_deleted-6490065'] for port, after_delete {{(pid=78754) _notify_loop /usr/local/lib/python3.8/dist-packages/neutron_lib/callbacks/manager.py:192}}
May 14 12:55:05.131729 dv-osbrick-791273-2-iscsi neutron-server[78754]: DEBUG oslo_concurrency.lockutils [None req-41ed5bfe-bba2-494c-a19d-8b69d29f46b0 admin admin] Lock "event-dispatch" acquired by "neutron.plugins.ml2.ovo_rpc._ObjectChangeHandler.dispatch_events" :: waited 0.000s {{(pid=78754) inner /usr/local/lib/python3.8/dist-packages/oslo_concurrency/lockutils.py:355}}
May 14 12:55:05.177974 dv-osbrick-791273-2-iscsi neutron-server[78754]: DEBUG neutron.api.rpc.handlers.resources_rpc [None req-49d5908d-5140-4a23-9845-23b0f2f60c2e admin admin] Pushing event deleted for resources: {'Port': ['ID=96d9abf4-f291-4b26-8d36-729b16ce851c,revision_number=None']} {{(pid=78754) push /opt/stack/neutron/neutron/api/rpc/handlers/resources_rpc.py:237}}
May 14 12:55:05.209628 dv-osbrick-791273-2-iscsi neutron-server[78754]: DEBUG oslo_concurrency.lockutils [None req-49d5908d-5140-4a23-9845-23b0f2f60c2e admin admin] Lock "event-dispatch" released by "neutron.plugins.ml2.ovo_rpc._ObjectChangeHandler.dispatch_events" :: held 0.078s {{(pid=78754) inner /usr/local/lib/python3.8/dist-packages/oslo_concurrency/lockutils.py:367}}
May 14 12:55:05.273548 dv-osbrick-791273-2-iscsi neutron-server[78754]: DEBUG neutron_lib.callbacks.manager [None req-49d5908d-5140-4a23-9845-23b0f2f60c2e admin admin] Notify callbacks ['neutron.services.l3_router.l3_router_plugin.DVRResourceOperationHandler._delete_dvr_internal_ports-2009026'] for router_gateway, after_delete {{(pid=78754) _notify_loop /usr/local/lib/python3.8/dist-packages/neutron_lib/callbacks/manager.py:192}}
May 14 12:55:05.450040 dv-osbrick-791273-2-iscsi neutron-server[78754]: DEBUG neutron_lib.callbacks.manager [None req-49d5908d-5140-4a23-9845-23b0f2f60c2e admin admin] Notify callbacks ['neutron.services.l3_router.l3_router_plugin.L3_HA_NAT_db_mixin._release_router_vr_id-1994012', 'neutron.services.l3_router.service_providers.driver_controller.DriverController._clear_router_provider-6211'] for router, precommit_delete {{(pid=78754) _notify_loop /usr/local/lib/python3.8/dist-packages/neutron_lib/callbacks/manager.py:192}}
May 14 12:55:05.452280 dv-osbrick-791273-2-iscsi neutron-server[78754]: DEBUG neutron_lib.callbacks.manager [None req-49d5908d-5140-4a23-9845-23b0f2f60c2e admin admin] Notify callbacks [] for router_controller, precommit_delete_associations {{(pid=78754) _notify_loop /usr/local/lib/python3.8/dist-packages/neutron_lib/callbacks/manager.py:192}}
