May 13 16:44:47.159167 dv-osbrick-791268-1-ceph neutron-server[80307]: DEBUG neutron.api.rpc.handlers.l3_rpc [None req-79d35393-a5fb-4966-a874-99a116288c1a None None] The sync data for ids ['dd30e0c2-7e36-4857-9327-b024f4fafbd8'] in dv-osbrick-791268-1-ceph is: [{'id': 'dd30e0c2-7e36-4857-9327-b024f4fafbd8', 'name': 'tempest-TestMinimumBasicScenario-939450193-router', 'tenant_id': '8169bd68639c4ac99b36617bbdf2f43f', 'admin_state_up': True, 'status': 'ACTIVE', 'external_gateway_info': {'network_id': '07ae7301-90b5-4115-967e-507d1332d9a3', 'external_fixed_ips': [{'subnet_id': '1f72428c-3426-4005-b789-96e87647bf02', 'ip_address': '172.31.1.99'}], 'enable_snat': True}, 'gw_port_id': 'fdab6768-3d44-473a-a713-d355d2daaa47', 'description': '', 'availability_zones': ['nova'], 'distributed': False, 'ha': False, 'ha_vr_id': 0, 'availability_zone_hints': [], 'routes': [], 'flavor_id': None, 'tags': [], 'created_at': '2021-05-13T16:41:00Z', 'updated_at': '2021-05-13T16:41:05Z', 'revision_number': 4, 'project_id': '8169bd68639c4ac99b36617bbdf2f43f', 'gw_port': {'id': 'fdab6768-3d44-473a-a713-d355d2daaa47', 'name': '', 'network_id': '07ae7301-90b5-4115-967e-507d1332d9a3', 'tenant_id': '', 'mac_address': 'fa:16:3e:98:ac:56', 'admin_state_up': True, 'status': 'ACTIVE', 'device_id': 'dd30e0c2-7e36-4857-9327-b024f4fafbd8', 'device_owner': 'network:router_gateway', 'standard_attr_id': 52, 'fixed_ips': [{'subnet_id': '1f72428c-3426-4005-b789-96e87647bf02', 'ip_address': '172.31.1.99', 'prefixlen': 24}], 'allowed_address_pairs': [], 'extra_dhcp_opts': [], 'security_groups': [], 'description': '', 'binding:vnic_type': 'normal', 'binding:profile': {}, 'binding:host_id': 'dv-osbrick-791268-1-ceph', 'binding:vif_type': 'ovs', 'binding:vif_details': {'connectivity': 'l2', 'port_filter': True, 'ovs_hybrid_plug': False, 'datapath_type': 'system', 'bridge_name': 'br-int'}, 'port_security_enabled': False, 'tags': [], 'created_at': '2021-05-13T16:41:01Z', 'updated_at': '2021-05-13T16:41:12Z', 'revision_number': 4, 'project_id': '', 'subnets': [{'id': '1f72428c-3426-4005-b789-96e87647bf02', 'cidr': '172.31.1.0/24', 'gateway_ip': '172.31.1.1', 'dns_nameservers': [], 'ipv6_ra_mode': None, 'subnetpool_id': None}], 'extra_subnets': [], 'address_scopes': {4: None, 6: None}, 'mtu': 1500}, 'enable_snat': True, 'gw_port_host': 'dv-osbrick-791268-1-ceph', '_interfaces': [{'id': '44ec765c-0140-4241-bb15-57c4e7e0d9ff', 'name': '', 'network_id': '517b720c-c66c-4c3b-8693-b10b6654279d', 'tenant_id': '8169bd68639c4ac99b36617bbdf2f43f', 'mac_address': 'fa:16:3e:99:35:e8', 'admin_state_up': True, 'status': 'ACTIVE', 'device_id': 'dd30e0c2-7e36-4857-9327-b024f4fafbd8', 'device_owner': 'network:router_interface', 'standard_attr_id': 54, 'fixed_ips': [{'subnet_id': '3dc59bc9-842b-4c63-b1d9-b05a4c17ad06', 'ip_address': '172.20.0.1', 'prefixlen': 28}], 'allowed_address_pairs': [], 'extra_dhcp_opts': [], 'security_groups': [], 'description': '', 'binding:vnic_type': 'normal', 'binding:profile': {}, 'binding:host_id': 'dv-osbrick-791268-1-ceph', 'binding:vif_type': 'ovs', 'binding:vif_details': {'connectivity': 'l2', 'port_filter': True, 'ovs_hybrid_plug': False, 'datapath_type': 'system', 'bridge_name': 'br-int'}, 'port_security_enabled': False, 'tags': [], 'created_at': '2021-05-13T16:41:04Z', 'updated_at': '2021-05-13T16:41:21Z', 'revision_number': 5, 'project_id': '8169bd68639c4ac99b36617bbdf2f43f', 'subnets': [{'id': '3dc59bc9-842b-4c63-b1d9-b05a4c17ad06', 'cidr': '172.20.0.0/28', 'gateway_ip': '172.20.0.1', 'dns_nameservers': [], 'ipv6_ra_mode': None, 'subnetpool_id': None}], 'extra_subnets': [], 'address_scopes': {4: None, 6: None}, 'mtu': 1500}]}] {{(pid=80307) sync_routers /opt/stack/neutron/neutron/api/rpc/handlers/l3_rpc.py:137}}
May 13 16:44:47.384103 dv-osbrick-791268-1-ceph neutron-server[80306]: DEBUG neutron.api.rpc.handlers.l3_rpc [None req-f7473041-55cd-4e13-99ec-51cc99ee5d67 None None] New status for floating IP d7f90fdf-6062-4716-bac3-80d6bfd2c1b5: DOWN {{(pid=80306) update_floatingip_statuses /opt/stack/neutron/neutron/api/rpc/handlers/l3_rpc.py:270}}
May 13 16:44:49.433268 dv-osbrick-791268-1-ceph neutron-server[80304]: DEBUG neutron.pecan_wsgi.hooks.policy_enforcement [req-a6005b2e-3401-41bf-ac2f-6570ca79c88c req-d58854c3-8c2c-4fdc-a897-e84d440c5e38 tempest-TestMinimumBasicScenario-621996329 tempest-TestMinimumBasicScenario-621996329-project] Attributes excluded by policy engine: ['standard_attr_id', 'binding:profile', 'binding:host_id', 'binding:vif_type', 'binding:vif_details'] {{(pid=80304) _exclude_attributes_by_policy /opt/stack/neutron/neutron/pecan_wsgi/hooks/policy_enforcement.py:255}}
May 13 16:44:49.433989 dv-osbrick-791268-1-ceph neutron-server[80304]: DEBUG neutron.quota.resource [req-a6005b2e-3401-41bf-ac2f-6570ca79c88c req-d58854c3-8c2c-4fdc-a897-e84d440c5e38 tempest-TestMinimumBasicScenario-621996329 tempest-TestMinimumBasicScenario-621996329-project] Synchronizing usage tracker for tenant:8169bd68639c4ac99b36617bbdf2f43f on resource:port {{(pid=80304) resync /opt/stack/neutron/neutron/quota/resource.py:241}}
May 13 16:44:49.450608 dv-osbrick-791268-1-ceph neutron-server[80304]: DEBUG neutron.quota.resource [req-a6005b2e-3401-41bf-ac2f-6570ca79c88c req-d58854c3-8c2c-4fdc-a897-e84d440c5e38 tempest-TestMinimumBasicScenario-621996329 tempest-TestMinimumBasicScenario-621996329-project] Unset dirty status for tenant:8169bd68639c4ac99b36617bbdf2f43f on resource:port {{(pid=80304) _resync /opt/stack/neutron/neutron/quota/resource.py:233}}
May 13 16:44:49.451772 dv-osbrick-791268-1-ceph neutron-server[80304]: INFO neutron.wsgi [req-a6005b2e-3401-41bf-ac2f-6570ca79c88c req-d58854c3-8c2c-4fdc-a897-e84d440c5e38 tempest-TestMinimumBasicScenario-621996329 tempest-TestMinimumBasicScenario-621996329-project] 10.222.0.67 "GET /v2.0/ports?device_id=966a167e-714b-4b0f-9e7d-a38eb6c75147 HTTP/1.1" status: 200 len: 945 time: 0.1001742
May 13 16:44:49.500897 dv-osbrick-791268-1-ceph neutron-server[80304]: DEBUG neutron.quota.resource [req-a6005b2e-3401-41bf-ac2f-6570ca79c88c req-8133583d-2890-4781-be48-2ab5069b83c2 tempest-TestMinimumBasicScenario-621996329 tempest-TestMinimumBasicScenario-621996329-project] Synchronizing usage tracker for tenant:8169bd68639c4ac99b36617bbdf2f43f on resource:security_group {{(pid=80304) resync /opt/stack/neutron/neutron/quota/resource.py:241}}
May 13 16:44:49.517388 dv-osbrick-791268-1-ceph neutron-server[80304]: DEBUG neutron.quota.resource [req-a6005b2e-3401-41bf-ac2f-6570ca79c88c req-8133583d-2890-4781-be48-2ab5069b83c2 tempest-TestMinimumBasicScenario-621996329 tempest-TestMinimumBasicScenario-621996329-project] Unset dirty status for tenant:8169bd68639c4ac99b36617bbdf2f43f on resource:security_group {{(pid=80304) _resync /opt/stack/neutron/neutron/quota/resource.py:233}}
May 13 16:44:49.518480 dv-osbrick-791268-1-ceph neutron-server[80304]: INFO neutron.wsgi [req-a6005b2e-3401-41bf-ac2f-6570ca79c88c req-8133583d-2890-4781-be48-2ab5069b83c2 tempest-TestMinimumBasicScenario-621996329 tempest-TestMinimumBasicScenario-621996329-project] 10.222.0.67 "GET /v2.0/security-groups?id=06c5cae0-cc40-4206-81d1-276996134810&fields=id&fields=name HTTP/1.1" status: 200 len: 286 time: 0.0606499
May 13 16:44:50.709692 dv-osbrick-791268-1-ceph neutron-server[80305]: DEBUG neutron.pecan_wsgi.hooks.policy_enforcement [req-623d11a2-6bb1-419f-bd02-418503f703a2 req-e7d77d17-b30f-4c84-bc57-bff74620d9a6 tempest-TestMinimumBasicScenario-621996329 tempest-TestMinimumBasicScenario-621996329-project] Attributes excluded by policy engine: ['standard_attr_id', 'binding:profile', 'binding:host_id', 'binding:vif_type', 'binding:vif_details'] {{(pid=80305) _exclude_attributes_by_policy /opt/stack/neutron/neutron/pecan_wsgi/hooks/policy_enforcement.py:255}}
May 13 16:44:50.711194 dv-osbrick-791268-1-ceph neutron-server[80305]: INFO neutron.wsgi [req-623d11a2-6bb1-419f-bd02-418503f703a2 req-e7d77d17-b30f-4c84-bc57-bff74620d9a6 tempest-TestMinimumBasicScenario-621996329 tempest-TestMinimumBasicScenario-621996329-project] 10.222.0.67 "GET /v2.0/ports?device_id=966a167e-714b-4b0f-9e7d-a38eb6c75147 HTTP/1.1" status: 200 len: 945 time: 0.0839820
May 13 16:44:50.760274 dv-osbrick-791268-1-ceph neutron-server[80305]: INFO neutron.wsgi [req-623d11a2-6bb1-419f-bd02-418503f703a2 req-a2d533ff-1ff8-4ac4-af84-c5dd700967c9 tempest-TestMinimumBasicScenario-621996329 tempest-TestMinimumBasicScenario-621996329-project] 10.222.0.67 "GET /v2.0/security-groups?id=06c5cae0-cc40-4206-81d1-276996134810&fields=id&fields=name HTTP/1.1" status: 200 len: 286 time: 0.0425923
May 13 16:44:51.248537 dv-osbrick-791268-1-ceph neutron-server[80306]: DEBUG neutron_lib.callbacks.manager [None req-bbfe3224-f6da-4c0b-bfe8-57cd3d97d899 None None] Notify callbacks ['neutron.services.segments.db._update_segment_host_mapping_for_agent-8733163482637', 'neutron.plugins.ml2.plugin.Ml2Plugin._retry_binding_revived_agents-3879788'] for agent, after_update {{(pid=80306) _notify_loop /usr/local/lib/python3.8/dist-packages/neutron_lib/callbacks/manager.py:192}}
May 13 16:44:51.438773 dv-osbrick-791268-1-ceph neutron-server[80305]: DEBUG neutron.pecan_wsgi.hooks.policy_enforcement [req-1beb39c0-4b42-4a1d-92b9-d5ac95ffa099 req-c75611f0-f858-485f-8458-9239ed721ea5 tempest-TestMinimumBasicScenario-621996329 tempest-TestMinimumBasicScenario-621996329-project] Attributes excluded by policy engine: ['standard_attr_id', 'binding:profile', 'binding:host_id', 'binding:vif_type', 'binding:vif_details'] {{(pid=80305) _exclude_attributes_by_policy /opt/stack/neutron/neutron/pecan_wsgi/hooks/policy_enforcement.py:255}}
May 13 16:44:51.440321 dv-osbrick-791268-1-ceph neutron-server[80305]: INFO neutron.wsgi [req-1beb39c0-4b42-4a1d-92b9-d5ac95ffa099 req-c75611f0-f858-485f-8458-9239ed721ea5 tempest-TestMinimumBasicScenario-621996329 tempest-TestMinimumBasicScenario-621996329-project] 10.222.0.73 "GET /v2.0/ports?device_id=966a167e-714b-4b0f-9e7d-a38eb6c75147 HTTP/1.1" status: 200 len: 945 time: 0.0859530
May 13 16:44:51.581974 dv-osbrick-791268-1-ceph neutron-server[80305]: DEBUG neutron.plugins.ml2.plugin [req-1beb39c0-4b42-4a1d-92b9-d5ac95ffa099 req-0798b7ff-eb81-4506-9520-cb07ac00d80b tempest-TestMinimumBasicScenario-621996329 tempest-TestMinimumBasicScenario-621996329-project] Deleting port 25fdb047-7525-4ffb-9e7c-b88b1e033e7f {{(pid=80305) _pre_delete_port /opt/stack/neutron/neutron/plugins/ml2/plugin.py:1887}}
May 13 16:44:51.582751 dv-osbrick-791268-1-ceph neutron-server[80305]: DEBUG neutron_lib.callbacks.manager [req-1beb39c0-4b42-4a1d-92b9-d5ac95ffa099 req-0798b7ff-eb81-4506-9520-cb07ac00d80b tempest-TestMinimumBasicScenario-621996329 tempest-TestMinimumBasicScenario-621996329-project] Notify callbacks ['neutron.db.l3_db.L3_NAT_dbonly_mixin._prevent_l3_port_delete_callback-8733163451266'] for port, before_delete {{(pid=80305) _notify_loop /usr/local/lib/python3.8/dist-packages/neutron_lib/callbacks/manager.py:192}}
May 13 16:44:51.720803 dv-osbrick-791268-1-ceph neutron-server[80305]: DEBUG neutron.plugins.ml2.db [req-1beb39c0-4b42-4a1d-92b9-d5ac95ffa099 req-0798b7ff-eb81-4506-9520-cb07ac00d80b tempest-TestMinimumBasicScenario-621996329 tempest-TestMinimumBasicScenario-621996329-project] For port 25fdb047-7525-4ffb-9e7c-b88b1e033e7f, host hv-osbrick-7912, got binding levels [PortBindingLevel(driver='hyperv',host='hv-osbrick-7912',level=0,port_id=25fdb047-7525-4ffb-9e7c-b88b1e033e7f,segment=NetworkSegment(e6c2f725-1f64-46e8-b2a5-5ec262b4a5b3),segment_id=e6c2f725-1f64-46e8-b2a5-5ec262b4a5b3)] {{(pid=80305) get_binding_level_objs /opt/stack/neutron/neutron/plugins/ml2/db.py:75}}
May 13 16:44:51.721493 dv-osbrick-791268-1-ceph neutron-server[80305]: DEBUG neutron_lib.callbacks.manager [req-1beb39c0-4b42-4a1d-92b9-d5ac95ffa099 req-0798b7ff-eb81-4506-9520-cb07ac00d80b tempest-TestMinimumBasicScenario-621996329 tempest-TestMinimumBasicScenario-621996329-project] Notify callbacks ['neutron.services.l3_router.l3_router_plugin.L3_NAT_dbonly_mixin._precommit_delete_port_callback-1010751'] for port, precommit_delete {{(pid=80305) _notify_loop /usr/local/lib/python3.8/dist-packages/neutron_lib/callbacks/manager.py:192}}
May 13 16:44:51.846348 dv-osbrick-791268-1-ceph neutron-server[80305]: DEBUG neutron.plugins.ml2.plugin [req-1beb39c0-4b42-4a1d-92b9-d5ac95ffa099 req-0798b7ff-eb81-4506-9520-cb07ac00d80b tempest-TestMinimumBasicScenario-621996329 tempest-TestMinimumBasicScenario-621996329-project] Calling delete_port for 25fdb047-7525-4ffb-9e7c-b88b1e033e7f owned by compute:nova {{(pid=80305) delete_port /opt/stack/neutron/neutron/plugins/ml2/plugin.py:1960}}
May 13 16:44:51.960927 dv-osbrick-791268-1-ceph neutron-server[80304]: DEBUG neutron.pecan_wsgi.hooks.policy_enforcement [req-73cc9ef5-24e0-4f5f-9391-e953e11722fb req-5aaea307-ebd4-4e44-a371-8d5c07bb6060 tempest-TestMinimumBasicScenario-621996329 tempest-TestMinimumBasicScenario-621996329-project] Attributes excluded by policy engine: ['standard_attr_id', 'binding:profile', 'binding:host_id', 'binding:vif_type', 'binding:vif_details'] {{(pid=80304) _exclude_attributes_by_policy /opt/stack/neutron/neutron/pecan_wsgi/hooks/policy_enforcement.py:255}}
May 13 16:44:51.963419 dv-osbrick-791268-1-ceph neutron-server[80304]: INFO neutron.wsgi [req-73cc9ef5-24e0-4f5f-9391-e953e11722fb req-5aaea307-ebd4-4e44-a371-8d5c07bb6060 tempest-TestMinimumBasicScenario-621996329 tempest-TestMinimumBasicScenario-621996329-project] 10.222.0.67 "GET /v2.0/ports?device_id=966a167e-714b-4b0f-9e7d-a38eb6c75147 HTTP/1.1" status: 200 len: 945 time: 0.0946057
May 13 16:44:51.970993 dv-osbrick-791268-1-ceph neutron-server[80305]: DEBUG neutron_lib.callbacks.manager [req-1beb39c0-4b42-4a1d-92b9-d5ac95ffa099 req-0798b7ff-eb81-4506-9520-cb07ac00d80b tempest-TestMinimumBasicScenario-621996329 tempest-TestMinimumBasicScenario-621996329-project] Notify callbacks ['neutron.plugins.ml2.plugin.SecurityGroupServerNotifierRpcMixin.notify_sg_on_port_change-3719853', 'neutron.plugins.ml2.ovo_rpc._ObjectChangeHandler.handle_event-127270', 'neutron.api.rpc.agentnotifiers.dhcp_rpc_agent_api.DhcpAgentNotifyAPI._native_event_send_dhcp_notification-582178', 'neutron.db.l3_db.L3RpcNotifierMixin._notify_routers_callback-8733163454419', 'neutron.db.l3_dvrscheduler_db._notify_port_delete-8733162991162'] for port, after_delete {{(pid=80305) _notify_loop /usr/local/lib/python3.8/dist-packages/neutron_lib/callbacks/manager.py:192}}
May 13 16:44:51.977926 dv-osbrick-791268-1-ceph neutron-server[80305]: DEBUG oslo_concurrency.lockutils [None req-99b3fe0f-42cc-4840-b8b5-e01973c1dfc9 tempest-TestMinimumBasicScenario-621996329 tempest-TestMinimumBasicScenario-621996329-project] Lock "event-dispatch" acquired by "neutron.plugins.ml2.ovo_rpc._ObjectChangeHandler.dispatch_events" :: waited 0.000s {{(pid=80305) inner /usr/local/lib/python3.8/dist-packages/oslo_concurrency/lockutils.py:355}}
May 13 16:44:51.984131 dv-osbrick-791268-1-ceph neutron-server[80306]: DEBUG neutron.plugins.ml2.db [None req-bbfe3224-f6da-4c0b-bfe8-57cd3d97d899 None None] get_ports_and_sgs() called for port_ids ['25fdb047-7525-4ffb-9e7c-b88b1e033e7f'] {{(pid=80306) get_ports_and_sgs /opt/stack/neutron/neutron/plugins/ml2/db.py:164}}
May 13 16:44:52.014074 dv-osbrick-791268-1-ceph neutron-server[80304]: INFO neutron.wsgi [req-73cc9ef5-24e0-4f5f-9391-e953e11722fb req-5f66465d-b3e7-4efe-a6f8-ee328ca5b101 tempest-TestMinimumBasicScenario-621996329 tempest-TestMinimumBasicScenario-621996329-project] 10.222.0.67 "GET /v2.0/security-groups?id=06c5cae0-cc40-4206-81d1-276996134810&fields=id&fields=name HTTP/1.1" status: 200 len: 286 time: 0.0441606
May 13 16:44:52.109038 dv-osbrick-791268-1-ceph neutron-server[80305]: DEBUG neutron.api.rpc.handlers.resources_rpc [None req-0798b7ff-eb81-4506-9520-cb07ac00d80b tempest-TestMinimumBasicScenario-621996329 tempest-TestMinimumBasicScenario-621996329-project] Pushing event deleted for resources: {'Port': ['ID=25fdb047-7525-4ffb-9e7c-b88b1e033e7f,revision_number=None']} {{(pid=80305) push /opt/stack/neutron/neutron/api/rpc/handlers/resources_rpc.py:237}}
May 13 16:44:52.112290 dv-osbrick-791268-1-ceph neutron-server[80305]: DEBUG oslo_concurrency.lockutils [None req-0798b7ff-eb81-4506-9520-cb07ac00d80b tempest-TestMinimumBasicScenario-621996329 tempest-TestMinimumBasicScenario-621996329-project] Lock "event-dispatch" released by "neutron.plugins.ml2.ovo_rpc._ObjectChangeHandler.dispatch_events" :: held 0.134s {{(pid=80305) inner /usr/local/lib/python3.8/dist-packages/oslo_concurrency/lockutils.py:367}}
May 13 16:44:52.188373 dv-osbrick-791268-1-ceph neutron-server[80305]: DEBUG neutron.db.l3_dvrscheduler_db [req-1beb39c0-4b42-4a1d-92b9-d5ac95ffa099 req-0798b7ff-eb81-4506-9520-cb07ac00d80b tempest-TestMinimumBasicScenario-621996329 tempest-TestMinimumBasicScenario-621996329-project] No DVR routers for this DVR port 25fdb047-7525-4ffb-9e7c-b88b1e033e7f on host hv-osbrick-7912 {{(pid=80305) get_dvr_routers_to_remove /opt/stack/neutron/neutron/db/l3_dvrscheduler_db.py:214}}
May 13 16:44:52.191605 dv-osbrick-791268-1-ceph neutron-server[80305]: DEBUG neutron_lib.callbacks.manager [req-1beb39c0-4b42-4a1d-92b9-d5ac95ffa099 req-0798b7ff-eb81-4506-9520-cb07ac00d80b tempest-TestMinimumBasicScenario-621996329 tempest-TestMinimumBasicScenario-621996329-project] Notify callbacks ['neutron.notifiers.nova.Notifier._send_nova_notification-18799'] for port, before_response {{(pid=80305) _notify_loop /usr/local/lib/python3.8/dist-packages/neutron_lib/callbacks/manager.py:192}}
May 13 16:44:52.195092 dv-osbrick-791268-1-ceph neutron-server[80305]: DEBUG neutron.notifiers.nova [-] Sending events: [{'server_uuid': '966a167e-714b-4b0f-9e7d-a38eb6c75147', 'name': 'network-vif-deleted', 'tag': '25fdb047-7525-4ffb-9e7c-b88b1e033e7f'}] {{(pid=80305) send_events /opt/stack/neutron/neutron/notifiers/nova.py:262}}
May 13 16:44:52.211645 dv-osbrick-791268-1-ceph neutron-server[80305]: INFO neutron.wsgi [req-1beb39c0-4b42-4a1d-92b9-d5ac95ffa099 req-0798b7ff-eb81-4506-9520-cb07ac00d80b tempest-TestMinimumBasicScenario-621996329 tempest-TestMinimumBasicScenario-621996329-project] 10.222.0.73 "DELETE /v2.0/ports/25fdb047-7525-4ffb-9e7c-b88b1e033e7f HTTP/1.1" status: 204 len: 173 time: 0.7659676
May 13 16:44:52.244971 dv-osbrick-791268-1-ceph neutron-server[80305]: INFO neutron.notifiers.nova [-] Nova event response: {'server_uuid': '966a167e-714b-4b0f-9e7d-a38eb6c75147', 'name': 'network-vif-deleted', 'tag': '25fdb047-7525-4ffb-9e7c-b88b1e033e7f', 'status': 'completed', 'code': 200}
May 13 16:44:53.413869 dv-osbrick-791268-1-ceph neutron-server[80304]: DEBUG neutron.wsgi [-] (80304) accepted ('10.222.0.67', 35622) {{(pid=80304) server /usr/local/lib/python3.8/dist-packages/eventlet/wsgi.py:992}}
May 13 16:44:53.987072 dv-osbrick-791268-1-ceph neutron-server[80304]: DEBUG neutron_lib.callbacks.manager [None req-8c2da3bb-aa9b-40b1-bb14-ecdd4440c8a5 admin admin] Notify callbacks ['neutron.services.l3_router.l3_router_plugin.DVRResourceOperationHandler._cache_related_dvr_routers_info_before_interface_removal-932709'] for router_interface, before_delete {{(pid=80304) _notify_loop /usr/local/lib/python3.8/dist-packages/neutron_lib/callbacks/manager.py:192}}
May 13 16:44:54.442040 dv-osbrick-791268-1-ceph neutron-server[80304]: DEBUG neutron.plugins.ml2.plugin [None req-8c2da3bb-aa9b-40b1-bb14-ecdd4440c8a5 admin admin] Deleting port 44ec765c-0140-4241-bb15-57c4e7e0d9ff {{(pid=80304) _pre_delete_port /opt/stack/neutron/neutron/plugins/ml2/plugin.py:1887}}
May 13 16:44:54.442959 dv-osbrick-791268-1-ceph neutron-server[80304]: DEBUG neutron_lib.callbacks.manager [None req-8c2da3bb-aa9b-40b1-bb14-ecdd4440c8a5 admin admin] Notify callbacks ['neutron.db.l3_db.L3_NAT_dbonly_mixin._prevent_l3_port_delete_callback-8733163451266'] for port, before_delete {{(pid=80304) _notify_loop /usr/local/lib/python3.8/dist-packages/neutron_lib/callbacks/manager.py:192}}
May 13 16:44:54.575927 dv-osbrick-791268-1-ceph neutron-server[80304]: DEBUG neutron.plugins.ml2.db [None req-8c2da3bb-aa9b-40b1-bb14-ecdd4440c8a5 admin admin] For port 44ec765c-0140-4241-bb15-57c4e7e0d9ff, host dv-osbrick-791268-1-ceph, got binding levels [PortBindingLevel(driver='openvswitch',host='dv-osbrick-791268-1-ceph',level=0,port_id=44ec765c-0140-4241-bb15-57c4e7e0d9ff,segment=NetworkSegment(e6c2f725-1f64-46e8-b2a5-5ec262b4a5b3),segment_id=e6c2f725-1f64-46e8-b2a5-5ec262b4a5b3)] {{(pid=80304) get_binding_level_objs /opt/stack/neutron/neutron/plugins/ml2/db.py:75}}
May 13 16:44:54.576200 dv-osbrick-791268-1-ceph neutron-server[80304]: DEBUG neutron_lib.callbacks.manager [None req-8c2da3bb-aa9b-40b1-bb14-ecdd4440c8a5 admin admin] Notify callbacks ['neutron.services.l3_router.l3_router_plugin.L3_NAT_dbonly_mixin._precommit_delete_port_callback-1010751'] for port, precommit_delete {{(pid=80304) _notify_loop /usr/local/lib/python3.8/dist-packages/neutron_lib/callbacks/manager.py:192}}
May 13 16:44:54.595158 dv-osbrick-791268-1-ceph neutron-server[80306]: DEBUG neutron.plugins.ml2.rpc [None req-bbfe3224-f6da-4c0b-bfe8-57cd3d97d899 None None] Device 25fdb047-7525-4ffb-9e7c-b88b1e033e7f no longer exists at agent hyperv_hv-osbrick-7912 {{(pid=80306) update_device_down /opt/stack/neutron/neutron/plugins/ml2/rpc.py:243}}
May 13 16:44:54.636356 dv-osbrick-791268-1-ceph neutron-server[80306]: DEBUG neutron.plugins.ml2.plugin [None req-bbfe3224-f6da-4c0b-bfe8-57cd3d97d899 None None] No Port match for: 25fdb047-7525-4ffb-9e7c-b88b1e033e7f {{(pid=80306) port_bound_to_host /opt/stack/neutron/neutron/plugins/ml2/plugin.py:2214}}
May 13 16:44:54.636719 dv-osbrick-791268-1-ceph neutron-server[80306]: DEBUG neutron.plugins.ml2.rpc [None req-bbfe3224-f6da-4c0b-bfe8-57cd3d97d899 None None] Device 25fdb047-7525-4ffb-9e7c-b88b1e033e7f not bound to the agent host hv-osbrick-7912 {{(pid=80306) update_device_down /opt/stack/neutron/neutron/plugins/ml2/rpc.py:251}}
May 13 16:44:54.787532 dv-osbrick-791268-1-ceph neutron-server[80304]: DEBUG neutron.plugins.ml2.plugin [None req-8c2da3bb-aa9b-40b1-bb14-ecdd4440c8a5 admin admin] Calling delete_port for 44ec765c-0140-4241-bb15-57c4e7e0d9ff owned by network:router_interface {{(pid=80304) delete_port /opt/stack/neutron/neutron/plugins/ml2/plugin.py:1960}}
May 13 16:44:55.112342 dv-osbrick-791268-1-ceph neutron-server[80304]: DEBUG neutron_lib.callbacks.manager [None req-8c2da3bb-aa9b-40b1-bb14-ecdd4440c8a5 admin admin] Notify callbacks ['neutron.plugins.ml2.plugin.SecurityGroupServerNotifierRpcMixin.notify_sg_on_port_change-3719853', 'neutron.plugins.ml2.ovo_rpc._ObjectChangeHandler.handle_event-127270', 'neutron.api.rpc.agentnotifiers.dhcp_rpc_agent_api.DhcpAgentNotifyAPI._native_event_send_dhcp_notification-582178', 'neutron.db.l3_db.L3RpcNotifierMixin._notify_routers_callback-8733163454419', 'neutron.db.l3_dvrscheduler_db._notify_port_delete-8733162991162'] for port, after_delete {{(pid=80304) _notify_loop /usr/local/lib/python3.8/dist-packages/neutron_lib/callbacks/manager.py:192}}
May 13 16:44:55.116710 dv-osbrick-791268-1-ceph neutron-server[80304]: DEBUG oslo_concurrency.lockutils [-] Lock "event-dispatch" acquired by "neutron.plugins.ml2.ovo_rpc._ObjectChangeHandler.dispatch_events" :: waited 0.000s {{(pid=80304) inner /usr/local/lib/python3.8/dist-packages/oslo_concurrency/lockutils.py:355}}
May 13 16:44:55.165504 dv-osbrick-791268-1-ceph neutron-server[80304]: DEBUG neutron.api.rpc.handlers.resources_rpc [None req-8c2da3bb-aa9b-40b1-bb14-ecdd4440c8a5 admin admin] Pushing event deleted for resources: {'Port': ['ID=44ec765c-0140-4241-bb15-57c4e7e0d9ff,revision_number=None']} {{(pid=80304) push /opt/stack/neutron/neutron/api/rpc/handlers/resources_rpc.py:237}}
May 13 16:44:55.200490 dv-osbrick-791268-1-ceph neutron-server[80304]: DEBUG oslo_concurrency.lockutils [None req-8c2da3bb-aa9b-40b1-bb14-ecdd4440c8a5 admin admin] Lock "event-dispatch" released by "neutron.plugins.ml2.ovo_rpc._ObjectChangeHandler.dispatch_events" :: held 0.083s {{(pid=80304) inner /usr/local/lib/python3.8/dist-packages/oslo_concurrency/lockutils.py:367}}
May 13 16:44:55.425491 dv-osbrick-791268-1-ceph neutron-server[80304]: DEBUG neutron_lib.callbacks.manager [None req-8c2da3bb-aa9b-40b1-bb14-ecdd4440c8a5 admin admin] Notify callbacks ['neutron.api.rpc.agentnotifiers.dhcp_rpc_agent_api.DhcpAgentNotifyAPI._after_router_interface_deleted-582235', 'neutron.services.l3_router.l3_router_plugin.DVRResourceOperationHandler._cleanup_after_interface_removal-932849'] for router_interface, after_delete {{(pid=80304) _notify_loop /usr/local/lib/python3.8/dist-packages/neutron_lib/callbacks/manager.py:192}}
May 13 16:44:55.819586 dv-osbrick-791268-1-ceph neutron-server[80304]: DEBUG neutron.scheduler.l3_agent_scheduler [None req-8c2da3bb-aa9b-40b1-bb14-ecdd4440c8a5 admin admin] Router dd30e0c2-7e36-4857-9327-b024f4fafbd8 has already been hosted by L3 agent 2a3ec84d-e561-4c45-a801-ba0c0ad49581 {{(pid=80304) _get_candidates /opt/stack/neutron/neutron/scheduler/l3_agent_scheduler.py:127}}
May 13 16:44:56.023312 dv-osbrick-791268-1-ceph neutron-server[80304]: DEBUG neutron.api.rpc.agentnotifiers.l3_rpc_agent_api [None req-8c2da3bb-aa9b-40b1-bb14-ecdd4440c8a5 admin admin] Notify agent at l3_agent.dv-osbrick-791268-1-ceph the message routers_updated {{(pid=80304) _agent_notification /opt/stack/neutron/neutron/api/rpc/agentnotifiers/l3_rpc_agent_api.py:68}}
May 13 16:44:56.032502 dv-osbrick-791268-1-ceph neutron-server[80307]: DEBUG neutron.api.rpc.handlers.l3_rpc [None req-bf3e873d-6280-4271-a855-bfe58b58e7b9 None None] Sync routers for ids ['dd30e0c2-7e36-4857-9327-b024f4fafbd8'] in dv-osbrick-791268-1-ceph {{(pid=80307) sync_routers /opt/stack/neutron/neutron/api/rpc/handlers/l3_rpc.py:125}}
May 13 16:44:56.036603 dv-osbrick-791268-1-ceph neutron-server[80304]: INFO neutron.wsgi [None req-8c2da3bb-aa9b-40b1-bb14-ecdd4440c8a5 admin admin] 10.222.0.67 "PUT /v2.0/routers/dd30e0c2-7e36-4857-9327-b024f4fafbd8/remove_router_interface HTTP/1.1" status: 200 len: 503 time: 2.6212170
May 13 16:44:56.039899 dv-osbrick-791268-1-ceph neutron-server[80304]: DEBUG neutron.wsgi [-] (80304) accepted ('10.222.0.67', 35626) {{(pid=80304) server /usr/local/lib/python3.8/dist-packages/eventlet/wsgi.py:992}}
May 13 16:44:56.043853 dv-osbrick-791268-1-ceph neutron-server[80307]: DEBUG neutron.db.l3_dvrscheduler_db [None req-bf3e873d-6280-4271-a855-bfe58b58e7b9 None None] Routers {'dd30e0c2-7e36-4857-9327-b024f4fafbd8'} bound to L3 agent in host dv-osbrick-791268-1-ceph {{(pid=80307) _get_router_ids_for_agent /opt/stack/neutron/neutron/db/l3_dvrscheduler_db.py:422}}
May 13 16:44:56.044530 dv-osbrick-791268-1-ceph neutron-server[80307]: DEBUG neutron.db.l3_hamode_db [None req-bf3e873d-6280-4271-a855-bfe58b58e7b9 None None] neutron.services.l3_router.l3_router_plugin.L3RouterPlugin method get_ha_sync_data_for_host called with arguments (, 'dv-osbrick-791268-1-ceph', Agent(admin_state_up=True,agent_type='L3 agent',availability_zone='nova',binary='neutron-l3-agent',configurations={"agent_mode": "legacy", "ex_gw_ports": 5, "extensions": [], "floating_ips": 2, "handle_internal_only_routers": true, "interface_driver": "openvswitch", "interfaces": 5, "log_agent_heartbeats": false, "routers": 5},created_at=2021-05-13T16:33:36Z,description=,heartbeat_timestamp=2021-05-13T16:44:36Z,host='dv-osbrick-791268-1-ceph',id=2a3ec84d-e561-4c45-a801-ba0c0ad49581,load=0,resource_versions=,resources_synced=,started_at=2021-05-13T16:33:36Z,topic='l3_agent')) {'router_ids': ['dd30e0c2-7e36-4857-9327-b024f4fafbd8'], 'active': True} {{(pid=80307) wrapper /usr/local/lib/python3.8/dist-packages/oslo_log/helpers.py:65}}
May 13 16:44:56.229935 dv-osbrick-791268-1-ceph neutron-server[80307]: DEBUG neutron.db.l3_dvr_db [None req-bf3e873d-6280-4271-a855-bfe58b58e7b9 None None] Set router dd30e0c2-7e36-4857-9327-b024f4fafbd8 gateway port host: dv-osbrick-791268-1-ceph {{(pid=80307) _build_routers_list /opt/stack/neutron/neutron/db/l3_dvr_db.py:819}}
May 13 16:44:56.316952 dv-osbrick-791268-1-ceph neutron-server[80304]: DEBUG neutron_lib.callbacks.manager [None req-2aa5b1ff-1d60-41c4-87b0-0ecaf778b576 admin admin] Notify callbacks [] for router, before_delete {{(pid=80304) _notify_loop /usr/local/lib/python3.8/dist-packages/neutron_lib/callbacks/manager.py:192}}
May 13 16:44:56.540785 dv-osbrick-791268-1-ceph neutron-server[80304]: DEBUG neutron_lib.callbacks.manager [None req-2aa5b1ff-1d60-41c4-87b0-0ecaf778b576 admin admin] Notify callbacks [] for router_gateway, before_delete {{(pid=80304) _notify_loop /usr/local/lib/python3.8/dist-packages/neutron_lib/callbacks/manager.py:192}}
May 13 16:44:56.621258 dv-osbrick-791268-1-ceph neutron-server[80307]: DEBUG neutron.db.l3_hamode_db [None req-bf3e873d-6280-4271-a855-bfe58b58e7b9 None None] neutron.services.l3_router.l3_router_plugin.L3RouterPlugin method _process_sync_ha_data called with arguments (, [{'id': 'dd30e0c2-7e36-4857-9327-b024f4fafbd8', 'name': 'tempest-TestMinimumBasicScenario-939450193-router', 'tenant_id': '8169bd68639c4ac99b36617bbdf2f43f', 'admin_state_up': True, 'status': 'ACTIVE', 'external_gateway_info': {'network_id': '07ae7301-90b5-4115-967e-507d1332d9a3', 'external_fixed_ips': [{'subnet_id': '1f72428c-3426-4005-b789-96e87647bf02', 'ip_address': '172.31.1.99'}], 'enable_snat': True}, 'gw_port_id': 'fdab6768-3d44-473a-a713-d355d2daaa47', 'description': '', 'availability_zones': ['nova'], 'distributed': False, 'ha': False, 'ha_vr_id': 0, 'availability_zone_hints': [], 'routes': [], 'flavor_id': None, 'tags': [], 'created_at': '2021-05-13T16:41:00Z', 'updated_at': '2021-05-13T16:44:55Z', 'revision_number': 5, 'project_id': '8169bd68639c4ac99b36617bbdf2f43f', 'gw_port': {'id': 'fdab6768-3d44-473a-a713-d355d2daaa47', 'name': '', 'network_id': '07ae7301-90b5-4115-967e-507d1332d9a3', 'tenant_id': '', 'mac_address': 'fa:16:3e:98:ac:56', 'admin_state_up': True, 'status': 'ACTIVE', 'device_id': 'dd30e0c2-7e36-4857-9327-b024f4fafbd8', 'device_owner': 'network:router_gateway', 'standard_attr_id': 52, 'fixed_ips': [{'subnet_id': '1f72428c-3426-4005-b789-96e87647bf02', 'ip_address': '172.31.1.99', 'prefixlen': 24}], 'allowed_address_pairs': [], 'extra_dhcp_opts': [], 'security_groups': [], 'description': '', 'binding:vnic_type': 'normal', 'binding:profile': {}, 'binding:host_id': 'dv-osbrick-791268-1-ceph', 'binding:vif_type': 'ovs', 'binding:vif_details': {'connectivity': 'l2', 'port_filter': True, 'ovs_hybrid_plug': False, 'datapath_type': 'system', 'bridge_name': 'br-int'}, 'port_security_enabled': False, 'tags': [], 'created_at': '2021-05-13T16:41:01Z', 'updated_at': '2021-05-13T16:41:12Z', 'revision_number': 4, 'project_id': '', 'subnets': [{'id': '1f72428c-3426-4005-b789-96e87647bf02', 'cidr': '172.31.1.0/24', 'gateway_ip': '172.31.1.1', 'dns_nameservers': [], 'ipv6_ra_mode': None, 'subnetpool_id': None}], 'extra_subnets': [], 'address_scopes': {4: None, 6: None}, 'mtu': 1500}, 'enable_snat': True, 'gw_port_host': 'dv-osbrick-791268-1-ceph'}], 'dv-osbrick-791268-1-ceph', False) {} {{(pid=80307) wrapper /usr/local/lib/python3.8/dist-packages/oslo_log/helpers.py:65}}
May 13 16:44:56.625343 dv-osbrick-791268-1-ceph neutron-server[80307]: DEBUG neutron.api.rpc.handlers.l3_rpc [None req-bf3e873d-6280-4271-a855-bfe58b58e7b9 None None] Checking router: dd30e0c2-7e36-4857-9327-b024f4fafbd8 for host: dv-osbrick-791268-1-ceph {{(pid=80307) _ensure_host_set_on_ports /opt/stack/neutron/neutron/api/rpc/handlers/l3_rpc.py:155}}
May 13 16:44:56.625832 dv-osbrick-791268-1-ceph neutron-server[80304]: DEBUG neutron.plugins.ml2.plugin [None req-2aa5b1ff-1d60-41c4-87b0-0ecaf778b576 admin admin] Deleting port fdab6768-3d44-473a-a713-d355d2daaa47 {{(pid=80304) _pre_delete_port /opt/stack/neutron/neutron/plugins/ml2/plugin.py:1887}}
May 13 16:44:56.626261 dv-osbrick-791268-1-ceph neutron-server[80304]: DEBUG neutron_lib.callbacks.manager [None req-2aa5b1ff-1d60-41c4-87b0-0ecaf778b576 admin admin] Notify callbacks ['neutron.db.l3_db.L3_NAT_dbonly_mixin._prevent_l3_port_delete_callback-8733163451266'] for port, before_delete {{(pid=80304) _notify_loop /usr/local/lib/python3.8/dist-packages/neutron_lib/callbacks/manager.py:192}}
May 13 16:44:56.640603 dv-osbrick-791268-1-ceph neutron-server[80307]: DEBUG neutron.db.l3_dvrscheduler_db [None req-bf3e873d-6280-4271-a855-bfe58b58e7b9 None None] Routers {'dd30e0c2-7e36-4857-9327-b024f4fafbd8'} bound to L3 agent in host dv-osbrick-791268-1-ceph {{(pid=80307) _get_router_ids_for_agent /opt/stack/neutron/neutron/db/l3_dvrscheduler_db.py:422}}
May 13 16:44:56.641640 dv-osbrick-791268-1-ceph neutron-server[80307]: DEBUG neutron.db.l3_hamode_db [None req-bf3e873d-6280-4271-a855-bfe58b58e7b9 None None] neutron.services.l3_router.l3_router_plugin.L3RouterPlugin method get_ha_sync_data_for_host called with arguments (, 'dv-osbrick-791268-1-ceph', Agent(admin_state_up=True,agent_type='L3 agent',availability_zone='nova',binary='neutron-l3-agent',configurations={"agent_mode": "legacy", "ex_gw_ports": 5, "extensions": [], "floating_ips": 2, "handle_internal_only_routers": true, "interface_driver": "openvswitch", "interfaces": 5, "log_agent_heartbeats": false, "routers": 5},created_at=2021-05-13T16:33:36Z,description=,heartbeat_timestamp=2021-05-13T16:44:36Z,host='dv-osbrick-791268-1-ceph',id=2a3ec84d-e561-4c45-a801-ba0c0ad49581,load=0,resource_versions=,resources_synced=,started_at=2021-05-13T16:33:36Z,topic='l3_agent')) {'router_ids': ['dd30e0c2-7e36-4857-9327-b024f4fafbd8'], 'active': True} {{(pid=80307) wrapper /usr/local/lib/python3.8/dist-packages/oslo_log/helpers.py:65}}
May 13 16:44:56.754185 dv-osbrick-791268-1-ceph neutron-server[80304]: DEBUG neutron.plugins.ml2.db [None req-2aa5b1ff-1d60-41c4-87b0-0ecaf778b576 admin admin] For port fdab6768-3d44-473a-a713-d355d2daaa47, host dv-osbrick-791268-1-ceph, got binding levels [PortBindingLevel(driver='openvswitch',host='dv-osbrick-791268-1-ceph',level=0,port_id=fdab6768-3d44-473a-a713-d355d2daaa47,segment=NetworkSegment(e18fda1d-2ed0-4b81-b0ad-9031a8dc7bbe),segment_id=e18fda1d-2ed0-4b81-b0ad-9031a8dc7bbe)] {{(pid=80304) get_binding_level_objs /opt/stack/neutron/neutron/plugins/ml2/db.py:75}}
May 13 16:44:56.754552 dv-osbrick-791268-1-ceph neutron-server[80304]: DEBUG neutron_lib.callbacks.manager [None req-2aa5b1ff-1d60-41c4-87b0-0ecaf778b576 admin admin] Notify callbacks ['neutron.services.l3_router.l3_router_plugin.L3_NAT_dbonly_mixin._precommit_delete_port_callback-1010751'] for port, precommit_delete {{(pid=80304) _notify_loop /usr/local/lib/python3.8/dist-packages/neutron_lib/callbacks/manager.py:192}}
May 13 16:44:56.836022 dv-osbrick-791268-1-ceph neutron-server[80307]: DEBUG neutron.db.l3_dvr_db [None req-bf3e873d-6280-4271-a855-bfe58b58e7b9 None None] Set router dd30e0c2-7e36-4857-9327-b024f4fafbd8 gateway port host: None {{(pid=80307) _build_routers_list /opt/stack/neutron/neutron/db/l3_dvr_db.py:819}}
May 13 16:44:56.910946 dv-osbrick-791268-1-ceph neutron-server[80304]: DEBUG neutron.plugins.ml2.plugin [None req-2aa5b1ff-1d60-41c4-87b0-0ecaf778b576 admin admin] Calling delete_port for fdab6768-3d44-473a-a713-d355d2daaa47 owned by network:router_gateway {{(pid=80304) delete_port /opt/stack/neutron/neutron/plugins/ml2/plugin.py:1960}}
May 13 16:44:56.946605 dv-osbrick-791268-1-ceph neutron-server[80307]: DEBUG neutron.db.l3_hamode_db [None req-bf3e873d-6280-4271-a855-bfe58b58e7b9 None None] neutron.services.l3_router.l3_router_plugin.L3RouterPlugin method _process_sync_ha_data called with arguments (, [{'id': 'dd30e0c2-7e36-4857-9327-b024f4fafbd8', 'name': 'tempest-TestMinimumBasicScenario-939450193-router', 'tenant_id': '8169bd68639c4ac99b36617bbdf2f43f', 'admin_state_up': True, 'status': 'ACTIVE', 'external_gateway_info': None, 'gw_port_id': None, 'description': '', 'availability_zones': ['nova'], 'distributed': False, 'ha': False, 'ha_vr_id': 0, 'availability_zone_hints': [], 'routes': [], 'flavor_id': None, 'tags': [], 'created_at': '2021-05-13T16:41:00Z', 'updated_at': '2021-05-13T16:44:56Z', 'revision_number': 6, 'project_id': '8169bd68639c4ac99b36617bbdf2f43f', 'gw_port_host': None}], 'dv-osbrick-791268-1-ceph', False) {} {{(pid=80307) wrapper /usr/local/lib/python3.8/dist-packages/oslo_log/helpers.py:65}}
May 13 16:44:56.950942 dv-osbrick-791268-1-ceph neutron-server[80307]: DEBUG neutron.api.rpc.handlers.l3_rpc [None req-bf3e873d-6280-4271-a855-bfe58b58e7b9 None None] The sync data for ids ['dd30e0c2-7e36-4857-9327-b024f4fafbd8'] in dv-osbrick-791268-1-ceph is: [{'id': 'dd30e0c2-7e36-4857-9327-b024f4fafbd8', 'name': 'tempest-TestMinimumBasicScenario-939450193-router', 'tenant_id': '8169bd68639c4ac99b36617bbdf2f43f', 'admin_state_up': True, 'status': 'ACTIVE', 'external_gateway_info': None, 'gw_port_id': None, 'description': '', 'availability_zones': ['nova'], 'distributed': False, 'ha': False, 'ha_vr_id': 0, 'availability_zone_hints': [], 'routes': [], 'flavor_id': None, 'tags': [], 'created_at': '2021-05-13T16:41:00Z', 'updated_at': '2021-05-13T16:44:56Z', 'revision_number': 6, 'project_id': '8169bd68639c4ac99b36617bbdf2f43f', 'gw_port_host': None}] {{(pid=80307) sync_routers /opt/stack/neutron/neutron/api/rpc/handlers/l3_rpc.py:137}}
May 13 16:44:57.069012 dv-osbrick-791268-1-ceph neutron-server[80304]: DEBUG neutron_lib.callbacks.manager [None req-2aa5b1ff-1d60-41c4-87b0-0ecaf778b576 admin admin] Notify callbacks ['neutron.plugins.ml2.plugin.SecurityGroupServerNotifierRpcMixin.notify_sg_on_port_change-3719853', 'neutron.plugins.ml2.ovo_rpc._ObjectChangeHandler.handle_event-127270', 'neutron.api.rpc.agentnotifiers.dhcp_rpc_agent_api.DhcpAgentNotifyAPI._native_event_send_dhcp_notification-582178', 'neutron.db.l3_db.L3RpcNotifierMixin._notify_routers_callback-8733163454419', 'neutron.db.l3_dvrscheduler_db._notify_port_delete-8733162991162'] for port, after_delete {{(pid=80304) _notify_loop /usr/local/lib/python3.8/dist-packages/neutron_lib/callbacks/manager.py:192}}
May 13 16:44:57.075360 dv-osbrick-791268-1-ceph neutron-server[80304]: DEBUG oslo_concurrency.lockutils [None req-a3ce8eb5-9b0c-441b-8c76-eb1caad3ec8c service neutron] Lock "event-dispatch" acquired by "neutron.plugins.ml2.ovo_rpc._ObjectChangeHandler.dispatch_events" :: waited 0.000s {{(pid=80304) inner /usr/local/lib/python3.8/dist-packages/oslo_concurrency/lockutils.py:355}}
May 13 16:44:57.133023 dv-osbrick-791268-1-ceph neutron-server[80304]: DEBUG neutron.api.rpc.handlers.resources_rpc [None req-2aa5b1ff-1d60-41c4-87b0-0ecaf778b576 admin admin] Pushing event deleted for resources: {'Port': ['ID=fdab6768-3d44-473a-a713-d355d2daaa47,revision_number=None']} {{(pid=80304) push /opt/stack/neutron/neutron/api/rpc/handlers/resources_rpc.py:237}}
May 13 16:44:57.156376 dv-osbrick-791268-1-ceph neutron-server[80304]: DEBUG oslo_concurrency.lockutils [None req-2aa5b1ff-1d60-41c4-87b0-0ecaf778b576 admin admin] Lock "event-dispatch" released by "neutron.plugins.ml2.ovo_rpc._ObjectChangeHandler.dispatch_events" :: held 0.081s {{(pid=80304) inner /usr/local/lib/python3.8/dist-packages/oslo_concurrency/lockutils.py:367}}
May 13 16:44:57.169853 dv-osbrick-791268-1-ceph neutron-server[80304]: DEBUG neutron_lib.callbacks.manager [None req-2aa5b1ff-1d60-41c4-87b0-0ecaf778b576 admin admin] Notify callbacks ['neutron.services.l3_router.l3_router_plugin.DVRResourceOperationHandler._delete_dvr_internal_ports-1007748'] for router_gateway, after_delete {{(pid=80304) _notify_loop /usr/local/lib/python3.8/dist-packages/neutron_lib/callbacks/manager.py:192}}
May 13 16:44:57.368990 dv-osbrick-791268-1-ceph neutron-server[80304]: DEBUG neutron_lib.callbacks.manager [None req-2aa5b1ff-1d60-41c4-87b0-0ecaf778b576 admin admin] Notify callbacks ['neutron.services.l3_router.l3_router_plugin.L3_HA_NAT_db_mixin._release_router_vr_id-932088', 'neutron.services.l3_router.service_providers.driver_controller.DriverController._clear_router_provider-617'] for router, precommit_delete {{(pid=80304) _notify_loop /usr/local/lib/python3.8/dist-packages/neutron_lib/callbacks/manager.py:192}}
May 13 16:44:57.373618 dv-osbrick-791268-1-ceph neutron-server[80304]: DEBUG neutron_lib.callbacks.manager [None req-2aa5b1ff-1d60-41c4-87b0-0ecaf778b576 admin admin] Notify callbacks [] for router_controller, precommit_delete_associations {{(pid=80304) _notify_loop /usr/local/lib/python3.8/dist-packages/neutron_lib/callbacks/manager.py:192}}
May 13 16:44:57.462210 dv-osbrick-791268-1-ceph neutron-server[80304]: DEBUG neutron_lib.callbacks.manager [None req-2aa5b1ff-1d60-41c4-87b0-0ecaf778b576 admin admin] Notify callbacks ['neutron.services.l3_router.l3_router_plugin.L3_HA_NAT_db_mixin._cleanup_ha_network-933596'] for router, after_delete {{(pid=80304) _notify_loop /usr/local/lib/python3.8/dist-packages/neutron_lib/callbacks/manager.py:192}}
May 13 16:44:57.462761 dv-osbrick-791268-1-ceph neutron-server[80304]: DEBUG neutron.api.rpc.agentnotifiers.l3_rpc_agent_api [None req-2aa5b1ff-1d60-41c4-87b0-0ecaf778b576 admin admin] Fanout notify agent at l3_agent the message router_deleted on router dd30e0c2-7e36-4857-9327-b024f4fafbd8 {{(pid=80304) _notification_fanout /opt/stack/neutron/neutron/api/rpc/agentnotifiers/l3_rpc_agent_api.py:118}}
May 13 16:44:57.476825 dv-osbrick-791268-1-ceph neutron-server[80304]: DEBUG neutron_lib.callbacks.manager [None req-2aa5b1ff-1d60-41c4-87b0-0ecaf778b576 admin admin] Notify callbacks [] for router, before_response {{(pid=80304) _notify_loop /usr/local/lib/python3.8/dist-packages/neutron_lib/callbacks/manager.py:192}}
May 13 16:44:57.478034 dv-osbrick-791268-1-ceph neutron-server[80304]: INFO neutron.wsgi [None req-2aa5b1ff-1d60-41c4-87b0-0ecaf778b576 admin admin] 10.222.0.67 "DELETE /v2.0/routers/dd30e0c2-7e36-4857-9327-b024f4fafbd8 HTTP/1.1" status: 204 len: 168 time: 1.4371181
May 13 16:44:57.480702 dv-osbrick-791268-1-ceph neutron-server[80304]: DEBUG neutron.wsgi [-] (80304) accepted ('10.222.0.67', 35630) {{(pid=80304) server /usr/local/lib/python3.8/dist-packages/eventlet/wsgi.py:992}}
May 13 16:44:57.544167 dv-osbrick-791268-1-ceph neutron-server[80304]: DEBUG neutron.db.db_base_plugin_v2 [None req-9f2e18d0-0e0b-4dd7-9d45-17dca8406934 admin admin] Deleting subnet 3dc59bc9-842b-4c63-b1d9-b05a4c17ad06 {{(pid=80304) delete_subnet /opt/stack/neutron/neutron/db/db_base_plugin_v2.py:1041}}
May 13 16:44:57.547288 dv-osbrick-791268-1-ceph neutron-server[80304]: DEBUG neutron_lib.callbacks.manager [None req-9f2e18d0-0e0b-4dd7-9d45-17dca8406934 admin admin] Notify callbacks [] for subnet, before_delete {{(pid=80304) _notify_loop /usr/local/lib/python3.8/dist-packages/neutron_lib/callbacks/manager.py:192}}
May 13 16:44:57.596751 dv-osbrick-791268-1-ceph neutron-server[80304]: DEBUG neutron_lib.callbacks.manager [None req-9f2e18d0-0e0b-4dd7-9d45-17dca8406934 admin admin] Notify callbacks [] for subnet, precommit_delete_associations {{(pid=80304) _notify_loop /usr/local/lib/python3.8/dist-packages/neutron_lib/callbacks/manager.py:192}}
May 13 16:44:57.664654 dv-osbrick-791268-1-ceph neutron-server[80304]: DEBUG neutron_lib.callbacks.manager [None req-9f2e18d0-0e0b-4dd7-9d45-17dca8406934 admin admin] Notify callbacks ['neutron.plugins.ml2.plugin.Ml2Plugin._subnet_delete_precommit_handler-3875757'] for subnet, precommit_delete {{(pid=80304) _notify_loop /usr/local/lib/python3.8/dist-packages/neutron_lib/callbacks/manager.py:192}}
May 13 16:44:58.011984 dv-osbrick-791268-1-ceph neutron-server[80304]: DEBUG neutron_lib.callbacks.manager [None req-9f2e18d0-0e0b-4dd7-9d45-17dca8406934 admin admin] Notify callbacks ['neutron.plugins.ml2.plugin.Ml2Plugin._subnet_delete_after_delete_handler-3876352', 'neutron.plugins.ml2.ovo_rpc._ObjectChangeHandler.handle_event-43313', 'neutron.api.rpc.agentnotifiers.dhcp_rpc_agent_api.DhcpAgentNotifyAPI._native_event_send_dhcp_notification-582178'] for subnet, after_delete {{(pid=80304) _notify_loop /usr/local/lib/python3.8/dist-packages/neutron_lib/callbacks/manager.py:192}}
May 13 16:44:58.016131 dv-osbrick-791268-1-ceph neutron-server[80304]: DEBUG oslo_concurrency.lockutils [-] Lock "event-dispatch" acquired by "neutron.plugins.ml2.ovo_rpc._ObjectChangeHandler.dispatch_events" :: waited 0.000s {{(pid=80304) inner /usr/local/lib/python3.8/dist-packages/oslo_concurrency/lockutils.py:355}}
May 13 16:44:58.055999 dv-osbrick-791268-1-ceph neutron-server[80304]: DEBUG neutron.api.rpc.handlers.resources_rpc [None req-9f2e18d0-0e0b-4dd7-9d45-17dca8406934 admin admin] Pushing event deleted for resources: {'Subnet': ['ID=3dc59bc9-842b-4c63-b1d9-b05a4c17ad06,revision_number=None']} {{(pid=80304) push /opt/stack/neutron/neutron/api/rpc/handlers/resources_rpc.py:237}}
May 13 16:44:58.058567 dv-osbrick-791268-1-ceph neutron-server[80304]: DEBUG oslo_concurrency.lockutils [None req-9f2e18d0-0e0b-4dd7-9d45-17dca8406934 admin admin] Lock "event-dispatch" released by "neutron.plugins.ml2.ovo_rpc._ObjectChangeHandler.dispatch_events" :: held 0.042s {{(pid=80304) inner /usr/local/lib/python3.8/dist-packages/oslo_concurrency/lockutils.py:367}}
May 13 16:44:58.061177 dv-osbrick-791268-1-ceph neutron-server[80304]: DEBUG neutron_lib.callbacks.manager [None req-9f2e18d0-0e0b-4dd7-9d45-17dca8406934 admin admin] Notify callbacks ['neutron.api.rpc.agentnotifiers.dhcp_rpc_agent_api.DhcpAgentNotifyAPI._send_dhcp_notification-582196'] for subnet, before_response {{(pid=80304) _notify_loop /usr/local/lib/python3.8/dist-packages/neutron_lib/callbacks/manager.py:192}}
May 13 16:44:58.068117 dv-osbrick-791268-1-ceph neutron-server[80306]: DEBUG neutron.api.rpc.handlers.dhcp_rpc [None req-c05fd870-ccde-4a72-9e37-80fdbbc547a1 None None] Network 517b720c-c66c-4c3b-8693-b10b6654279d requested from dv-osbrick-791268-1-ceph {{(pid=80306) get_network_info /opt/stack/neutron/neutron/api/rpc/handlers/dhcp_rpc.py:218}}
May 13 16:44:58.068616 dv-osbrick-791268-1-ceph neutron-server[80304]: INFO neutron.wsgi [None req-9f2e18d0-0e0b-4dd7-9d45-17dca8406934 admin admin] 10.222.0.67 "DELETE /v2.0/subnets/3dc59bc9-842b-4c63-b1d9-b05a4c17ad06 HTTP/1.1" status: 204 len: 168 time: 0.5868628
May 13 16:44:58.072966 dv-osbrick-791268-1-ceph neutron-server[80304]: DEBUG neutron.wsgi [-] (80304) accepted ('10.222.0.67', 35634) {{(pid=80304) server /usr/local/lib/python3.8/dist-packages/eventlet/wsgi.py:992}}
May 13 16:44:58.190329 dv-osbrick-791268-1-ceph neutron-server[80304]: DEBUG neutron_lib.callbacks.manager [None req-030abcb7-8763-4362-83e5-5c3335d5825a admin admin] Notify callbacks ['neutron.plugins.ml2.plugin.External_net_db_mixin._before_network_delete_handler-3670394'] for network, before_delete {{(pid=80304) _notify_loop /usr/local/lib/python3.8/dist-packages/neutron_lib/callbacks/manager.py:192}}
May 13 16:44:58.278906 dv-osbrick-791268-1-ceph neutron-server[80304]: DEBUG neutron.plugins.ml2.plugin [None req-030abcb7-8763-4362-83e5-5c3335d5825a admin admin] Deleting port 34c589d8-7113-4fc2-87cb-bf5121f674d3 {{(pid=80304) _pre_delete_port /opt/stack/neutron/neutron/plugins/ml2/plugin.py:1887}}
May 13 16:44:58.279410 dv-osbrick-791268-1-ceph neutron-server[80304]: DEBUG neutron_lib.callbacks.manager [None req-030abcb7-8763-4362-83e5-5c3335d5825a admin admin] Notify callbacks ['neutron.db.l3_db.L3_NAT_dbonly_mixin._prevent_l3_port_delete_callback-8733163451266'] for port, before_delete {{(pid=80304) _notify_loop /usr/local/lib/python3.8/dist-packages/neutron_lib/callbacks/manager.py:192}}
May 13 16:44:58.358591 dv-osbrick-791268-1-ceph neutron-server[80306]: DEBUG neutron.api.rpc.handlers.dhcp_rpc [None req-48f594ae-bf49-42b6-b797-7c091f3f169b None None] DHCP port deletion for 517b720c-c66c-4c3b-8693-b10b6654279d request from dv-osbrick-791268-1-ceph {{(pid=80306) release_dhcp_port /opt/stack/neutron/neutron/api/rpc/handlers/dhcp_rpc.py:266}}
May 13 16:44:58.386765 dv-osbrick-791268-1-ceph neutron-server[80304]: DEBUG neutron.plugins.ml2.db [None req-030abcb7-8763-4362-83e5-5c3335d5825a admin admin] For port 34c589d8-7113-4fc2-87cb-bf5121f674d3, host dv-osbrick-791268-1-ceph, got binding levels [PortBindingLevel(driver='openvswitch',host='dv-osbrick-791268-1-ceph',level=0,port_id=34c589d8-7113-4fc2-87cb-bf5121f674d3,segment=NetworkSegment(e6c2f725-1f64-46e8-b2a5-5ec262b4a5b3),segment_id=e6c2f725-1f64-46e8-b2a5-5ec262b4a5b3)] {{(pid=80304) get_binding_level_objs /opt/stack/neutron/neutron/plugins/ml2/db.py:75}}
May 13 16:44:58.387123 dv-osbrick-791268-1-ceph neutron-server[80304]: DEBUG neutron_lib.callbacks.manager [None req-030abcb7-8763-4362-83e5-5c3335d5825a admin admin] Notify callbacks ['neutron.services.l3_router.l3_router_plugin.L3_NAT_dbonly_mixin._precommit_delete_port_callback-1010751'] for port, precommit_delete {{(pid=80304) _notify_loop /usr/local/lib/python3.8/dist-packages/neutron_lib/callbacks/manager.py:192}}
May 13 16:44:58.435882 dv-osbrick-791268-1-ceph neutron-server[80306]: DEBUG neutron.plugins.ml2.plugin [None req-48f594ae-bf49-42b6-b797-7c091f3f169b None None] Deleting port 34c589d8-7113-4fc2-87cb-bf5121f674d3 {{(pid=80306) _pre_delete_port /opt/stack/neutron/neutron/plugins/ml2/plugin.py:1887}}
May 13 16:44:58.436277 dv-osbrick-791268-1-ceph neutron-server[80306]: DEBUG neutron_lib.callbacks.manager [None req-48f594ae-bf49-42b6-b797-7c091f3f169b None None] Notify callbacks ['neutron.db.l3_db.L3_NAT_dbonly_mixin._prevent_l3_port_delete_callback-8733163451266'] for port, before_delete {{(pid=80306) _notify_loop /usr/local/lib/python3.8/dist-packages/neutron_lib/callbacks/manager.py:192}}
May 13 16:44:58.522001 dv-osbrick-791268-1-ceph neutron-server[80304]: DEBUG neutron.plugins.ml2.plugin [None req-030abcb7-8763-4362-83e5-5c3335d5825a admin admin] Calling delete_port for 34c589d8-7113-4fc2-87cb-bf5121f674d3 owned by network:dhcp {{(pid=80304) delete_port /opt/stack/neutron/neutron/plugins/ml2/plugin.py:1960}}
