Jul 07 21:20:13.907757 dv-osbrick-789079-2-iscsi neutron-server[92958]: DEBUG neutron.db.provisioning_blocks [None req-d3baa92c-6707-4d21-ad64-9317de2c771c None None] Provisioning for port f80eb2d8-824b-4923-bb7f-058538777114 completed by entity L2. {{(pid=92958) provisioning_complete /opt/stack/neutron/neutron/db/provisioning_blocks.py:133}}
Jul 07 21:20:13.912760 dv-osbrick-789079-2-iscsi neutron-server[92958]: DEBUG neutron.db.provisioning_blocks [None req-d3baa92c-6707-4d21-ad64-9317de2c771c None None] Provisioning complete for port f80eb2d8-824b-4923-bb7f-058538777114 triggered by entity L2. {{(pid=92958) provisioning_complete /opt/stack/neutron/neutron/db/provisioning_blocks.py:139}}
Jul 07 21:20:13.913132 dv-osbrick-789079-2-iscsi neutron-server[92958]: DEBUG neutron_lib.callbacks.manager [None req-d3baa92c-6707-4d21-ad64-9317de2c771c None None] Notify callbacks ['neutron.plugins.ml2.plugin.Ml2Plugin._port_provisioned-3616373'] for port, provisioning_complete {{(pid=92958) _notify_loop /usr/local/lib/python3.8/dist-packages/neutron_lib/callbacks/manager.py:192}}
Jul 07 21:20:13.998119 dv-osbrick-789079-2-iscsi neutron-server[92958]: DEBUG neutron_lib.callbacks.manager [None req-d3baa92c-6707-4d21-ad64-9317de2c771c None None] Notify callbacks ['neutron.plugins.ml2.plugin.SecurityGroupDbMixin._ensure_default_security_group_handler-608760'] for port, before_update {{(pid=92958) _notify_loop /usr/local/lib/python3.8/dist-packages/neutron_lib/callbacks/manager.py:192}}
Jul 07 21:20:14.020815 dv-osbrick-789079-2-iscsi neutron-server[92958]: DEBUG neutron.notifiers.nova [-] Sending events: [{'server_uuid': '0e96c211-209d-4c00-bfed-a3eb9ff49033', 'name': 'network-vif-plugged', 'status': 'completed', 'tag': 'f80eb2d8-824b-4923-bb7f-058538777114'}] {{(pid=92958) send_events /opt/stack/neutron/neutron/notifiers/nova.py:262}}
Jul 07 21:20:14.023069 dv-osbrick-789079-2-iscsi neutron-server[92958]: DEBUG novaclient.v2.client [-] REQ: curl -g -i --cacert "/opt/stack/data/ca-bundle.pem" -X POST http://10.222.0.86/compute/v2.1/os-server-external-events -H "Accept: application/json" -H "Content-Type: application/json" -H "User-Agent: python-novaclient" -H "X-Auth-Token: {SHA256}e72692a923f2af17dc95cbf2d8947e67e0d0a2ab5315c4c3f257641fa25f4211" -H "X-OpenStack-Nova-API-Version: 2.1" -H "X-OpenStack-Request-ID: req-abaab6b5-e2d9-44ec-b567-6acd726254ac" -d '{"events": [{"server_uuid": "0e96c211-209d-4c00-bfed-a3eb9ff49033", "name": "network-vif-plugged", "status": "completed", "tag": "f80eb2d8-824b-4923-bb7f-058538777114"}]}' {{(pid=92958) _http_log_request /usr/local/lib/python3.8/dist-packages/keystoneauth1/session.py:519}}
Jul 07 21:20:14.036339 dv-osbrick-789079-2-iscsi neutron-server[92958]: DEBUG neutron.plugins.ml2.db [None req-d3baa92c-6707-4d21-ad64-9317de2c771c None None] For port f80eb2d8-824b-4923-bb7f-058538777114, host hv-osbrick-7890, got binding levels [PortBindingLevel(driver='hyperv',host='hv-osbrick-7890',level=0,port_id=f80eb2d8-824b-4923-bb7f-058538777114,segment=NetworkSegment(4ab83a30-aca2-4d3c-985e-1b9a76a1a356),segment_id=4ab83a30-aca2-4d3c-985e-1b9a76a1a356)] {{(pid=92958) get_binding_level_objs /opt/stack/neutron/neutron/plugins/ml2/db.py:74}}
Jul 07 21:20:14.040907 dv-osbrick-789079-2-iscsi neutron-server[92958]: DEBUG neutron_lib.callbacks.manager [None req-d3baa92c-6707-4d21-ad64-9317de2c771c None None] Notify callbacks ['neutron.plugins.ml2.plugin.SecurityGroupServerNotifierRpcMixin.notify_sg_on_port_change-609844', 'neutron.plugins.ml2.ovo_rpc._ObjectChangeHandler.handle_event-243601', 'neutron.api.rpc.agentnotifiers.dhcp_rpc_agent_api.DhcpAgentNotifyAPI._native_event_send_dhcp_notification-3692473', 'neutron.db.l3_db.L3RpcNotifierMixin._notify_gateway_port_ip_changed-8755230087720', 'neutron.db.l3_dvrscheduler_db._notify_l3_agent_port_update-8755229564663', 'neutron.db.l3_hascheduler_db._notify_l3_agent_ha_port_update-8755229560616'] for port, after_update {{(pid=92958) _notify_loop /usr/local/lib/python3.8/dist-packages/neutron_lib/callbacks/manager.py:192}}
Jul 07 21:20:14.064354 dv-osbrick-789079-2-iscsi neutron-server[92958]: DEBUG novaclient.v2.client [-] RESP: [200] Connection: close Content-Length: 183 Content-Type: application/json Date: Wed, 07 Jul 2021 21:20:14 GMT OpenStack-API-Version: compute 2.1 Server: Apache/2.4.41 (Ubuntu) Vary: OpenStack-API-Version,X-OpenStack-Nova-API-Version X-OpenStack-Nova-API-Version: 2.1 x-compute-request-id: req-d672684e-0302-4f2c-8d5a-b80b6de97c67 x-openstack-request-id: req-d672684e-0302-4f2c-8d5a-b80b6de97c67 {{(pid=92958) _http_log_response /usr/local/lib/python3.8/dist-packages/keystoneauth1/session.py:550}}
Jul 07 21:20:14.064675 dv-osbrick-789079-2-iscsi neutron-server[92958]: DEBUG novaclient.v2.client [-] RESP BODY: {"events": [{"server_uuid": "0e96c211-209d-4c00-bfed-a3eb9ff49033", "name": "network-vif-plugged", "status": "completed", "tag": "f80eb2d8-824b-4923-bb7f-058538777114", "code": 200}]} {{(pid=92958) _http_log_response /usr/local/lib/python3.8/dist-packages/keystoneauth1/session.py:582}}
Jul 07 21:20:14.064957 dv-osbrick-789079-2-iscsi neutron-server[92958]: DEBUG novaclient.v2.client [-] POST call to compute for http://10.222.0.86/compute/v2.1/os-server-external-events used request id req-d672684e-0302-4f2c-8d5a-b80b6de97c67 {{(pid=92958) request /usr/local/lib/python3.8/dist-packages/keystoneauth1/session.py:954}}
Jul 07 21:20:14.065423 dv-osbrick-789079-2-iscsi neutron-server[92958]: INFO neutron.notifiers.nova [-] Nova event response: {'server_uuid': '0e96c211-209d-4c00-bfed-a3eb9ff49033', 'name': 'network-vif-plugged', 'status': 'completed', 'tag': 'f80eb2d8-824b-4923-bb7f-058538777114', 'code': 200}
Jul 07 21:20:14.094050 dv-osbrick-789079-2-iscsi neutron-server[92958]: DEBUG neutron.api.rpc.handlers.resources_rpc [None req-d3baa92c-6707-4d21-ad64-9317de2c771c None None] Pushing event updated for resources: {'Port': ['ID=f80eb2d8-824b-4923-bb7f-058538777114,revision_number=5']} {{(pid=92958) push /opt/stack/neutron/neutron/api/rpc/handlers/resources_rpc.py:237}}
Jul 07 21:20:14.189223 dv-osbrick-789079-2-iscsi neutron-server[92956]: INFO neutron.wsgi [req-29b5e6cd-52fa-45c0-ad73-cc6f9bd2d68a req-ec769be7-bc94-4707-97c0-527b45b7e1dc service neutron] 10.222.0.24 "GET /v2.0/ports?device_id=e4dfef3c-8079-4b4e-b4fd-a56277ba8dd7&fields=binding%3Ahost_id&fields=binding%3Avif_type HTTP/1.1" status: 200 len: 275 time: 0.0591247
Jul 07 21:20:14.237095 dv-osbrick-789079-2-iscsi neutron-server[92956]: DEBUG neutron.wsgi [-] (92956) accepted ('10.222.0.24', 58425) {{(pid=92956) server /usr/local/lib/python3.8/dist-packages/eventlet/wsgi.py:982}}
Jul 07 21:20:14.325887 dv-osbrick-789079-2-iscsi neutron-server[92956]: DEBUG neutron.pecan_wsgi.hooks.policy_enforcement [req-52806175-f745-4a39-b7fb-28d93ef56ece req-2689908c-96d2-4d13-827d-9b389355a496 service neutron] Attributes excluded by policy engine: ['standard_attr_id'] {{(pid=92956) _exclude_attributes_by_policy /opt/stack/neutron/neutron/pecan_wsgi/hooks/policy_enforcement.py:255}}
Jul 07 21:20:14.327409 dv-osbrick-789079-2-iscsi neutron-server[92956]: INFO neutron.wsgi [req-52806175-f745-4a39-b7fb-28d93ef56ece req-2689908c-96d2-4d13-827d-9b389355a496 service neutron] 10.222.0.24 "GET /v2.0/ports?device_id=0e96c211-209d-4c00-bfed-a3eb9ff49033 HTTP/1.1" status: 200 len: 1098 time: 0.0891602
Jul 07 21:20:14.330182 dv-osbrick-789079-2-iscsi neutron-server[92956]: DEBUG neutron.pecan_wsgi.hooks.policy_enforcement [req-29b5e6cd-52fa-45c0-ad73-cc6f9bd2d68a req-7f7058d7-1cab-418d-bd2c-b7968afb0b49 service neutron] Attributes excluded by policy engine: ['standard_attr_id'] {{(pid=92956) _exclude_attributes_by_policy /opt/stack/neutron/neutron/pecan_wsgi/hooks/policy_enforcement.py:255}}
Jul 07 21:20:14.331564 dv-osbrick-789079-2-iscsi neutron-server[92956]: INFO neutron.wsgi [req-29b5e6cd-52fa-45c0-ad73-cc6f9bd2d68a req-7f7058d7-1cab-418d-bd2c-b7968afb0b49 service neutron] 10.222.0.24 "GET /v2.0/ports?tenant_id=135686cea8ca4a2bbaa18f7cdbc3ac3d&device_id=e4dfef3c-8079-4b4e-b4fd-a56277ba8dd7 HTTP/1.1" status: 200 len: 1137 time: 0.0851085
Jul 07 21:20:14.382428 dv-osbrick-789079-2-iscsi neutron-server[92956]: INFO neutron.wsgi [req-52806175-f745-4a39-b7fb-28d93ef56ece req-ee98b012-3303-413a-a848-d5c8b1a723df service neutron] 10.222.0.24 "GET /v2.0/security-groups?id=5407e289-6081-4f2b-b959-ac1e096a6a68&fields=id&fields=name HTTP/1.1" status: 200 len: 286 time: 0.0453713
Jul 07 21:20:14.456060 dv-osbrick-789079-2-iscsi neutron-server[92956]: DEBUG neutron.pecan_wsgi.hooks.policy_enforcement [req-29b5e6cd-52fa-45c0-ad73-cc6f9bd2d68a req-3c17c27f-a0d9-48cf-8f4c-77511f71dbc4 service neutron] Attributes excluded by policy engine: ['standard_attr_id', 'vlan_transparent'] {{(pid=92956) _exclude_attributes_by_policy /opt/stack/neutron/neutron/pecan_wsgi/hooks/policy_enforcement.py:255}}
Jul 07 21:20:14.457436 dv-osbrick-789079-2-iscsi neutron-server[92956]: INFO neutron.wsgi [req-29b5e6cd-52fa-45c0-ad73-cc6f9bd2d68a req-3c17c27f-a0d9-48cf-8f4c-77511f71dbc4 service neutron] 10.222.0.24 "GET /v2.0/networks?id=3c4f52dc-3529-4d99-b39b-013b799afb7a HTTP/1.1" status: 200 len: 914 time: 0.1008310
Jul 07 21:20:14.524671 dv-osbrick-789079-2-iscsi neutron-server[92956]: INFO neutron.wsgi [req-29b5e6cd-52fa-45c0-ad73-cc6f9bd2d68a req-ab011ee1-e512-493e-913a-08d095fa75cf service neutron] 10.222.0.24 "GET /v2.0/floatingips?fixed_ip_address=172.20.0.9&port_id=ebe7b433-5450-4e7d-98f3-9040bccd329b HTTP/1.1" status: 200 len: 1001 time: 0.0584929
Jul 07 21:20:14.577990 dv-osbrick-789079-2-iscsi neutron-server[92956]: DEBUG neutron.pecan_wsgi.hooks.policy_enforcement [req-29b5e6cd-52fa-45c0-ad73-cc6f9bd2d68a req-82701aa7-77a4-4db1-98c9-51790e19adb5 service neutron] Attributes excluded by policy engine: ['standard_attr_id', 'shared'] {{(pid=92956) _exclude_attributes_by_policy /opt/stack/neutron/neutron/pecan_wsgi/hooks/policy_enforcement.py:255}}
Jul 07 21:20:14.579472 dv-osbrick-789079-2-iscsi neutron-server[92956]: INFO neutron.wsgi [req-29b5e6cd-52fa-45c0-ad73-cc6f9bd2d68a req-82701aa7-77a4-4db1-98c9-51790e19adb5 service neutron] 10.222.0.24 "GET /v2.0/subnets?id=3751b5a4-945e-447c-a479-4a28a541416a HTTP/1.1" status: 200 len: 853 time: 0.0484502
Jul 07 21:20:14.646161 dv-osbrick-789079-2-iscsi neutron-server[92956]: DEBUG neutron.pecan_wsgi.hooks.policy_enforcement [req-29b5e6cd-52fa-45c0-ad73-cc6f9bd2d68a req-05dd186a-235b-4d14-ba2b-cd34d402e714 service neutron] Attributes excluded by policy engine: ['standard_attr_id'] {{(pid=92956) _exclude_attributes_by_policy /opt/stack/neutron/neutron/pecan_wsgi/hooks/policy_enforcement.py:255}}
Jul 07 21:20:14.647678 dv-osbrick-789079-2-iscsi neutron-server[92956]: INFO neutron.wsgi [req-29b5e6cd-52fa-45c0-ad73-cc6f9bd2d68a req-05dd186a-235b-4d14-ba2b-cd34d402e714 service neutron] 10.222.0.24 "GET /v2.0/ports?network_id=3c4f52dc-3529-4d99-b39b-013b799afb7a&device_owner=network%3Adhcp HTTP/1.1" status: 200 len: 1176 time: 0.0592597
Jul 07 21:20:14.748688 dv-osbrick-789079-2-iscsi neutron-server[92956]: INFO neutron.wsgi [req-29b5e6cd-52fa-45c0-ad73-cc6f9bd2d68a req-7890f78a-b52c-42e7-bc9b-01abb849f16f service neutron] 10.222.0.24 "GET /v2.0/networks/3c4f52dc-3529-4d99-b39b-013b799afb7a?fields=segments HTTP/1.1" status: 200 len: 212 time: 0.0931048
Jul 07 21:20:14.809339 dv-osbrick-789079-2-iscsi neutron-server[92957]: DEBUG neutron.pecan_wsgi.hooks.policy_enforcement [req-2d6c4705-02d7-4cfa-8070-9c8ba9893d3b req-b520357b-5f9a-4690-b6d1-79bd3d83a997 tempest-TestVolumeBootPattern-1534915400 tempest-TestVolumeBootPattern-1534915400-project] Attributes excluded by policy engine: ['standard_attr_id', 'binding:profile', 'binding:host_id', 'binding:vif_type', 'binding:vif_details'] {{(pid=92957) _exclude_attributes_by_policy /opt/stack/neutron/neutron/pecan_wsgi/hooks/policy_enforcement.py:255}}
Jul 07 21:20:14.810832 dv-osbrick-789079-2-iscsi neutron-server[92957]: INFO neutron.wsgi [req-2d6c4705-02d7-4cfa-8070-9c8ba9893d3b req-b520357b-5f9a-4690-b6d1-79bd3d83a997 tempest-TestVolumeBootPattern-1534915400 tempest-TestVolumeBootPattern-1534915400-project] 10.222.0.86 "GET /v2.0/ports?device_id=0e96c211-209d-4c00-bfed-a3eb9ff49033 HTTP/1.1" status: 200 len: 945 time: 0.0624366
Jul 07 21:20:14.839023 dv-osbrick-789079-2-iscsi neutron-server[92956]: INFO neutron.wsgi [req-29b5e6cd-52fa-45c0-ad73-cc6f9bd2d68a req-8f345691-f513-4628-8082-1e47db09f320 service neutron] 10.222.0.24 "GET /v2.0/networks/3c4f52dc-3529-4d99-b39b-013b799afb7a?fields=provider%3Aphysical_network&fields=provider%3Anetwork_type HTTP/1.1" status: 200 len: 281 time: 0.0837648
Jul 07 21:20:14.849243 dv-osbrick-789079-2-iscsi neutron-server[92957]: INFO neutron.wsgi [req-2d6c4705-02d7-4cfa-8070-9c8ba9893d3b req-2af64376-955d-47a6-b1f5-27cf27de6062 tempest-TestVolumeBootPattern-1534915400 tempest-TestVolumeBootPattern-1534915400-project] 10.222.0.86 "GET /v2.0/security-groups?id=5407e289-6081-4f2b-b959-ac1e096a6a68&fields=id&fields=name HTTP/1.1" status: 200 len: 286 time: 0.0321617
Jul 07 21:20:16.041222 dv-osbrick-789079-2-iscsi neutron-server[92956]: DEBUG neutron.pecan_wsgi.hooks.policy_enforcement [req-dd485d9a-c7c4-47d7-a124-d32d76f863be req-12a2a064-89e0-4e92-b3b2-ce676250a337 tempest-TestVolumeBootPattern-1534915400 tempest-TestVolumeBootPattern-1534915400-project] Attributes excluded by policy engine: ['standard_attr_id', 'binding:profile', 'binding:host_id', 'binding:vif_type', 'binding:vif_details'] {{(pid=92956) _exclude_attributes_by_policy /opt/stack/neutron/neutron/pecan_wsgi/hooks/policy_enforcement.py:255}}
Jul 07 21:20:16.043892 dv-osbrick-789079-2-iscsi neutron-server[92956]: INFO neutron.wsgi [req-dd485d9a-c7c4-47d7-a124-d32d76f863be req-12a2a064-89e0-4e92-b3b2-ce676250a337 tempest-TestVolumeBootPattern-1534915400 tempest-TestVolumeBootPattern-1534915400-project] 10.222.0.86 "GET /v2.0/ports?device_id=0e96c211-209d-4c00-bfed-a3eb9ff49033 HTTP/1.1" status: 200 len: 945 time: 0.0759590
Jul 07 21:20:16.085761 dv-osbrick-789079-2-iscsi neutron-server[92956]: INFO neutron.wsgi [req-dd485d9a-c7c4-47d7-a124-d32d76f863be req-a100be3e-2d73-4969-929a-374222f473f8 tempest-TestVolumeBootPattern-1534915400 tempest-TestVolumeBootPattern-1534915400-project] 10.222.0.86 "GET /v2.0/security-groups?id=5407e289-6081-4f2b-b959-ac1e096a6a68&fields=id&fields=name HTTP/1.1" status: 200 len: 286 time: 0.0361967
Jul 07 21:20:16.181353 dv-osbrick-789079-2-iscsi neutron-server[92959]: DEBUG neutron.db.agents_db [None req-75436544-cd17-4306-9ec6-6eaa94cd8898 None None] Agent healthcheck: found 6 active agents {{(pid=92959) agent_health_check /opt/stack/neutron/neutron/db/agents_db.py:317}}
Jul 07 21:20:16.266238 dv-osbrick-789079-2-iscsi neutron-server[92957]: DEBUG neutron.pecan_wsgi.hooks.policy_enforcement [req-4e7e76e5-16ee-428e-90be-d4f7913953fd req-5f2b0013-354f-426d-9ae6-d31f29f99267 tempest-TestVolumeBootPattern-1534915400 tempest-TestVolumeBootPattern-1534915400-project] Attributes excluded by policy engine: ['standard_attr_id', 'binding:profile', 'binding:host_id', 'binding:vif_type', 'binding:vif_details'] {{(pid=92957) _exclude_attributes_by_policy /opt/stack/neutron/neutron/pecan_wsgi/hooks/policy_enforcement.py:255}}
Jul 07 21:20:16.267756 dv-osbrick-789079-2-iscsi neutron-server[92957]: INFO neutron.wsgi [req-4e7e76e5-16ee-428e-90be-d4f7913953fd req-5f2b0013-354f-426d-9ae6-d31f29f99267 tempest-TestVolumeBootPattern-1534915400 tempest-TestVolumeBootPattern-1534915400-project] 10.222.0.86 "GET /v2.0/ports?device_id=0e96c211-209d-4c00-bfed-a3eb9ff49033 HTTP/1.1" status: 200 len: 945 time: 0.0696988
Jul 07 21:20:16.305515 dv-osbrick-789079-2-iscsi neutron-server[92957]: INFO neutron.wsgi [req-4e7e76e5-16ee-428e-90be-d4f7913953fd req-c83f9bf7-ef95-4a92-b759-8f9959aaa1e8 tempest-TestVolumeBootPattern-1534915400 tempest-TestVolumeBootPattern-1534915400-project] 10.222.0.86 "GET /v2.0/security-groups?id=5407e289-6081-4f2b-b959-ac1e096a6a68&fields=id&fields=name HTTP/1.1" status: 200 len: 286 time: 0.0322149
Jul 07 21:20:16.799302 dv-osbrick-789079-2-iscsi neutron-server[92957]: DEBUG neutron.pecan_wsgi.hooks.policy_enforcement [req-ae4b21ab-cbd4-4afe-94ba-9116597abae8 req-7ab8eb46-05cd-4fa2-ad17-8508feffed47 tempest-TestVolumeBootPattern-1534915400 tempest-TestVolumeBootPattern-1534915400-project] Attributes excluded by policy engine: ['standard_attr_id', 'binding:profile', 'binding:host_id', 'binding:vif_type', 'binding:vif_details'] {{(pid=92957) _exclude_attributes_by_policy /opt/stack/neutron/neutron/pecan_wsgi/hooks/policy_enforcement.py:255}}
Jul 07 21:20:16.801325 dv-osbrick-789079-2-iscsi neutron-server[92957]: INFO neutron.wsgi [req-ae4b21ab-cbd4-4afe-94ba-9116597abae8 req-7ab8eb46-05cd-4fa2-ad17-8508feffed47 tempest-TestVolumeBootPattern-1534915400 tempest-TestVolumeBootPattern-1534915400-project] 10.222.0.86 "GET /v2.0/ports?device_id=0e96c211-209d-4c00-bfed-a3eb9ff49033 HTTP/1.1" status: 200 len: 945 time: 0.0732553
Jul 07 21:20:16.847484 dv-osbrick-789079-2-iscsi neutron-server[92957]: INFO neutron.wsgi [req-ae4b21ab-cbd4-4afe-94ba-9116597abae8 req-bb1435e1-96d5-4074-bab7-21c10b89d074 tempest-TestVolumeBootPattern-1534915400 tempest-TestVolumeBootPattern-1534915400-project] 10.222.0.86 "GET /v2.0/security-groups?id=5407e289-6081-4f2b-b959-ac1e096a6a68&fields=id&fields=name HTTP/1.1" status: 200 len: 286 time: 0.0405507
Jul 07 21:20:17.324483 dv-osbrick-789079-2-iscsi neutron-server[92958]: DEBUG neutron_lib.callbacks.manager [None req-d3baa92c-6707-4d21-ad64-9317de2c771c None None] Notify callbacks ['neutron.services.segments.db._update_segment_host_mapping_for_agent-8755230114380', 'neutron.plugins.ml2.plugin.Ml2Plugin._retry_binding_revived_agents-3616388'] for agent, after_update {{(pid=92958) _notify_loop /usr/local/lib/python3.8/dist-packages/neutron_lib/callbacks/manager.py:192}}
Jul 07 21:20:18.168548 dv-osbrick-789079-2-iscsi neutron-server[92956]: DEBUG neutron.pecan_wsgi.hooks.policy_enforcement [req-a1d571c4-9cc0-4b86-9ea6-d2512e464dd6 req-5b5bbe00-a990-4159-9e0c-26c8062d021d tempest-TestVolumeBootPattern-1534915400 tempest-TestVolumeBootPattern-1534915400-project] Attributes excluded by policy engine: ['standard_attr_id', 'binding:profile', 'binding:host_id', 'binding:vif_type', 'binding:vif_details'] {{(pid=92956) _exclude_attributes_by_policy /opt/stack/neutron/neutron/pecan_wsgi/hooks/policy_enforcement.py:255}}
Jul 07 21:20:18.169902 dv-osbrick-789079-2-iscsi neutron-server[92956]: INFO neutron.wsgi [req-a1d571c4-9cc0-4b86-9ea6-d2512e464dd6 req-5b5bbe00-a990-4159-9e0c-26c8062d021d tempest-TestVolumeBootPattern-1534915400 tempest-TestVolumeBootPattern-1534915400-project] 10.222.0.86 "GET /v2.0/ports?device_id=0e96c211-209d-4c00-bfed-a3eb9ff49033 HTTP/1.1" status: 200 len: 945 time: 0.0666699
Jul 07 21:20:18.207717 dv-osbrick-789079-2-iscsi neutron-server[92956]: INFO neutron.wsgi [req-a1d571c4-9cc0-4b86-9ea6-d2512e464dd6 req-47eef41b-5210-422a-9774-498dd8edd9b1 tempest-TestVolumeBootPattern-1534915400 tempest-TestVolumeBootPattern-1534915400-project] 10.222.0.86 "GET /v2.0/security-groups?id=5407e289-6081-4f2b-b959-ac1e096a6a68&fields=id&fields=name HTTP/1.1" status: 200 len: 286 time: 0.0323150
Jul 07 21:20:18.538921 dv-osbrick-789079-2-iscsi neutron-server[92956]: DEBUG neutron.pecan_wsgi.hooks.policy_enforcement [req-a8c5da23-bb42-42c3-af5f-77b664379a10 req-0b19702c-3495-4720-93d2-948c2f810a43 tempest-TestVolumeBootPattern-1534915400 tempest-TestVolumeBootPattern-1534915400-project] Attributes excluded by policy engine: ['standard_attr_id', 'binding:profile', 'binding:host_id', 'binding:vif_type', 'binding:vif_details'] {{(pid=92956) _exclude_attributes_by_policy /opt/stack/neutron/neutron/pecan_wsgi/hooks/policy_enforcement.py:255}}
Jul 07 21:20:18.540382 dv-osbrick-789079-2-iscsi neutron-server[92956]: INFO neutron.wsgi [req-a8c5da23-bb42-42c3-af5f-77b664379a10 req-0b19702c-3495-4720-93d2-948c2f810a43 tempest-TestVolumeBootPattern-1534915400 tempest-TestVolumeBootPattern-1534915400-project] 10.222.0.24 "GET /v2.0/ports?device_id=0e96c211-209d-4c00-bfed-a3eb9ff49033 HTTP/1.1" status: 200 len: 945 time: 0.0597341
Jul 07 21:20:18.645673 dv-osbrick-789079-2-iscsi neutron-server[92956]: DEBUG neutron.plugins.ml2.plugin [req-a8c5da23-bb42-42c3-af5f-77b664379a10 req-ab397a36-7760-4d8b-a8a2-7724353e8618 tempest-TestVolumeBootPattern-1534915400 tempest-TestVolumeBootPattern-1534915400-project] Deleting port f80eb2d8-824b-4923-bb7f-058538777114 {{(pid=92956) _pre_delete_port /opt/stack/neutron/neutron/plugins/ml2/plugin.py:1919}}
Jul 07 21:20:18.646007 dv-osbrick-789079-2-iscsi neutron-server[92956]: DEBUG neutron_lib.callbacks.manager [req-a8c5da23-bb42-42c3-af5f-77b664379a10 req-ab397a36-7760-4d8b-a8a2-7724353e8618 tempest-TestVolumeBootPattern-1534915400 tempest-TestVolumeBootPattern-1534915400-project] Notify callbacks ['neutron.db.l3_db.L3_NAT_dbonly_mixin._prevent_l3_port_delete_callback-8755230077660'] for port, before_delete {{(pid=92956) _notify_loop /usr/local/lib/python3.8/dist-packages/neutron_lib/callbacks/manager.py:192}}
Jul 07 21:20:18.731873 dv-osbrick-789079-2-iscsi neutron-server[92956]: DEBUG neutron.plugins.ml2.db [req-a8c5da23-bb42-42c3-af5f-77b664379a10 req-ab397a36-7760-4d8b-a8a2-7724353e8618 tempest-TestVolumeBootPattern-1534915400 tempest-TestVolumeBootPattern-1534915400-project] For port f80eb2d8-824b-4923-bb7f-058538777114, host hv-osbrick-7890, got binding levels [PortBindingLevel(driver='hyperv',host='hv-osbrick-7890',level=0,port_id=f80eb2d8-824b-4923-bb7f-058538777114,segment=NetworkSegment(4ab83a30-aca2-4d3c-985e-1b9a76a1a356),segment_id=4ab83a30-aca2-4d3c-985e-1b9a76a1a356)] {{(pid=92956) get_binding_level_objs /opt/stack/neutron/neutron/plugins/ml2/db.py:74}}
Jul 07 21:20:18.732238 dv-osbrick-789079-2-iscsi neutron-server[92956]: DEBUG neutron_lib.callbacks.manager [req-a8c5da23-bb42-42c3-af5f-77b664379a10 req-ab397a36-7760-4d8b-a8a2-7724353e8618 tempest-TestVolumeBootPattern-1534915400 tempest-TestVolumeBootPattern-1534915400-project] Notify callbacks ['neutron.services.l3_router.l3_router_plugin.L3_NAT_dbonly_mixin._precommit_delete_port_callback-3708626'] for port, precommit_delete {{(pid=92956) _notify_loop /usr/local/lib/python3.8/dist-packages/neutron_lib/callbacks/manager.py:192}}
Jul 07 21:20:18.744876 dv-osbrick-789079-2-iscsi neutron-server[92956]: DEBUG neutron.plugins.ml2.plugin [req-a8c5da23-bb42-42c3-af5f-77b664379a10 req-ab397a36-7760-4d8b-a8a2-7724353e8618 tempest-TestVolumeBootPattern-1534915400 tempest-TestVolumeBootPattern-1534915400-project] Calling delete_port for f80eb2d8-824b-4923-bb7f-058538777114 owned by compute:nova {{(pid=92956) delete_port /opt/stack/neutron/neutron/plugins/ml2/plugin.py:1992}}
Jul 07 21:20:18.872048 dv-osbrick-789079-2-iscsi neutron-server[92956]: DEBUG neutron_lib.callbacks.manager [req-a8c5da23-bb42-42c3-af5f-77b664379a10 req-ab397a36-7760-4d8b-a8a2-7724353e8618 tempest-TestVolumeBootPattern-1534915400 tempest-TestVolumeBootPattern-1534915400-project] Notify callbacks ['neutron.plugins.ml2.plugin.SecurityGroupServerNotifierRpcMixin.notify_sg_on_port_change-609844', 'neutron.plugins.ml2.ovo_rpc._ObjectChangeHandler.handle_event-243601', 'neutron.api.rpc.agentnotifiers.dhcp_rpc_agent_api.DhcpAgentNotifyAPI._native_event_send_dhcp_notification-3692473', 'neutron.db.l3_db.L3RpcNotifierMixin._notify_routers_callback-8755230087702', 'neutron.db.l3_dvrscheduler_db._notify_port_delete-8755229564654'] for port, after_delete {{(pid=92956) _notify_loop /usr/local/lib/python3.8/dist-packages/neutron_lib/callbacks/manager.py:192}}
Jul 07 21:20:18.883388 dv-osbrick-789079-2-iscsi neutron-server[92958]: DEBUG neutron.plugins.ml2.db [None req-d3baa92c-6707-4d21-ad64-9317de2c771c None None] get_ports_and_sgs() called for port_ids ['88b7d5bb-309f-4173-ae93-babf6fa70679', 'f80eb2d8-824b-4923-bb7f-058538777114'] {{(pid=92958) get_ports_and_sgs /opt/stack/neutron/neutron/plugins/ml2/db.py:156}}
Jul 07 21:20:18.900049 dv-osbrick-789079-2-iscsi neutron-server[92956]: DEBUG neutron.api.rpc.handlers.resources_rpc [None req-ab397a36-7760-4d8b-a8a2-7724353e8618 tempest-TestVolumeBootPattern-1534915400 tempest-TestVolumeBootPattern-1534915400-project] Pushing event deleted for resources: {'Port': ['ID=f80eb2d8-824b-4923-bb7f-058538777114,revision_number=None']} {{(pid=92956) push /opt/stack/neutron/neutron/api/rpc/handlers/resources_rpc.py:237}}
Jul 07 21:20:18.945005 dv-osbrick-789079-2-iscsi neutron-server[92956]: DEBUG neutron.db.l3_dvrscheduler_db [req-a8c5da23-bb42-42c3-af5f-77b664379a10 req-ab397a36-7760-4d8b-a8a2-7724353e8618 tempest-TestVolumeBootPattern-1534915400 tempest-TestVolumeBootPattern-1534915400-project] No DVR routers for this DVR port f80eb2d8-824b-4923-bb7f-058538777114 on host hv-osbrick-7890 {{(pid=92956) get_dvr_routers_to_remove /opt/stack/neutron/neutron/db/l3_dvrscheduler_db.py:214}}
Jul 07 21:20:18.948329 dv-osbrick-789079-2-iscsi neutron-server[92956]: DEBUG neutron_lib.callbacks.manager [req-a8c5da23-bb42-42c3-af5f-77b664379a10 req-ab397a36-7760-4d8b-a8a2-7724353e8618 tempest-TestVolumeBootPattern-1534915400 tempest-TestVolumeBootPattern-1534915400-project] Notify callbacks ['neutron.notifiers.nova.Notifier._send_nova_notification-4096429'] for port, before_response {{(pid=92956) _notify_loop /usr/local/lib/python3.8/dist-packages/neutron_lib/callbacks/manager.py:192}}
Jul 07 21:20:18.951586 dv-osbrick-789079-2-iscsi neutron-server[92956]: INFO neutron.wsgi [req-a8c5da23-bb42-42c3-af5f-77b664379a10 req-ab397a36-7760-4d8b-a8a2-7724353e8618 tempest-TestVolumeBootPattern-1534915400 tempest-TestVolumeBootPattern-1534915400-project] 10.222.0.24 "DELETE /v2.0/ports/f80eb2d8-824b-4923-bb7f-058538777114 HTTP/1.1" status: 204 len: 173 time: 0.4052639
Jul 07 21:20:18.952037 dv-osbrick-789079-2-iscsi neutron-server[92956]: DEBUG neutron.notifiers.nova [-] Sending events: [{'server_uuid': '0e96c211-209d-4c00-bfed-a3eb9ff49033', 'name': 'network-vif-deleted', 'tag': 'f80eb2d8-824b-4923-bb7f-058538777114'}] {{(pid=92956) send_events /opt/stack/neutron/neutron/notifiers/nova.py:262}}
Jul 07 21:20:18.954573 dv-osbrick-789079-2-iscsi neutron-server[92956]: DEBUG novaclient.v2.client [-] REQ: curl -g -i --cacert "/opt/stack/data/ca-bundle.pem" -X POST http://10.222.0.86/compute/v2.1/os-server-external-events -H "Accept: application/json" -H "Content-Type: application/json" -H "User-Agent: python-novaclient" -H "X-Auth-Token: {SHA256}152d8316d6e0ea03ae4d98f2fd4bc72eb913d6f3b323fdc075a116c1e8b3aaa0" -H "X-OpenStack-Nova-API-Version: 2.1" -H "X-OpenStack-Request-ID: req-a2c27985-ea98-495e-95a9-8ff7b947f439" -d '{"events": [{"server_uuid": "0e96c211-209d-4c00-bfed-a3eb9ff49033", "name": "network-vif-deleted", "tag": "f80eb2d8-824b-4923-bb7f-058538777114"}]}' {{(pid=92956) _http_log_request /usr/local/lib/python3.8/dist-packages/keystoneauth1/session.py:519}}
Jul 07 21:20:19.007259 dv-osbrick-789079-2-iscsi neutron-server[92956]: DEBUG novaclient.v2.client [-] RESP: [200] Connection: close Content-Length: 183 Content-Type: application/json Date: Wed, 07 Jul 2021 21:20:18 GMT OpenStack-API-Version: compute 2.1 Server: Apache/2.4.41 (Ubuntu) Vary: OpenStack-API-Version,X-OpenStack-Nova-API-Version X-OpenStack-Nova-API-Version: 2.1 x-compute-request-id: req-117fe4d6-162f-4c2b-b9b6-ac325d17a5c1 x-openstack-request-id: req-117fe4d6-162f-4c2b-b9b6-ac325d17a5c1 {{(pid=92956) _http_log_response /usr/local/lib/python3.8/dist-packages/keystoneauth1/session.py:550}}
Jul 07 21:20:19.007612 dv-osbrick-789079-2-iscsi neutron-server[92956]: DEBUG novaclient.v2.client [-] RESP BODY: {"events": [{"server_uuid": "0e96c211-209d-4c00-bfed-a3eb9ff49033", "name": "network-vif-deleted", "tag": "f80eb2d8-824b-4923-bb7f-058538777114", "status": "completed", "code": 200}]} {{(pid=92956) _http_log_response /usr/local/lib/python3.8/dist-packages/keystoneauth1/session.py:582}}
Jul 07 21:20:19.007965 dv-osbrick-789079-2-iscsi neutron-server[92956]: DEBUG novaclient.v2.client [-] POST call to compute for http://10.222.0.86/compute/v2.1/os-server-external-events used request id req-117fe4d6-162f-4c2b-b9b6-ac325d17a5c1 {{(pid=92956) request /usr/local/lib/python3.8/dist-packages/keystoneauth1/session.py:954}}
Jul 07 21:20:19.008410 dv-osbrick-789079-2-iscsi neutron-server[92956]: INFO neutron.notifiers.nova [-] Nova event response: {'server_uuid': '0e96c211-209d-4c00-bfed-a3eb9ff49033', 'name': 'network-vif-deleted', 'tag': 'f80eb2d8-824b-4923-bb7f-058538777114', 'status': 'completed', 'code': 200}
Jul 07 21:20:19.250046 dv-osbrick-789079-2-iscsi neutron-server[92956]: INFO neutron.wsgi [req-e04dc8d0-064e-4f4a-8a50-5a9c946457d9 req-8ee2a718-9a39-4772-9e19-869f6a665e68 tempest-TestMinimumBasicScenario-1960864948 tempest-TestMinimumBasicScenario-1960864948-project] 10.222.0.86 "GET /v2.0/security-groups?name=tempest-secgroup-smoke-1554393697&fields=id&tenant_id=135686cea8ca4a2bbaa18f7cdbc3ac3d HTTP/1.1" status: 200 len: 267 time: 0.0439293
Jul 07 21:20:19.318112 dv-osbrick-789079-2-iscsi neutron-server[92956]: DEBUG neutron.pecan_wsgi.hooks.policy_enforcement [req-e04dc8d0-064e-4f4a-8a50-5a9c946457d9 req-d52445c7-2b59-4d05-8abc-998d219f569f tempest-TestMinimumBasicScenario-1960864948 tempest-TestMinimumBasicScenario-1960864948-project] Attributes excluded by policy engine: ['standard_attr_id', 'binding:profile', 'binding:host_id', 'binding:vif_type', 'binding:vif_details'] {{(pid=92956) _exclude_attributes_by_policy /opt/stack/neutron/neutron/pecan_wsgi/hooks/policy_enforcement.py:255}}
Jul 07 21:20:19.319719 dv-osbrick-789079-2-iscsi neutron-server[92956]: INFO neutron.wsgi [req-e04dc8d0-064e-4f4a-8a50-5a9c946457d9 req-d52445c7-2b59-4d05-8abc-998d219f569f tempest-TestMinimumBasicScenario-1960864948 tempest-TestMinimumBasicScenario-1960864948-project] 10.222.0.86 "GET /v2.0/ports?device_id=e4dfef3c-8079-4b4e-b4fd-a56277ba8dd7 HTTP/1.1" status: 200 len: 984 time: 0.0689764
Jul 07 21:20:19.331392 dv-osbrick-789079-2-iscsi neutron-server[92956]: DEBUG neutron.api.v2.base [req-e04dc8d0-064e-4f4a-8a50-5a9c946457d9 req-7fe9c1a1-bd1f-4c23-be7a-9a9f76188091 tempest-TestMinimumBasicScenario-1960864948 tempest-TestMinimumBasicScenario-1960864948-project] Request body: {'port': {'security_groups': ['8a865660-fe0e-434f-893d-59dfb8a223db']}} {{(pid=92956) prepare_request_body /opt/stack/neutron/neutron/api/v2/base.py:729}}
Jul 07 21:20:19.362602 dv-osbrick-789079-2-iscsi neutron-server[92957]: INFO neutron.wsgi [req-5ba7389d-b941-4a36-b86d-63bdbd623684 req-179e5ef8-797b-4dc1-ac71-290b16b21917 tempest-TestVolumeBootPattern-1534915400 tempest-TestVolumeBootPattern-1534915400-project] 10.222.0.86 "GET /v2.0/ports?device_id=0e96c211-209d-4c00-bfed-a3eb9ff49033 HTTP/1.1" status: 200 len: 210 time: 0.0293477
Jul 07 21:20:19.415200 dv-osbrick-789079-2-iscsi neutron-server[92956]: DEBUG neutron_lib.callbacks.manager [req-e04dc8d0-064e-4f4a-8a50-5a9c946457d9 req-7fe9c1a1-bd1f-4c23-be7a-9a9f76188091 tempest-TestMinimumBasicScenario-1960864948 tempest-TestMinimumBasicScenario-1960864948-project] Notify callbacks ['neutron.plugins.ml2.plugin.SecurityGroupDbMixin._ensure_default_security_group_handler-608760'] for port, before_update {{(pid=92956) _notify_loop /usr/local/lib/python3.8/dist-packages/neutron_lib/callbacks/manager.py:192}}
Jul 07 21:20:19.605837 dv-osbrick-789079-2-iscsi neutron-server[92956]: DEBUG neutron.plugins.ml2.db [req-e04dc8d0-064e-4f4a-8a50-5a9c946457d9 req-7fe9c1a1-bd1f-4c23-be7a-9a9f76188091 tempest-TestMinimumBasicScenario-1960864948 tempest-TestMinimumBasicScenario-1960864948-project] For port ebe7b433-5450-4e7d-98f3-9040bccd329b, host hv-osbrick-7890, got binding levels [PortBindingLevel(driver='hyperv',host='hv-osbrick-7890',level=0,port_id=ebe7b433-5450-4e7d-98f3-9040bccd329b,segment=NetworkSegment(811a8e1c-2039-4f83-a8fe-ff4e18124f22),segment_id=811a8e1c-2039-4f83-a8fe-ff4e18124f22)] {{(pid=92956) get_binding_level_objs /opt/stack/neutron/neutron/plugins/ml2/db.py:74}}
Jul 07 21:20:19.633221 dv-osbrick-789079-2-iscsi neutron-server[92956]: DEBUG neutron_lib.callbacks.manager [req-e04dc8d0-064e-4f4a-8a50-5a9c946457d9 req-7fe9c1a1-bd1f-4c23-be7a-9a9f76188091 tempest-TestMinimumBasicScenario-1960864948 tempest-TestMinimumBasicScenario-1960864948-project] Notify callbacks [] for port, precommit_update {{(pid=92956) _notify_loop /usr/local/lib/python3.8/dist-packages/neutron_lib/callbacks/manager.py:192}}
Jul 07 21:20:19.637707 dv-osbrick-789079-2-iscsi neutron-server[92956]: DEBUG neutron_lib.callbacks.manager [req-e04dc8d0-064e-4f4a-8a50-5a9c946457d9 req-7fe9c1a1-bd1f-4c23-be7a-9a9f76188091 tempest-TestMinimumBasicScenario-1960864948 tempest-TestMinimumBasicScenario-1960864948-project] Notify callbacks ['neutron.plugins.ml2.plugin.SecurityGroupServerNotifierRpcMixin.notify_sg_on_port_change-609844', 'neutron.plugins.ml2.ovo_rpc._ObjectChangeHandler.handle_event-243601', 'neutron.api.rpc.agentnotifiers.dhcp_rpc_agent_api.DhcpAgentNotifyAPI._native_event_send_dhcp_notification-3692473', 'neutron.db.l3_db.L3RpcNotifierMixin._notify_gateway_port_ip_changed-8755230087720', 'neutron.db.l3_dvrscheduler_db._notify_l3_agent_port_update-8755229564663', 'neutron.db.l3_hascheduler_db._notify_l3_agent_ha_port_update-8755229560616'] for port, after_update {{(pid=92956) _notify_loop /usr/local/lib/python3.8/dist-packages/neutron_lib/callbacks/manager.py:192}}
Jul 07 21:20:19.649967 dv-osbrick-789079-2-iscsi neutron-server[92958]: DEBUG neutron.plugins.ml2.db [None req-d3baa92c-6707-4d21-ad64-9317de2c771c None None] get_ports_and_sgs() called for port_ids ['ebe7b433-5450-4e7d-98f3-9040bccd329b'] {{(pid=92958) get_ports_and_sgs /opt/stack/neutron/neutron/plugins/ml2/db.py:156}}
Jul 07 21:20:19.684496 dv-osbrick-789079-2-iscsi neutron-server[92956]: DEBUG neutron.pecan_wsgi.hooks.policy_enforcement [req-e04dc8d0-064e-4f4a-8a50-5a9c946457d9 req-7fe9c1a1-bd1f-4c23-be7a-9a9f76188091 tempest-TestMinimumBasicScenario-1960864948 tempest-TestMinimumBasicScenario-1960864948-project] Attributes excluded by policy engine: ['standard_attr_id', 'binding:profile', 'binding:host_id', 'binding:vif_type', 'binding:vif_details'] {{(pid=92956) _exclude_attributes_by_policy /opt/stack/neutron/neutron/pecan_wsgi/hooks/policy_enforcement.py:255}}
Jul 07 21:20:19.685123 dv-osbrick-789079-2-iscsi neutron-server[92956]: DEBUG neutron_lib.callbacks.manager [req-e04dc8d0-064e-4f4a-8a50-5a9c946457d9 req-7fe9c1a1-bd1f-4c23-be7a-9a9f76188091 tempest-TestMinimumBasicScenario-1960864948 tempest-TestMinimumBasicScenario-1960864948-project] Notify callbacks ['neutron.notifiers.nova.Notifier._send_nova_notification-4096429'] for port, before_response {{(pid=92956) _notify_loop /usr/local/lib/python3.8/dist-packages/neutron_lib/callbacks/manager.py:192}}
Jul 07 21:20:19.686597 dv-osbrick-789079-2-iscsi neutron-server[92956]: INFO neutron.wsgi [req-e04dc8d0-064e-4f4a-8a50-5a9c946457d9 req-7fe9c1a1-bd1f-4c23-be7a-9a9f76188091 tempest-TestMinimumBasicScenario-1960864948 tempest-TestMinimumBasicScenario-1960864948-project] 10.222.0.86 "PUT /v2.0/ports/ebe7b433-5450-4e7d-98f3-9040bccd329b HTTP/1.1" status: 200 len: 942 time: 0.3600037
Jul 07 21:20:19.694289 dv-osbrick-789079-2-iscsi neutron-server[92956]: DEBUG neutron.wsgi [-] (92956) accepted ('10.222.0.86', 46114) {{(pid=92956) server /usr/local/lib/python3.8/dist-packages/eventlet/wsgi.py:982}}
Jul 07 21:20:19.778328 dv-osbrick-789079-2-iscsi neutron-server[92958]: DEBUG neutron.plugins.ml2.db [None req-d3baa92c-6707-4d21-ad64-9317de2c771c None None] get_ports_and_sgs() called for port_ids ['ebe7b433-5450-4e7d-98f3-9040bccd329b'] {{(pid=92958) get_ports_and_sgs /opt/stack/neutron/neutron/plugins/ml2/db.py:156}}
Jul 07 21:20:19.783860 dv-osbrick-789079-2-iscsi neutron-server[92956]: DEBUG neutron.api.rpc.handlers.resources_rpc [None req-7fe9c1a1-bd1f-4c23-be7a-9a9f76188091 tempest-TestMinimumBasicScenario-1960864948 tempest-TestMinimumBasicScenario-1960864948-project] Pushing event updated for resources: {'Port': ['ID=ebe7b433-5450-4e7d-98f3-9040bccd329b,revision_number=7']} {{(pid=92956) push /opt/stack/neutron/neutron/api/rpc/handlers/resources_rpc.py:237}}
Jul 07 21:20:19.807397 dv-osbrick-789079-2-iscsi neutron-server[92956]: DEBUG neutron_lib.callbacks.manager [None req-a0b0ca28-096e-45c7-944e-1f74b2ba7e10 tempest-TestMinimumBasicScenario-1960864948 tempest-TestMinimumBasicScenario-1960864948-project] Notify callbacks [] for security_group, before_delete {{(pid=92956) _notify_loop /usr/local/lib/python3.8/dist-packages/neutron_lib/callbacks/manager.py:192}}
Jul 07 21:20:19.839866 dv-osbrick-789079-2-iscsi neutron-server[92956]: DEBUG neutron_lib.callbacks.manager [None req-a0b0ca28-096e-45c7-944e-1f74b2ba7e10 tempest-TestMinimumBasicScenario-1960864948 tempest-TestMinimumBasicScenario-1960864948-project] Notify callbacks [] for security_group, precommit_delete {{(pid=92956) _notify_loop /usr/local/lib/python3.8/dist-packages/neutron_lib/callbacks/manager.py:192}}
Jul 07 21:20:19.907137 dv-osbrick-789079-2-iscsi neutron-server[92956]: DEBUG neutron_lib.callbacks.manager [None req-a0b0ca28-096e-45c7-944e-1f74b2ba7e10 tempest-TestMinimumBasicScenario-1960864948 tempest-TestMinimumBasicScenario-1960864948-project] Notify callbacks ['neutron.plugins.ml2.ovo_rpc._ObjectChangeHandler.handle_payload_event-284012'] for security_group, after_delete {{(pid=92956) _notify_loop /usr/local/lib/python3.8/dist-packages/neutron_lib/callbacks/manager.py:192}}
Jul 07 21:20:19.910281 dv-osbrick-789079-2-iscsi neutron-server[92956]: DEBUG neutron_lib.callbacks.manager [None req-a0b0ca28-096e-45c7-944e-1f74b2ba7e10 tempest-TestMinimumBasicScenario-1960864948 tempest-TestMinimumBasicScenario-1960864948-project] Notify callbacks [] for security_group, before_response {{(pid=92956) _notify_loop /usr/local/lib/python3.8/dist-packages/neutron_lib/callbacks/manager.py:192}}
Jul 07 21:20:19.914937 dv-osbrick-789079-2-iscsi neutron-server[92957]: DEBUG neutron.wsgi [-] (92957) accepted ('10.222.0.86', 46116) {{(pid=92957) server /usr/local/lib/python3.8/dist-packages/eventlet/wsgi.py:982}}
Jul 07 21:20:19.917063 dv-osbrick-789079-2-iscsi neutron-server[92956]: INFO neutron.wsgi [None req-a0b0ca28-096e-45c7-944e-1f74b2ba7e10 tempest-TestMinimumBasicScenario-1960864948 tempest-TestMinimumBasicScenario-1960864948-project] 10.222.0.86 "DELETE /v2.0/security-groups/5cd5a20d-efdd-494a-9687-d4a45774ac0c HTTP/1.1" status: 204 len: 168 time: 0.2198792
Jul 07 21:20:19.930547 dv-osbrick-789079-2-iscsi neutron-server[92956]: DEBUG neutron.api.rpc.handlers.resources_rpc [None req-a0b0ca28-096e-45c7-944e-1f74b2ba7e10 tempest-TestMinimumBasicScenario-1960864948 tempest-TestMinimumBasicScenario-1960864948-project] Pushing event deleted for resources: {'SecurityGroup': ['ID=5cd5a20d-efdd-494a-9687-d4a45774ac0c,revision_number=None']} {{(pid=92956) push /opt/stack/neutron/neutron/api/rpc/handlers/resources_rpc.py:237}}
Jul 07 21:20:19.994264 dv-osbrick-789079-2-iscsi neutron-server[92958]: DEBUG neutron.db.provisioning_blocks [None req-de92cca8-bc68-4716-bdc9-4e293e5c6742 None None] Provisioning complete for port ebe7b433-5450-4e7d-98f3-9040bccd329b triggered by entity DHCP. {{(pid=92958) provisioning_complete /opt/stack/neutron/neutron/db/provisioning_blocks.py:139}}
Jul 07 21:20:19.994708 dv-osbrick-789079-2-iscsi neutron-server[92958]: DEBUG neutron_lib.callbacks.manager [None req-de92cca8-bc68-4716-bdc9-4e293e5c6742 None None] Notify callbacks ['neutron.plugins.ml2.plugin.Ml2Plugin._port_provisioned-3616373'] for port, provisioning_complete {{(pid=92958) _notify_loop /usr/local/lib/python3.8/dist-packages/neutron_lib/callbacks/manager.py:192}}
Jul 07 21:20:20.160841 dv-osbrick-789079-2-iscsi neutron-server[92957]: DEBUG neutron.plugins.ml2.plugin [None req-c709c614-0904-4e73-98a2-7091856220a8 tempest-TestMinimumBasicScenario-1960864948 tempest-TestMinimumBasicScenario-1960864948-project] Deleting port c04149b2-3955-406d-9385-fbd71dc3cf71 {{(pid=92957) _pre_delete_port /opt/stack/neutron/neutron/plugins/ml2/plugin.py:1919}}
Jul 07 21:20:20.161364 dv-osbrick-789079-2-iscsi neutron-server[92957]: DEBUG neutron_lib.callbacks.manager [None req-c709c614-0904-4e73-98a2-7091856220a8 tempest-TestMinimumBasicScenario-1960864948 tempest-TestMinimumBasicScenario-1960864948-project] Notify callbacks ['neutron.db.l3_db.L3_NAT_dbonly_mixin._prevent_l3_port_delete_callback-8755230077660'] for port, before_delete {{(pid=92957) _notify_loop /usr/local/lib/python3.8/dist-packages/neutron_lib/callbacks/manager.py:192}}
Jul 07 21:20:20.258075 dv-osbrick-789079-2-iscsi neutron-server[92957]: DEBUG neutron_lib.callbacks.manager [None req-c709c614-0904-4e73-98a2-7091856220a8 tempest-TestMinimumBasicScenario-1960864948 tempest-TestMinimumBasicScenario-1960864948-project] Notify callbacks ['neutron.services.l3_router.l3_router_plugin.L3_NAT_dbonly_mixin._precommit_delete_port_callback-3708626'] for port, precommit_delete {{(pid=92957) _notify_loop /usr/local/lib/python3.8/dist-packages/neutron_lib/callbacks/manager.py:192}}
Jul 07 21:20:20.258415 dv-osbrick-789079-2-iscsi neutron-server[92957]: DEBUG neutron_lib.callbacks.manager [None req-c709c614-0904-4e73-98a2-7091856220a8 tempest-TestMinimumBasicScenario-1960864948 tempest-TestMinimumBasicScenario-1960864948-project] Notify callbacks [] for floatingip, precommit_delete {{(pid=92957) _notify_loop /usr/local/lib/python3.8/dist-packages/neutron_lib/callbacks/manager.py:192}}
Jul 07 21:20:20.272113 dv-osbrick-789079-2-iscsi neutron-server[92957]: DEBUG neutron.plugins.ml2.plugin [None req-c709c614-0904-4e73-98a2-7091856220a8 tempest-TestMinimumBasicScenario-1960864948 tempest-TestMinimumBasicScenario-1960864948-project] Calling delete_port for c04149b2-3955-406d-9385-fbd71dc3cf71 owned by network:floatingip {{(pid=92957) delete_port /opt/stack/neutron/neutron/plugins/ml2/plugin.py:1992}}
Jul 07 21:20:20.479520 dv-osbrick-789079-2-iscsi neutron-server[92957]: DEBUG neutron_lib.callbacks.manager [None req-c709c614-0904-4e73-98a2-7091856220a8 tempest-TestMinimumBasicScenario-1960864948 tempest-TestMinimumBasicScenario-1960864948-project] Notify callbacks ['neutron.plugins.ml2.plugin.SecurityGroupServerNotifierRpcMixin.notify_sg_on_port_change-609844', 'neutron.plugins.ml2.ovo_rpc._ObjectChangeHandler.handle_event-243601', 'neutron.api.rpc.agentnotifiers.dhcp_rpc_agent_api.DhcpAgentNotifyAPI._native_event_send_dhcp_notification-3692473', 'neutron.db.l3_db.L3RpcNotifierMixin._notify_routers_callback-8755230087702', 'neutron.db.l3_dvrscheduler_db._notify_port_delete-8755229564654'] for port, after_delete {{(pid=92957) _notify_loop /usr/local/lib/python3.8/dist-packages/neutron_lib/callbacks/manager.py:192}}
Jul 07 21:20:20.509581 dv-osbrick-789079-2-iscsi neutron-server[92957]: DEBUG neutron.api.rpc.handlers.resources_rpc [None req-c709c614-0904-4e73-98a2-7091856220a8 tempest-TestMinimumBasicScenario-1960864948 tempest-TestMinimumBasicScenario-1960864948-project] Pushing event deleted for resources: {'Port': ['ID=c04149b2-3955-406d-9385-fbd71dc3cf71,revision_number=None']} {{(pid=92957) push /opt/stack/neutron/neutron/api/rpc/handlers/resources_rpc.py:237}}
Jul 07 21:20:20.519513 dv-osbrick-789079-2-iscsi neutron-server[92957]: DEBUG neutron.api.rpc.callbacks.version_manager [None req-c709c614-0904-4e73-98a2-7091856220a8 tempest-TestMinimumBasicScenario-1960864948 tempest-TestMinimumBasicScenario-1960864948-project] Version for resource type AddressGroup changed None to 1.2 on consumer Open vSwitch agent@dv-osbrick-789079-2-iscsi {{(pid=92957) _set_version /opt/stack/neutron/neutron/api/rpc/callbacks/version_manager.py:113}}
Jul 07 21:20:20.519768 dv-osbrick-789079-2-iscsi neutron-server[92957]: DEBUG neutron.api.rpc.callbacks.version_manager [None req-c709c614-0904-4e73-98a2-7091856220a8 tempest-TestMinimumBasicScenario-1960864948 tempest-TestMinimumBasicScenario-1960864948-project] Version for resource type ConntrackHelper changed None to 1.0 on consumer Open vSwitch agent@dv-osbrick-789079-2-iscsi {{(pid=92957) _set_version /opt/stack/neutron/neutron/api/rpc/callbacks/version_manager.py:113}}
Jul 07 21:20:20.520577 dv-osbrick-789079-2-iscsi neutron-server[92957]: DEBUG neutron.api.rpc.callbacks.version_manager [None req-c709c614-0904-4e73-98a2-7091856220a8 tempest-TestMinimumBasicScenario-1960864948 tempest-TestMinimumBasicScenario-1960864948-project] Version for resource type Log changed None to 1.0 on consumer Open vSwitch agent@dv-osbrick-789079-2-iscsi {{(pid=92957) _set_version /opt/stack/neutron/neutron/api/rpc/callbacks/version_manager.py:113}}
Jul 07 21:20:20.520577 dv-osbrick-789079-2-iscsi neutron-server[92957]: DEBUG neutron.api.rpc.callbacks.version_manager [None req-c709c614-0904-4e73-98a2-7091856220a8 tempest-TestMinimumBasicScenario-1960864948 tempest-TestMinimumBasicScenario-1960864948-project] Version for resource type Network changed None to 1.1 on consumer Open vSwitch agent@dv-osbrick-789079-2-iscsi {{(pid=92957) _set_version /opt/stack/neutron/neutron/api/rpc/callbacks/version_manager.py:113}}
Jul 07 21:20:20.520771 dv-osbrick-789079-2-iscsi neutron-server[92957]: DEBUG neutron.api.rpc.callbacks.version_manager [None req-c709c614-0904-4e73-98a2-7091856220a8 tempest-TestMinimumBasicScenario-1960864948 tempest-TestMinimumBasicScenario-1960864948-project] Version for resource type Port changed None to 1.7 on consumer Open vSwitch agent@dv-osbrick-789079-2-iscsi {{(pid=92957) _set_version /opt/stack/neutron/neutron/api/rpc/callbacks/version_manager.py:113}}
Jul 07 21:20:20.521063 dv-osbrick-789079-2-iscsi neutron-server[92957]: DEBUG neutron.api.rpc.callbacks.version_manager [None req-c709c614-0904-4e73-98a2-7091856220a8 tempest-TestMinimumBasicScenario-1960864948 tempest-TestMinimumBasicScenario-1960864948-project] Version for resource type PortForwarding changed None to 1.2 on consumer Open vSwitch agent@dv-osbrick-789079-2-iscsi {{(pid=92957) _set_version /opt/stack/neutron/neutron/api/rpc/callbacks/version_manager.py:113}}
Jul 07 21:20:20.521389 dv-osbrick-789079-2-iscsi neutron-server[92957]: DEBUG neutron.api.rpc.callbacks.version_manager [None req-c709c614-0904-4e73-98a2-7091856220a8 tempest-TestMinimumBasicScenario-1960864948 tempest-TestMinimumBasicScenario-1960864948-project] Version for resource type QosPolicy changed None to 1.8 on consumer Open vSwitch agent@dv-osbrick-789079-2-iscsi {{(pid=92957) _set_version /opt/stack/neutron/neutron/api/rpc/callbacks/version_manager.py:113}}
Jul 07 21:20:20.521715 dv-osbrick-789079-2-iscsi neutron-server[92957]: DEBUG neutron.api.rpc.callbacks.version_manager [None req-c709c614-0904-4e73-98a2-7091856220a8 tempest-TestMinimumBasicScenario-1960864948 tempest-TestMinimumBasicScenario-1960864948-project] Version for resource type SecurityGroup changed None to 1.4 on consumer Open vSwitch agent@dv-osbrick-789079-2-iscsi {{(pid=92957) _set_version /opt/stack/neutron/neutron/api/rpc/callbacks/version_manager.py:113}}
Jul 07 21:20:20.522075 dv-osbrick-789079-2-iscsi neutron-server[92957]: DEBUG neutron.api.rpc.callbacks.version_manager [None req-c709c614-0904-4e73-98a2-7091856220a8 tempest-TestMinimumBasicScenario-1960864948 tempest-TestMinimumBasicScenario-1960864948-project] Version for resource type SecurityGroupRule changed None to 1.2 on consumer Open vSwitch agent@dv-osbrick-789079-2-iscsi {{(pid=92957) _set_version /opt/stack/neutron/neutron/api/rpc/callbacks/version_manager.py:113}}
Jul 07 21:20:20.522356 dv-osbrick-789079-2-iscsi neutron-server[92957]: DEBUG neutron.api.rpc.callbacks.version_manager [None req-c709c614-0904-4e73-98a2-7091856220a8 tempest-TestMinimumBasicScenario-1960864948 tempest-TestMinimumBasicScenario-1960864948-project] Version for resource type SubPort changed None to 1.0 on consumer Open vSwitch agent@dv-osbrick-789079-2-iscsi {{(pid=92957) _set_version /opt/stack/neutron/neutron/api/rpc/callbacks/version_manager.py:113}}
Jul 07 21:20:20.522672 dv-osbrick-789079-2-iscsi neutron-server[92957]: DEBUG neutron.api.rpc.callbacks.version_manager [None req-c709c614-0904-4e73-98a2-7091856220a8 tempest-TestMinimumBasicScenario-1960864948 tempest-TestMinimumBasicScenario-1960864948-project] Version for resource type Subnet changed None to 1.1 on consumer Open vSwitch agent@dv-osbrick-789079-2-iscsi {{(pid=92957) _set_version /opt/stack/neutron/neutron/api/rpc/callbacks/version_manager.py:113}}
Jul 07 21:20:20.523008 dv-osbrick-789079-2-iscsi neutron-server[92957]: DEBUG neutron.api.rpc.callbacks.version_manager [None req-c709c614-0904-4e73-98a2-7091856220a8 tempest-TestMinimumBasicScenario-1960864948 tempest-TestMinimumBasicScenario-1960864948-project] Version for resource type Trunk changed None to 1.1 on consumer Open vSwitch agent@dv-osbrick-789079-2-iscsi {{(pid=92957) _set_version /opt/stack/neutron/neutron/api/rpc/callbacks/version_manager.py:113}}
Jul 07 21:20:20.566125 dv-osbrick-789079-2-iscsi neutron-server[92957]: DEBUG neutron_lib.callbacks.manager [None req-c709c614-0904-4e73-98a2-7091856220a8 tempest-TestMinimumBasicScenario-1960864948 tempest-TestMinimumBasicScenario-1960864948-project] Notify callbacks [] for floatingip, after_delete {{(pid=92957) _notify_loop /usr/local/lib/python3.8/dist-packages/neutron_lib/callbacks/manager.py:192}}
Jul 07 21:20:20.566519 dv-osbrick-789079-2-iscsi neutron-server[92957]: INFO neutron.db.l3_db [None req-c709c614-0904-4e73-98a2-7091856220a8 tempest-TestMinimumBasicScenario-1960864948 tempest-TestMinimumBasicScenario-1960864948-project] Floating IP db659dc0-9e6b-48b4-bd16-0dc0003155b0 disassociated (deleted). External IP: 172.29.1.121, port: ebe7b433-5450-4e7d-98f3-9040bccd329b.
