Aug 22 20:26:56.364369 dv-osbrick-786733-8-smb devstack@keystone.service[81839]: DEBUG keystone.server.flask.request_processing.middleware.auth_context [None req-37fb773d-923c-45a2-9186-726b9ad77d60 None admin] RBAC: auth_context: {'token': , 'domain_id': None, 'trust_id': None, 'trustor_id': None, 'trustee_id': None, 'domain_name': None, 'group_ids': [], 'user_id': '483d01c97a2c4e20be863834f84b3a09', 'user_domain_id': 'default', 'system_scope': 'all', 'project_id': None, 'project_domain_id': None, 'roles': ['admin', 'member', 'reader'], 'is_admin_project': True, 'service_user_id': None, 'service_user_domain_id': None, 'service_project_id': None, 'service_project_domain_id': None, 'service_roles': []} {{(pid=81839) fill_context /opt/stack/keystone/keystone/server/flask/request_processing/middleware/auth_context.py:478}}
Aug 22 20:26:56.365292 dv-osbrick-786733-8-smb devstack@keystone.service[81839]: DEBUG keystone.server.flask.request_processing.req_logging [None req-37fb773d-923c-45a2-9186-726b9ad77d60 None admin] REQUEST_METHOD: `GET` {{(pid=81839) log_request_info /opt/stack/keystone/keystone/server/flask/request_processing/req_logging.py:27}}
Aug 22 20:26:56.365703 dv-osbrick-786733-8-smb devstack@keystone.service[81839]: DEBUG keystone.server.flask.request_processing.req_logging [None req-37fb773d-923c-45a2-9186-726b9ad77d60 None admin] SCRIPT_NAME: `/identity` {{(pid=81839) log_request_info /opt/stack/keystone/keystone/server/flask/request_processing/req_logging.py:28}}
Aug 22 20:26:56.366197 dv-osbrick-786733-8-smb devstack@keystone.service[81839]: DEBUG keystone.server.flask.request_processing.req_logging [None req-37fb773d-923c-45a2-9186-726b9ad77d60 None admin] PATH_INFO: `/v3/role_assignments` {{(pid=81839) log_request_info /opt/stack/keystone/keystone/server/flask/request_processing/req_logging.py:29}}
Aug 22 20:26:56.367067 dv-osbrick-786733-8-smb devstack@keystone.service[81839]: DEBUG keystone.common.rbac_enforcer.enforcer [None req-37fb773d-923c-45a2-9186-726b9ad77d60 None admin] RBAC: Adding query filter params (role.id=5303d6ac4c3946f688d7669f82fe1a33, scope.project.id=c900f24900124839b75ced0f9c6c5f7f, user.id=567a598434b2463e8e493023b186d28a) {{(pid=81839) _extract_filter_values /opt/stack/keystone/keystone/common/rbac_enforcer/enforcer.py:167}}
Aug 22 20:26:56.367529 dv-osbrick-786733-8-smb devstack@keystone.service[81839]: DEBUG keystone.common.rbac_enforcer.enforcer [None req-37fb773d-923c-45a2-9186-726b9ad77d60 None admin] RBAC: Authorizing `identity:list_role_assignments()` {{(pid=81839) enforce_call /opt/stack/keystone/keystone/common/rbac_enforcer/enforcer.py:449}}
Aug 22 20:26:56.369205 dv-osbrick-786733-8-smb devstack@keystone.service[81840]: DEBUG keystone.server.flask.request_processing.middleware.auth_context [None req-4ab8c4c0-fe32-47f0-9d3d-867c9eb8bbba None admin] RBAC: auth_context: {'token': , 'domain_id': None, 'trust_id': None, 'trustor_id': None, 'trustee_id': None, 'domain_name': None, 'group_ids': [], 'user_id': '483d01c97a2c4e20be863834f84b3a09', 'user_domain_id': 'default', 'system_scope': 'all', 'project_id': None, 'project_domain_id': None, 'roles': ['admin', 'member', 'reader'], 'is_admin_project': True, 'service_user_id': None, 'service_user_domain_id': None, 'service_project_id': None, 'service_project_domain_id': None, 'service_roles': []} {{(pid=81840) fill_context /opt/stack/keystone/keystone/server/flask/request_processing/middleware/auth_context.py:478}}
Aug 22 20:26:56.369466 dv-osbrick-786733-8-smb devstack@keystone.service[81839]: DEBUG keystone.common.rbac_enforcer.enforcer [None req-37fb773d-923c-45a2-9186-726b9ad77d60 None admin] RBAC: Authorization granted {{(pid=81839) enforce_call /opt/stack/keystone/keystone/common/rbac_enforcer/enforcer.py:457}}
Aug 22 20:26:56.369833 dv-osbrick-786733-8-smb devstack@keystone.service[81840]: DEBUG keystone.server.flask.request_processing.req_logging [None req-4ab8c4c0-fe32-47f0-9d3d-867c9eb8bbba None admin] REQUEST_METHOD: `GET` {{(pid=81840) log_request_info /opt/stack/keystone/keystone/server/flask/request_processing/req_logging.py:27}}
Aug 22 20:26:56.370117 dv-osbrick-786733-8-smb devstack@keystone.service[81840]: DEBUG keystone.server.flask.request_processing.req_logging [None req-4ab8c4c0-fe32-47f0-9d3d-867c9eb8bbba None admin] SCRIPT_NAME: `/identity` {{(pid=81840) log_request_info /opt/stack/keystone/keystone/server/flask/request_processing/req_logging.py:28}}
Aug 22 20:26:56.370397 dv-osbrick-786733-8-smb devstack@keystone.service[81840]: DEBUG keystone.server.flask.request_processing.req_logging [None req-4ab8c4c0-fe32-47f0-9d3d-867c9eb8bbba None admin] PATH_INFO: `/v3/role_assignments` {{(pid=81840) log_request_info /opt/stack/keystone/keystone/server/flask/request_processing/req_logging.py:29}}
Aug 22 20:26:56.371135 dv-osbrick-786733-8-smb devstack@keystone.service[81840]: DEBUG keystone.common.rbac_enforcer.enforcer [None req-4ab8c4c0-fe32-47f0-9d3d-867c9eb8bbba None admin] RBAC: Adding query filter params (role.id=acde6a727519456c845de0bcb07b7709, scope.project.id=c900f24900124839b75ced0f9c6c5f7f, user.id=483d01c97a2c4e20be863834f84b3a09) {{(pid=81840) _extract_filter_values /opt/stack/keystone/keystone/common/rbac_enforcer/enforcer.py:167}}
Aug 22 20:26:56.371444 dv-osbrick-786733-8-smb devstack@keystone.service[81840]: DEBUG keystone.common.rbac_enforcer.enforcer [None req-4ab8c4c0-fe32-47f0-9d3d-867c9eb8bbba None admin] RBAC: Authorizing `identity:list_role_assignments()` {{(pid=81840) enforce_call /opt/stack/keystone/keystone/common/rbac_enforcer/enforcer.py:449}}
Aug 22 20:26:56.372917 dv-osbrick-786733-8-smb devstack@keystone.service[81840]: DEBUG keystone.common.rbac_enforcer.enforcer [None req-4ab8c4c0-fe32-47f0-9d3d-867c9eb8bbba None admin] RBAC: Authorization granted {{(pid=81840) enforce_call /opt/stack/keystone/keystone/common/rbac_enforcer/enforcer.py:457}}
Aug 22 20:26:56.376866 dv-osbrick-786733-8-smb devstack@keystone.service[81839]: [pid: 81839|app: 0|req: 45/93] 10.222.0.20 () {56 vars in 1374 bytes} [Mon Aug 22 20:26:56 2022] GET /identity/v3/role_assignments?user.id=567a598434b2463e8e493023b186d28a&scope.project.id=c900f24900124839b75ced0f9c6c5f7f&role.id=5303d6ac4c3946f688d7669f82fe1a33 => generated 259 bytes in 206 msecs (HTTP/1.1 200) 5 headers in 177 bytes (1 switches on core 0)
Aug 22 20:26:56.377922 dv-osbrick-786733-8-smb devstack@keystone.service[81839]: DEBUG keystone.server.flask.request_processing.middleware.auth_context [None req-37fb773d-923c-45a2-9186-726b9ad77d60 None admin] Authenticating user token {{(pid=81839) process_request /usr/local/lib/python3.8/dist-packages/keystonemiddleware/auth_token/__init__.py:407}}
Aug 22 20:26:56.389274 dv-osbrick-786733-8-smb devstack@keystone.service[81840]: [pid: 81840|app: 0|req: 49/94] 10.222.0.20 () {56 vars in 1374 bytes} [Mon Aug 22 20:26:56 2022] GET /identity/v3/role_assignments?user.id=483d01c97a2c4e20be863834f84b3a09&scope.project.id=c900f24900124839b75ced0f9c6c5f7f&role.id=acde6a727519456c845de0bcb07b7709 => generated 259 bytes in 255 msecs (HTTP/1.1 200) 5 headers in 177 bytes (1 switches on core 0)
Aug 22 20:26:56.482842 dv-osbrick-786733-8-smb devstack@keystone.service[81839]: DEBUG dbcounter [-] [81839] Writing DB stats keystone:SELECT=100 {{(pid=81839) stat_writer /usr/local/lib/python3.8/dist-packages/dbcounter.py:114}}
Aug 22 20:26:56.503959 dv-osbrick-786733-8-smb devstack@keystone.service[81839]: DEBUG keystone.server.flask.request_processing.middleware.auth_context [None req-37fb773d-923c-45a2-9186-726b9ad77d60 None admin] Validating token access rules against request {{(pid=81839) validate_allowed_request /usr/local/lib/python3.8/dist-packages/keystonemiddleware/auth_token/__init__.py:545}}
Aug 22 20:26:56.551965 dv-osbrick-786733-8-smb devstack@keystone.service[81839]: DEBUG keystone.server.flask.request_processing.middleware.auth_context [None req-347b3ca9-0ccf-4c7e-848f-45e86388ede9 None admin] RBAC: auth_context: {'token': , 'domain_id': None, 'trust_id': None, 'trustor_id': None, 'trustee_id': None, 'domain_name': None, 'group_ids': [], 'user_id': '483d01c97a2c4e20be863834f84b3a09', 'user_domain_id': 'default', 'system_scope': 'all', 'project_id': None, 'project_domain_id': None, 'roles': ['admin', 'member', 'reader'], 'is_admin_project': True, 'service_user_id': None, 'service_user_domain_id': None, 'service_project_id': None, 'service_project_domain_id': None, 'service_roles': []} {{(pid=81839) fill_context /opt/stack/keystone/keystone/server/flask/request_processing/middleware/auth_context.py:478}}
Aug 22 20:26:56.553343 dv-osbrick-786733-8-smb devstack@keystone.service[81839]: DEBUG keystone.server.flask.request_processing.req_logging [None req-347b3ca9-0ccf-4c7e-848f-45e86388ede9 None admin] REQUEST_METHOD: `GET` {{(pid=81839) log_request_info /opt/stack/keystone/keystone/server/flask/request_processing/req_logging.py:27}}
Aug 22 20:26:56.553764 dv-osbrick-786733-8-smb devstack@keystone.service[81839]: DEBUG keystone.server.flask.request_processing.req_logging [None req-347b3ca9-0ccf-4c7e-848f-45e86388ede9 None admin] SCRIPT_NAME: `/identity` {{(pid=81839) log_request_info /opt/stack/keystone/keystone/server/flask/request_processing/req_logging.py:28}}
Aug 22 20:26:56.554176 dv-osbrick-786733-8-smb devstack@keystone.service[81839]: DEBUG keystone.server.flask.request_processing.req_logging [None req-347b3ca9-0ccf-4c7e-848f-45e86388ede9 None admin] PATH_INFO: `/v3/auth/tokens` {{(pid=81839) log_request_info /opt/stack/keystone/keystone/server/flask/request_processing/req_logging.py:29}}
Aug 22 20:26:56.640585 dv-osbrick-786733-8-smb devstack@keystone.service[81839]: DEBUG keystone.common.rbac_enforcer.enforcer [None req-347b3ca9-0ccf-4c7e-848f-45e86388ede9 None admin] RBAC: Authorizing `identity:validate_token()` {{(pid=81839) enforce_call /opt/stack/keystone/keystone/common/rbac_enforcer/enforcer.py:449}}
Aug 22 20:26:56.642443 dv-osbrick-786733-8-smb devstack@keystone.service[81839]: DEBUG keystone.common.rbac_enforcer.enforcer [None req-347b3ca9-0ccf-4c7e-848f-45e86388ede9 None admin] RBAC: Authorization granted {{(pid=81839) enforce_call /opt/stack/keystone/keystone/common/rbac_enforcer/enforcer.py:457}}
Aug 22 20:26:56.756985 dv-osbrick-786733-8-smb devstack@keystone.service[81839]: DEBUG dbcounter [-] [81839] Writing DB stats keystone:SELECT=100 {{(pid=81839) stat_writer /usr/local/lib/python3.8/dist-packages/dbcounter.py:114}}
Aug 22 20:26:56.769869 dv-osbrick-786733-8-smb devstack@keystone.service[81839]: [pid: 81839|app: 0|req: 46/95] 10.222.0.20 () {58 vars in 1282 bytes} [Mon Aug 22 20:26:56 2022] GET /identity/v3/auth/tokens => generated 799 bytes in 392 msecs (HTTP/1.1 200) 6 headers in 358 bytes (1 switches on core 0)
Aug 22 20:26:56.775618 dv-osbrick-786733-8-smb devstack@keystone.service[81840]: DEBUG keystone.server.flask.request_processing.middleware.auth_context [None req-4ab8c4c0-fe32-47f0-9d3d-867c9eb8bbba None admin] Authenticating user token {{(pid=81840) process_request /usr/local/lib/python3.8/dist-packages/keystonemiddleware/auth_token/__init__.py:407}}
Aug 22 20:26:56.918018 dv-osbrick-786733-8-smb devstack@keystone.service[81840]: DEBUG keystone.server.flask.request_processing.middleware.auth_context [None req-4ab8c4c0-fe32-47f0-9d3d-867c9eb8bbba None admin] Validating token access rules against request {{(pid=81840) validate_allowed_request /usr/local/lib/python3.8/dist-packages/keystonemiddleware/auth_token/__init__.py:545}}
Aug 22 20:26:56.928993 dv-osbrick-786733-8-smb devstack@keystone.service[81840]: DEBUG dbcounter [-] [81840] Writing DB stats keystone:SELECT=100 {{(pid=81840) stat_writer /usr/local/lib/python3.8/dist-packages/dbcounter.py:114}}
Aug 22 20:26:56.960130 dv-osbrick-786733-8-smb devstack@keystone.service[81840]: DEBUG keystone.server.flask.request_processing.middleware.auth_context [None req-c5ecd7ec-7a97-471f-884f-212392d952ab None admin] RBAC: auth_context: {'token': , 'domain_id': None, 'trust_id': None, 'trustor_id': None, 'trustee_id': None, 'domain_name': None, 'group_ids': [], 'user_id': '483d01c97a2c4e20be863834f84b3a09', 'user_domain_id': 'default', 'system_scope': 'all', 'project_id': None, 'project_domain_id': None, 'roles': ['admin', 'member', 'reader'], 'is_admin_project': True, 'service_user_id': None, 'service_user_domain_id': None, 'service_project_id': None, 'service_project_domain_id': None, 'service_roles': []} {{(pid=81840) fill_context /opt/stack/keystone/keystone/server/flask/request_processing/middleware/auth_context.py:478}}
Aug 22 20:26:56.960852 dv-osbrick-786733-8-smb devstack@keystone.service[81840]: DEBUG keystone.server.flask.request_processing.req_logging [None req-c5ecd7ec-7a97-471f-884f-212392d952ab None admin] REQUEST_METHOD: `GET` {{(pid=81840) log_request_info /opt/stack/keystone/keystone/server/flask/request_processing/req_logging.py:27}}
Aug 22 20:26:56.961135 dv-osbrick-786733-8-smb devstack@keystone.service[81840]: DEBUG keystone.server.flask.request_processing.req_logging [None req-c5ecd7ec-7a97-471f-884f-212392d952ab None admin] SCRIPT_NAME: `/identity` {{(pid=81840) log_request_info /opt/stack/keystone/keystone/server/flask/request_processing/req_logging.py:28}}
Aug 22 20:26:56.961409 dv-osbrick-786733-8-smb devstack@keystone.service[81840]: DEBUG keystone.server.flask.request_processing.req_logging [None req-c5ecd7ec-7a97-471f-884f-212392d952ab None admin] PATH_INFO: `/v3/projects/195de88984234e358974c656134f80d1` {{(pid=81840) log_request_info /opt/stack/keystone/keystone/server/flask/request_processing/req_logging.py:29}}
Aug 22 20:26:56.962857 dv-osbrick-786733-8-smb devstack@keystone.service[81840]: DEBUG keystone.common.rbac_enforcer.enforcer [None req-c5ecd7ec-7a97-471f-884f-212392d952ab None admin] RBAC: Authorizing `identity:get_project(project_id=195de88984234e358974c656134f80d1)` {{(pid=81840) enforce_call /opt/stack/keystone/keystone/common/rbac_enforcer/enforcer.py:449}}
Aug 22 20:26:56.964342 dv-osbrick-786733-8-smb devstack@keystone.service[81840]: DEBUG keystone.common.rbac_enforcer.enforcer [None req-c5ecd7ec-7a97-471f-884f-212392d952ab None admin] RBAC: Authorization granted {{(pid=81840) enforce_call /opt/stack/keystone/keystone/common/rbac_enforcer/enforcer.py:457}}
Aug 22 20:26:56.966429 dv-osbrick-786733-8-smb devstack@keystone.service[81840]: [pid: 81840|app: 0|req: 50/96] 10.222.0.20 () {56 vars in 1186 bytes} [Mon Aug 22 20:26:56 2022] GET /identity/v3/projects/195de88984234e358974c656134f80d1 => generated 312 bytes in 191 msecs (HTTP/1.1 200) 5 headers in 177 bytes (1 switches on core 0)
Aug 22 20:26:56.972890 dv-osbrick-786733-8-smb devstack@keystone.service[81839]: DEBUG keystone.server.flask.request_processing.middleware.auth_context [None req-347b3ca9-0ccf-4c7e-848f-45e86388ede9 None admin] Authenticating user token {{(pid=81839) process_request /usr/local/lib/python3.8/dist-packages/keystonemiddleware/auth_token/__init__.py:407}}
Aug 22 20:26:57.094045 dv-osbrick-786733-8-smb devstack@keystone.service[81839]: DEBUG keystone.server.flask.request_processing.middleware.auth_context [None req-347b3ca9-0ccf-4c7e-848f-45e86388ede9 None admin] Validating token access rules against request {{(pid=81839) validate_allowed_request /usr/local/lib/python3.8/dist-packages/keystonemiddleware/auth_token/__init__.py:545}}
Aug 22 20:26:57.135963 dv-osbrick-786733-8-smb devstack@keystone.service[81839]: DEBUG keystone.server.flask.request_processing.middleware.auth_context [None req-9690ef4b-5f29-43c4-8794-ecf2a25e2926 None admin] RBAC: auth_context: {'token': , 'domain_id': None, 'trust_id': None, 'trustor_id': None, 'trustee_id': None, 'domain_name': None, 'group_ids': [], 'user_id': '483d01c97a2c4e20be863834f84b3a09', 'user_domain_id': 'default', 'system_scope': 'all', 'project_id': None, 'project_domain_id': None, 'roles': ['admin', 'member', 'reader'], 'is_admin_project': True, 'service_user_id': None, 'service_user_domain_id': None, 'service_project_id': None, 'service_project_domain_id': None, 'service_roles': []} {{(pid=81839) fill_context /opt/stack/keystone/keystone/server/flask/request_processing/middleware/auth_context.py:478}}
Aug 22 20:26:57.136596 dv-osbrick-786733-8-smb devstack@keystone.service[81839]: DEBUG keystone.server.flask.request_processing.req_logging [None req-9690ef4b-5f29-43c4-8794-ecf2a25e2926 None admin] REQUEST_METHOD: `GET` {{(pid=81839) log_request_info /opt/stack/keystone/keystone/server/flask/request_processing/req_logging.py:27}}
Aug 22 20:26:57.136881 dv-osbrick-786733-8-smb devstack@keystone.service[81839]: DEBUG keystone.server.flask.request_processing.req_logging [None req-9690ef4b-5f29-43c4-8794-ecf2a25e2926 None admin] SCRIPT_NAME: `/identity` {{(pid=81839) log_request_info /opt/stack/keystone/keystone/server/flask/request_processing/req_logging.py:28}}
Aug 22 20:26:57.137158 dv-osbrick-786733-8-smb devstack@keystone.service[81839]: DEBUG keystone.server.flask.request_processing.req_logging [None req-9690ef4b-5f29-43c4-8794-ecf2a25e2926 None admin] PATH_INFO: `/v3/role_assignments` {{(pid=81839) log_request_info /opt/stack/keystone/keystone/server/flask/request_processing/req_logging.py:29}}
Aug 22 20:26:57.137914 dv-osbrick-786733-8-smb devstack@keystone.service[81839]: DEBUG keystone.common.rbac_enforcer.enforcer [None req-9690ef4b-5f29-43c4-8794-ecf2a25e2926 None admin] RBAC: Adding query filter params (role.id=bf9073358ae54c3e8d2a382da63a1902, scope.project.id=195de88984234e358974c656134f80d1, user.id=567a598434b2463e8e493023b186d28a) {{(pid=81839) _extract_filter_values /opt/stack/keystone/keystone/common/rbac_enforcer/enforcer.py:167}}
Aug 22 20:26:57.138222 dv-osbrick-786733-8-smb devstack@keystone.service[81839]: DEBUG keystone.common.rbac_enforcer.enforcer [None req-9690ef4b-5f29-43c4-8794-ecf2a25e2926 None admin] RBAC: Authorizing `identity:list_role_assignments()` {{(pid=81839) enforce_call /opt/stack/keystone/keystone/common/rbac_enforcer/enforcer.py:449}}
Aug 22 20:26:57.139706 dv-osbrick-786733-8-smb devstack@keystone.service[81839]: DEBUG keystone.common.rbac_enforcer.enforcer [None req-9690ef4b-5f29-43c4-8794-ecf2a25e2926 None admin] RBAC: Authorization granted {{(pid=81839) enforce_call /opt/stack/keystone/keystone/common/rbac_enforcer/enforcer.py:457}}
Aug 22 20:26:57.146100 dv-osbrick-786733-8-smb devstack@keystone.service[81839]: [pid: 81839|app: 0|req: 47/97] 10.222.0.20 () {56 vars in 1374 bytes} [Mon Aug 22 20:26:56 2022] GET /identity/v3/role_assignments?user.id=567a598434b2463e8e493023b186d28a&scope.project.id=195de88984234e358974c656134f80d1&role.id=bf9073358ae54c3e8d2a382da63a1902 => generated 259 bytes in 174 msecs (HTTP/1.1 200) 5 headers in 177 bytes (1 switches on core 0)
Aug 22 20:26:58.351546 dv-osbrick-786733-8-smb devstack@keystone.service[81840]: DEBUG keystone.server.flask.request_processing.req_logging [None req-82dfb747-1680-4257-afff-7614cbf2fe4f None None] REQUEST_METHOD: `GET` {{(pid=81840) log_request_info /opt/stack/keystone/keystone/server/flask/request_processing/req_logging.py:27}}
Aug 22 20:26:58.352094 dv-osbrick-786733-8-smb devstack@keystone.service[81840]: DEBUG keystone.server.flask.request_processing.req_logging [None req-82dfb747-1680-4257-afff-7614cbf2fe4f None None] SCRIPT_NAME: `/identity` {{(pid=81840) log_request_info /opt/stack/keystone/keystone/server/flask/request_processing/req_logging.py:28}}
Aug 22 20:26:58.352094 dv-osbrick-786733-8-smb devstack@keystone.service[81840]: DEBUG keystone.server.flask.request_processing.req_logging [None req-82dfb747-1680-4257-afff-7614cbf2fe4f None None] PATH_INFO: `/` {{(pid=81840) log_request_info /opt/stack/keystone/keystone/server/flask/request_processing/req_logging.py:29}}
Aug 22 20:26:58.353687 dv-osbrick-786733-8-smb devstack@keystone.service[81840]: [pid: 81840|app: 0|req: 51/98] 10.222.0.20 () {54 vars in 927 bytes} [Mon Aug 22 20:26:58 2022] GET /identity => generated 270 bytes in 3 msecs (HTTP/1.1 300) 6 headers in 234 bytes (1 switches on core 0)
Aug 22 20:26:58.359241 dv-osbrick-786733-8-smb devstack@keystone.service[81839]: DEBUG keystone.server.flask.request_processing.req_logging [None req-e5b4e596-67bc-4258-a7f0-9f1ccf42418a None None] REQUEST_METHOD: `POST` {{(pid=81839) log_request_info /opt/stack/keystone/keystone/server/flask/request_processing/req_logging.py:27}}
Aug 22 20:26:58.359666 dv-osbrick-786733-8-smb devstack@keystone.service[81839]: DEBUG keystone.server.flask.request_processing.req_logging [None req-e5b4e596-67bc-4258-a7f0-9f1ccf42418a None None] SCRIPT_NAME: `/identity` {{(pid=81839) log_request_info /opt/stack/keystone/keystone/server/flask/request_processing/req_logging.py:28}}
Aug 22 20:26:58.359868 dv-osbrick-786733-8-smb devstack@keystone.service[81839]: DEBUG keystone.server.flask.request_processing.req_logging [None req-e5b4e596-67bc-4258-a7f0-9f1ccf42418a None None] PATH_INFO: `/v3/auth/tokens` {{(pid=81839) log_request_info /opt/stack/keystone/keystone/server/flask/request_processing/req_logging.py:29}}
Aug 22 20:26:58.384744 dv-osbrick-786733-8-smb devstack@keystone.service[81839]: DEBUG keystone.auth.core [None req-e5b4e596-67bc-4258-a7f0-9f1ccf42418a None None] MFA Rules not processed for user `483d01c97a2c4e20be863834f84b3a09`. Rule list: `[]` (Enabled: `True`). {{(pid=81839) check_auth_methods_against_rules /opt/stack/keystone/keystone/auth/core.py:438}}
Aug 22 20:26:58.385951 dv-osbrick-786733-8-smb devstack@keystone.service[81839]: DEBUG keystone.common.fernet_utils [None req-e5b4e596-67bc-4258-a7f0-9f1ccf42418a None None] Loaded 2 Fernet keys from /etc/keystone/fernet-keys/, but `[fernet_tokens] max_active_keys = 3`; perhaps there have not been enough key rotations to reach `max_active_keys` yet? {{(pid=81839) load_keys /opt/stack/keystone/keystone/common/fernet_utils.py:286}}
Aug 22 20:26:58.454156 dv-osbrick-786733-8-smb devstack@keystone.service[81839]: DEBUG dbcounter [-] [81839] Writing DB stats keystone:SELECT=100 {{(pid=81839) stat_writer /usr/local/lib/python3.8/dist-packages/dbcounter.py:114}}
Aug 22 20:26:58.480841 dv-osbrick-786733-8-smb devstack@keystone.service[81839]: [pid: 81839|app: 0|req: 48/99] 10.222.0.20 () {58 vars in 1024 bytes} [Mon Aug 22 20:26:58 2022] POST /identity/v3/auth/tokens => generated 799 bytes in 123 msecs (HTTP/1.1 201) 6 headers in 363 bytes (1 switches on core 0)
Aug 22 20:26:58.859635 dv-osbrick-786733-8-smb devstack@keystone.service[81840]: DEBUG keystone.server.flask.request_processing.req_logging [None req-d8a228ef-292d-4a28-955d-619aae943006 None None] REQUEST_METHOD: `GET` {{(pid=81840) log_request_info /opt/stack/keystone/keystone/server/flask/request_processing/req_logging.py:27}}
Aug 22 20:26:58.860015 dv-osbrick-786733-8-smb devstack@keystone.service[81840]: DEBUG keystone.server.flask.request_processing.req_logging [None req-d8a228ef-292d-4a28-955d-619aae943006 None None] SCRIPT_NAME: `/identity` {{(pid=81840) log_request_info /opt/stack/keystone/keystone/server/flask/request_processing/req_logging.py:28}}
Aug 22 20:26:58.860212 dv-osbrick-786733-8-smb devstack@keystone.service[81840]: DEBUG keystone.server.flask.request_processing.req_logging [None req-d8a228ef-292d-4a28-955d-619aae943006 None None] PATH_INFO: `/` {{(pid=81840) log_request_info /opt/stack/keystone/keystone/server/flask/request_processing/req_logging.py:29}}
Aug 22 20:26:58.862405 dv-osbrick-786733-8-smb devstack@keystone.service[81840]: [pid: 81840|app: 0|req: 52/100] 10.222.0.20 () {54 vars in 927 bytes} [Mon Aug 22 20:26:58 2022] GET /identity => generated 270 bytes in 4 msecs (HTTP/1.1 300) 6 headers in 234 bytes (1 switches on core 0)
Aug 22 20:26:58.874419 dv-osbrick-786733-8-smb devstack@keystone.service[81839]: DEBUG keystone.server.flask.request_processing.req_logging [None req-3add5148-2b05-40e5-95c8-54bbd0be9989 None None] REQUEST_METHOD: `POST` {{(pid=81839) log_request_info /opt/stack/keystone/keystone/server/flask/request_processing/req_logging.py:27}}
Aug 22 20:26:58.874763 dv-osbrick-786733-8-smb devstack@keystone.service[81839]: DEBUG keystone.server.flask.request_processing.req_logging [None req-3add5148-2b05-40e5-95c8-54bbd0be9989 None None] SCRIPT_NAME: `/identity` {{(pid=81839) log_request_info /opt/stack/keystone/keystone/server/flask/request_processing/req_logging.py:28}}
Aug 22 20:26:58.875024 dv-osbrick-786733-8-smb devstack@keystone.service[81839]: DEBUG keystone.server.flask.request_processing.req_logging [None req-3add5148-2b05-40e5-95c8-54bbd0be9989 None None] PATH_INFO: `/v3/auth/tokens` {{(pid=81839) log_request_info /opt/stack/keystone/keystone/server/flask/request_processing/req_logging.py:29}}
Aug 22 20:26:58.903522 dv-osbrick-786733-8-smb devstack@keystone.service[81840]: DEBUG keystone.server.flask.request_processing.req_logging [None req-75bed569-1128-4c8b-bf7c-4bf44352bd11 None None] REQUEST_METHOD: `GET` {{(pid=81840) log_request_info /opt/stack/keystone/keystone/server/flask/request_processing/req_logging.py:27}}
Aug 22 20:26:58.903826 dv-osbrick-786733-8-smb devstack@keystone.service[81840]: DEBUG keystone.server.flask.request_processing.req_logging [None req-75bed569-1128-4c8b-bf7c-4bf44352bd11 None None] SCRIPT_NAME: `/identity` {{(pid=81840) log_request_info /opt/stack/keystone/keystone/server/flask/request_processing/req_logging.py:28}}
Aug 22 20:26:58.904088 dv-osbrick-786733-8-smb devstack@keystone.service[81840]: DEBUG keystone.server.flask.request_processing.req_logging [None req-75bed569-1128-4c8b-bf7c-4bf44352bd11 None None] PATH_INFO: `/` {{(pid=81840) log_request_info /opt/stack/keystone/keystone/server/flask/request_processing/req_logging.py:29}}
Aug 22 20:26:58.905516 dv-osbrick-786733-8-smb devstack@keystone.service[81840]: [pid: 81840|app: 0|req: 53/101] 10.222.0.20 () {54 vars in 927 bytes} [Mon Aug 22 20:26:58 2022] GET /identity => generated 270 bytes in 3 msecs (HTTP/1.1 300) 6 headers in 234 bytes (2 switches on core 0)
Aug 22 20:26:58.907381 dv-osbrick-786733-8-smb devstack@keystone.service[81839]: DEBUG keystone.auth.core [None req-3add5148-2b05-40e5-95c8-54bbd0be9989 None None] MFA Rules not processed for user `483d01c97a2c4e20be863834f84b3a09`. Rule list: `[]` (Enabled: `True`). {{(pid=81839) check_auth_methods_against_rules /opt/stack/keystone/keystone/auth/core.py:438}}
Aug 22 20:26:58.907559 dv-osbrick-786733-8-smb devstack@keystone.service[81839]: DEBUG keystone.common.fernet_utils [None req-3add5148-2b05-40e5-95c8-54bbd0be9989 None None] Loaded 2 Fernet keys from /etc/keystone/fernet-keys/, but `[fernet_tokens] max_active_keys = 3`; perhaps there have not been enough key rotations to reach `max_active_keys` yet? {{(pid=81839) load_keys /opt/stack/keystone/keystone/common/fernet_utils.py:286}}
Aug 22 20:26:58.924441 dv-osbrick-786733-8-smb devstack@keystone.service[81840]: DEBUG keystone.server.flask.request_processing.req_logging [None req-5636891d-2a34-404b-bf8c-9d384e7773fa None None] REQUEST_METHOD: `POST` {{(pid=81840) log_request_info /opt/stack/keystone/keystone/server/flask/request_processing/req_logging.py:27}}
Aug 22 20:26:58.924826 dv-osbrick-786733-8-smb devstack@keystone.service[81840]: DEBUG keystone.server.flask.request_processing.req_logging [None req-5636891d-2a34-404b-bf8c-9d384e7773fa None None] SCRIPT_NAME: `/identity` {{(pid=81840) log_request_info /opt/stack/keystone/keystone/server/flask/request_processing/req_logging.py:28}}
Aug 22 20:26:58.925043 dv-osbrick-786733-8-smb devstack@keystone.service[81840]: DEBUG keystone.server.flask.request_processing.req_logging [None req-5636891d-2a34-404b-bf8c-9d384e7773fa None None] PATH_INFO: `/v3/auth/tokens` {{(pid=81840) log_request_info /opt/stack/keystone/keystone/server/flask/request_processing/req_logging.py:29}}
Aug 22 20:26:58.949564 dv-osbrick-786733-8-smb devstack@keystone.service[81840]: DEBUG keystone.auth.core [None req-5636891d-2a34-404b-bf8c-9d384e7773fa None None] MFA Rules not processed for user `483d01c97a2c4e20be863834f84b3a09`. Rule list: `[]` (Enabled: `True`). {{(pid=81840) check_auth_methods_against_rules /opt/stack/keystone/keystone/auth/core.py:438}}
Aug 22 20:26:58.950770 dv-osbrick-786733-8-smb devstack@keystone.service[81840]: DEBUG keystone.common.fernet_utils [None req-5636891d-2a34-404b-bf8c-9d384e7773fa None None] Loaded 2 Fernet keys from /etc/keystone/fernet-keys/, but `[fernet_tokens] max_active_keys = 3`; perhaps there have not been enough key rotations to reach `max_active_keys` yet? {{(pid=81840) load_keys /opt/stack/keystone/keystone/common/fernet_utils.py:286}}
Aug 22 20:26:59.063601 dv-osbrick-786733-8-smb devstack@keystone.service[81839]: [pid: 81839|app: 0|req: 49/102] 10.222.0.20 () {58 vars in 1024 bytes} [Mon Aug 22 20:26:58 2022] POST /identity/v3/auth/tokens => generated 799 bytes in 190 msecs (HTTP/1.1 201) 6 headers in 363 bytes (1 switches on core 0)
Aug 22 20:26:59.082166 dv-osbrick-786733-8-smb devstack@keystone.service[81839]: DEBUG keystone.server.flask.request_processing.middleware.auth_context [None req-3add5148-2b05-40e5-95c8-54bbd0be9989 None None] Authenticating user token {{(pid=81839) process_request /usr/local/lib/python3.8/dist-packages/keystonemiddleware/auth_token/__init__.py:407}}
Aug 22 20:26:59.123534 dv-osbrick-786733-8-smb devstack@keystone.service[81840]: [pid: 81840|app: 0|req: 54/103] 10.222.0.20 () {58 vars in 1024 bytes} [Mon Aug 22 20:26:58 2022] POST /identity/v3/auth/tokens => generated 799 bytes in 200 msecs (HTTP/1.1 201) 6 headers in 363 bytes (2 switches on core 0)
Aug 22 20:26:59.225612 dv-osbrick-786733-8-smb devstack@keystone.service[81839]: DEBUG keystone.server.flask.request_processing.middleware.auth_context [None req-3add5148-2b05-40e5-95c8-54bbd0be9989 None None] Validating token access rules against request {{(pid=81839) validate_allowed_request /usr/local/lib/python3.8/dist-packages/keystonemiddleware/auth_token/__init__.py:545}}
Aug 22 20:26:59.249769 dv-osbrick-786733-8-smb devstack@keystone.service[81839]: DEBUG dbcounter [-] [81839] Writing DB stats keystone:SELECT=100 {{(pid=81839) stat_writer /usr/local/lib/python3.8/dist-packages/dbcounter.py:114}}
Aug 22 20:26:59.282106 dv-osbrick-786733-8-smb devstack@keystone.service[81839]: DEBUG keystone.server.flask.request_processing.middleware.auth_context [None req-3d4066af-a1f5-4b63-b5da-6bd851bdd7db None admin] RBAC: auth_context: {'token': , 'domain_id': None, 'trust_id': None, 'trustor_id': None, 'trustee_id': None, 'domain_name': None, 'group_ids': [], 'user_id': '483d01c97a2c4e20be863834f84b3a09', 'user_domain_id': 'default', 'system_scope': 'all', 'project_id': None, 'project_domain_id': None, 'roles': ['admin', 'member', 'reader'], 'is_admin_project': True, 'service_user_id': None, 'service_user_domain_id': None, 'service_project_id': None, 'service_project_domain_id': None, 'service_roles': []} {{(pid=81839) fill_context /opt/stack/keystone/keystone/server/flask/request_processing/middleware/auth_context.py:478}}
Aug 22 20:26:59.282755 dv-osbrick-786733-8-smb devstack@keystone.service[81839]: DEBUG keystone.server.flask.request_processing.req_logging [None req-3d4066af-a1f5-4b63-b5da-6bd851bdd7db None admin] REQUEST_METHOD: `GET` {{(pid=81839) log_request_info /opt/stack/keystone/keystone/server/flask/request_processing/req_logging.py:27}}
Aug 22 20:26:59.283600 dv-osbrick-786733-8-smb devstack@keystone.service[81839]: DEBUG keystone.server.flask.request_processing.req_logging [None req-3d4066af-a1f5-4b63-b5da-6bd851bdd7db None admin] SCRIPT_NAME: `/identity` {{(pid=81839) log_request_info /opt/stack/keystone/keystone/server/flask/request_processing/req_logging.py:28}}
Aug 22 20:26:59.283879 dv-osbrick-786733-8-smb devstack@keystone.service[81839]: DEBUG keystone.server.flask.request_processing.req_logging [None req-3d4066af-a1f5-4b63-b5da-6bd851bdd7db None admin] PATH_INFO: `/v3/roles/reader` {{(pid=81839) log_request_info /opt/stack/keystone/keystone/server/flask/request_processing/req_logging.py:29}}
Aug 22 20:26:59.304754 dv-osbrick-786733-8-smb devstack@keystone.service[81840]: DEBUG keystone.server.flask.request_processing.req_logging [None req-637cec94-6e36-4016-982f-a0592c6f9be8 None None] REQUEST_METHOD: `GET` {{(pid=81840) log_request_info /opt/stack/keystone/keystone/server/flask/request_processing/req_logging.py:27}}
Aug 22 20:26:59.305045 dv-osbrick-786733-8-smb devstack@keystone.service[81840]: DEBUG keystone.server.flask.request_processing.req_logging [None req-637cec94-6e36-4016-982f-a0592c6f9be8 None None] SCRIPT_NAME: `/identity` {{(pid=81840) log_request_info /opt/stack/keystone/keystone/server/flask/request_processing/req_logging.py:28}}
Aug 22 20:26:59.305311 dv-osbrick-786733-8-smb devstack@keystone.service[81840]: DEBUG keystone.server.flask.request_processing.req_logging [None req-637cec94-6e36-4016-982f-a0592c6f9be8 None None] PATH_INFO: `/` {{(pid=81840) log_request_info /opt/stack/keystone/keystone/server/flask/request_processing/req_logging.py:29}}
Aug 22 20:26:59.306786 dv-osbrick-786733-8-smb devstack@keystone.service[81840]: [pid: 81840|app: 0|req: 55/104] 10.222.0.20 () {54 vars in 927 bytes} [Mon Aug 22 20:26:59 2022] GET /identity => generated 270 bytes in 3 msecs (HTTP/1.1 300) 6 headers in 234 bytes (2 switches on core 0)
Aug 22 20:26:59.307002 dv-osbrick-786733-8-smb devstack@keystone.service[81839]: DEBUG keystone.common.rbac_enforcer.enforcer [None req-3d4066af-a1f5-4b63-b5da-6bd851bdd7db None admin] Extracting inferred target data resulted in "NOT FOUND (404)". {{(pid=81839) enforce_call /opt/stack/keystone/keystone/common/rbac_enforcer/enforcer.py:409}}
Aug 22 20:26:59.311343 dv-osbrick-786733-8-smb devstack@keystone.service[81840]: DEBUG keystone.server.flask.request_processing.req_logging [None req-9caf1861-348c-4cd1-8372-3302e2492ed4 None None] REQUEST_METHOD: `POST` {{(pid=81840) log_request_info /opt/stack/keystone/keystone/server/flask/request_processing/req_logging.py:27}}
Aug 22 20:26:59.311625 dv-osbrick-786733-8-smb devstack@keystone.service[81840]: DEBUG keystone.server.flask.request_processing.req_logging [None req-9caf1861-348c-4cd1-8372-3302e2492ed4 None None] SCRIPT_NAME: `/identity` {{(pid=81840) log_request_info /opt/stack/keystone/keystone/server/flask/request_processing/req_logging.py:28}}
Aug 22 20:26:59.311901 dv-osbrick-786733-8-smb devstack@keystone.service[81840]: DEBUG keystone.server.flask.request_processing.req_logging [None req-9caf1861-348c-4cd1-8372-3302e2492ed4 None None] PATH_INFO: `/v3/auth/tokens` {{(pid=81840) log_request_info /opt/stack/keystone/keystone/server/flask/request_processing/req_logging.py:29}}
Aug 22 20:26:59.319714 dv-osbrick-786733-8-smb devstack@keystone.service[81839]: ERROR keystone.server.flask.application [None req-3d4066af-a1f5-4b63-b5da-6bd851bdd7db None admin] Could not find role: reader.: keystone.exception.RoleNotFound: Could not find role: reader.
Aug 22 20:26:59.319714 dv-osbrick-786733-8-smb devstack@keystone.service[81839]: ERROR keystone.server.flask.application
Traceback (most recent call last):
Aug 22 20:26:59.319714 dv-osbrick-786733-8-smb devstack@keystone.service[81839]: ERROR keystone.server.flask.application
File "/usr/local/lib/python3.8/dist-packages/flask/app.py", line 1820, in full_dispatch_request
Aug 22 20:26:59.319714 dv-osbrick-786733-8-smb devstack@keystone.service[81839]: ERROR keystone.server.flask.application rv = self.dispatch_request()
Aug 22 20:26:59.319714 dv-osbrick-786733-8-smb devstack@keystone.service[81839]: ERROR keystone.server.flask.application
File "/usr/local/lib/python3.8/dist-packages/flask/app.py", line 1796, in dispatch_request
Aug 22 20:26:59.319714 dv-osbrick-786733-8-smb devstack@keystone.service[81839]: ERROR keystone.server.flask.application return self.ensure_sync(self.view_functions[rule.endpoint])(**view_args)
Aug 22 20:26:59.319714 dv-osbrick-786733-8-smb devstack@keystone.service[81839]: ERROR keystone.server.flask.application
File "/usr/local/lib/python3.8/dist-packages/flask_restful/__init__.py", line 467, in wrapper
Aug 22 20:26:59.319714 dv-osbrick-786733-8-smb devstack@keystone.service[81839]: ERROR keystone.server.flask.application resp = resource(*args, **kwargs)
Aug 22 20:26:59.319714 dv-osbrick-786733-8-smb devstack@keystone.service[81839]: ERROR keystone.server.flask.application
File "/usr/local/lib/python3.8/dist-packages/flask/views.py", line 107, in view
Aug 22 20:26:59.319714 dv-osbrick-786733-8-smb devstack@keystone.service[81839]: ERROR keystone.server.flask.application return current_app.ensure_sync(self.dispatch_request)(**kwargs)
Aug 22 20:26:59.319714 dv-osbrick-786733-8-smb devstack@keystone.service[81839]: ERROR keystone.server.flask.application
File "/usr/local/lib/python3.8/dist-packages/flask_restful/__init__.py", line 582, in dispatch_request
Aug 22 20:26:59.319714 dv-osbrick-786733-8-smb devstack@keystone.service[81839]: ERROR keystone.server.flask.application resp = meth(*args, **kwargs)
Aug 22 20:26:59.319714 dv-osbrick-786733-8-smb devstack@keystone.service[81839]: ERROR keystone.server.flask.application
File "/opt/stack/keystone/keystone/api/roles.py", line 50, in get
Aug 22 20:26:59.319714 dv-osbrick-786733-8-smb devstack@keystone.service[81839]: ERROR keystone.server.flask.application return self._get_role(role_id)
Aug 22 20:26:59.319714 dv-osbrick-786733-8-smb devstack@keystone.service[81839]: ERROR keystone.server.flask.application
File "/opt/stack/keystone/keystone/api/roles.py", line 70, in _get_role
Aug 22 20:26:59.319714 dv-osbrick-786733-8-smb devstack@keystone.service[81839]: ERROR keystone.server.flask.application ENFORCER.enforce_call(action='identity:get_role')
Aug 22 20:26:59.320608 dv-osbrick-786733-8-smb devstack@keystone.service[81839]: ERROR keystone.server.flask.application
File "/opt/stack/keystone/keystone/common/rbac_enforcer/enforcer.py", line 402, in enforce_call
Aug 22 20:26:59.320608 dv-osbrick-786733-8-smb devstack@keystone.service[81839]: ERROR keystone.server.flask.application policy_dict.update(cls._extract_member_target_data(
Aug 22 20:26:59.320608 dv-osbrick-786733-8-smb devstack@keystone.service[81839]: ERROR keystone.server.flask.application
File "/opt/stack/keystone/keystone/common/rbac_enforcer/enforcer.py", line 234, in _extract_member_target_data
Aug 22 20:26:59.320608 dv-osbrick-786733-8-smb devstack@keystone.service[81839]: ERROR keystone.server.flask.application member_name: func(flask.request.view_args[key])
Aug 22 20:26:59.320608 dv-osbrick-786733-8-smb devstack@keystone.service[81839]: ERROR keystone.server.flask.application
File "/opt/stack/keystone/keystone/common/manager.py", line 115, in wrapped
Aug 22 20:26:59.320608 dv-osbrick-786733-8-smb devstack@keystone.service[81839]: ERROR keystone.server.flask.application __ret_val = __f(*args, **kwargs)
Aug 22 20:26:59.320608 dv-osbrick-786733-8-smb devstack@keystone.service[81839]: ERROR keystone.server.flask.application
File "/usr/local/lib/python3.8/dist-packages/decorator.py", line 232, in fun
Aug 22 20:26:59.320608 dv-osbrick-786733-8-smb devstack@keystone.service[81839]: ERROR keystone.server.flask.application return caller(func, *(extras + args), **kw)
Aug 22 20:26:59.320608 dv-osbrick-786733-8-smb devstack@keystone.service[81839]: ERROR keystone.server.flask.application
File "/usr/local/lib/python3.8/dist-packages/dogpile/cache/region.py", line 1577, in get_or_create_for_user_func
Aug 22 20:26:59.320608 dv-osbrick-786733-8-smb devstack@keystone.service[81839]: ERROR keystone.server.flask.application return self.get_or_create(
Aug 22 20:26:59.320608 dv-osbrick-786733-8-smb devstack@keystone.service[81839]: ERROR keystone.server.flask.application
File "/usr/local/lib/python3.8/dist-packages/dogpile/cache/region.py", line 1042, in get_or_create
Aug 22 20:26:59.320608 dv-osbrick-786733-8-smb devstack@keystone.service[81839]: ERROR keystone.server.flask.application with Lock(
Aug 22 20:26:59.320608 dv-osbrick-786733-8-smb devstack@keystone.service[81839]: ERROR keystone.server.flask.application
File "/usr/local/lib/python3.8/dist-packages/dogpile/lock.py", line 185, in __enter__
Aug 22 20:26:59.320608 dv-osbrick-786733-8-smb devstack@keystone.service[81839]: ERROR keystone.server.flask.application return self._enter()
Aug 22 20:26:59.320608 dv-osbrick-786733-8-smb devstack@keystone.service[81839]: ERROR keystone.server.flask.application
File "/usr/local/lib/python3.8/dist-packages/dogpile/lock.py", line 94, in _enter
Aug 22 20:26:59.320608 dv-osbrick-786733-8-smb devstack@keystone.service[81839]: ERROR keystone.server.flask.application generated = self._enter_create(value, createdtime)
Aug 22 20:26:59.321373 dv-osbrick-786733-8-smb devstack@keystone.service[81839]: ERROR keystone.server.flask.application
File "/usr/local/lib/python3.8/dist-packages/dogpile/lock.py", line 178, in _enter_create
Aug 22 20:26:59.321373 dv-osbrick-786733-8-smb devstack@keystone.service[81839]: ERROR keystone.server.flask.application return self.creator()
Aug 22 20:26:59.321373 dv-osbrick-786733-8-smb devstack@keystone.service[81839]: ERROR keystone.server.flask.application
File "/usr/local/lib/python3.8/dist-packages/dogpile/cache/region.py", line 995, in gen_value
Aug 22 20:26:59.321373 dv-osbrick-786733-8-smb devstack@keystone.service[81839]: ERROR keystone.server.flask.application created_value = creator(
Aug 22 20:26:59.321373 dv-osbrick-786733-8-smb devstack@keystone.service[81839]: ERROR keystone.server.flask.application
File "/opt/stack/keystone/keystone/assignment/core.py", line 1276, in get_role
Aug 22 20:26:59.321373 dv-osbrick-786733-8-smb devstack@keystone.service[81839]: ERROR keystone.server.flask.application return self.driver.get_role(role_id)
Aug 22 20:26:59.321373 dv-osbrick-786733-8-smb devstack@keystone.service[81839]: ERROR keystone.server.flask.application
File "/opt/stack/keystone/keystone/assignment/role_backends/sql.py", line 70, in get_role
Aug 22 20:26:59.321373 dv-osbrick-786733-8-smb devstack@keystone.service[81839]: ERROR keystone.server.flask.application return self._get_role(session, role_id).to_dict()
Aug 22 20:26:59.321373 dv-osbrick-786733-8-smb devstack@keystone.service[81839]: ERROR keystone.server.flask.application
File "/opt/stack/keystone/keystone/assignment/role_backends/sql.py", line 65, in _get_role
Aug 22 20:26:59.321373 dv-osbrick-786733-8-smb devstack@keystone.service[81839]: ERROR keystone.server.flask.application raise exception.RoleNotFound(role_id=role_id)
Aug 22 20:26:59.321373 dv-osbrick-786733-8-smb devstack@keystone.service[81839]: ERROR keystone.server.flask.application keystone.exception.RoleNotFound: Could not find role: reader.
Aug 22 20:26:59.321373 dv-osbrick-786733-8-smb devstack@keystone.service[81839]: ERROR keystone.server.flask.application
Aug 22 20:26:59.321373 dv-osbrick-786733-8-smb devstack@keystone.service[81839]: [pid: 81839|app: 0|req: 50/105] 10.222.0.20 () {56 vars in 1099 bytes} [Mon Aug 22 20:26:59 2022] GET /identity/v3/roles/reader => generated 84 bytes in 239 msecs (HTTP/1.1 404) 5 headers in 183 bytes (2 switches on core 0)
Aug 22 20:26:59.329582 dv-osbrick-786733-8-smb devstack@keystone.service[81839]: DEBUG keystone.server.flask.request_processing.middleware.auth_context [None req-3d4066af-a1f5-4b63-b5da-6bd851bdd7db None admin] Authenticating user token {{(pid=81839) process_request /usr/local/lib/python3.8/dist-packages/keystonemiddleware/auth_token/__init__.py:407}}
Aug 22 20:26:59.344966 dv-osbrick-786733-8-smb devstack@keystone.service[81840]: DEBUG keystone.auth.core [None req-9caf1861-348c-4cd1-8372-3302e2492ed4 None None] MFA Rules not processed for user `483d01c97a2c4e20be863834f84b3a09`. Rule list: `[]` (Enabled: `True`). {{(pid=81840) check_auth_methods_against_rules /opt/stack/keystone/keystone/auth/core.py:438}}
Aug 22 20:26:59.346564 dv-osbrick-786733-8-smb devstack@keystone.service[81840]: DEBUG keystone.common.fernet_utils [None req-9caf1861-348c-4cd1-8372-3302e2492ed4 None None] Loaded 2 Fernet keys from /etc/keystone/fernet-keys/, but `[fernet_tokens] max_active_keys = 3`; perhaps there have not been enough key rotations to reach `max_active_keys` yet? {{(pid=81840) load_keys /opt/stack/keystone/keystone/common/fernet_utils.py:286}}
Aug 22 20:26:59.521003 dv-osbrick-786733-8-smb devstack@keystone.service[81840]: [pid: 81840|app: 0|req: 56/106] 10.222.0.20 () {58 vars in 1024 bytes} [Mon Aug 22 20:26:59 2022] POST /identity/v3/auth/tokens => generated 799 bytes in 210 msecs (HTTP/1.1 201) 6 headers in 363 bytes (3 switches on core 0)
Aug 22 20:26:59.543363 dv-osbrick-786733-8-smb devstack@keystone.service[81839]: DEBUG keystone.server.flask.request_processing.middleware.auth_context [None req-3d4066af-a1f5-4b63-b5da-6bd851bdd7db None admin] Validating token access rules against request {{(pid=81839) validate_allowed_request /usr/local/lib/python3.8/dist-packages/keystonemiddleware/auth_token/__init__.py:545}}
Aug 22 20:26:59.584006 dv-osbrick-786733-8-smb devstack@keystone.service[81839]: DEBUG keystone.server.flask.request_processing.middleware.auth_context [None req-4dcc43a3-8a39-481a-beea-9acbaaa82a34 None admin] RBAC: auth_context: {'token': , 'domain_id': None, 'trust_id': None, 'trustor_id': None, 'trustee_id': None, 'domain_name': None, 'group_ids': [], 'user_id': '483d01c97a2c4e20be863834f84b3a09', 'user_domain_id': 'default', 'system_scope': 'all', 'project_id': None, 'project_domain_id': None, 'roles': ['admin', 'member', 'reader'], 'is_admin_project': True, 'service_user_id': None, 'service_user_domain_id': None, 'service_project_id': None, 'service_project_domain_id': None, 'service_roles': []} {{(pid=81839) fill_context /opt/stack/keystone/keystone/server/flask/request_processing/middleware/auth_context.py:478}}
Aug 22 20:26:59.584704 dv-osbrick-786733-8-smb devstack@keystone.service[81839]: DEBUG keystone.server.flask.request_processing.req_logging [None req-4dcc43a3-8a39-481a-beea-9acbaaa82a34 None admin] REQUEST_METHOD: `GET` {{(pid=81839) log_request_info /opt/stack/keystone/keystone/server/flask/request_processing/req_logging.py:27}}
Aug 22 20:26:59.584986 dv-osbrick-786733-8-smb devstack@keystone.service[81839]: DEBUG keystone.server.flask.request_processing.req_logging [None req-4dcc43a3-8a39-481a-beea-9acbaaa82a34 None admin] SCRIPT_NAME: `/identity` {{(pid=81839) log_request_info /opt/stack/keystone/keystone/server/flask/request_processing/req_logging.py:28}}
Aug 22 20:26:59.585261 dv-osbrick-786733-8-smb devstack@keystone.service[81839]: DEBUG keystone.server.flask.request_processing.req_logging [None req-4dcc43a3-8a39-481a-beea-9acbaaa82a34 None admin] PATH_INFO: `/v3/roles` {{(pid=81839) log_request_info /opt/stack/keystone/keystone/server/flask/request_processing/req_logging.py:29}}
Aug 22 20:26:59.585994 dv-osbrick-786733-8-smb devstack@keystone.service[81839]: DEBUG keystone.common.rbac_enforcer.enforcer [None req-4dcc43a3-8a39-481a-beea-9acbaaa82a34 None admin] RBAC: Adding query filter params (name=reader) {{(pid=81839) _extract_filter_values /opt/stack/keystone/keystone/common/rbac_enforcer/enforcer.py:167}}
Aug 22 20:26:59.586342 dv-osbrick-786733-8-smb devstack@keystone.service[81839]: DEBUG keystone.common.rbac_enforcer.enforcer [None req-4dcc43a3-8a39-481a-beea-9acbaaa82a34 None admin] RBAC: Authorizing `identity:list_roles()` {{(pid=81839) enforce_call /opt/stack/keystone/keystone/common/rbac_enforcer/enforcer.py:449}}
Aug 22 20:26:59.588002 dv-osbrick-786733-8-smb devstack@keystone.service[81839]: DEBUG keystone.common.rbac_enforcer.enforcer [None req-4dcc43a3-8a39-481a-beea-9acbaaa82a34 None admin] RBAC: Authorization granted {{(pid=81839) enforce_call /opt/stack/keystone/keystone/common/rbac_enforcer/enforcer.py:457}}
Aug 22 20:26:59.597781 dv-osbrick-786733-8-smb devstack@keystone.service[81839]: [pid: 81839|app: 0|req: 51/107] 10.222.0.20 () {56 vars in 1101 bytes} [Mon Aug 22 20:26:59 2022] GET /identity/v3/roles?name=reader => generated 341 bytes in 268 msecs (HTTP/1.1 200) 5 headers in 177 bytes (1 switches on core 0)
Aug 22 20:26:59.603267 dv-osbrick-786733-8-smb devstack@keystone.service[81840]: DEBUG keystone.server.flask.request_processing.middleware.auth_context [None req-9caf1861-348c-4cd1-8372-3302e2492ed4 None None] Authenticating user token {{(pid=81840) process_request /usr/local/lib/python3.8/dist-packages/keystonemiddleware/auth_token/__init__.py:407}}
Aug 22 20:26:59.620621 dv-osbrick-786733-8-smb devstack@keystone.service[81839]: DEBUG keystone.server.flask.request_processing.middleware.auth_context [None req-4dcc43a3-8a39-481a-beea-9acbaaa82a34 None admin] Authenticating user token {{(pid=81839) process_request /usr/local/lib/python3.8/dist-packages/keystonemiddleware/auth_token/__init__.py:407}}
Aug 22 20:26:59.665231 dv-osbrick-786733-8-smb devstack@keystone.service[81839]: DEBUG dbcounter [-] [81839] Writing DB stats keystone:SELECT=100 {{(pid=81839) stat_writer /usr/local/lib/python3.8/dist-packages/dbcounter.py:114}}
Aug 22 20:26:59.682085 dv-osbrick-786733-8-smb devstack@keystone.service[81840]: DEBUG dbcounter [-] [81840] Writing DB stats keystone:SELECT=100 {{(pid=81840) stat_writer /usr/local/lib/python3.8/dist-packages/dbcounter.py:114}}
Aug 22 20:26:59.749136 dv-osbrick-786733-8-smb devstack@keystone.service[81839]: DEBUG keystone.server.flask.request_processing.middleware.auth_context [None req-4dcc43a3-8a39-481a-beea-9acbaaa82a34 None admin] Validating token access rules against request {{(pid=81839) validate_allowed_request /usr/local/lib/python3.8/dist-packages/keystonemiddleware/auth_token/__init__.py:545}}
Aug 22 20:26:59.762871 dv-osbrick-786733-8-smb devstack@keystone.service[81840]: DEBUG keystone.server.flask.request_processing.middleware.auth_context [None req-9caf1861-348c-4cd1-8372-3302e2492ed4 None None] Validating token access rules against request {{(pid=81840) validate_allowed_request /usr/local/lib/python3.8/dist-packages/keystonemiddleware/auth_token/__init__.py:545}}
