Jul 26 14:51:17.344729 dv-osbrick-786732-11-smb devstack@keystone.service[103671]: DEBUG keystone.common.rbac_enforcer.enforcer [None req-5076b4c2-6f88-4389-8d62-46baf51eaa01 None admin] Extracting inferred target data resulted in "NOT FOUND (404)". {{(pid=103671) enforce_call /opt/stack/keystone/keystone/common/rbac_enforcer/enforcer.py:409}}
Jul 26 14:51:17.350188 dv-osbrick-786732-11-smb devstack@keystone.service[103671]: ERROR keystone.server.flask.application [None req-5076b4c2-6f88-4389-8d62-46baf51eaa01 None admin] Could not find role: member.: keystone.exception.RoleNotFound: Could not find role: member.
Jul 26 14:51:17.350188 dv-osbrick-786732-11-smb devstack@keystone.service[103671]: ERROR keystone.server.flask.application
Traceback (most recent call last):
Jul 26 14:51:17.350188 dv-osbrick-786732-11-smb devstack@keystone.service[103671]: ERROR keystone.server.flask.application
File "/usr/local/lib/python3.8/dist-packages/flask/app.py", line 1517, in full_dispatch_request
Jul 26 14:51:17.350188 dv-osbrick-786732-11-smb devstack@keystone.service[103671]: ERROR keystone.server.flask.application rv = self.dispatch_request()
Jul 26 14:51:17.350188 dv-osbrick-786732-11-smb devstack@keystone.service[103671]: ERROR keystone.server.flask.application
File "/usr/local/lib/python3.8/dist-packages/flask/app.py", line 1503, in dispatch_request
Jul 26 14:51:17.350188 dv-osbrick-786732-11-smb devstack@keystone.service[103671]: ERROR keystone.server.flask.application return self.ensure_sync(self.view_functions[rule.endpoint])(**req.view_args)
Jul 26 14:51:17.350188 dv-osbrick-786732-11-smb devstack@keystone.service[103671]: ERROR keystone.server.flask.application
File "/usr/local/lib/python3.8/dist-packages/flask_restful/__init__.py", line 467, in wrapper
Jul 26 14:51:17.350188 dv-osbrick-786732-11-smb devstack@keystone.service[103671]: ERROR keystone.server.flask.application resp = resource(*args, **kwargs)
Jul 26 14:51:17.350188 dv-osbrick-786732-11-smb devstack@keystone.service[103671]: ERROR keystone.server.flask.application
File "/usr/local/lib/python3.8/dist-packages/flask/views.py", line 84, in view
Jul 26 14:51:17.350188 dv-osbrick-786732-11-smb devstack@keystone.service[103671]: ERROR keystone.server.flask.application return current_app.ensure_sync(self.dispatch_request)(*args, **kwargs)
Jul 26 14:51:17.350188 dv-osbrick-786732-11-smb devstack@keystone.service[103671]: ERROR keystone.server.flask.application
File "/usr/local/lib/python3.8/dist-packages/flask_restful/__init__.py", line 582, in dispatch_request
Jul 26 14:51:17.350188 dv-osbrick-786732-11-smb devstack@keystone.service[103671]: ERROR keystone.server.flask.application resp = meth(*args, **kwargs)
Jul 26 14:51:17.350188 dv-osbrick-786732-11-smb devstack@keystone.service[103671]: ERROR keystone.server.flask.application
File "/opt/stack/keystone/keystone/api/roles.py", line 50, in get
Jul 26 14:51:17.350188 dv-osbrick-786732-11-smb devstack@keystone.service[103671]: ERROR keystone.server.flask.application return self._get_role(role_id)
Jul 26 14:51:17.350188 dv-osbrick-786732-11-smb devstack@keystone.service[103671]: ERROR keystone.server.flask.application
File "/opt/stack/keystone/keystone/api/roles.py", line 70, in _get_role
Jul 26 14:51:17.350188 dv-osbrick-786732-11-smb devstack@keystone.service[103671]: ERROR keystone.server.flask.application ENFORCER.enforce_call(action='identity:get_role')
Jul 26 14:51:17.351221 dv-osbrick-786732-11-smb devstack@keystone.service[103671]: ERROR keystone.server.flask.application
File "/opt/stack/keystone/keystone/common/rbac_enforcer/enforcer.py", line 402, in enforce_call
Jul 26 14:51:17.351221 dv-osbrick-786732-11-smb devstack@keystone.service[103671]: ERROR keystone.server.flask.application policy_dict.update(cls._extract_member_target_data(
Jul 26 14:51:17.351221 dv-osbrick-786732-11-smb devstack@keystone.service[103671]: ERROR keystone.server.flask.application
File "/opt/stack/keystone/keystone/common/rbac_enforcer/enforcer.py", line 234, in _extract_member_target_data
Jul 26 14:51:17.351221 dv-osbrick-786732-11-smb devstack@keystone.service[103671]: ERROR keystone.server.flask.application member_name: func(flask.request.view_args[key])
Jul 26 14:51:17.351221 dv-osbrick-786732-11-smb devstack@keystone.service[103671]: ERROR keystone.server.flask.application
File "/opt/stack/keystone/keystone/common/manager.py", line 115, in wrapped
Jul 26 14:51:17.351221 dv-osbrick-786732-11-smb devstack@keystone.service[103671]: ERROR keystone.server.flask.application __ret_val = __f(*args, **kwargs)
Jul 26 14:51:17.351221 dv-osbrick-786732-11-smb devstack@keystone.service[103671]: ERROR keystone.server.flask.application
File "/usr/local/lib/python3.8/dist-packages/decorator.py", line 232, in fun
Jul 26 14:51:17.351221 dv-osbrick-786732-11-smb devstack@keystone.service[103671]: ERROR keystone.server.flask.application return caller(func, *(extras + args), **kw)
Jul 26 14:51:17.351221 dv-osbrick-786732-11-smb devstack@keystone.service[103671]: ERROR keystone.server.flask.application
File "/usr/local/lib/python3.8/dist-packages/dogpile/cache/region.py", line 1577, in get_or_create_for_user_func
Jul 26 14:51:17.351221 dv-osbrick-786732-11-smb devstack@keystone.service[103671]: ERROR keystone.server.flask.application return self.get_or_create(
Jul 26 14:51:17.351221 dv-osbrick-786732-11-smb devstack@keystone.service[103671]: ERROR keystone.server.flask.application
File "/usr/local/lib/python3.8/dist-packages/dogpile/cache/region.py", line 1042, in get_or_create
Jul 26 14:51:17.351221 dv-osbrick-786732-11-smb devstack@keystone.service[103671]: ERROR keystone.server.flask.application with Lock(
Jul 26 14:51:17.351221 dv-osbrick-786732-11-smb devstack@keystone.service[103671]: ERROR keystone.server.flask.application
File "/usr/local/lib/python3.8/dist-packages/dogpile/lock.py", line 185, in __enter__
Jul 26 14:51:17.351221 dv-osbrick-786732-11-smb devstack@keystone.service[103671]: ERROR keystone.server.flask.application return self._enter()
Jul 26 14:51:17.351221 dv-osbrick-786732-11-smb devstack@keystone.service[103671]: ERROR keystone.server.flask.application
File "/usr/local/lib/python3.8/dist-packages/dogpile/lock.py", line 94, in _enter
Jul 26 14:51:17.351221 dv-osbrick-786732-11-smb devstack@keystone.service[103671]: ERROR keystone.server.flask.application generated = self._enter_create(value, createdtime)
Jul 26 14:51:17.356995 dv-osbrick-786732-11-smb devstack@keystone.service[103671]: ERROR keystone.server.flask.application
File "/usr/local/lib/python3.8/dist-packages/dogpile/lock.py", line 178, in _enter_create
Jul 26 14:51:17.356995 dv-osbrick-786732-11-smb devstack@keystone.service[103671]: ERROR keystone.server.flask.application return self.creator()
Jul 26 14:51:17.356995 dv-osbrick-786732-11-smb devstack@keystone.service[103671]: ERROR keystone.server.flask.application
File "/usr/local/lib/python3.8/dist-packages/dogpile/cache/region.py", line 995, in gen_value
Jul 26 14:51:17.356995 dv-osbrick-786732-11-smb devstack@keystone.service[103671]: ERROR keystone.server.flask.application created_value = creator(
Jul 26 14:51:17.356995 dv-osbrick-786732-11-smb devstack@keystone.service[103671]: ERROR keystone.server.flask.application
File "/opt/stack/keystone/keystone/assignment/core.py", line 1276, in get_role
Jul 26 14:51:17.356995 dv-osbrick-786732-11-smb devstack@keystone.service[103671]: ERROR keystone.server.flask.application return self.driver.get_role(role_id)
Jul 26 14:51:17.356995 dv-osbrick-786732-11-smb devstack@keystone.service[103671]: ERROR keystone.server.flask.application
File "/opt/stack/keystone/keystone/assignment/role_backends/sql.py", line 70, in get_role
Jul 26 14:51:17.356995 dv-osbrick-786732-11-smb devstack@keystone.service[103671]: ERROR keystone.server.flask.application return self._get_role(session, role_id).to_dict()
Jul 26 14:51:17.356995 dv-osbrick-786732-11-smb devstack@keystone.service[103671]: ERROR keystone.server.flask.application
File "/opt/stack/keystone/keystone/assignment/role_backends/sql.py", line 65, in _get_role
Jul 26 14:51:17.356995 dv-osbrick-786732-11-smb devstack@keystone.service[103671]: ERROR keystone.server.flask.application raise exception.RoleNotFound(role_id=role_id)
Jul 26 14:51:17.356995 dv-osbrick-786732-11-smb devstack@keystone.service[103671]: ERROR keystone.server.flask.application keystone.exception.RoleNotFound: Could not find role: member.
Jul 26 14:51:17.356995 dv-osbrick-786732-11-smb devstack@keystone.service[103671]: ERROR keystone.server.flask.application
Jul 26 14:51:17.356995 dv-osbrick-786732-11-smb devstack@keystone.service[103671]: [pid: 103671|app: 0|req: 40/80] 10.222.0.115 () {56 vars in 1104 bytes} [Tue Jul 26 14:51:17 2022] GET /identity/v3/roles/member => generated 84 bytes in 156 msecs (HTTP/1.1 404) 5 headers in 183 bytes (1 switches on core 0)
Jul 26 14:51:17.356995 dv-osbrick-786732-11-smb devstack@keystone.service[103671]: DEBUG keystone.server.flask.request_processing.middleware.auth_context [None req-5076b4c2-6f88-4389-8d62-46baf51eaa01 None admin] Authenticating user token {{(pid=103671) process_request /usr/local/lib/python3.8/dist-packages/keystonemiddleware/auth_token/__init__.py:407}}
Jul 26 14:51:17.362039 dv-osbrick-786732-11-smb devstack@keystone.service[103672]: DEBUG keystone.server.flask.request_processing.middleware.auth_context [None req-3ebeffa4-a353-4ce3-84d8-9670874a27b3 None admin] RBAC: auth_context: {'token': , 'domain_id': None, 'trust_id': None, 'trustor_id': None, 'trustee_id': None, 'domain_name': None, 'group_ids': [], 'user_id': '212ca8dd023448f0a544fe02a4a94dec', 'user_domain_id': 'default', 'system_scope': 'all', 'project_id': None, 'project_domain_id': None, 'roles': ['admin', 'member', 'reader'], 'is_admin_project': True, 'service_user_id': None, 'service_user_domain_id': None, 'service_project_id': None, 'service_project_domain_id': None, 'service_roles': []} {{(pid=103672) fill_context /opt/stack/keystone/keystone/server/flask/request_processing/middleware/auth_context.py:478}}
Jul 26 14:51:17.362672 dv-osbrick-786732-11-smb devstack@keystone.service[103672]: DEBUG keystone.server.flask.request_processing.req_logging [None req-3ebeffa4-a353-4ce3-84d8-9670874a27b3 None admin] REQUEST_METHOD: `GET` {{(pid=103672) log_request_info /opt/stack/keystone/keystone/server/flask/request_processing/req_logging.py:27}}
Jul 26 14:51:17.362960 dv-osbrick-786732-11-smb devstack@keystone.service[103672]: DEBUG keystone.server.flask.request_processing.req_logging [None req-3ebeffa4-a353-4ce3-84d8-9670874a27b3 None admin] SCRIPT_NAME: `/identity` {{(pid=103672) log_request_info /opt/stack/keystone/keystone/server/flask/request_processing/req_logging.py:28}}
Jul 26 14:51:17.363240 dv-osbrick-786732-11-smb devstack@keystone.service[103672]: DEBUG keystone.server.flask.request_processing.req_logging [None req-3ebeffa4-a353-4ce3-84d8-9670874a27b3 None admin] PATH_INFO: `/v3/auth/tokens` {{(pid=103672) log_request_info /opt/stack/keystone/keystone/server/flask/request_processing/req_logging.py:29}}
Jul 26 14:51:17.367942 dv-osbrick-786732-11-smb devstack@keystone.service[103672]: DEBUG dbcounter [-] [103672] Writing DB stats keystone:SELECT=100 {{(pid=103672) stat_writer /usr/local/lib/python3.8/dist-packages/dbcounter.py:114}}
Jul 26 14:51:17.399056 dv-osbrick-786732-11-smb devstack@keystone.service[103671]: DEBUG dbcounter [-] [103671] Writing DB stats keystone:SELECT=100 {{(pid=103671) stat_writer /usr/local/lib/python3.8/dist-packages/dbcounter.py:114}}
Jul 26 14:51:17.432975 dv-osbrick-786732-11-smb devstack@keystone.service[103672]: DEBUG keystone.common.rbac_enforcer.enforcer [None req-3ebeffa4-a353-4ce3-84d8-9670874a27b3 None admin] RBAC: Authorizing `identity:validate_token()` {{(pid=103672) enforce_call /opt/stack/keystone/keystone/common/rbac_enforcer/enforcer.py:449}}
Jul 26 14:51:17.435505 dv-osbrick-786732-11-smb devstack@keystone.service[103672]: DEBUG keystone.common.rbac_enforcer.enforcer [None req-3ebeffa4-a353-4ce3-84d8-9670874a27b3 None admin] RBAC: Authorization granted {{(pid=103672) enforce_call /opt/stack/keystone/keystone/common/rbac_enforcer/enforcer.py:457}}
Jul 26 14:51:17.454227 dv-osbrick-786732-11-smb devstack@keystone.service[103671]: DEBUG keystone.server.flask.request_processing.middleware.auth_context [None req-5076b4c2-6f88-4389-8d62-46baf51eaa01 None admin] Validating token access rules against request {{(pid=103671) validate_allowed_request /usr/local/lib/python3.8/dist-packages/keystonemiddleware/auth_token/__init__.py:545}}
Jul 26 14:51:17.488929 dv-osbrick-786732-11-smb devstack@keystone.service[103671]: DEBUG keystone.server.flask.request_processing.middleware.auth_context [None req-c31b56e0-a6d8-4274-babb-d2e9eebee832 None admin] RBAC: auth_context: {'token': , 'domain_id': None, 'trust_id': None, 'trustor_id': None, 'trustee_id': None, 'domain_name': None, 'group_ids': [], 'user_id': '212ca8dd023448f0a544fe02a4a94dec', 'user_domain_id': 'default', 'system_scope': 'all', 'project_id': None, 'project_domain_id': None, 'roles': ['admin', 'member', 'reader'], 'is_admin_project': True, 'service_user_id': None, 'service_user_domain_id': None, 'service_project_id': None, 'service_project_domain_id': None, 'service_roles': []} {{(pid=103671) fill_context /opt/stack/keystone/keystone/server/flask/request_processing/middleware/auth_context.py:478}}
Jul 26 14:51:17.489552 dv-osbrick-786732-11-smb devstack@keystone.service[103671]: DEBUG keystone.server.flask.request_processing.req_logging [None req-c31b56e0-a6d8-4274-babb-d2e9eebee832 None admin] REQUEST_METHOD: `GET` {{(pid=103671) log_request_info /opt/stack/keystone/keystone/server/flask/request_processing/req_logging.py:27}}
Jul 26 14:51:17.489963 dv-osbrick-786732-11-smb devstack@keystone.service[103671]: DEBUG keystone.server.flask.request_processing.req_logging [None req-c31b56e0-a6d8-4274-babb-d2e9eebee832 None admin] SCRIPT_NAME: `/identity` {{(pid=103671) log_request_info /opt/stack/keystone/keystone/server/flask/request_processing/req_logging.py:28}}
Jul 26 14:51:17.490122 dv-osbrick-786732-11-smb devstack@keystone.service[103671]: DEBUG keystone.server.flask.request_processing.req_logging [None req-c31b56e0-a6d8-4274-babb-d2e9eebee832 None admin] PATH_INFO: `/v3/auth/tokens` {{(pid=103671) log_request_info /opt/stack/keystone/keystone/server/flask/request_processing/req_logging.py:29}}
Jul 26 14:51:17.537263 dv-osbrick-786732-11-smb devstack@keystone.service[103672]: [pid: 103672|app: 0|req: 41/81] 10.222.0.115 () {58 vars in 1287 bytes} [Tue Jul 26 14:51:17 2022] GET /identity/v3/auth/tokens => generated 800 bytes in 323 msecs (HTTP/1.1 200) 6 headers in 358 bytes (1 switches on core 0)
Jul 26 14:51:17.538375 dv-osbrick-786732-11-smb devstack@keystone.service[103672]: DEBUG keystone.server.flask.request_processing.middleware.auth_context [None req-3ebeffa4-a353-4ce3-84d8-9670874a27b3 None admin] Authenticating user token {{(pid=103672) process_request /usr/local/lib/python3.8/dist-packages/keystonemiddleware/auth_token/__init__.py:407}}
Jul 26 14:51:17.558178 dv-osbrick-786732-11-smb devstack@keystone.service[103671]: DEBUG keystone.common.rbac_enforcer.enforcer [None req-c31b56e0-a6d8-4274-babb-d2e9eebee832 None admin] RBAC: Authorizing `identity:validate_token()` {{(pid=103671) enforce_call /opt/stack/keystone/keystone/common/rbac_enforcer/enforcer.py:449}}
Jul 26 14:51:17.560283 dv-osbrick-786732-11-smb devstack@keystone.service[103671]: DEBUG keystone.common.rbac_enforcer.enforcer [None req-c31b56e0-a6d8-4274-babb-d2e9eebee832 None admin] RBAC: Authorization granted {{(pid=103671) enforce_call /opt/stack/keystone/keystone/common/rbac_enforcer/enforcer.py:457}}
Jul 26 14:51:17.573772 dv-osbrick-786732-11-smb devstack@keystone.service[103672]: DEBUG dbcounter [-] [103672] Writing DB stats keystone:SELECT=100 {{(pid=103672) stat_writer /usr/local/lib/python3.8/dist-packages/dbcounter.py:114}}
Jul 26 14:51:17.603988 dv-osbrick-786732-11-smb devstack@keystone.service[103671]: DEBUG dbcounter [-] [103671] Writing DB stats keystone:SELECT=100 {{(pid=103671) stat_writer /usr/local/lib/python3.8/dist-packages/dbcounter.py:114}}
Jul 26 14:51:17.638517 dv-osbrick-786732-11-smb devstack@keystone.service[103672]: DEBUG keystone.server.flask.request_processing.middleware.auth_context [None req-3ebeffa4-a353-4ce3-84d8-9670874a27b3 None admin] Validating token access rules against request {{(pid=103672) validate_allowed_request /usr/local/lib/python3.8/dist-packages/keystonemiddleware/auth_token/__init__.py:545}}
Jul 26 14:51:17.660128 dv-osbrick-786732-11-smb devstack@keystone.service[103671]: [pid: 103671|app: 0|req: 41/82] 10.222.0.115 () {58 vars in 1287 bytes} [Tue Jul 26 14:51:17 2022] GET /identity/v3/auth/tokens => generated 800 bytes in 308 msecs (HTTP/1.1 200) 6 headers in 358 bytes (1 switches on core 0)
Jul 26 14:51:17.660972 dv-osbrick-786732-11-smb devstack@keystone.service[103671]: DEBUG keystone.server.flask.request_processing.middleware.auth_context [None req-c31b56e0-a6d8-4274-babb-d2e9eebee832 None admin] Authenticating user token {{(pid=103671) process_request /usr/local/lib/python3.8/dist-packages/keystonemiddleware/auth_token/__init__.py:407}}
Jul 26 14:51:17.673103 dv-osbrick-786732-11-smb devstack@keystone.service[103672]: DEBUG keystone.server.flask.request_processing.middleware.auth_context [None req-cd6b6d1b-6dd2-4bd8-8adc-af2f7376bc62 None admin] RBAC: auth_context: {'token': , 'domain_id': None, 'trust_id': None, 'trustor_id': None, 'trustee_id': None, 'domain_name': None, 'group_ids': [], 'user_id': '212ca8dd023448f0a544fe02a4a94dec', 'user_domain_id': 'default', 'system_scope': 'all', 'project_id': None, 'project_domain_id': None, 'roles': ['admin', 'member', 'reader'], 'is_admin_project': True, 'service_user_id': None, 'service_user_domain_id': None, 'service_project_id': None, 'service_project_domain_id': None, 'service_roles': []} {{(pid=103672) fill_context /opt/stack/keystone/keystone/server/flask/request_processing/middleware/auth_context.py:478}}
Jul 26 14:51:17.673747 dv-osbrick-786732-11-smb devstack@keystone.service[103672]: DEBUG keystone.server.flask.request_processing.req_logging [None req-cd6b6d1b-6dd2-4bd8-8adc-af2f7376bc62 None admin] REQUEST_METHOD: `GET` {{(pid=103672) log_request_info /opt/stack/keystone/keystone/server/flask/request_processing/req_logging.py:27}}
Jul 26 14:51:17.674027 dv-osbrick-786732-11-smb devstack@keystone.service[103672]: DEBUG keystone.server.flask.request_processing.req_logging [None req-cd6b6d1b-6dd2-4bd8-8adc-af2f7376bc62 None admin] SCRIPT_NAME: `/identity` {{(pid=103672) log_request_info /opt/stack/keystone/keystone/server/flask/request_processing/req_logging.py:28}}
Jul 26 14:51:17.674299 dv-osbrick-786732-11-smb devstack@keystone.service[103672]: DEBUG keystone.server.flask.request_processing.req_logging [None req-cd6b6d1b-6dd2-4bd8-8adc-af2f7376bc62 None admin] PATH_INFO: `/v3/users/a5112a234204489e958ac588ee35458f` {{(pid=103672) log_request_info /opt/stack/keystone/keystone/server/flask/request_processing/req_logging.py:29}}
Jul 26 14:51:17.675464 dv-osbrick-786732-11-smb devstack@keystone.service[103672]: DEBUG keystone.common.rbac_enforcer.enforcer [None req-cd6b6d1b-6dd2-4bd8-8adc-af2f7376bc62 None admin] RBAC: Authorizing `identity:get_user(user_id=a5112a234204489e958ac588ee35458f)` {{(pid=103672) enforce_call /opt/stack/keystone/keystone/common/rbac_enforcer/enforcer.py:449}}
Jul 26 14:51:17.676944 dv-osbrick-786732-11-smb devstack@keystone.service[103672]: DEBUG keystone.common.rbac_enforcer.enforcer [None req-cd6b6d1b-6dd2-4bd8-8adc-af2f7376bc62 None admin] RBAC: Authorization granted {{(pid=103672) enforce_call /opt/stack/keystone/keystone/common/rbac_enforcer/enforcer.py:457}}
Jul 26 14:51:17.678534 dv-osbrick-786732-11-smb devstack@keystone.service[103672]: [pid: 103672|app: 0|req: 42/83] 10.222.0.115 () {56 vars in 1182 bytes} [Tue Jul 26 14:51:17 2022] GET /identity/v3/users/a5112a234204489e958ac588ee35458f => generated 276 bytes in 140 msecs (HTTP/1.1 200) 5 headers in 177 bytes (1 switches on core 0)
Jul 26 14:51:17.679279 dv-osbrick-786732-11-smb devstack@keystone.service[103672]: DEBUG keystone.server.flask.request_processing.middleware.auth_context [None req-cd6b6d1b-6dd2-4bd8-8adc-af2f7376bc62 None admin] Authenticating user token {{(pid=103672) process_request /usr/local/lib/python3.8/dist-packages/keystonemiddleware/auth_token/__init__.py:407}}
Jul 26 14:51:17.765895 dv-osbrick-786732-11-smb devstack@keystone.service[103671]: DEBUG keystone.server.flask.request_processing.middleware.auth_context [None req-c31b56e0-a6d8-4274-babb-d2e9eebee832 None admin] Validating token access rules against request {{(pid=103671) validate_allowed_request /usr/local/lib/python3.8/dist-packages/keystonemiddleware/auth_token/__init__.py:545}}
Jul 26 14:51:17.782068 dv-osbrick-786732-11-smb devstack@keystone.service[103672]: DEBUG keystone.server.flask.request_processing.middleware.auth_context [None req-cd6b6d1b-6dd2-4bd8-8adc-af2f7376bc62 None admin] Validating token access rules against request {{(pid=103672) validate_allowed_request /usr/local/lib/python3.8/dist-packages/keystonemiddleware/auth_token/__init__.py:545}}
Jul 26 14:51:17.784409 dv-osbrick-786732-11-smb devstack@keystone.service[103672]: DEBUG dbcounter [-] [103672] Writing DB stats keystone:SELECT=100 {{(pid=103672) stat_writer /usr/local/lib/python3.8/dist-packages/dbcounter.py:114}}
Jul 26 14:51:17.799743 dv-osbrick-786732-11-smb devstack@keystone.service[103671]: DEBUG keystone.server.flask.request_processing.middleware.auth_context [None req-1de04876-f0d6-48a9-9450-c46230f73d57 None admin] RBAC: auth_context: {'token': , 'domain_id': None, 'trust_id': None, 'trustor_id': None, 'trustee_id': None, 'domain_name': None, 'group_ids': [], 'user_id': '212ca8dd023448f0a544fe02a4a94dec', 'user_domain_id': 'default', 'system_scope': 'all', 'project_id': None, 'project_domain_id': None, 'roles': ['admin', 'member', 'reader'], 'is_admin_project': True, 'service_user_id': None, 'service_user_domain_id': None, 'service_project_id': None, 'service_project_domain_id': None, 'service_roles': []} {{(pid=103671) fill_context /opt/stack/keystone/keystone/server/flask/request_processing/middleware/auth_context.py:478}}
Jul 26 14:51:17.800384 dv-osbrick-786732-11-smb devstack@keystone.service[103671]: DEBUG keystone.server.flask.request_processing.req_logging [None req-1de04876-f0d6-48a9-9450-c46230f73d57 None admin] REQUEST_METHOD: `GET` {{(pid=103671) log_request_info /opt/stack/keystone/keystone/server/flask/request_processing/req_logging.py:27}}
Jul 26 14:51:17.800670 dv-osbrick-786732-11-smb devstack@keystone.service[103671]: DEBUG keystone.server.flask.request_processing.req_logging [None req-1de04876-f0d6-48a9-9450-c46230f73d57 None admin] SCRIPT_NAME: `/identity` {{(pid=103671) log_request_info /opt/stack/keystone/keystone/server/flask/request_processing/req_logging.py:28}}
Jul 26 14:51:17.800950 dv-osbrick-786732-11-smb devstack@keystone.service[103671]: DEBUG keystone.server.flask.request_processing.req_logging [None req-1de04876-f0d6-48a9-9450-c46230f73d57 None admin] PATH_INFO: `/v3/domains/default` {{(pid=103671) log_request_info /opt/stack/keystone/keystone/server/flask/request_processing/req_logging.py:29}}
Jul 26 14:51:17.802098 dv-osbrick-786732-11-smb devstack@keystone.service[103671]: DEBUG keystone.common.rbac_enforcer.enforcer [None req-1de04876-f0d6-48a9-9450-c46230f73d57 None admin] RBAC: Authorizing `identity:get_domain(domain_id=default)` {{(pid=103671) enforce_call /opt/stack/keystone/keystone/common/rbac_enforcer/enforcer.py:449}}
Jul 26 14:51:17.803649 dv-osbrick-786732-11-smb devstack@keystone.service[103671]: DEBUG keystone.common.rbac_enforcer.enforcer [None req-1de04876-f0d6-48a9-9450-c46230f73d57 None admin] RBAC: Authorization granted {{(pid=103671) enforce_call /opt/stack/keystone/keystone/common/rbac_enforcer/enforcer.py:457}}
Jul 26 14:51:17.805233 dv-osbrick-786732-11-smb devstack@keystone.service[103671]: [pid: 103671|app: 0|req: 42/84] 10.222.0.115 () {56 vars in 1113 bytes} [Tue Jul 26 14:51:17 2022] GET /identity/v3/domains/default => generated 200 bytes in 145 msecs (HTTP/1.1 200) 5 headers in 177 bytes (1 switches on core 0)
Jul 26 14:51:17.805994 dv-osbrick-786732-11-smb devstack@keystone.service[103671]: DEBUG keystone.server.flask.request_processing.middleware.auth_context [None req-1de04876-f0d6-48a9-9450-c46230f73d57 None admin] Authenticating user token {{(pid=103671) process_request /usr/local/lib/python3.8/dist-packages/keystonemiddleware/auth_token/__init__.py:407}}
Jul 26 14:51:17.821906 dv-osbrick-786732-11-smb devstack@keystone.service[103672]: DEBUG keystone.server.flask.request_processing.middleware.auth_context [None req-25f4c8dd-5bb8-4542-b946-99b1613157ed None admin] RBAC: auth_context: {'token': , 'domain_id': None, 'trust_id': None, 'trustor_id': None, 'trustee_id': None, 'domain_name': None, 'group_ids': [], 'user_id': '212ca8dd023448f0a544fe02a4a94dec', 'user_domain_id': 'default', 'system_scope': 'all', 'project_id': None, 'project_domain_id': None, 'roles': ['admin', 'member', 'reader'], 'is_admin_project': True, 'service_user_id': None, 'service_user_domain_id': None, 'service_project_id': None, 'service_project_domain_id': None, 'service_roles': []} {{(pid=103672) fill_context /opt/stack/keystone/keystone/server/flask/request_processing/middleware/auth_context.py:478}}
Jul 26 14:51:17.822532 dv-osbrick-786732-11-smb devstack@keystone.service[103672]: DEBUG keystone.server.flask.request_processing.req_logging [None req-25f4c8dd-5bb8-4542-b946-99b1613157ed None admin] REQUEST_METHOD: `GET` {{(pid=103672) log_request_info /opt/stack/keystone/keystone/server/flask/request_processing/req_logging.py:27}}
Jul 26 14:51:17.822821 dv-osbrick-786732-11-smb devstack@keystone.service[103672]: DEBUG keystone.server.flask.request_processing.req_logging [None req-25f4c8dd-5bb8-4542-b946-99b1613157ed None admin] SCRIPT_NAME: `/identity` {{(pid=103672) log_request_info /opt/stack/keystone/keystone/server/flask/request_processing/req_logging.py:28}}
Jul 26 14:51:17.822928 dv-osbrick-786732-11-smb devstack@keystone.service[103671]: DEBUG dbcounter [-] [103671] Writing DB stats keystone:SELECT=100 {{(pid=103671) stat_writer /usr/local/lib/python3.8/dist-packages/dbcounter.py:114}}
Jul 26 14:51:17.823097 dv-osbrick-786732-11-smb devstack@keystone.service[103672]: DEBUG keystone.server.flask.request_processing.req_logging [None req-25f4c8dd-5bb8-4542-b946-99b1613157ed None admin] PATH_INFO: `/v3/roles` {{(pid=103672) log_request_info /opt/stack/keystone/keystone/server/flask/request_processing/req_logging.py:29}}
Jul 26 14:51:17.823863 dv-osbrick-786732-11-smb devstack@keystone.service[103672]: DEBUG keystone.common.rbac_enforcer.enforcer [None req-25f4c8dd-5bb8-4542-b946-99b1613157ed None admin] RBAC: Adding query filter params (name=member) {{(pid=103672) _extract_filter_values /opt/stack/keystone/keystone/common/rbac_enforcer/enforcer.py:167}}
Jul 26 14:51:17.824175 dv-osbrick-786732-11-smb devstack@keystone.service[103672]: DEBUG keystone.common.rbac_enforcer.enforcer [None req-25f4c8dd-5bb8-4542-b946-99b1613157ed None admin] RBAC: Authorizing `identity:list_roles()` {{(pid=103672) enforce_call /opt/stack/keystone/keystone/common/rbac_enforcer/enforcer.py:449}}
Jul 26 14:51:17.826385 dv-osbrick-786732-11-smb devstack@keystone.service[103672]: DEBUG keystone.common.rbac_enforcer.enforcer [None req-25f4c8dd-5bb8-4542-b946-99b1613157ed None admin] RBAC: Authorization granted {{(pid=103672) enforce_call /opt/stack/keystone/keystone/common/rbac_enforcer/enforcer.py:457}}
Jul 26 14:51:17.835055 dv-osbrick-786732-11-smb devstack@keystone.service[103672]: [pid: 103672|app: 0|req: 43/85] 10.222.0.115 () {56 vars in 1106 bytes} [Tue Jul 26 14:51:17 2022] GET /identity/v3/roles?name=member => generated 343 bytes in 156 msecs (HTTP/1.1 200) 5 headers in 177 bytes (1 switches on core 0)
Jul 26 14:51:17.835758 dv-osbrick-786732-11-smb devstack@keystone.service[103672]: DEBUG keystone.server.flask.request_processing.middleware.auth_context [None req-25f4c8dd-5bb8-4542-b946-99b1613157ed None admin] Authenticating user token {{(pid=103672) process_request /usr/local/lib/python3.8/dist-packages/keystonemiddleware/auth_token/__init__.py:407}}
Jul 26 14:51:17.913585 dv-osbrick-786732-11-smb devstack@keystone.service[103671]: DEBUG keystone.server.flask.request_processing.middleware.auth_context [None req-1de04876-f0d6-48a9-9450-c46230f73d57 None admin] Validating token access rules against request {{(pid=103671) validate_allowed_request /usr/local/lib/python3.8/dist-packages/keystonemiddleware/auth_token/__init__.py:545}}
Jul 26 14:51:17.939257 dv-osbrick-786732-11-smb devstack@keystone.service[103672]: DEBUG keystone.server.flask.request_processing.middleware.auth_context [None req-25f4c8dd-5bb8-4542-b946-99b1613157ed None admin] Validating token access rules against request {{(pid=103672) validate_allowed_request /usr/local/lib/python3.8/dist-packages/keystonemiddleware/auth_token/__init__.py:545}}
Jul 26 14:51:17.947343 dv-osbrick-786732-11-smb devstack@keystone.service[103671]: DEBUG keystone.server.flask.request_processing.middleware.auth_context [None req-a3355458-65bd-4d65-a01e-aee25d148e96 None admin] RBAC: auth_context: {'token': , 'domain_id': None, 'trust_id': None, 'trustor_id': None, 'trustee_id': None, 'domain_name': None, 'group_ids': [], 'user_id': '212ca8dd023448f0a544fe02a4a94dec', 'user_domain_id': 'default', 'system_scope': 'all', 'project_id': None, 'project_domain_id': None, 'roles': ['admin', 'member', 'reader'], 'is_admin_project': True, 'service_user_id': None, 'service_user_domain_id': None, 'service_project_id': None, 'service_project_domain_id': None, 'service_roles': []} {{(pid=103671) fill_context /opt/stack/keystone/keystone/server/flask/request_processing/middleware/auth_context.py:478}}
Jul 26 14:51:17.948031 dv-osbrick-786732-11-smb devstack@keystone.service[103671]: DEBUG keystone.server.flask.request_processing.req_logging [None req-a3355458-65bd-4d65-a01e-aee25d148e96 None admin] REQUEST_METHOD: `GET` {{(pid=103671) log_request_info /opt/stack/keystone/keystone/server/flask/request_processing/req_logging.py:27}}
Jul 26 14:51:17.948321 dv-osbrick-786732-11-smb devstack@keystone.service[103671]: DEBUG keystone.server.flask.request_processing.req_logging [None req-a3355458-65bd-4d65-a01e-aee25d148e96 None admin] SCRIPT_NAME: `/identity` {{(pid=103671) log_request_info /opt/stack/keystone/keystone/server/flask/request_processing/req_logging.py:28}}
Jul 26 14:51:17.948626 dv-osbrick-786732-11-smb devstack@keystone.service[103671]: DEBUG keystone.server.flask.request_processing.req_logging [None req-a3355458-65bd-4d65-a01e-aee25d148e96 None admin] PATH_INFO: `/v3/projects/d469b1f1a6c241e4bca022ba32aef6b9` {{(pid=103671) log_request_info /opt/stack/keystone/keystone/server/flask/request_processing/req_logging.py:29}}
Jul 26 14:51:17.950180 dv-osbrick-786732-11-smb devstack@keystone.service[103671]: DEBUG keystone.common.rbac_enforcer.enforcer [None req-a3355458-65bd-4d65-a01e-aee25d148e96 None admin] RBAC: Authorizing `identity:get_project(project_id=d469b1f1a6c241e4bca022ba32aef6b9)` {{(pid=103671) enforce_call /opt/stack/keystone/keystone/common/rbac_enforcer/enforcer.py:449}}
Jul 26 14:51:17.951352 dv-osbrick-786732-11-smb devstack@keystone.service[103671]: DEBUG keystone.common.rbac_enforcer.enforcer [None req-a3355458-65bd-4d65-a01e-aee25d148e96 None admin] RBAC: Authorization granted {{(pid=103671) enforce_call /opt/stack/keystone/keystone/common/rbac_enforcer/enforcer.py:457}}
Jul 26 14:51:17.953116 dv-osbrick-786732-11-smb devstack@keystone.service[103671]: [pid: 103671|app: 0|req: 43/86] 10.222.0.115 () {56 vars in 1191 bytes} [Tue Jul 26 14:51:17 2022] GET /identity/v3/projects/d469b1f1a6c241e4bca022ba32aef6b9 => generated 299 bytes in 147 msecs (HTTP/1.1 200) 5 headers in 177 bytes (1 switches on core 0)
Jul 26 14:51:17.953955 dv-osbrick-786732-11-smb devstack@keystone.service[103671]: DEBUG keystone.server.flask.request_processing.middleware.auth_context [None req-a3355458-65bd-4d65-a01e-aee25d148e96 None admin] Authenticating user token {{(pid=103671) process_request /usr/local/lib/python3.8/dist-packages/keystonemiddleware/auth_token/__init__.py:407}}
Jul 26 14:51:17.973798 dv-osbrick-786732-11-smb devstack@keystone.service[103672]: DEBUG keystone.server.flask.request_processing.middleware.auth_context [None req-4d95c583-dde6-462b-a41f-c7d17effd418 None admin] RBAC: auth_context: {'token': , 'domain_id': None, 'trust_id': None, 'trustor_id': None, 'trustee_id': None, 'domain_name': None, 'group_ids': [], 'user_id': '212ca8dd023448f0a544fe02a4a94dec', 'user_domain_id': 'default', 'system_scope': 'all', 'project_id': None, 'project_domain_id': None, 'roles': ['admin', 'member', 'reader'], 'is_admin_project': True, 'service_user_id': None, 'service_user_domain_id': None, 'service_project_id': None, 'service_project_domain_id': None, 'service_roles': []} {{(pid=103672) fill_context /opt/stack/keystone/keystone/server/flask/request_processing/middleware/auth_context.py:478}}
Jul 26 14:51:17.974367 dv-osbrick-786732-11-smb devstack@keystone.service[103672]: DEBUG keystone.server.flask.request_processing.req_logging [None req-4d95c583-dde6-462b-a41f-c7d17effd418 None admin] REQUEST_METHOD: `GET` {{(pid=103672) log_request_info /opt/stack/keystone/keystone/server/flask/request_processing/req_logging.py:27}}
Jul 26 14:51:17.974649 dv-osbrick-786732-11-smb devstack@keystone.service[103672]: DEBUG keystone.server.flask.request_processing.req_logging [None req-4d95c583-dde6-462b-a41f-c7d17effd418 None admin] SCRIPT_NAME: `/identity` {{(pid=103672) log_request_info /opt/stack/keystone/keystone/server/flask/request_processing/req_logging.py:28}}
Jul 26 14:51:17.974925 dv-osbrick-786732-11-smb devstack@keystone.service[103672]: DEBUG keystone.server.flask.request_processing.req_logging [None req-4d95c583-dde6-462b-a41f-c7d17effd418 None admin] PATH_INFO: `/v3/projects/d469b1f1a6c241e4bca022ba32aef6b9` {{(pid=103672) log_request_info /opt/stack/keystone/keystone/server/flask/request_processing/req_logging.py:29}}
Jul 26 14:51:17.976104 dv-osbrick-786732-11-smb devstack@keystone.service[103672]: DEBUG keystone.common.rbac_enforcer.enforcer [None req-4d95c583-dde6-462b-a41f-c7d17effd418 None admin] RBAC: Authorizing `identity:get_project(project_id=d469b1f1a6c241e4bca022ba32aef6b9)` {{(pid=103672) enforce_call /opt/stack/keystone/keystone/common/rbac_enforcer/enforcer.py:449}}
Jul 26 14:51:17.977547 dv-osbrick-786732-11-smb devstack@keystone.service[103672]: DEBUG keystone.common.rbac_enforcer.enforcer [None req-4d95c583-dde6-462b-a41f-c7d17effd418 None admin] RBAC: Authorization granted {{(pid=103672) enforce_call /opt/stack/keystone/keystone/common/rbac_enforcer/enforcer.py:457}}
Jul 26 14:51:17.979209 dv-osbrick-786732-11-smb devstack@keystone.service[103672]: [pid: 103672|app: 0|req: 44/87] 10.222.0.115 () {56 vars in 1191 bytes} [Tue Jul 26 14:51:17 2022] GET /identity/v3/projects/d469b1f1a6c241e4bca022ba32aef6b9 => generated 299 bytes in 144 msecs (HTTP/1.1 200) 5 headers in 177 bytes (1 switches on core 0)
Jul 26 14:51:17.979975 dv-osbrick-786732-11-smb devstack@keystone.service[103672]: DEBUG keystone.server.flask.request_processing.middleware.auth_context [None req-4d95c583-dde6-462b-a41f-c7d17effd418 None admin] Authenticating user token {{(pid=103672) process_request /usr/local/lib/python3.8/dist-packages/keystonemiddleware/auth_token/__init__.py:407}}
Jul 26 14:51:18.015454 dv-osbrick-786732-11-smb devstack@keystone.service[103672]: DEBUG dbcounter [-] [103672] Writing DB stats keystone:SELECT=100 {{(pid=103672) stat_writer /usr/local/lib/python3.8/dist-packages/dbcounter.py:114}}
Jul 26 14:51:18.037038 dv-osbrick-786732-11-smb devstack@keystone.service[103671]: DEBUG dbcounter [-] [103671] Writing DB stats keystone:SELECT=100 {{(pid=103671) stat_writer /usr/local/lib/python3.8/dist-packages/dbcounter.py:114}}
Jul 26 14:51:18.056221 dv-osbrick-786732-11-smb devstack@keystone.service[103671]: DEBUG keystone.server.flask.request_processing.middleware.auth_context [None req-a3355458-65bd-4d65-a01e-aee25d148e96 None admin] Validating token access rules against request {{(pid=103671) validate_allowed_request /usr/local/lib/python3.8/dist-packages/keystonemiddleware/auth_token/__init__.py:545}}
Jul 26 14:51:18.086902 dv-osbrick-786732-11-smb devstack@keystone.service[103672]: DEBUG keystone.server.flask.request_processing.middleware.auth_context [None req-4d95c583-dde6-462b-a41f-c7d17effd418 None admin] Validating token access rules against request {{(pid=103672) validate_allowed_request /usr/local/lib/python3.8/dist-packages/keystonemiddleware/auth_token/__init__.py:545}}
Jul 26 14:51:18.089645 dv-osbrick-786732-11-smb devstack@keystone.service[103671]: DEBUG keystone.server.flask.request_processing.middleware.auth_context [None req-9eaec59d-39d1-4b7a-82a8-7b9a34621668 None admin] RBAC: auth_context: {'token': , 'domain_id': None, 'trust_id': None, 'trustor_id': None, 'trustee_id': None, 'domain_name': None, 'group_ids': [], 'user_id': '212ca8dd023448f0a544fe02a4a94dec', 'user_domain_id': 'default', 'system_scope': 'all', 'project_id': None, 'project_domain_id': None, 'roles': ['admin', 'member', 'reader'], 'is_admin_project': True, 'service_user_id': None, 'service_user_domain_id': None, 'service_project_id': None, 'service_project_domain_id': None, 'service_roles': []} {{(pid=103671) fill_context /opt/stack/keystone/keystone/server/flask/request_processing/middleware/auth_context.py:478}}
Jul 26 14:51:18.090787 dv-osbrick-786732-11-smb devstack@keystone.service[103671]: DEBUG keystone.server.flask.request_processing.req_logging [None req-9eaec59d-39d1-4b7a-82a8-7b9a34621668 None admin] REQUEST_METHOD: `GET` {{(pid=103671) log_request_info /opt/stack/keystone/keystone/server/flask/request_processing/req_logging.py:27}}
Jul 26 14:51:18.091068 dv-osbrick-786732-11-smb devstack@keystone.service[103671]: DEBUG keystone.server.flask.request_processing.req_logging [None req-9eaec59d-39d1-4b7a-82a8-7b9a34621668 None admin] SCRIPT_NAME: `/identity` {{(pid=103671) log_request_info /opt/stack/keystone/keystone/server/flask/request_processing/req_logging.py:28}}
Jul 26 14:51:18.091344 dv-osbrick-786732-11-smb devstack@keystone.service[103671]: DEBUG keystone.server.flask.request_processing.req_logging [None req-9eaec59d-39d1-4b7a-82a8-7b9a34621668 None admin] PATH_INFO: `/v3/auth/tokens` {{(pid=103671) log_request_info /opt/stack/keystone/keystone/server/flask/request_processing/req_logging.py:29}}
Jul 26 14:51:18.122821 dv-osbrick-786732-11-smb devstack@keystone.service[103672]: DEBUG keystone.server.flask.request_processing.middleware.auth_context [None req-5b512027-0cc1-4aae-948e-b75e7bfee330 None admin] RBAC: auth_context: {'token': , 'domain_id': None, 'trust_id': None, 'trustor_id': None, 'trustee_id': None, 'domain_name': None, 'group_ids': [], 'user_id': '212ca8dd023448f0a544fe02a4a94dec', 'user_domain_id': 'default', 'system_scope': 'all', 'project_id': None, 'project_domain_id': None, 'roles': ['admin', 'member', 'reader'], 'is_admin_project': True, 'service_user_id': None, 'service_user_domain_id': None, 'service_project_id': None, 'service_project_domain_id': None, 'service_roles': []} {{(pid=103672) fill_context /opt/stack/keystone/keystone/server/flask/request_processing/middleware/auth_context.py:478}}
Jul 26 14:51:18.123449 dv-osbrick-786732-11-smb devstack@keystone.service[103672]: DEBUG keystone.server.flask.request_processing.req_logging [None req-5b512027-0cc1-4aae-948e-b75e7bfee330 None admin] REQUEST_METHOD: `POST` {{(pid=103672) log_request_info /opt/stack/keystone/keystone/server/flask/request_processing/req_logging.py:27}}
Jul 26 14:51:18.123764 dv-osbrick-786732-11-smb devstack@keystone.service[103672]: DEBUG keystone.server.flask.request_processing.req_logging [None req-5b512027-0cc1-4aae-948e-b75e7bfee330 None admin] SCRIPT_NAME: `/identity` {{(pid=103672) log_request_info /opt/stack/keystone/keystone/server/flask/request_processing/req_logging.py:28}}
Jul 26 14:51:18.124047 dv-osbrick-786732-11-smb devstack@keystone.service[103672]: DEBUG keystone.server.flask.request_processing.req_logging [None req-5b512027-0cc1-4aae-948e-b75e7bfee330 None admin] PATH_INFO: `/v3/users` {{(pid=103672) log_request_info /opt/stack/keystone/keystone/server/flask/request_processing/req_logging.py:29}}
Jul 26 14:51:18.124735 dv-osbrick-786732-11-smb devstack@keystone.service[103672]: DEBUG keystone.common.rbac_enforcer.enforcer [None req-5b512027-0cc1-4aae-948e-b75e7bfee330 None admin] RBAC: Authorizing `identity:create_user()` {{(pid=103672) enforce_call /opt/stack/keystone/keystone/common/rbac_enforcer/enforcer.py:449}}
Jul 26 14:51:18.126177 dv-osbrick-786732-11-smb devstack@keystone.service[103672]: DEBUG keystone.common.rbac_enforcer.enforcer [None req-5b512027-0cc1-4aae-948e-b75e7bfee330 None admin] RBAC: Authorization granted {{(pid=103672) enforce_call /opt/stack/keystone/keystone/common/rbac_enforcer/enforcer.py:457}}
Jul 26 14:51:18.161151 dv-osbrick-786732-11-smb devstack@keystone.service[103671]: DEBUG keystone.common.rbac_enforcer.enforcer [None req-9eaec59d-39d1-4b7a-82a8-7b9a34621668 None admin] RBAC: Authorizing `identity:validate_token()` {{(pid=103671) enforce_call /opt/stack/keystone/keystone/common/rbac_enforcer/enforcer.py:449}}
Jul 26 14:51:18.162635 dv-osbrick-786732-11-smb devstack@keystone.service[103671]: DEBUG keystone.common.rbac_enforcer.enforcer [None req-9eaec59d-39d1-4b7a-82a8-7b9a34621668 None admin] RBAC: Authorization granted {{(pid=103671) enforce_call /opt/stack/keystone/keystone/common/rbac_enforcer/enforcer.py:457}}
Jul 26 14:51:18.205157 dv-osbrick-786732-11-smb devstack@keystone.service[103672]: [pid: 103672|app: 0|req: 45/88] 10.222.0.115 () {60 vars in 1137 bytes} [Tue Jul 26 14:51:17 2022] POST /identity/v3/users => generated 290 bytes in 225 msecs (HTTP/1.1 201) 5 headers in 182 bytes (1 switches on core 0)
Jul 26 14:51:18.206077 dv-osbrick-786732-11-smb devstack@keystone.service[103672]: DEBUG keystone.server.flask.request_processing.middleware.auth_context [None req-5b512027-0cc1-4aae-948e-b75e7bfee330 None admin] Authenticating user token {{(pid=103672) process_request /usr/local/lib/python3.8/dist-packages/keystonemiddleware/auth_token/__init__.py:407}}
Jul 26 14:51:18.249134 dv-osbrick-786732-11-smb devstack@keystone.service[103671]: DEBUG dbcounter [-] [103671] Writing DB stats keystone:SELECT=100 {{(pid=103671) stat_writer /usr/local/lib/python3.8/dist-packages/dbcounter.py:114}}
Jul 26 14:51:18.277047 dv-osbrick-786732-11-smb devstack@keystone.service[103671]: [pid: 103671|app: 0|req: 44/89] 10.222.0.115 () {58 vars in 1287 bytes} [Tue Jul 26 14:51:17 2022] GET /identity/v3/auth/tokens => generated 800 bytes in 319 msecs (HTTP/1.1 200) 6 headers in 358 bytes (1 switches on core 0)
Jul 26 14:51:18.277047 dv-osbrick-786732-11-smb devstack@keystone.service[103671]: DEBUG keystone.server.flask.request_processing.middleware.auth_context [None req-9eaec59d-39d1-4b7a-82a8-7b9a34621668 None admin] Authenticating user token {{(pid=103671) process_request /usr/local/lib/python3.8/dist-packages/keystonemiddleware/auth_token/__init__.py:407}}
Jul 26 14:51:18.318839 dv-osbrick-786732-11-smb devstack@keystone.service[103672]: DEBUG dbcounter [-] [103672] Writing DB stats keystone:SELECT=97,keystone:INSERT=3 {{(pid=103672) stat_writer /usr/local/lib/python3.8/dist-packages/dbcounter.py:114}}
Jul 26 14:51:18.330173 dv-osbrick-786732-11-smb devstack@keystone.service[103672]: DEBUG keystone.server.flask.request_processing.middleware.auth_context [None req-5b512027-0cc1-4aae-948e-b75e7bfee330 None admin] Validating token access rules against request {{(pid=103672) validate_allowed_request /usr/local/lib/python3.8/dist-packages/keystonemiddleware/auth_token/__init__.py:545}}
Jul 26 14:51:18.370437 dv-osbrick-786732-11-smb devstack@keystone.service[103672]: DEBUG keystone.server.flask.request_processing.middleware.auth_context [None req-1399794f-90b4-4507-9648-715f7c376e60 None admin] RBAC: auth_context: {'token': , 'domain_id': None, 'trust_id': None, 'trustor_id': None, 'trustee_id': None, 'domain_name': None, 'group_ids': [], 'user_id': '212ca8dd023448f0a544fe02a4a94dec', 'user_domain_id': 'default', 'system_scope': 'all', 'project_id': None, 'project_domain_id': None, 'roles': ['admin', 'member', 'reader'], 'is_admin_project': True, 'service_user_id': None, 'service_user_domain_id': None, 'service_project_id': None, 'service_project_domain_id': None, 'service_roles': []} {{(pid=103672) fill_context /opt/stack/keystone/keystone/server/flask/request_processing/middleware/auth_context.py:478}}
Jul 26 14:51:18.371339 dv-osbrick-786732-11-smb devstack@keystone.service[103672]: DEBUG keystone.server.flask.request_processing.req_logging [None req-1399794f-90b4-4507-9648-715f7c376e60 None admin] REQUEST_METHOD: `GET` {{(pid=103672) log_request_info /opt/stack/keystone/keystone/server/flask/request_processing/req_logging.py:27}}
Jul 26 14:51:18.371733 dv-osbrick-786732-11-smb devstack@keystone.service[103672]: DEBUG keystone.server.flask.request_processing.req_logging [None req-1399794f-90b4-4507-9648-715f7c376e60 None admin] SCRIPT_NAME: `/identity` {{(pid=103672) log_request_info /opt/stack/keystone/keystone/server/flask/request_processing/req_logging.py:28}}
Jul 26 14:51:18.372020 dv-osbrick-786732-11-smb devstack@keystone.service[103672]: DEBUG keystone.server.flask.request_processing.req_logging [None req-1399794f-90b4-4507-9648-715f7c376e60 None admin] PATH_INFO: `/v3/users/a5112a234204489e958ac588ee35458f` {{(pid=103672) log_request_info /opt/stack/keystone/keystone/server/flask/request_processing/req_logging.py:29}}
Jul 26 14:51:18.373425 dv-osbrick-786732-11-smb devstack@keystone.service[103672]: DEBUG keystone.common.rbac_enforcer.enforcer [None req-1399794f-90b4-4507-9648-715f7c376e60 None admin] RBAC: Authorizing `identity:get_user(user_id=a5112a234204489e958ac588ee35458f)` {{(pid=103672) enforce_call /opt/stack/keystone/keystone/common/rbac_enforcer/enforcer.py:449}}
Jul 26 14:51:18.374884 dv-osbrick-786732-11-smb devstack@keystone.service[103672]: DEBUG keystone.common.rbac_enforcer.enforcer [None req-1399794f-90b4-4507-9648-715f7c376e60 None admin] RBAC: Authorization granted {{(pid=103672) enforce_call /opt/stack/keystone/keystone/common/rbac_enforcer/enforcer.py:457}}
Jul 26 14:51:18.377303 dv-osbrick-786732-11-smb devstack@keystone.service[103672]: [pid: 103672|app: 0|req: 46/90] 10.222.0.115 () {56 vars in 1182 bytes} [Tue Jul 26 14:51:18 2022] GET /identity/v3/users/a5112a234204489e958ac588ee35458f => generated 276 bytes in 171 msecs (HTTP/1.1 200) 5 headers in 177 bytes (1 switches on core 0)
Jul 26 14:51:18.378359 dv-osbrick-786732-11-smb devstack@keystone.service[103672]: DEBUG keystone.server.flask.request_processing.middleware.auth_context [None req-1399794f-90b4-4507-9648-715f7c376e60 None admin] Authenticating user token {{(pid=103672) process_request /usr/local/lib/python3.8/dist-packages/keystonemiddleware/auth_token/__init__.py:407}}
Jul 26 14:51:18.401415 dv-osbrick-786732-11-smb devstack@keystone.service[103671]: DEBUG keystone.server.flask.request_processing.middleware.auth_context [None req-9eaec59d-39d1-4b7a-82a8-7b9a34621668 None admin] Validating token access rules against request {{(pid=103671) validate_allowed_request /usr/local/lib/python3.8/dist-packages/keystonemiddleware/auth_token/__init__.py:545}}
Jul 26 14:51:18.449370 dv-osbrick-786732-11-smb devstack@keystone.service[103671]: DEBUG keystone.server.flask.request_processing.middleware.auth_context [None req-8bfa5ef3-f35a-4dce-91db-cbc3f4dfed37 None admin] RBAC: auth_context: {'token': , 'domain_id': None, 'trust_id': None, 'trustor_id': None, 'trustee_id': None, 'domain_name': None, 'group_ids': [], 'user_id': '212ca8dd023448f0a544fe02a4a94dec', 'user_domain_id': 'default', 'system_scope': 'all', 'project_id': None, 'project_domain_id': None, 'roles': ['admin', 'member', 'reader'], 'is_admin_project': True, 'service_user_id': None, 'service_user_domain_id': None, 'service_project_id': None, 'service_project_domain_id': None, 'service_roles': []} {{(pid=103671) fill_context /opt/stack/keystone/keystone/server/flask/request_processing/middleware/auth_context.py:478}}
Jul 26 14:51:18.450760 dv-osbrick-786732-11-smb devstack@keystone.service[103671]: DEBUG keystone.server.flask.request_processing.req_logging [None req-8bfa5ef3-f35a-4dce-91db-cbc3f4dfed37 None admin] REQUEST_METHOD: `GET` {{(pid=103671) log_request_info /opt/stack/keystone/keystone/server/flask/request_processing/req_logging.py:27}}
Jul 26 14:51:18.451002 dv-osbrick-786732-11-smb devstack@keystone.service[103671]: DEBUG keystone.server.flask.request_processing.req_logging [None req-8bfa5ef3-f35a-4dce-91db-cbc3f4dfed37 None admin] SCRIPT_NAME: `/identity` {{(pid=103671) log_request_info /opt/stack/keystone/keystone/server/flask/request_processing/req_logging.py:28}}
Jul 26 14:51:18.451279 dv-osbrick-786732-11-smb devstack@keystone.service[103671]: DEBUG keystone.server.flask.request_processing.req_logging [None req-8bfa5ef3-f35a-4dce-91db-cbc3f4dfed37 None admin] PATH_INFO: `/v3/role_assignments` {{(pid=103671) log_request_info /opt/stack/keystone/keystone/server/flask/request_processing/req_logging.py:29}}
