Jul 26 14:39:48.059353 dv-osbrick-786732-11-iscsi devstack@keystone.service[86617]: DEBUG keystone.server.flask.request_processing.req_logging [None req-1f2d077b-a823-41b2-b233-fde461a21b08 None admin] SCRIPT_NAME: `/identity` {{(pid=86617) log_request_info /opt/stack/keystone/keystone/server/flask/request_processing/req_logging.py:28}}
Jul 26 14:39:48.059631 dv-osbrick-786732-11-iscsi devstack@keystone.service[86617]: DEBUG keystone.server.flask.request_processing.req_logging [None req-1f2d077b-a823-41b2-b233-fde461a21b08 None admin] PATH_INFO: `/v3/projects/ec2b8a44b2664aacaf3ca994e70d4af7` {{(pid=86617) log_request_info /opt/stack/keystone/keystone/server/flask/request_processing/req_logging.py:29}}
Jul 26 14:39:48.060822 dv-osbrick-786732-11-iscsi devstack@keystone.service[86617]: DEBUG keystone.common.rbac_enforcer.enforcer [None req-1f2d077b-a823-41b2-b233-fde461a21b08 None admin] RBAC: Authorizing `identity:get_project(project_id=ec2b8a44b2664aacaf3ca994e70d4af7)` {{(pid=86617) enforce_call /opt/stack/keystone/keystone/common/rbac_enforcer/enforcer.py:449}}
Jul 26 14:39:48.062419 dv-osbrick-786732-11-iscsi devstack@keystone.service[86617]: DEBUG keystone.common.rbac_enforcer.enforcer [None req-1f2d077b-a823-41b2-b233-fde461a21b08 None admin] RBAC: Authorization granted {{(pid=86617) enforce_call /opt/stack/keystone/keystone/common/rbac_enforcer/enforcer.py:457}}
Jul 26 14:39:48.064915 dv-osbrick-786732-11-iscsi devstack@keystone.service[86617]: [pid: 86617|app: 0|req: 190/386] 10.222.0.90 () {56 vars in 1186 bytes} [Tue Jul 26 14:39:47 2022] GET /identity/v3/projects/ec2b8a44b2664aacaf3ca994e70d4af7 => generated 298 bytes in 149 msecs (HTTP/1.1 200) 5 headers in 177 bytes (1 switches on core 0)
Jul 26 14:39:48.070632 dv-osbrick-786732-11-iscsi devstack@keystone.service[86616]: DEBUG keystone.server.flask.request_processing.middleware.auth_context [None req-6febd779-b875-48e7-90d4-e8adab9b631a None admin] Authenticating user token {{(pid=86616) process_request /usr/local/lib/python3.8/dist-packages/keystonemiddleware/auth_token/__init__.py:407}}
Jul 26 14:39:48.108857 dv-osbrick-786732-11-iscsi devstack@keystone.service[86617]: DEBUG keystone.server.flask.request_processing.req_logging [None req-c54c4068-e65c-4528-9b75-bb320bb9a8a6 None None] REQUEST_METHOD: `GET` {{(pid=86617) log_request_info /opt/stack/keystone/keystone/server/flask/request_processing/req_logging.py:27}}
Jul 26 14:39:48.109165 dv-osbrick-786732-11-iscsi devstack@keystone.service[86617]: DEBUG keystone.server.flask.request_processing.req_logging [None req-c54c4068-e65c-4528-9b75-bb320bb9a8a6 None None] SCRIPT_NAME: `/identity` {{(pid=86617) log_request_info /opt/stack/keystone/keystone/server/flask/request_processing/req_logging.py:28}}
Jul 26 14:39:48.109422 dv-osbrick-786732-11-iscsi devstack@keystone.service[86617]: DEBUG keystone.server.flask.request_processing.req_logging [None req-c54c4068-e65c-4528-9b75-bb320bb9a8a6 None None] PATH_INFO: `/` {{(pid=86617) log_request_info /opt/stack/keystone/keystone/server/flask/request_processing/req_logging.py:29}}
Jul 26 14:39:48.111014 dv-osbrick-786732-11-iscsi devstack@keystone.service[86617]: [pid: 86617|app: 0|req: 191/387] 10.222.0.90 () {54 vars in 926 bytes} [Tue Jul 26 14:39:48 2022] GET /identity => generated 270 bytes in 3 msecs (HTTP/1.1 300) 6 headers in 234 bytes (2 switches on core 0)
Jul 26 14:39:48.116480 dv-osbrick-786732-11-iscsi devstack@keystone.service[86617]: DEBUG keystone.server.flask.request_processing.req_logging [None req-c536ed3c-91c7-4633-a465-c97d9326deaa None None] REQUEST_METHOD: `POST` {{(pid=86617) log_request_info /opt/stack/keystone/keystone/server/flask/request_processing/req_logging.py:27}}
Jul 26 14:39:48.116829 dv-osbrick-786732-11-iscsi devstack@keystone.service[86617]: DEBUG keystone.server.flask.request_processing.req_logging [None req-c536ed3c-91c7-4633-a465-c97d9326deaa None None] SCRIPT_NAME: `/identity` {{(pid=86617) log_request_info /opt/stack/keystone/keystone/server/flask/request_processing/req_logging.py:28}}
Jul 26 14:39:48.117122 dv-osbrick-786732-11-iscsi devstack@keystone.service[86617]: DEBUG keystone.server.flask.request_processing.req_logging [None req-c536ed3c-91c7-4633-a465-c97d9326deaa None None] PATH_INFO: `/v3/auth/tokens` {{(pid=86617) log_request_info /opt/stack/keystone/keystone/server/flask/request_processing/req_logging.py:29}}
Jul 26 14:39:48.147808 dv-osbrick-786732-11-iscsi devstack@keystone.service[86617]: DEBUG keystone.auth.core [None req-c536ed3c-91c7-4633-a465-c97d9326deaa None None] MFA Rules not processed for user `0af9c1f6acbd47aa9e9bb7c11502bd6c`. Rule list: `[]` (Enabled: `True`). {{(pid=86617) check_auth_methods_against_rules /opt/stack/keystone/keystone/auth/core.py:438}}
Jul 26 14:39:48.149978 dv-osbrick-786732-11-iscsi devstack@keystone.service[86617]: DEBUG keystone.common.fernet_utils [None req-c536ed3c-91c7-4633-a465-c97d9326deaa None None] Loaded 2 Fernet keys from /etc/keystone/fernet-keys/, but `[fernet_tokens] max_active_keys = 3`; perhaps there have not been enough key rotations to reach `max_active_keys` yet? {{(pid=86617) load_keys /opt/stack/keystone/keystone/common/fernet_utils.py:286}}
Jul 26 14:39:48.206091 dv-osbrick-786732-11-iscsi devstack@keystone.service[86617]: DEBUG dbcounter [-] [86617] Writing DB stats keystone:SELECT=100 {{(pid=86617) stat_writer /usr/local/lib/python3.8/dist-packages/dbcounter.py:114}}
Jul 26 14:39:48.216479 dv-osbrick-786732-11-iscsi devstack@keystone.service[86616]: DEBUG keystone.server.flask.request_processing.middleware.auth_context [None req-6febd779-b875-48e7-90d4-e8adab9b631a None admin] Validating token access rules against request {{(pid=86616) validate_allowed_request /usr/local/lib/python3.8/dist-packages/keystonemiddleware/auth_token/__init__.py:545}}
Jul 26 14:39:48.267068 dv-osbrick-786732-11-iscsi devstack@keystone.service[86617]: [pid: 86617|app: 0|req: 192/388] 10.222.0.90 () {58 vars in 1023 bytes} [Tue Jul 26 14:39:48 2022] POST /identity/v3/auth/tokens => generated 799 bytes in 151 msecs (HTTP/1.1 201) 6 headers in 363 bytes (1 switches on core 0)
Jul 26 14:39:48.277218 dv-osbrick-786732-11-iscsi devstack@keystone.service[86616]: DEBUG keystone.server.flask.request_processing.middleware.auth_context [None req-94872e4f-aa62-46e3-b829-e02598f6ebe0 None admin] RBAC: auth_context: {'token': , 'domain_id': None, 'trust_id': None, 'trustor_id': None, 'trustee_id': None, 'domain_name': None, 'group_ids': [], 'user_id': '0af9c1f6acbd47aa9e9bb7c11502bd6c', 'user_domain_id': 'default', 'system_scope': 'all', 'project_id': None, 'project_domain_id': None, 'roles': ['admin', 'member', 'reader'], 'is_admin_project': True, 'service_user_id': None, 'service_user_domain_id': None, 'service_project_id': None, 'service_project_domain_id': None, 'service_roles': []} {{(pid=86616) fill_context /opt/stack/keystone/keystone/server/flask/request_processing/middleware/auth_context.py:478}}
Jul 26 14:39:48.278369 dv-osbrick-786732-11-iscsi devstack@keystone.service[86616]: DEBUG keystone.server.flask.request_processing.req_logging [None req-94872e4f-aa62-46e3-b829-e02598f6ebe0 None admin] REQUEST_METHOD: `PUT` {{(pid=86616) log_request_info /opt/stack/keystone/keystone/server/flask/request_processing/req_logging.py:27}}
Jul 26 14:39:48.278871 dv-osbrick-786732-11-iscsi devstack@keystone.service[86616]: DEBUG keystone.server.flask.request_processing.req_logging [None req-94872e4f-aa62-46e3-b829-e02598f6ebe0 None admin] SCRIPT_NAME: `/identity` {{(pid=86616) log_request_info /opt/stack/keystone/keystone/server/flask/request_processing/req_logging.py:28}}
Jul 26 14:39:48.279337 dv-osbrick-786732-11-iscsi devstack@keystone.service[86616]: DEBUG keystone.server.flask.request_processing.req_logging [None req-94872e4f-aa62-46e3-b829-e02598f6ebe0 None admin] PATH_INFO: `/v3/projects/ec2b8a44b2664aacaf3ca994e70d4af7/groups/63809e9aa7d44b858c87e2e7b6528359/roles/5707667e089d4bcdac5d311413b3c129` {{(pid=86616) log_request_info /opt/stack/keystone/keystone/server/flask/request_processing/req_logging.py:29}}
Jul 26 14:39:48.281467 dv-osbrick-786732-11-iscsi devstack@keystone.service[86616]: DEBUG keystone.common.rbac_enforcer.enforcer [None req-94872e4f-aa62-46e3-b829-e02598f6ebe0 None admin] RBAC: Authorizing `identity:create_grant(project_id=ec2b8a44b2664aacaf3ca994e70d4af7, group_id=63809e9aa7d44b858c87e2e7b6528359, role_id=5707667e089d4bcdac5d311413b3c129)` {{(pid=86616) enforce_call /opt/stack/keystone/keystone/common/rbac_enforcer/enforcer.py:449}}
Jul 26 14:39:48.283642 dv-osbrick-786732-11-iscsi devstack@keystone.service[86616]: DEBUG keystone.common.rbac_enforcer.enforcer [None req-94872e4f-aa62-46e3-b829-e02598f6ebe0 None admin] RBAC: Authorization granted {{(pid=86616) enforce_call /opt/stack/keystone/keystone/common/rbac_enforcer/enforcer.py:457}}
Jul 26 14:39:48.299183 dv-osbrick-786732-11-iscsi devstack@keystone.service[86617]: DEBUG keystone.server.flask.request_processing.middleware.auth_context [None req-c536ed3c-91c7-4633-a465-c97d9326deaa None None] Authenticating user token {{(pid=86617) process_request /usr/local/lib/python3.8/dist-packages/keystonemiddleware/auth_token/__init__.py:407}}
Jul 26 14:39:48.307532 dv-osbrick-786732-11-iscsi devstack@keystone.service[86616]: [pid: 86616|app: 0|req: 197/389] 10.222.0.90 () {58 vars in 1442 bytes} [Tue Jul 26 14:39:48 2022] PUT /identity/v3/projects/ec2b8a44b2664aacaf3ca994e70d4af7/groups/63809e9aa7d44b858c87e2e7b6528359/roles/5707667e089d4bcdac5d311413b3c129 => generated 0 bytes in 234 msecs (HTTP/1.1 204) 3 headers in 132 bytes (0 switches on core 0)
Jul 26 14:39:48.455874 dv-osbrick-786732-11-iscsi devstack@keystone.service[86617]: DEBUG keystone.server.flask.request_processing.middleware.auth_context [None req-c536ed3c-91c7-4633-a465-c97d9326deaa None None] Validating token access rules against request {{(pid=86617) validate_allowed_request /usr/local/lib/python3.8/dist-packages/keystonemiddleware/auth_token/__init__.py:545}}
Jul 26 14:39:48.506815 dv-osbrick-786732-11-iscsi devstack@keystone.service[86617]: DEBUG keystone.server.flask.request_processing.middleware.auth_context [None req-4ab2daaf-154f-4b19-9f55-cc9cfeebee0b None admin] RBAC: auth_context: {'token': , 'domain_id': None, 'trust_id': None, 'trustor_id': None, 'trustee_id': None, 'domain_name': None, 'group_ids': [], 'user_id': '0af9c1f6acbd47aa9e9bb7c11502bd6c', 'user_domain_id': 'default', 'system_scope': 'all', 'project_id': None, 'project_domain_id': None, 'roles': ['admin', 'member', 'reader'], 'is_admin_project': True, 'service_user_id': None, 'service_user_domain_id': None, 'service_project_id': None, 'service_project_domain_id': None, 'service_roles': []} {{(pid=86617) fill_context /opt/stack/keystone/keystone/server/flask/request_processing/middleware/auth_context.py:478}}
Jul 26 14:39:48.507490 dv-osbrick-786732-11-iscsi devstack@keystone.service[86617]: DEBUG keystone.server.flask.request_processing.req_logging [None req-4ab2daaf-154f-4b19-9f55-cc9cfeebee0b None admin] REQUEST_METHOD: `GET` {{(pid=86617) log_request_info /opt/stack/keystone/keystone/server/flask/request_processing/req_logging.py:27}}
Jul 26 14:39:48.507773 dv-osbrick-786732-11-iscsi devstack@keystone.service[86617]: DEBUG keystone.server.flask.request_processing.req_logging [None req-4ab2daaf-154f-4b19-9f55-cc9cfeebee0b None admin] SCRIPT_NAME: `/identity` {{(pid=86617) log_request_info /opt/stack/keystone/keystone/server/flask/request_processing/req_logging.py:28}}
Jul 26 14:39:48.508048 dv-osbrick-786732-11-iscsi devstack@keystone.service[86617]: DEBUG keystone.server.flask.request_processing.req_logging [None req-4ab2daaf-154f-4b19-9f55-cc9cfeebee0b None admin] PATH_INFO: `/v3/roles/anotherrole` {{(pid=86617) log_request_info /opt/stack/keystone/keystone/server/flask/request_processing/req_logging.py:29}}
Jul 26 14:39:48.529608 dv-osbrick-786732-11-iscsi devstack@keystone.service[86617]: DEBUG keystone.common.rbac_enforcer.enforcer [None req-4ab2daaf-154f-4b19-9f55-cc9cfeebee0b None admin] Extracting inferred target data resulted in "NOT FOUND (404)". {{(pid=86617) enforce_call /opt/stack/keystone/keystone/common/rbac_enforcer/enforcer.py:409}}
Jul 26 14:39:48.534828 dv-osbrick-786732-11-iscsi devstack@keystone.service[86617]: ERROR keystone.server.flask.application [None req-4ab2daaf-154f-4b19-9f55-cc9cfeebee0b None admin] Could not find role: anotherrole.: keystone.exception.RoleNotFound: Could not find role: anotherrole.
Jul 26 14:39:48.534828 dv-osbrick-786732-11-iscsi devstack@keystone.service[86617]: ERROR keystone.server.flask.application
Traceback (most recent call last):
Jul 26 14:39:48.534828 dv-osbrick-786732-11-iscsi devstack@keystone.service[86617]: ERROR keystone.server.flask.application
File "/usr/local/lib/python3.8/dist-packages/flask/app.py", line 1517, in full_dispatch_request
Jul 26 14:39:48.534828 dv-osbrick-786732-11-iscsi devstack@keystone.service[86617]: ERROR keystone.server.flask.application rv = self.dispatch_request()
Jul 26 14:39:48.534828 dv-osbrick-786732-11-iscsi devstack@keystone.service[86617]: ERROR keystone.server.flask.application
File "/usr/local/lib/python3.8/dist-packages/flask/app.py", line 1503, in dispatch_request
Jul 26 14:39:48.534828 dv-osbrick-786732-11-iscsi devstack@keystone.service[86617]: ERROR keystone.server.flask.application return self.ensure_sync(self.view_functions[rule.endpoint])(**req.view_args)
Jul 26 14:39:48.534828 dv-osbrick-786732-11-iscsi devstack@keystone.service[86617]: ERROR keystone.server.flask.application
File "/usr/local/lib/python3.8/dist-packages/flask_restful/__init__.py", line 467, in wrapper
Jul 26 14:39:48.534828 dv-osbrick-786732-11-iscsi devstack@keystone.service[86617]: ERROR keystone.server.flask.application resp = resource(*args, **kwargs)
Jul 26 14:39:48.534828 dv-osbrick-786732-11-iscsi devstack@keystone.service[86617]: ERROR keystone.server.flask.application
File "/usr/local/lib/python3.8/dist-packages/flask/views.py", line 84, in view
Jul 26 14:39:48.534828 dv-osbrick-786732-11-iscsi devstack@keystone.service[86617]: ERROR keystone.server.flask.application return current_app.ensure_sync(self.dispatch_request)(*args, **kwargs)
Jul 26 14:39:48.534828 dv-osbrick-786732-11-iscsi devstack@keystone.service[86617]: ERROR keystone.server.flask.application
File "/usr/local/lib/python3.8/dist-packages/flask_restful/__init__.py", line 582, in dispatch_request
Jul 26 14:39:48.534828 dv-osbrick-786732-11-iscsi devstack@keystone.service[86617]: ERROR keystone.server.flask.application resp = meth(*args, **kwargs)
Jul 26 14:39:48.534828 dv-osbrick-786732-11-iscsi devstack@keystone.service[86617]: ERROR keystone.server.flask.application
File "/opt/stack/keystone/keystone/api/roles.py", line 50, in get
Jul 26 14:39:48.534828 dv-osbrick-786732-11-iscsi devstack@keystone.service[86617]: ERROR keystone.server.flask.application return self._get_role(role_id)
Jul 26 14:39:48.534828 dv-osbrick-786732-11-iscsi devstack@keystone.service[86617]: ERROR keystone.server.flask.application
File "/opt/stack/keystone/keystone/api/roles.py", line 70, in _get_role
Jul 26 14:39:48.534828 dv-osbrick-786732-11-iscsi devstack@keystone.service[86617]: ERROR keystone.server.flask.application ENFORCER.enforce_call(action='identity:get_role')
Jul 26 14:39:48.535747 dv-osbrick-786732-11-iscsi devstack@keystone.service[86617]: ERROR keystone.server.flask.application
File "/opt/stack/keystone/keystone/common/rbac_enforcer/enforcer.py", line 402, in enforce_call
Jul 26 14:39:48.535747 dv-osbrick-786732-11-iscsi devstack@keystone.service[86617]: ERROR keystone.server.flask.application policy_dict.update(cls._extract_member_target_data(
Jul 26 14:39:48.535747 dv-osbrick-786732-11-iscsi devstack@keystone.service[86617]: ERROR keystone.server.flask.application
File "/opt/stack/keystone/keystone/common/rbac_enforcer/enforcer.py", line 234, in _extract_member_target_data
Jul 26 14:39:48.535747 dv-osbrick-786732-11-iscsi devstack@keystone.service[86617]: ERROR keystone.server.flask.application member_name: func(flask.request.view_args[key])
Jul 26 14:39:48.535747 dv-osbrick-786732-11-iscsi devstack@keystone.service[86617]: ERROR keystone.server.flask.application
File "/opt/stack/keystone/keystone/common/manager.py", line 115, in wrapped
Jul 26 14:39:48.535747 dv-osbrick-786732-11-iscsi devstack@keystone.service[86617]: ERROR keystone.server.flask.application __ret_val = __f(*args, **kwargs)
Jul 26 14:39:48.535747 dv-osbrick-786732-11-iscsi devstack@keystone.service[86617]: ERROR keystone.server.flask.application
File "/usr/local/lib/python3.8/dist-packages/decorator.py", line 232, in fun
Jul 26 14:39:48.535747 dv-osbrick-786732-11-iscsi devstack@keystone.service[86617]: ERROR keystone.server.flask.application return caller(func, *(extras + args), **kw)
Jul 26 14:39:48.535747 dv-osbrick-786732-11-iscsi devstack@keystone.service[86617]: ERROR keystone.server.flask.application
File "/usr/local/lib/python3.8/dist-packages/dogpile/cache/region.py", line 1577, in get_or_create_for_user_func
Jul 26 14:39:48.535747 dv-osbrick-786732-11-iscsi devstack@keystone.service[86617]: ERROR keystone.server.flask.application return self.get_or_create(
Jul 26 14:39:48.535747 dv-osbrick-786732-11-iscsi devstack@keystone.service[86617]: ERROR keystone.server.flask.application
File "/usr/local/lib/python3.8/dist-packages/dogpile/cache/region.py", line 1042, in get_or_create
Jul 26 14:39:48.535747 dv-osbrick-786732-11-iscsi devstack@keystone.service[86617]: ERROR keystone.server.flask.application with Lock(
Jul 26 14:39:48.535747 dv-osbrick-786732-11-iscsi devstack@keystone.service[86617]: ERROR keystone.server.flask.application
File "/usr/local/lib/python3.8/dist-packages/dogpile/lock.py", line 185, in __enter__
Jul 26 14:39:48.535747 dv-osbrick-786732-11-iscsi devstack@keystone.service[86617]: ERROR keystone.server.flask.application return self._enter()
Jul 26 14:39:48.535747 dv-osbrick-786732-11-iscsi devstack@keystone.service[86617]: ERROR keystone.server.flask.application
File "/usr/local/lib/python3.8/dist-packages/dogpile/lock.py", line 94, in _enter
Jul 26 14:39:48.535747 dv-osbrick-786732-11-iscsi devstack@keystone.service[86617]: ERROR keystone.server.flask.application generated = self._enter_create(value, createdtime)
Jul 26 14:39:48.536699 dv-osbrick-786732-11-iscsi devstack@keystone.service[86617]: ERROR keystone.server.flask.application
File "/usr/local/lib/python3.8/dist-packages/dogpile/lock.py", line 178, in _enter_create
Jul 26 14:39:48.536699 dv-osbrick-786732-11-iscsi devstack@keystone.service[86617]: ERROR keystone.server.flask.application return self.creator()
Jul 26 14:39:48.536699 dv-osbrick-786732-11-iscsi devstack@keystone.service[86617]: ERROR keystone.server.flask.application
File "/usr/local/lib/python3.8/dist-packages/dogpile/cache/region.py", line 995, in gen_value
Jul 26 14:39:48.536699 dv-osbrick-786732-11-iscsi devstack@keystone.service[86617]: ERROR keystone.server.flask.application created_value = creator(
Jul 26 14:39:48.536699 dv-osbrick-786732-11-iscsi devstack@keystone.service[86617]: ERROR keystone.server.flask.application
File "/opt/stack/keystone/keystone/assignment/core.py", line 1276, in get_role
Jul 26 14:39:48.536699 dv-osbrick-786732-11-iscsi devstack@keystone.service[86617]: ERROR keystone.server.flask.application return self.driver.get_role(role_id)
Jul 26 14:39:48.536699 dv-osbrick-786732-11-iscsi devstack@keystone.service[86617]: ERROR keystone.server.flask.application
File "/opt/stack/keystone/keystone/assignment/role_backends/sql.py", line 70, in get_role
Jul 26 14:39:48.536699 dv-osbrick-786732-11-iscsi devstack@keystone.service[86617]: ERROR keystone.server.flask.application return self._get_role(session, role_id).to_dict()
Jul 26 14:39:48.536699 dv-osbrick-786732-11-iscsi devstack@keystone.service[86617]: ERROR keystone.server.flask.application
File "/opt/stack/keystone/keystone/assignment/role_backends/sql.py", line 65, in _get_role
Jul 26 14:39:48.536699 dv-osbrick-786732-11-iscsi devstack@keystone.service[86617]: ERROR keystone.server.flask.application raise exception.RoleNotFound(role_id=role_id)
Jul 26 14:39:48.536699 dv-osbrick-786732-11-iscsi devstack@keystone.service[86617]: ERROR keystone.server.flask.application keystone.exception.RoleNotFound: Could not find role: anotherrole.
Jul 26 14:39:48.536699 dv-osbrick-786732-11-iscsi devstack@keystone.service[86617]: ERROR keystone.server.flask.application
Jul 26 14:39:48.536699 dv-osbrick-786732-11-iscsi devstack@keystone.service[86617]: [pid: 86617|app: 0|req: 193/390] 10.222.0.90 () {56 vars in 1114 bytes} [Tue Jul 26 14:39:48 2022] GET /identity/v3/roles/anotherrole => generated 89 bytes in 238 msecs (HTTP/1.1 404) 5 headers in 183 bytes (2 switches on core 0)
Jul 26 14:39:48.541848 dv-osbrick-786732-11-iscsi devstack@keystone.service[86616]: DEBUG keystone.server.flask.request_processing.middleware.auth_context [None req-94872e4f-aa62-46e3-b829-e02598f6ebe0 None admin] Authenticating user token {{(pid=86616) process_request /usr/local/lib/python3.8/dist-packages/keystonemiddleware/auth_token/__init__.py:407}}
Jul 26 14:39:48.574162 dv-osbrick-786732-11-iscsi devstack@keystone.service[86616]: DEBUG dbcounter [-] [86616] Writing DB stats keystone:SELECT=99,keystone:INSERT=1 {{(pid=86616) stat_writer /usr/local/lib/python3.8/dist-packages/dbcounter.py:114}}
Jul 26 14:39:48.651439 dv-osbrick-786732-11-iscsi devstack@keystone.service[86616]: DEBUG keystone.server.flask.request_processing.middleware.auth_context [None req-94872e4f-aa62-46e3-b829-e02598f6ebe0 None admin] Validating token access rules against request {{(pid=86616) validate_allowed_request /usr/local/lib/python3.8/dist-packages/keystonemiddleware/auth_token/__init__.py:545}}
Jul 26 14:39:48.699817 dv-osbrick-786732-11-iscsi devstack@keystone.service[86616]: DEBUG keystone.server.flask.request_processing.middleware.auth_context [None req-0d84356d-a186-4502-bf77-9d97ac15bb51 None admin] RBAC: auth_context: {'token': , 'domain_id': None, 'trust_id': None, 'trustor_id': None, 'trustee_id': None, 'domain_name': None, 'group_ids': [], 'user_id': '0af9c1f6acbd47aa9e9bb7c11502bd6c', 'user_domain_id': 'default', 'system_scope': 'all', 'project_id': None, 'project_domain_id': None, 'roles': ['admin', 'member', 'reader'], 'is_admin_project': True, 'service_user_id': None, 'service_user_domain_id': None, 'service_project_id': None, 'service_project_domain_id': None, 'service_roles': []} {{(pid=86616) fill_context /opt/stack/keystone/keystone/server/flask/request_processing/middleware/auth_context.py:478}}
Jul 26 14:39:48.700445 dv-osbrick-786732-11-iscsi devstack@keystone.service[86616]: DEBUG keystone.server.flask.request_processing.req_logging [None req-0d84356d-a186-4502-bf77-9d97ac15bb51 None admin] REQUEST_METHOD: `GET` {{(pid=86616) log_request_info /opt/stack/keystone/keystone/server/flask/request_processing/req_logging.py:27}}
Jul 26 14:39:48.700776 dv-osbrick-786732-11-iscsi devstack@keystone.service[86616]: DEBUG keystone.server.flask.request_processing.req_logging [None req-0d84356d-a186-4502-bf77-9d97ac15bb51 None admin] SCRIPT_NAME: `/identity` {{(pid=86616) log_request_info /opt/stack/keystone/keystone/server/flask/request_processing/req_logging.py:28}}
Jul 26 14:39:48.701061 dv-osbrick-786732-11-iscsi devstack@keystone.service[86616]: DEBUG keystone.server.flask.request_processing.req_logging [None req-0d84356d-a186-4502-bf77-9d97ac15bb51 None admin] PATH_INFO: `/v3/roles` {{(pid=86616) log_request_info /opt/stack/keystone/keystone/server/flask/request_processing/req_logging.py:29}}
Jul 26 14:39:48.701845 dv-osbrick-786732-11-iscsi devstack@keystone.service[86616]: DEBUG keystone.common.rbac_enforcer.enforcer [None req-0d84356d-a186-4502-bf77-9d97ac15bb51 None admin] RBAC: Adding query filter params (name=anotherrole) {{(pid=86616) _extract_filter_values /opt/stack/keystone/keystone/common/rbac_enforcer/enforcer.py:167}}
Jul 26 14:39:48.702155 dv-osbrick-786732-11-iscsi devstack@keystone.service[86616]: DEBUG keystone.common.rbac_enforcer.enforcer [None req-0d84356d-a186-4502-bf77-9d97ac15bb51 None admin] RBAC: Authorizing `identity:list_roles()` {{(pid=86616) enforce_call /opt/stack/keystone/keystone/common/rbac_enforcer/enforcer.py:449}}
Jul 26 14:39:48.704199 dv-osbrick-786732-11-iscsi devstack@keystone.service[86616]: DEBUG keystone.common.rbac_enforcer.enforcer [None req-0d84356d-a186-4502-bf77-9d97ac15bb51 None admin] RBAC: Authorization granted {{(pid=86616) enforce_call /opt/stack/keystone/keystone/common/rbac_enforcer/enforcer.py:457}}
Jul 26 14:39:48.716654 dv-osbrick-786732-11-iscsi devstack@keystone.service[86616]: [pid: 86616|app: 0|req: 198/391] 10.222.0.90 () {56 vars in 1111 bytes} [Tue Jul 26 14:39:48 2022] GET /identity/v3/roles?name=anotherrole => generated 334 bytes in 175 msecs (HTTP/1.1 200) 5 headers in 177 bytes (1 switches on core 0)
Jul 26 14:39:48.722378 dv-osbrick-786732-11-iscsi devstack@keystone.service[86617]: DEBUG keystone.server.flask.request_processing.middleware.auth_context [None req-4ab2daaf-154f-4b19-9f55-cc9cfeebee0b None admin] Authenticating user token {{(pid=86617) process_request /usr/local/lib/python3.8/dist-packages/keystonemiddleware/auth_token/__init__.py:407}}
Jul 26 14:39:48.745621 dv-osbrick-786732-11-iscsi devstack@keystone.service[86617]: DEBUG dbcounter [-] [86617] Writing DB stats keystone:SELECT=100 {{(pid=86617) stat_writer /usr/local/lib/python3.8/dist-packages/dbcounter.py:114}}
Jul 26 14:39:48.853718 dv-osbrick-786732-11-iscsi devstack@keystone.service[86617]: DEBUG keystone.server.flask.request_processing.middleware.auth_context [None req-4ab2daaf-154f-4b19-9f55-cc9cfeebee0b None admin] Validating token access rules against request {{(pid=86617) validate_allowed_request /usr/local/lib/python3.8/dist-packages/keystonemiddleware/auth_token/__init__.py:545}}
Jul 26 14:39:48.908636 dv-osbrick-786732-11-iscsi devstack@keystone.service[86617]: DEBUG keystone.server.flask.request_processing.middleware.auth_context [None req-631709e5-eac0-480d-8fec-da9c6ba72af1 None admin] RBAC: auth_context: {'token': , 'domain_id': None, 'trust_id': None, 'trustor_id': None, 'trustee_id': None, 'domain_name': None, 'group_ids': [], 'user_id': '0af9c1f6acbd47aa9e9bb7c11502bd6c', 'user_domain_id': 'default', 'system_scope': 'all', 'project_id': None, 'project_domain_id': None, 'roles': ['admin', 'member', 'reader'], 'is_admin_project': True, 'service_user_id': None, 'service_user_domain_id': None, 'service_project_id': None, 'service_project_domain_id': None, 'service_roles': []} {{(pid=86617) fill_context /opt/stack/keystone/keystone/server/flask/request_processing/middleware/auth_context.py:478}}
Jul 26 14:39:48.909304 dv-osbrick-786732-11-iscsi devstack@keystone.service[86617]: DEBUG keystone.server.flask.request_processing.req_logging [None req-631709e5-eac0-480d-8fec-da9c6ba72af1 None admin] REQUEST_METHOD: `GET` {{(pid=86617) log_request_info /opt/stack/keystone/keystone/server/flask/request_processing/req_logging.py:27}}
Jul 26 14:39:48.909588 dv-osbrick-786732-11-iscsi devstack@keystone.service[86617]: DEBUG keystone.server.flask.request_processing.req_logging [None req-631709e5-eac0-480d-8fec-da9c6ba72af1 None admin] SCRIPT_NAME: `/identity` {{(pid=86617) log_request_info /opt/stack/keystone/keystone/server/flask/request_processing/req_logging.py:28}}
Jul 26 14:39:48.909889 dv-osbrick-786732-11-iscsi devstack@keystone.service[86617]: DEBUG keystone.server.flask.request_processing.req_logging [None req-631709e5-eac0-480d-8fec-da9c6ba72af1 None admin] PATH_INFO: `/v3/groups/63809e9aa7d44b858c87e2e7b6528359` {{(pid=86617) log_request_info /opt/stack/keystone/keystone/server/flask/request_processing/req_logging.py:29}}
Jul 26 14:39:48.911071 dv-osbrick-786732-11-iscsi devstack@keystone.service[86617]: DEBUG keystone.common.rbac_enforcer.enforcer [None req-631709e5-eac0-480d-8fec-da9c6ba72af1 None admin] RBAC: Authorizing `identity:get_group(group_id=63809e9aa7d44b858c87e2e7b6528359)` {{(pid=86617) enforce_call /opt/stack/keystone/keystone/common/rbac_enforcer/enforcer.py:449}}
Jul 26 14:39:48.912531 dv-osbrick-786732-11-iscsi devstack@keystone.service[86617]: DEBUG keystone.common.rbac_enforcer.enforcer [None req-631709e5-eac0-480d-8fec-da9c6ba72af1 None admin] RBAC: Authorization granted {{(pid=86617) enforce_call /opt/stack/keystone/keystone/common/rbac_enforcer/enforcer.py:457}}
Jul 26 14:39:48.914159 dv-osbrick-786732-11-iscsi devstack@keystone.service[86617]: [pid: 86617|app: 0|req: 194/392] 10.222.0.90 () {56 vars in 1180 bytes} [Tue Jul 26 14:39:48 2022] GET /identity/v3/groups/63809e9aa7d44b858c87e2e7b6528359 => generated 226 bytes in 192 msecs (HTTP/1.1 200) 5 headers in 177 bytes (1 switches on core 0)
Jul 26 14:39:48.919763 dv-osbrick-786732-11-iscsi devstack@keystone.service[86616]: DEBUG keystone.server.flask.request_processing.middleware.auth_context [None req-0d84356d-a186-4502-bf77-9d97ac15bb51 None admin] Authenticating user token {{(pid=86616) process_request /usr/local/lib/python3.8/dist-packages/keystonemiddleware/auth_token/__init__.py:407}}
Jul 26 14:39:49.109343 dv-osbrick-786732-11-iscsi devstack@keystone.service[86616]: DEBUG dbcounter [-] [86616] Writing DB stats keystone:SELECT=100 {{(pid=86616) stat_writer /usr/local/lib/python3.8/dist-packages/dbcounter.py:114}}
Jul 26 14:39:49.120247 dv-osbrick-786732-11-iscsi devstack@keystone.service[86616]: DEBUG keystone.server.flask.request_processing.middleware.auth_context [None req-0d84356d-a186-4502-bf77-9d97ac15bb51 None admin] Validating token access rules against request {{(pid=86616) validate_allowed_request /usr/local/lib/python3.8/dist-packages/keystonemiddleware/auth_token/__init__.py:545}}
Jul 26 14:39:49.162803 dv-osbrick-786732-11-iscsi devstack@keystone.service[86616]: DEBUG keystone.server.flask.request_processing.middleware.auth_context [None req-40e9470e-69ea-4354-8a3e-2a2622efecb8 None admin] RBAC: auth_context: {'token': , 'domain_id': None, 'trust_id': None, 'trustor_id': None, 'trustee_id': None, 'domain_name': None, 'group_ids': [], 'user_id': '0af9c1f6acbd47aa9e9bb7c11502bd6c', 'user_domain_id': 'default', 'system_scope': 'all', 'project_id': None, 'project_domain_id': None, 'roles': ['admin', 'member', 'reader'], 'is_admin_project': True, 'service_user_id': None, 'service_user_domain_id': None, 'service_project_id': None, 'service_project_domain_id': None, 'service_roles': []} {{(pid=86616) fill_context /opt/stack/keystone/keystone/server/flask/request_processing/middleware/auth_context.py:478}}
Jul 26 14:39:49.163454 dv-osbrick-786732-11-iscsi devstack@keystone.service[86616]: DEBUG keystone.server.flask.request_processing.req_logging [None req-40e9470e-69ea-4354-8a3e-2a2622efecb8 None admin] REQUEST_METHOD: `GET` {{(pid=86616) log_request_info /opt/stack/keystone/keystone/server/flask/request_processing/req_logging.py:27}}
Jul 26 14:39:49.163739 dv-osbrick-786732-11-iscsi devstack@keystone.service[86616]: DEBUG keystone.server.flask.request_processing.req_logging [None req-40e9470e-69ea-4354-8a3e-2a2622efecb8 None admin] SCRIPT_NAME: `/identity` {{(pid=86616) log_request_info /opt/stack/keystone/keystone/server/flask/request_processing/req_logging.py:28}}
Jul 26 14:39:49.164016 dv-osbrick-786732-11-iscsi devstack@keystone.service[86616]: DEBUG keystone.server.flask.request_processing.req_logging [None req-40e9470e-69ea-4354-8a3e-2a2622efecb8 None admin] PATH_INFO: `/v3/projects/ec2b8a44b2664aacaf3ca994e70d4af7` {{(pid=86616) log_request_info /opt/stack/keystone/keystone/server/flask/request_processing/req_logging.py:29}}
Jul 26 14:39:49.165180 dv-osbrick-786732-11-iscsi devstack@keystone.service[86616]: DEBUG keystone.common.rbac_enforcer.enforcer [None req-40e9470e-69ea-4354-8a3e-2a2622efecb8 None admin] RBAC: Authorizing `identity:get_project(project_id=ec2b8a44b2664aacaf3ca994e70d4af7)` {{(pid=86616) enforce_call /opt/stack/keystone/keystone/common/rbac_enforcer/enforcer.py:449}}
Jul 26 14:39:49.166731 dv-osbrick-786732-11-iscsi devstack@keystone.service[86616]: DEBUG keystone.common.rbac_enforcer.enforcer [None req-40e9470e-69ea-4354-8a3e-2a2622efecb8 None admin] RBAC: Authorization granted {{(pid=86616) enforce_call /opt/stack/keystone/keystone/common/rbac_enforcer/enforcer.py:457}}
Jul 26 14:39:49.168751 dv-osbrick-786732-11-iscsi devstack@keystone.service[86616]: [pid: 86616|app: 0|req: 199/393] 10.222.0.90 () {56 vars in 1186 bytes} [Tue Jul 26 14:39:48 2022] GET /identity/v3/projects/ec2b8a44b2664aacaf3ca994e70d4af7 => generated 298 bytes in 249 msecs (HTTP/1.1 200) 5 headers in 177 bytes (1 switches on core 0)
Jul 26 14:39:49.178783 dv-osbrick-786732-11-iscsi devstack@keystone.service[86617]: DEBUG keystone.server.flask.request_processing.middleware.auth_context [None req-631709e5-eac0-480d-8fec-da9c6ba72af1 None admin] Authenticating user token {{(pid=86617) process_request /usr/local/lib/python3.8/dist-packages/keystonemiddleware/auth_token/__init__.py:407}}
Jul 26 14:39:49.306474 dv-osbrick-786732-11-iscsi devstack@keystone.service[86617]: DEBUG dbcounter [-] [86617] Writing DB stats keystone:SELECT=100 {{(pid=86617) stat_writer /usr/local/lib/python3.8/dist-packages/dbcounter.py:114}}
Jul 26 14:39:49.326762 dv-osbrick-786732-11-iscsi devstack@keystone.service[86617]: DEBUG keystone.server.flask.request_processing.middleware.auth_context [None req-631709e5-eac0-480d-8fec-da9c6ba72af1 None admin] Validating token access rules against request {{(pid=86617) validate_allowed_request /usr/local/lib/python3.8/dist-packages/keystonemiddleware/auth_token/__init__.py:545}}
Jul 26 14:39:49.365630 dv-osbrick-786732-11-iscsi devstack@keystone.service[86617]: DEBUG keystone.server.flask.request_processing.middleware.auth_context [None req-b9718104-4dc7-4474-bd9f-c303f39f792b None admin] RBAC: auth_context: {'token': , 'domain_id': None, 'trust_id': None, 'trustor_id': None, 'trustee_id': None, 'domain_name': None, 'group_ids': [], 'user_id': '0af9c1f6acbd47aa9e9bb7c11502bd6c', 'user_domain_id': 'default', 'system_scope': 'all', 'project_id': None, 'project_domain_id': None, 'roles': ['admin', 'member', 'reader'], 'is_admin_project': True, 'service_user_id': None, 'service_user_domain_id': None, 'service_project_id': None, 'service_project_domain_id': None, 'service_roles': []} {{(pid=86617) fill_context /opt/stack/keystone/keystone/server/flask/request_processing/middleware/auth_context.py:478}}
Jul 26 14:39:49.366260 dv-osbrick-786732-11-iscsi devstack@keystone.service[86617]: DEBUG keystone.server.flask.request_processing.req_logging [None req-b9718104-4dc7-4474-bd9f-c303f39f792b None admin] REQUEST_METHOD: `PUT` {{(pid=86617) log_request_info /opt/stack/keystone/keystone/server/flask/request_processing/req_logging.py:27}}
Jul 26 14:39:49.366538 dv-osbrick-786732-11-iscsi devstack@keystone.service[86617]: DEBUG keystone.server.flask.request_processing.req_logging [None req-b9718104-4dc7-4474-bd9f-c303f39f792b None admin] SCRIPT_NAME: `/identity` {{(pid=86617) log_request_info /opt/stack/keystone/keystone/server/flask/request_processing/req_logging.py:28}}
Jul 26 14:39:49.366809 dv-osbrick-786732-11-iscsi devstack@keystone.service[86617]: DEBUG keystone.server.flask.request_processing.req_logging [None req-b9718104-4dc7-4474-bd9f-c303f39f792b None admin] PATH_INFO: `/v3/projects/ec2b8a44b2664aacaf3ca994e70d4af7/groups/63809e9aa7d44b858c87e2e7b6528359/roles/2bfe49f0d104417b81ecc5ef565a6f2e` {{(pid=86617) log_request_info /opt/stack/keystone/keystone/server/flask/request_processing/req_logging.py:29}}
Jul 26 14:39:49.368999 dv-osbrick-786732-11-iscsi devstack@keystone.service[86617]: DEBUG keystone.common.rbac_enforcer.enforcer [None req-b9718104-4dc7-4474-bd9f-c303f39f792b None admin] RBAC: Authorizing `identity:create_grant(project_id=ec2b8a44b2664aacaf3ca994e70d4af7, group_id=63809e9aa7d44b858c87e2e7b6528359, role_id=2bfe49f0d104417b81ecc5ef565a6f2e)` {{(pid=86617) enforce_call /opt/stack/keystone/keystone/common/rbac_enforcer/enforcer.py:449}}
Jul 26 14:39:49.370460 dv-osbrick-786732-11-iscsi devstack@keystone.service[86617]: DEBUG keystone.common.rbac_enforcer.enforcer [None req-b9718104-4dc7-4474-bd9f-c303f39f792b None admin] RBAC: Authorization granted {{(pid=86617) enforce_call /opt/stack/keystone/keystone/common/rbac_enforcer/enforcer.py:457}}
Jul 26 14:39:49.389531 dv-osbrick-786732-11-iscsi devstack@keystone.service[86617]: [pid: 86617|app: 0|req: 195/394] 10.222.0.90 () {58 vars in 1442 bytes} [Tue Jul 26 14:39:49 2022] PUT /identity/v3/projects/ec2b8a44b2664aacaf3ca994e70d4af7/groups/63809e9aa7d44b858c87e2e7b6528359/roles/2bfe49f0d104417b81ecc5ef565a6f2e => generated 0 bytes in 211 msecs (HTTP/1.1 204) 3 headers in 132 bytes (0 switches on core 0)
Jul 26 14:39:49.926517 dv-osbrick-786732-11-iscsi devstack@keystone.service[86616]: DEBUG keystone.server.flask.request_processing.req_logging [None req-dc49e612-50a3-42aa-a019-4b0a98260b39 None None] REQUEST_METHOD: `GET` {{(pid=86616) log_request_info /opt/stack/keystone/keystone/server/flask/request_processing/req_logging.py:27}}
Jul 26 14:39:49.927045 dv-osbrick-786732-11-iscsi devstack@keystone.service[86616]: DEBUG keystone.server.flask.request_processing.req_logging [None req-dc49e612-50a3-42aa-a019-4b0a98260b39 None None] SCRIPT_NAME: `/identity` {{(pid=86616) log_request_info /opt/stack/keystone/keystone/server/flask/request_processing/req_logging.py:28}}
Jul 26 14:39:49.927045 dv-osbrick-786732-11-iscsi devstack@keystone.service[86616]: DEBUG keystone.server.flask.request_processing.req_logging [None req-dc49e612-50a3-42aa-a019-4b0a98260b39 None None] PATH_INFO: `/` {{(pid=86616) log_request_info /opt/stack/keystone/keystone/server/flask/request_processing/req_logging.py:29}}
Jul 26 14:39:49.928743 dv-osbrick-786732-11-iscsi devstack@keystone.service[86616]: [pid: 86616|app: 0|req: 200/395] 10.222.0.90 () {54 vars in 926 bytes} [Tue Jul 26 14:39:49 2022] GET /identity => generated 270 bytes in 3 msecs (HTTP/1.1 300) 6 headers in 234 bytes (1 switches on core 0)
Jul 26 14:39:49.934234 dv-osbrick-786732-11-iscsi devstack@keystone.service[86617]: DEBUG keystone.server.flask.request_processing.req_logging [None req-0b7e15dc-50fa-4289-8a7c-3f3b06312698 None None] REQUEST_METHOD: `GET` {{(pid=86617) log_request_info /opt/stack/keystone/keystone/server/flask/request_processing/req_logging.py:27}}
Jul 26 14:39:49.934766 dv-osbrick-786732-11-iscsi devstack@keystone.service[86617]: DEBUG keystone.server.flask.request_processing.req_logging [None req-0b7e15dc-50fa-4289-8a7c-3f3b06312698 None None] SCRIPT_NAME: `/identity` {{(pid=86617) log_request_info /opt/stack/keystone/keystone/server/flask/request_processing/req_logging.py:28}}
Jul 26 14:39:49.934766 dv-osbrick-786732-11-iscsi devstack@keystone.service[86617]: DEBUG keystone.server.flask.request_processing.req_logging [None req-0b7e15dc-50fa-4289-8a7c-3f3b06312698 None None] PATH_INFO: `/` {{(pid=86617) log_request_info /opt/stack/keystone/keystone/server/flask/request_processing/req_logging.py:29}}
Jul 26 14:39:49.936550 dv-osbrick-786732-11-iscsi devstack@keystone.service[86617]: [pid: 86617|app: 0|req: 196/396] 10.222.0.90 () {54 vars in 926 bytes} [Tue Jul 26 14:39:49 2022] GET /identity => generated 270 bytes in 3 msecs (HTTP/1.1 300) 6 headers in 234 bytes (1 switches on core 0)
Jul 26 14:39:49.939233 dv-osbrick-786732-11-iscsi devstack@keystone.service[86616]: DEBUG keystone.server.flask.request_processing.req_logging [None req-225302e7-e564-46e2-add9-899c7346ba67 None None] REQUEST_METHOD: `POST` {{(pid=86616) log_request_info /opt/stack/keystone/keystone/server/flask/request_processing/req_logging.py:27}}
Jul 26 14:39:49.939522 dv-osbrick-786732-11-iscsi devstack@keystone.service[86616]: DEBUG keystone.server.flask.request_processing.req_logging [None req-225302e7-e564-46e2-add9-899c7346ba67 None None] SCRIPT_NAME: `/identity` {{(pid=86616) log_request_info /opt/stack/keystone/keystone/server/flask/request_processing/req_logging.py:28}}
Jul 26 14:39:49.939796 dv-osbrick-786732-11-iscsi devstack@keystone.service[86616]: DEBUG keystone.server.flask.request_processing.req_logging [None req-225302e7-e564-46e2-add9-899c7346ba67 None None] PATH_INFO: `/v3/auth/tokens` {{(pid=86616) log_request_info /opt/stack/keystone/keystone/server/flask/request_processing/req_logging.py:29}}
Jul 26 14:39:49.945033 dv-osbrick-786732-11-iscsi devstack@keystone.service[86617]: DEBUG keystone.server.flask.request_processing.req_logging [None req-f1a7c6c4-015c-4422-904d-a7783da86353 None None] REQUEST_METHOD: `POST` {{(pid=86617) log_request_info /opt/stack/keystone/keystone/server/flask/request_processing/req_logging.py:27}}
Jul 26 14:39:49.945338 dv-osbrick-786732-11-iscsi devstack@keystone.service[86617]: DEBUG keystone.server.flask.request_processing.req_logging [None req-f1a7c6c4-015c-4422-904d-a7783da86353 None None] SCRIPT_NAME: `/identity` {{(pid=86617) log_request_info /opt/stack/keystone/keystone/server/flask/request_processing/req_logging.py:28}}
Jul 26 14:39:49.945582 dv-osbrick-786732-11-iscsi devstack@keystone.service[86617]: DEBUG keystone.server.flask.request_processing.req_logging [None req-f1a7c6c4-015c-4422-904d-a7783da86353 None None] PATH_INFO: `/v3/auth/tokens` {{(pid=86617) log_request_info /opt/stack/keystone/keystone/server/flask/request_processing/req_logging.py:29}}
Jul 26 14:39:49.965966 dv-osbrick-786732-11-iscsi devstack@keystone.service[86616]: DEBUG keystone.auth.core [None req-225302e7-e564-46e2-add9-899c7346ba67 None None] MFA Rules not processed for user `0af9c1f6acbd47aa9e9bb7c11502bd6c`. Rule list: `[]` (Enabled: `True`). {{(pid=86616) check_auth_methods_against_rules /opt/stack/keystone/keystone/auth/core.py:438}}
Jul 26 14:39:49.967500 dv-osbrick-786732-11-iscsi devstack@keystone.service[86616]: DEBUG keystone.common.fernet_utils [None req-225302e7-e564-46e2-add9-899c7346ba67 None None] Loaded 2 Fernet keys from /etc/keystone/fernet-keys/, but `[fernet_tokens] max_active_keys = 3`; perhaps there have not been enough key rotations to reach `max_active_keys` yet? {{(pid=86616) load_keys /opt/stack/keystone/keystone/common/fernet_utils.py:286}}
Jul 26 14:39:49.973950 dv-osbrick-786732-11-iscsi devstack@keystone.service[86617]: DEBUG keystone.auth.core [None req-f1a7c6c4-015c-4422-904d-a7783da86353 None None] MFA Rules not processed for user `0af9c1f6acbd47aa9e9bb7c11502bd6c`. Rule list: `[]` (Enabled: `True`). {{(pid=86617) check_auth_methods_against_rules /opt/stack/keystone/keystone/auth/core.py:438}}
Jul 26 14:39:49.975305 dv-osbrick-786732-11-iscsi devstack@keystone.service[86617]: DEBUG keystone.common.fernet_utils [None req-f1a7c6c4-015c-4422-904d-a7783da86353 None None] Loaded 2 Fernet keys from /etc/keystone/fernet-keys/, but `[fernet_tokens] max_active_keys = 3`; perhaps there have not been enough key rotations to reach `max_active_keys` yet? {{(pid=86617) load_keys /opt/stack/keystone/keystone/common/fernet_utils.py:286}}
Jul 26 14:39:50.041115 dv-osbrick-786732-11-iscsi devstack@keystone.service[86616]: [pid: 86616|app: 0|req: 201/397] 10.222.0.90 () {58 vars in 1023 bytes} [Tue Jul 26 14:39:49 2022] POST /identity/v3/auth/tokens => generated 799 bytes in 103 msecs (HTTP/1.1 201) 6 headers in 363 bytes (1 switches on core 0)
Jul 26 14:39:50.042715 dv-osbrick-786732-11-iscsi devstack@keystone.service[86616]: DEBUG keystone.server.flask.request_processing.req_logging [None req-0d69dd59-e9c2-4a80-804a-2d120502c70c None None] REQUEST_METHOD: `GET` {{(pid=86616) log_request_info /opt/stack/keystone/keystone/server/flask/request_processing/req_logging.py:27}}
Jul 26 14:39:50.043266 dv-osbrick-786732-11-iscsi devstack@keystone.service[86616]: DEBUG keystone.server.flask.request_processing.req_logging [None req-0d69dd59-e9c2-4a80-804a-2d120502c70c None None] SCRIPT_NAME: `/identity` {{(pid=86616) log_request_info /opt/stack/keystone/keystone/server/flask/request_processing/req_logging.py:28}}
Jul 26 14:39:50.043811 dv-osbrick-786732-11-iscsi devstack@keystone.service[86616]: DEBUG keystone.server.flask.request_processing.req_logging [None req-0d69dd59-e9c2-4a80-804a-2d120502c70c None None] PATH_INFO: `/` {{(pid=86616) log_request_info /opt/stack/keystone/keystone/server/flask/request_processing/req_logging.py:29}}
Jul 26 14:39:50.045493 dv-osbrick-786732-11-iscsi devstack@keystone.service[86616]: [pid: 86616|app: 0|req: 202/398] 10.222.0.90 () {54 vars in 926 bytes} [Tue Jul 26 14:39:50 2022] GET /identity => generated 270 bytes in 4 msecs (HTTP/1.1 300) 6 headers in 234 bytes (1 switches on core 0)
Jul 26 14:39:50.050246 dv-osbrick-786732-11-iscsi devstack@keystone.service[86617]: [pid: 86617|app: 0|req: 197/399] 10.222.0.90 () {58 vars in 1023 bytes} [Tue Jul 26 14:39:49 2022] POST /identity/v3/auth/tokens => generated 799 bytes in 103 msecs (HTTP/1.1 201) 6 headers in 363 bytes (1 switches on core 0)
Jul 26 14:39:50.051681 dv-osbrick-786732-11-iscsi devstack@keystone.service[86616]: DEBUG keystone.server.flask.request_processing.req_logging [None req-c2e97e54-3152-4f69-b26b-b9441b1b1dcc None None] REQUEST_METHOD: `POST` {{(pid=86616) log_request_info /opt/stack/keystone/keystone/server/flask/request_processing/req_logging.py:27}}
Jul 26 14:39:50.052175 dv-osbrick-786732-11-iscsi devstack@keystone.service[86616]: DEBUG keystone.server.flask.request_processing.req_logging [None req-c2e97e54-3152-4f69-b26b-b9441b1b1dcc None None] SCRIPT_NAME: `/identity` {{(pid=86616) log_request_info /opt/stack/keystone/keystone/server/flask/request_processing/req_logging.py:28}}
Jul 26 14:39:50.052658 dv-osbrick-786732-11-iscsi devstack@keystone.service[86616]: DEBUG keystone.server.flask.request_processing.req_logging [None req-c2e97e54-3152-4f69-b26b-b9441b1b1dcc None None] PATH_INFO: `/v3/auth/tokens` {{(pid=86616) log_request_info /opt/stack/keystone/keystone/server/flask/request_processing/req_logging.py:29}}
Jul 26 14:39:50.070412 dv-osbrick-786732-11-iscsi devstack@keystone.service[86617]: DEBUG keystone.server.flask.request_processing.middleware.auth_context [None req-f1a7c6c4-015c-4422-904d-a7783da86353 None None] Authenticating user token {{(pid=86617) process_request /usr/local/lib/python3.8/dist-packages/keystonemiddleware/auth_token/__init__.py:407}}
Jul 26 14:39:50.076093 dv-osbrick-786732-11-iscsi devstack@keystone.service[86616]: DEBUG keystone.auth.core [None req-c2e97e54-3152-4f69-b26b-b9441b1b1dcc None None] MFA Rules not processed for user `0af9c1f6acbd47aa9e9bb7c11502bd6c`. Rule list: `[]` (Enabled: `True`). {{(pid=86616) check_auth_methods_against_rules /opt/stack/keystone/keystone/auth/core.py:438}}
Jul 26 14:39:50.077530 dv-osbrick-786732-11-iscsi devstack@keystone.service[86616]: DEBUG keystone.common.fernet_utils [None req-c2e97e54-3152-4f69-b26b-b9441b1b1dcc None None] Loaded 2 Fernet keys from /etc/keystone/fernet-keys/, but `[fernet_tokens] max_active_keys = 3`; perhaps there have not been enough key rotations to reach `max_active_keys` yet? {{(pid=86616) load_keys /opt/stack/keystone/keystone/common/fernet_utils.py:286}}
Jul 26 14:39:50.151456 dv-osbrick-786732-11-iscsi devstack@keystone.service[86616]: [pid: 86616|app: 0|req: 203/400] 10.222.0.90 () {58 vars in 1023 bytes} [Tue Jul 26 14:39:50 2022] POST /identity/v3/auth/tokens => generated 799 bytes in 100 msecs (HTTP/1.1 201) 6 headers in 363 bytes (2 switches on core 0)
Jul 26 14:39:50.158274 dv-osbrick-786732-11-iscsi devstack@keystone.service[86617]: DEBUG dbcounter [-] [86617] Writing DB stats keystone:SELECT=99,keystone:INSERT=1 {{(pid=86617) stat_writer /usr/local/lib/python3.8/dist-packages/dbcounter.py:114}}
Jul 26 14:39:50.160055 dv-osbrick-786732-11-iscsi devstack@keystone.service[86616]: DEBUG keystone.server.flask.request_processing.middleware.auth_context [None req-c2e97e54-3152-4f69-b26b-b9441b1b1dcc None None] Authenticating user token {{(pid=86616) process_request /usr/local/lib/python3.8/dist-packages/keystonemiddleware/auth_token/__init__.py:407}}
Jul 26 14:39:50.182395 dv-osbrick-786732-11-iscsi devstack@keystone.service[86617]: DEBUG keystone.server.flask.request_processing.middleware.auth_context [None req-f1a7c6c4-015c-4422-904d-a7783da86353 None None] Validating token access rules against request {{(pid=86617) validate_allowed_request /usr/local/lib/python3.8/dist-packages/keystonemiddleware/auth_token/__init__.py:545}}
Jul 26 14:39:50.201552 dv-osbrick-786732-11-iscsi devstack@keystone.service[86616]: DEBUG dbcounter [-] [86616] Writing DB stats keystone:SELECT=100 {{(pid=86616) stat_writer /usr/local/lib/python3.8/dist-packages/dbcounter.py:114}}
Jul 26 14:39:50.220143 dv-osbrick-786732-11-iscsi devstack@keystone.service[86617]: DEBUG keystone.server.flask.request_processing.middleware.auth_context [None req-767cac4d-72f0-49da-8ce2-99826e35662a None admin] RBAC: auth_context: {'token': , 'domain_id': None, 'trust_id': None, 'trustor_id': None, 'trustee_id': None, 'domain_name': None, 'group_ids': [], 'user_id': '0af9c1f6acbd47aa9e9bb7c11502bd6c', 'user_domain_id': 'default', 'system_scope': 'all', 'project_id': None, 'project_domain_id': None, 'roles': ['admin', 'member', 'reader'], 'is_admin_project': True, 'service_user_id': None, 'service_user_domain_id': None, 'service_project_id': None, 'service_project_domain_id': None, 'service_roles': []} {{(pid=86617) fill_context /opt/stack/keystone/keystone/server/flask/request_processing/middleware/auth_context.py:478}}
Jul 26 14:39:50.221129 dv-osbrick-786732-11-iscsi devstack@keystone.service[86617]: DEBUG keystone.server.flask.request_processing.req_logging [None req-767cac4d-72f0-49da-8ce2-99826e35662a None admin] REQUEST_METHOD: `GET` {{(pid=86617) log_request_info /opt/stack/keystone/keystone/server/flask/request_processing/req_logging.py:27}}
