May 24 14:21:15.609920 dv-osbrick-786730-6-iscsi neutron-server[92236]: INFO neutron.wsgi [req-6d84a7e7-f286-455d-8a40-0e304199e0fd req-65a69f1e-821d-4ff5-8ed4-b44879f46d39 service neutron] 10.222.0.63 "GET /v2.0/ports?network_id=689e38d4-d4cc-48bf-9047-241688c11d10&device_owner=network%3Adhcp HTTP/1.1" status: 200 len: 1176 time: 0.0695400
May 24 14:21:15.671504 dv-osbrick-786730-6-iscsi neutron-server[92237]: DEBUG neutron.pecan_wsgi.hooks.policy_enforcement [req-34864da5-462f-4fa3-9a04-2682096219d6 req-81b225c1-f3b6-4437-9c37-addaacb2577d tempest-TestVolumeBootPattern-1374960478 tempest-TestVolumeBootPattern-1374960478-project] Attributes excluded by policy engine: ['standard_attr_id', 'binding:profile', 'binding:host_id', 'binding:vif_type', 'binding:vif_details'] {{(pid=92237) _exclude_attributes_by_policy /opt/stack/neutron/neutron/pecan_wsgi/hooks/policy_enforcement.py:255}}
May 24 14:21:15.672968 dv-osbrick-786730-6-iscsi neutron-server[92237]: INFO neutron.wsgi [req-34864da5-462f-4fa3-9a04-2682096219d6 req-81b225c1-f3b6-4437-9c37-addaacb2577d tempest-TestVolumeBootPattern-1374960478 tempest-TestVolumeBootPattern-1374960478-project] 10.222.0.16 "GET /v2.0/ports?device_id=b2554dd8-1c0e-4501-8619-562634ba6113 HTTP/1.1" status: 200 len: 944 time: 0.0831697
May 24 14:21:15.717537 dv-osbrick-786730-6-iscsi neutron-server[92237]: INFO neutron.wsgi [req-34864da5-462f-4fa3-9a04-2682096219d6 req-ec535f8f-28a6-4361-a179-801c9523eaf4 tempest-TestVolumeBootPattern-1374960478 tempest-TestVolumeBootPattern-1374960478-project] 10.222.0.16 "GET /v2.0/security-groups?id=2cf6a064-3ac9-42ce-96d6-3dcdc5821536&fields=id&fields=name HTTP/1.1" status: 200 len: 286 time: 0.0385475
May 24 14:21:15.742604 dv-osbrick-786730-6-iscsi neutron-server[92236]: INFO neutron.wsgi [req-6d84a7e7-f286-455d-8a40-0e304199e0fd req-e8032717-d805-4d26-8f4d-f1b733dbe4c2 service neutron] 10.222.0.63 "GET /v2.0/networks/689e38d4-d4cc-48bf-9047-241688c11d10?fields=segments HTTP/1.1" status: 200 len: 212 time: 0.1241484
May 24 14:21:15.873805 dv-osbrick-786730-6-iscsi neutron-server[92236]: INFO neutron.wsgi [req-6d84a7e7-f286-455d-8a40-0e304199e0fd req-1b73c028-f4cc-4a45-bb9d-29bb5b148b2a service neutron] 10.222.0.63 "GET /v2.0/networks/689e38d4-d4cc-48bf-9047-241688c11d10?fields=provider%3Aphysical_network&fields=provider%3Anetwork_type HTTP/1.1" status: 200 len: 281 time: 0.1239433
May 24 14:21:16.608832 dv-osbrick-786730-6-iscsi neutron-server[92236]: DEBUG neutron.pecan_wsgi.hooks.policy_enforcement [req-4dea7e58-0b3b-4f69-8629-d6ff372484ab req-e452cab8-8ddc-4073-967d-ebdf7c42dc42 tempest-TestMinimumBasicScenario-151951504 tempest-TestMinimumBasicScenario-151951504-project] Attributes excluded by policy engine: ['standard_attr_id', 'binding:profile', 'binding:host_id', 'binding:vif_type', 'binding:vif_details'] {{(pid=92236) _exclude_attributes_by_policy /opt/stack/neutron/neutron/pecan_wsgi/hooks/policy_enforcement.py:255}}
May 24 14:21:16.610258 dv-osbrick-786730-6-iscsi neutron-server[92236]: INFO neutron.wsgi [req-4dea7e58-0b3b-4f69-8629-d6ff372484ab req-e452cab8-8ddc-4073-967d-ebdf7c42dc42 tempest-TestMinimumBasicScenario-151951504 tempest-TestMinimumBasicScenario-151951504-project] 10.222.0.16 "GET /v2.0/ports?device_id=c37a503a-2876-4eb8-8993-c300e0845a67 HTTP/1.1" status: 200 len: 984 time: 0.0803373
May 24 14:21:16.655519 dv-osbrick-786730-6-iscsi neutron-server[92236]: INFO neutron.wsgi [req-4dea7e58-0b3b-4f69-8629-d6ff372484ab req-6c01671d-5f11-47a0-9203-ace3ab33cb91 tempest-TestMinimumBasicScenario-151951504 tempest-TestMinimumBasicScenario-151951504-project] 10.222.0.16 "GET /v2.0/security-groups?id=b5e7f908-f7d1-472f-b3a5-142bfb887290&id=9f726f3e-7f5a-42f4-805f-2029d5ffcfcc&fields=id&fields=name HTTP/1.1" status: 200 len: 380 time: 0.0396936
May 24 14:21:16.896890 dv-osbrick-786730-6-iscsi neutron-server[92237]: DEBUG neutron.pecan_wsgi.hooks.policy_enforcement [req-dfe9d5f5-15ec-4ebc-b912-4f4d5122a14e req-6d136367-f0d4-474b-a02b-b106314bea93 tempest-TestVolumeBootPattern-1374960478 tempest-TestVolumeBootPattern-1374960478-project] Attributes excluded by policy engine: ['standard_attr_id', 'binding:profile', 'binding:host_id', 'binding:vif_type', 'binding:vif_details'] {{(pid=92237) _exclude_attributes_by_policy /opt/stack/neutron/neutron/pecan_wsgi/hooks/policy_enforcement.py:255}}
May 24 14:21:16.898331 dv-osbrick-786730-6-iscsi neutron-server[92237]: INFO neutron.wsgi [req-dfe9d5f5-15ec-4ebc-b912-4f4d5122a14e req-6d136367-f0d4-474b-a02b-b106314bea93 tempest-TestVolumeBootPattern-1374960478 tempest-TestVolumeBootPattern-1374960478-project] 10.222.0.16 "GET /v2.0/ports?device_id=b2554dd8-1c0e-4501-8619-562634ba6113 HTTP/1.1" status: 200 len: 944 time: 0.0774283
May 24 14:21:16.950546 dv-osbrick-786730-6-iscsi neutron-server[92237]: INFO neutron.wsgi [req-dfe9d5f5-15ec-4ebc-b912-4f4d5122a14e req-22b39e27-561d-473e-afda-f52f1dcefa54 tempest-TestVolumeBootPattern-1374960478 tempest-TestVolumeBootPattern-1374960478-project] 10.222.0.16 "GET /v2.0/security-groups?id=2cf6a064-3ac9-42ce-96d6-3dcdc5821536&fields=id&fields=name HTTP/1.1" status: 200 len: 286 time: 0.0465751
May 24 14:21:17.781309 dv-osbrick-786730-6-iscsi neutron-server[92238]: DEBUG neutron.plugins.ml2.rpc [None req-97aeaf2d-8e21-4fa2-9dab-961ccd9aafea None None] Device 0edd08df-4a16-45b0-8332-9c6e80bd7771 details requested by agent hyperv_hv-osbrick-7867 with host hv-osbrick-7867 {{(pid=92238) get_device_details /opt/stack/neutron/neutron/plugins/ml2/rpc.py:88}}
May 24 14:21:17.835643 dv-osbrick-786730-6-iscsi neutron-server[92236]: DEBUG neutron.pecan_wsgi.hooks.policy_enforcement [req-346a2530-aebe-4e36-bd24-ac20e8e8aeb4 req-05c9bbb5-a4f9-4a57-9bb5-b2abb7572831 tempest-TestMinimumBasicScenario-151951504 tempest-TestMinimumBasicScenario-151951504-project] Attributes excluded by policy engine: ['standard_attr_id', 'binding:profile', 'binding:host_id', 'binding:vif_type', 'binding:vif_details'] {{(pid=92236) _exclude_attributes_by_policy /opt/stack/neutron/neutron/pecan_wsgi/hooks/policy_enforcement.py:255}}
May 24 14:21:17.837707 dv-osbrick-786730-6-iscsi neutron-server[92236]: INFO neutron.wsgi [req-346a2530-aebe-4e36-bd24-ac20e8e8aeb4 req-05c9bbb5-a4f9-4a57-9bb5-b2abb7572831 tempest-TestMinimumBasicScenario-151951504 tempest-TestMinimumBasicScenario-151951504-project] 10.222.0.16 "GET /v2.0/ports?device_id=c37a503a-2876-4eb8-8993-c300e0845a67 HTTP/1.1" status: 200 len: 984 time: 0.0791540
May 24 14:21:17.883120 dv-osbrick-786730-6-iscsi neutron-server[92236]: INFO neutron.wsgi [req-346a2530-aebe-4e36-bd24-ac20e8e8aeb4 req-5b260e99-99f0-4015-8a04-e12e9ece28a8 tempest-TestMinimumBasicScenario-151951504 tempest-TestMinimumBasicScenario-151951504-project] 10.222.0.16 "GET /v2.0/security-groups?id=b5e7f908-f7d1-472f-b3a5-142bfb887290&id=9f726f3e-7f5a-42f4-805f-2029d5ffcfcc&fields=id&fields=name HTTP/1.1" status: 200 len: 380 time: 0.0396743
May 24 14:21:17.912471 dv-osbrick-786730-6-iscsi neutron-server[92238]: DEBUG neutron.plugins.ml2.db [None req-97aeaf2d-8e21-4fa2-9dab-961ccd9aafea None None] For port 0edd08df-4a16-45b0-8332-9c6e80bd7771, host hv-osbrick-7867, got binding levels [PortBindingLevel(driver='hyperv',host='hv-osbrick-7867',level=0,port_id=0edd08df-4a16-45b0-8332-9c6e80bd7771,segment=NetworkSegment(b1e03dfb-fd7f-4897-beaa-12c6c383ba26),segment_id=b1e03dfb-fd7f-4897-beaa-12c6c383ba26)] {{(pid=92238) get_binding_level_objs /opt/stack/neutron/neutron/plugins/ml2/db.py:75}}
May 24 14:21:17.925249 dv-osbrick-786730-6-iscsi neutron-server[92238]: DEBUG neutron.plugins.ml2.rpc [None req-97aeaf2d-8e21-4fa2-9dab-961ccd9aafea None None] Returning: {'device': '0edd08df-4a16-45b0-8332-9c6e80bd7771', 'network_id': '6a4a0fd5-db1d-4b5f-8d96-8234f79a754c', 'port_id': '0edd08df-4a16-45b0-8332-9c6e80bd7771', 'mac_address': 'fa:16:3e:76:cf:30', 'admin_state_up': True, 'network_type': 'vlan', 'segmentation_id': 157, 'physical_network': 'physnet1', 'mtu': 1500, 'fixed_ips': [{'subnet_id': '3884f637-abdd-4c01-ad32-a450eac3de6f', 'ip_address': '172.20.0.12'}], 'device_owner': 'compute:nova', 'allowed_address_pairs': [], 'port_security_enabled': True, 'qos_policy_id': None, 'network_qos_policy_id': None, 'profile': {}, 'propagate_uplink_status': False} {{(pid=92238) _get_device_details /opt/stack/neutron/neutron/plugins/ml2/rpc.py:168}}
May 24 14:21:17.978757 dv-osbrick-786730-6-iscsi neutron-server[92238]: DEBUG neutron_lib.callbacks.manager [None req-97aeaf2d-8e21-4fa2-9dab-961ccd9aafea None None] Notify callbacks ['neutron.plugins.ml2.plugin.SecurityGroupDbMixin._ensure_default_security_group_handler_port-7754270'] for port, before_update {{(pid=92238) _notify_loop /usr/local/lib/python3.8/dist-packages/neutron_lib/callbacks/manager.py:192}}
May 24 14:21:17.995597 dv-osbrick-786730-6-iscsi neutron-server[92238]: DEBUG neutron.notifiers.nova [None req-97aeaf2d-8e21-4fa2-9dab-961ccd9aafea None None] Ignoring state change previous_port_status: DOWN current_port_status: BUILD port_id 0edd08df-4a16-45b0-8332-9c6e80bd7771 {{(pid=92238) record_port_status_changed /opt/stack/neutron/neutron/notifiers/nova.py:224}}
May 24 14:21:18.011103 dv-osbrick-786730-6-iscsi neutron-server[92238]: DEBUG neutron.plugins.ml2.db [None req-97aeaf2d-8e21-4fa2-9dab-961ccd9aafea None None] For port 0edd08df-4a16-45b0-8332-9c6e80bd7771, host hv-osbrick-7867, got binding levels [PortBindingLevel(driver='hyperv',host='hv-osbrick-7867',level=0,port_id=0edd08df-4a16-45b0-8332-9c6e80bd7771,segment=NetworkSegment(b1e03dfb-fd7f-4897-beaa-12c6c383ba26),segment_id=b1e03dfb-fd7f-4897-beaa-12c6c383ba26)] {{(pid=92238) get_binding_level_objs /opt/stack/neutron/neutron/plugins/ml2/db.py:75}}
May 24 14:21:18.101214 dv-osbrick-786730-6-iscsi neutron-server[92238]: DEBUG neutron_lib.callbacks.manager [None req-97aeaf2d-8e21-4fa2-9dab-961ccd9aafea None None] Notify callbacks ['neutron.plugins.ml2.plugin.SecurityGroupServerNotifierRpcMixin.notify_sg_on_port_change-7754697', 'neutron.plugins.ml2.ovo_rpc._ObjectChangeHandler.handle_event-194814', 'neutron.api.rpc.agentnotifiers.dhcp_rpc_agent_api.DhcpAgentNotifyAPI._native_event_send_dhcp_notification-7874742', 'neutron.db.l3_db.L3RpcNotifierMixin._notify_gateway_port_ip_changed-8782180456084', 'neutron.db.l3_dvrscheduler_db._notify_l3_agent_port_update-8782180021486', 'neutron.db.l3_hascheduler_db._notify_l3_agent_ha_port_update-8782180022303'] for port, after_update {{(pid=92238) _notify_loop /usr/local/lib/python3.8/dist-packages/neutron_lib/callbacks/manager.py:192}}
May 24 14:21:18.103248 dv-osbrick-786730-6-iscsi neutron-server[92238]: DEBUG oslo_concurrency.lockutils [None req-4418d40e-e15c-4d5f-a4a1-23ab7ceaa116 None None] Lock "event-dispatch" acquired by "neutron.plugins.ml2.ovo_rpc._ObjectChangeHandler.dispatch_events" :: waited 0.000s {{(pid=92238) inner /usr/local/lib/python3.8/dist-packages/oslo_concurrency/lockutils.py:355}}
May 24 14:21:18.136491 dv-osbrick-786730-6-iscsi neutron-server[92237]: DEBUG neutron.pecan_wsgi.hooks.policy_enforcement [req-44c1eac9-dee0-48d9-8812-e40b545fd9be req-b6a16908-2df7-4dc3-86ed-aaf1cdab9924 tempest-TestVolumeBootPattern-1374960478 tempest-TestVolumeBootPattern-1374960478-project] Attributes excluded by policy engine: ['standard_attr_id', 'binding:profile', 'binding:host_id', 'binding:vif_type', 'binding:vif_details'] {{(pid=92237) _exclude_attributes_by_policy /opt/stack/neutron/neutron/pecan_wsgi/hooks/policy_enforcement.py:255}}
May 24 14:21:18.137990 dv-osbrick-786730-6-iscsi neutron-server[92237]: INFO neutron.wsgi [req-44c1eac9-dee0-48d9-8812-e40b545fd9be req-b6a16908-2df7-4dc3-86ed-aaf1cdab9924 tempest-TestVolumeBootPattern-1374960478 tempest-TestVolumeBootPattern-1374960478-project] 10.222.0.16 "GET /v2.0/ports?device_id=b2554dd8-1c0e-4501-8619-562634ba6113 HTTP/1.1" status: 200 len: 944 time: 0.0797410
May 24 14:21:18.170733 dv-osbrick-786730-6-iscsi neutron-server[92238]: DEBUG neutron.api.rpc.handlers.resources_rpc [None req-97aeaf2d-8e21-4fa2-9dab-961ccd9aafea None None] Pushing event updated for resources: {'Port': ['ID=0edd08df-4a16-45b0-8332-9c6e80bd7771,revision_number=4']} {{(pid=92238) push /opt/stack/neutron/neutron/api/rpc/handlers/resources_rpc.py:237}}
May 24 14:21:18.177660 dv-osbrick-786730-6-iscsi neutron-server[92238]: DEBUG neutron.api.rpc.callbacks.version_manager [None req-97aeaf2d-8e21-4fa2-9dab-961ccd9aafea None None] Version for resource type AddressGroup changed None to 1.2 on consumer Open vSwitch agent@dv-osbrick-786730-6-iscsi {{(pid=92238) _set_version /opt/stack/neutron/neutron/api/rpc/callbacks/version_manager.py:113}}
May 24 14:21:18.178003 dv-osbrick-786730-6-iscsi neutron-server[92238]: DEBUG neutron.api.rpc.callbacks.version_manager [None req-97aeaf2d-8e21-4fa2-9dab-961ccd9aafea None None] Version for resource type ConntrackHelper changed None to 1.0 on consumer Open vSwitch agent@dv-osbrick-786730-6-iscsi {{(pid=92238) _set_version /opt/stack/neutron/neutron/api/rpc/callbacks/version_manager.py:113}}
May 24 14:21:18.178341 dv-osbrick-786730-6-iscsi neutron-server[92238]: DEBUG neutron.api.rpc.callbacks.version_manager [None req-97aeaf2d-8e21-4fa2-9dab-961ccd9aafea None None] Version for resource type Log changed None to 1.0 on consumer Open vSwitch agent@dv-osbrick-786730-6-iscsi {{(pid=92238) _set_version /opt/stack/neutron/neutron/api/rpc/callbacks/version_manager.py:113}}
May 24 14:21:18.178662 dv-osbrick-786730-6-iscsi neutron-server[92238]: DEBUG neutron.api.rpc.callbacks.version_manager [None req-97aeaf2d-8e21-4fa2-9dab-961ccd9aafea None None] Version for resource type Network changed None to 1.1 on consumer Open vSwitch agent@dv-osbrick-786730-6-iscsi {{(pid=92238) _set_version /opt/stack/neutron/neutron/api/rpc/callbacks/version_manager.py:113}}
May 24 14:21:18.178983 dv-osbrick-786730-6-iscsi neutron-server[92238]: DEBUG neutron.api.rpc.callbacks.version_manager [None req-97aeaf2d-8e21-4fa2-9dab-961ccd9aafea None None] Version for resource type Port changed None to 1.7 on consumer Open vSwitch agent@dv-osbrick-786730-6-iscsi {{(pid=92238) _set_version /opt/stack/neutron/neutron/api/rpc/callbacks/version_manager.py:113}}
May 24 14:21:18.179305 dv-osbrick-786730-6-iscsi neutron-server[92238]: DEBUG neutron.api.rpc.callbacks.version_manager [None req-97aeaf2d-8e21-4fa2-9dab-961ccd9aafea None None] Version for resource type PortForwarding changed None to 1.2 on consumer Open vSwitch agent@dv-osbrick-786730-6-iscsi {{(pid=92238) _set_version /opt/stack/neutron/neutron/api/rpc/callbacks/version_manager.py:113}}
May 24 14:21:18.179621 dv-osbrick-786730-6-iscsi neutron-server[92238]: DEBUG neutron.api.rpc.callbacks.version_manager [None req-97aeaf2d-8e21-4fa2-9dab-961ccd9aafea None None] Version for resource type QosPolicy changed None to 1.8 on consumer Open vSwitch agent@dv-osbrick-786730-6-iscsi {{(pid=92238) _set_version /opt/stack/neutron/neutron/api/rpc/callbacks/version_manager.py:113}}
May 24 14:21:18.179938 dv-osbrick-786730-6-iscsi neutron-server[92238]: DEBUG neutron.api.rpc.callbacks.version_manager [None req-97aeaf2d-8e21-4fa2-9dab-961ccd9aafea None None] Version for resource type SecurityGroup changed None to 1.4 on consumer Open vSwitch agent@dv-osbrick-786730-6-iscsi {{(pid=92238) _set_version /opt/stack/neutron/neutron/api/rpc/callbacks/version_manager.py:113}}
May 24 14:21:18.180252 dv-osbrick-786730-6-iscsi neutron-server[92238]: DEBUG neutron.api.rpc.callbacks.version_manager [None req-97aeaf2d-8e21-4fa2-9dab-961ccd9aafea None None] Version for resource type SecurityGroupRule changed None to 1.2 on consumer Open vSwitch agent@dv-osbrick-786730-6-iscsi {{(pid=92238) _set_version /opt/stack/neutron/neutron/api/rpc/callbacks/version_manager.py:113}}
May 24 14:21:18.181074 dv-osbrick-786730-6-iscsi neutron-server[92238]: DEBUG neutron.api.rpc.callbacks.version_manager [None req-97aeaf2d-8e21-4fa2-9dab-961ccd9aafea None None] Version for resource type SubPort changed None to 1.0 on consumer Open vSwitch agent@dv-osbrick-786730-6-iscsi {{(pid=92238) _set_version /opt/stack/neutron/neutron/api/rpc/callbacks/version_manager.py:113}}
May 24 14:21:18.181392 dv-osbrick-786730-6-iscsi neutron-server[92238]: DEBUG neutron.api.rpc.callbacks.version_manager [None req-97aeaf2d-8e21-4fa2-9dab-961ccd9aafea None None] Version for resource type Subnet changed None to 1.1 on consumer Open vSwitch agent@dv-osbrick-786730-6-iscsi {{(pid=92238) _set_version /opt/stack/neutron/neutron/api/rpc/callbacks/version_manager.py:113}}
May 24 14:21:18.181662 dv-osbrick-786730-6-iscsi neutron-server[92237]: INFO neutron.wsgi [req-44c1eac9-dee0-48d9-8812-e40b545fd9be req-c0b6fca9-8fd2-4f91-bb3f-df2ab966915c tempest-TestVolumeBootPattern-1374960478 tempest-TestVolumeBootPattern-1374960478-project] 10.222.0.16 "GET /v2.0/security-groups?id=2cf6a064-3ac9-42ce-96d6-3dcdc5821536&fields=id&fields=name HTTP/1.1" status: 200 len: 286 time: 0.0381057
May 24 14:21:18.181762 dv-osbrick-786730-6-iscsi neutron-server[92238]: DEBUG neutron.api.rpc.callbacks.version_manager [None req-97aeaf2d-8e21-4fa2-9dab-961ccd9aafea None None] Version for resource type Trunk changed None to 1.1 on consumer Open vSwitch agent@dv-osbrick-786730-6-iscsi {{(pid=92238) _set_version /opt/stack/neutron/neutron/api/rpc/callbacks/version_manager.py:113}}
May 24 14:21:18.185590 dv-osbrick-786730-6-iscsi neutron-server[92238]: DEBUG oslo_concurrency.lockutils [None req-97aeaf2d-8e21-4fa2-9dab-961ccd9aafea None None] Lock "event-dispatch" released by "neutron.plugins.ml2.ovo_rpc._ObjectChangeHandler.dispatch_events" :: held 0.082s {{(pid=92238) inner /usr/local/lib/python3.8/dist-packages/oslo_concurrency/lockutils.py:367}}
May 24 14:21:18.508486 dv-osbrick-786730-6-iscsi neutron-server[92238]: DEBUG neutron.plugins.ml2.db [None req-97aeaf2d-8e21-4fa2-9dab-961ccd9aafea None None] get_ports_and_sgs() called for port_ids ['0edd08df-4a16-45b0-8332-9c6e80bd7771'] {{(pid=92238) get_ports_and_sgs /opt/stack/neutron/neutron/plugins/ml2/db.py:164}}
May 24 14:21:19.069561 dv-osbrick-786730-6-iscsi neutron-server[92236]: DEBUG neutron.pecan_wsgi.hooks.policy_enforcement [req-06f188c5-29f1-4e1f-9af6-fe35983b1fec req-4898fccc-f881-4b1f-b1ad-ad4292d3837e tempest-TestMinimumBasicScenario-151951504 tempest-TestMinimumBasicScenario-151951504-project] Attributes excluded by policy engine: ['standard_attr_id', 'binding:profile', 'binding:host_id', 'binding:vif_type', 'binding:vif_details'] {{(pid=92236) _exclude_attributes_by_policy /opt/stack/neutron/neutron/pecan_wsgi/hooks/policy_enforcement.py:255}}
May 24 14:21:19.070997 dv-osbrick-786730-6-iscsi neutron-server[92236]: INFO neutron.wsgi [req-06f188c5-29f1-4e1f-9af6-fe35983b1fec req-4898fccc-f881-4b1f-b1ad-ad4292d3837e tempest-TestMinimumBasicScenario-151951504 tempest-TestMinimumBasicScenario-151951504-project] 10.222.0.16 "GET /v2.0/ports?device_id=c37a503a-2876-4eb8-8993-c300e0845a67 HTTP/1.1" status: 200 len: 984 time: 0.0812137
May 24 14:21:19.116157 dv-osbrick-786730-6-iscsi neutron-server[92236]: INFO neutron.wsgi [req-06f188c5-29f1-4e1f-9af6-fe35983b1fec req-6369908a-2a8b-4af7-bf20-ba0c2b902dbe tempest-TestMinimumBasicScenario-151951504 tempest-TestMinimumBasicScenario-151951504-project] 10.222.0.16 "GET /v2.0/security-groups?id=b5e7f908-f7d1-472f-b3a5-142bfb887290&id=9f726f3e-7f5a-42f4-805f-2029d5ffcfcc&fields=id&fields=name HTTP/1.1" status: 200 len: 380 time: 0.0395513
May 24 14:21:19.369676 dv-osbrick-786730-6-iscsi neutron-server[92237]: DEBUG neutron.pecan_wsgi.hooks.policy_enforcement [req-05e53e02-835f-471f-a368-113418e20593 req-623f8135-3563-413b-bddc-0cf497c2cfa6 tempest-TestVolumeBootPattern-1374960478 tempest-TestVolumeBootPattern-1374960478-project] Attributes excluded by policy engine: ['standard_attr_id', 'binding:profile', 'binding:host_id', 'binding:vif_type', 'binding:vif_details'] {{(pid=92237) _exclude_attributes_by_policy /opt/stack/neutron/neutron/pecan_wsgi/hooks/policy_enforcement.py:255}}
May 24 14:21:19.371121 dv-osbrick-786730-6-iscsi neutron-server[92237]: INFO neutron.wsgi [req-05e53e02-835f-471f-a368-113418e20593 req-623f8135-3563-413b-bddc-0cf497c2cfa6 tempest-TestVolumeBootPattern-1374960478 tempest-TestVolumeBootPattern-1374960478-project] 10.222.0.16 "GET /v2.0/ports?device_id=b2554dd8-1c0e-4501-8619-562634ba6113 HTTP/1.1" status: 200 len: 945 time: 0.0819569
May 24 14:21:19.414710 dv-osbrick-786730-6-iscsi neutron-server[92237]: INFO neutron.wsgi [req-05e53e02-835f-471f-a368-113418e20593 req-e4d24270-e3e6-4864-b09c-82d0ee12e92c tempest-TestVolumeBootPattern-1374960478 tempest-TestVolumeBootPattern-1374960478-project] 10.222.0.16 "GET /v2.0/security-groups?id=2cf6a064-3ac9-42ce-96d6-3dcdc5821536&fields=id&fields=name HTTP/1.1" status: 200 len: 286 time: 0.0380201
May 24 14:21:19.793400 dv-osbrick-786730-6-iscsi neutron-server[92238]: DEBUG neutron.plugins.ml2.rpc [None req-97aeaf2d-8e21-4fa2-9dab-961ccd9aafea None None] Device 0edd08df-4a16-45b0-8332-9c6e80bd7771 up at agent hyperv_hv-osbrick-7867 {{(pid=92238) update_device_up /opt/stack/neutron/neutron/plugins/ml2/rpc.py:278}}
May 24 14:21:19.929360 dv-osbrick-786730-6-iscsi neutron-server[92238]: DEBUG neutron.db.provisioning_blocks [None req-97aeaf2d-8e21-4fa2-9dab-961ccd9aafea None None] Provisioning for port 0edd08df-4a16-45b0-8332-9c6e80bd7771 completed by entity L2. {{(pid=92238) provisioning_complete /opt/stack/neutron/neutron/db/provisioning_blocks.py:133}}
May 24 14:21:19.935054 dv-osbrick-786730-6-iscsi neutron-server[92238]: DEBUG neutron.db.provisioning_blocks [None req-97aeaf2d-8e21-4fa2-9dab-961ccd9aafea None None] Provisioning complete for port 0edd08df-4a16-45b0-8332-9c6e80bd7771 triggered by entity L2. {{(pid=92238) provisioning_complete /opt/stack/neutron/neutron/db/provisioning_blocks.py:139}}
May 24 14:21:19.935429 dv-osbrick-786730-6-iscsi neutron-server[92238]: DEBUG neutron_lib.callbacks.manager [None req-97aeaf2d-8e21-4fa2-9dab-961ccd9aafea None None] Notify callbacks ['neutron.plugins.ml2.plugin.Ml2Plugin._port_provisioned-7695656'] for port, provisioning_complete {{(pid=92238) _notify_loop /usr/local/lib/python3.8/dist-packages/neutron_lib/callbacks/manager.py:192}}
May 24 14:21:20.048775 dv-osbrick-786730-6-iscsi neutron-server[92238]: DEBUG neutron_lib.callbacks.manager [None req-97aeaf2d-8e21-4fa2-9dab-961ccd9aafea None None] Notify callbacks ['neutron.plugins.ml2.plugin.SecurityGroupDbMixin._ensure_default_security_group_handler_port-7754270'] for port, before_update {{(pid=92238) _notify_loop /usr/local/lib/python3.8/dist-packages/neutron_lib/callbacks/manager.py:192}}
May 24 14:21:20.095597 dv-osbrick-786730-6-iscsi neutron-server[92238]: DEBUG neutron.notifiers.nova [-] Sending events: [{'server_uuid': 'b2554dd8-1c0e-4501-8619-562634ba6113', 'name': 'network-vif-plugged', 'status': 'completed', 'tag': '0edd08df-4a16-45b0-8332-9c6e80bd7771'}] {{(pid=92238) send_events /opt/stack/neutron/neutron/notifiers/nova.py:262}}
May 24 14:21:20.105553 dv-osbrick-786730-6-iscsi neutron-server[92238]: DEBUG neutron.plugins.ml2.db [None req-97aeaf2d-8e21-4fa2-9dab-961ccd9aafea None None] For port 0edd08df-4a16-45b0-8332-9c6e80bd7771, host hv-osbrick-7867, got binding levels [PortBindingLevel(driver='hyperv',host='hv-osbrick-7867',level=0,port_id=0edd08df-4a16-45b0-8332-9c6e80bd7771,segment=NetworkSegment(b1e03dfb-fd7f-4897-beaa-12c6c383ba26),segment_id=b1e03dfb-fd7f-4897-beaa-12c6c383ba26)] {{(pid=92238) get_binding_level_objs /opt/stack/neutron/neutron/plugins/ml2/db.py:75}}
May 24 14:21:20.140007 dv-osbrick-786730-6-iscsi neutron-server[92238]: INFO neutron.notifiers.nova [-] Nova event response: {'server_uuid': 'b2554dd8-1c0e-4501-8619-562634ba6113', 'name': 'network-vif-plugged', 'status': 'completed', 'tag': '0edd08df-4a16-45b0-8332-9c6e80bd7771', 'code': 200}
May 24 14:21:20.169758 dv-osbrick-786730-6-iscsi neutron-server[92238]: DEBUG neutron_lib.callbacks.manager [None req-97aeaf2d-8e21-4fa2-9dab-961ccd9aafea None None] Notify callbacks ['neutron.plugins.ml2.plugin.SecurityGroupServerNotifierRpcMixin.notify_sg_on_port_change-7754697', 'neutron.plugins.ml2.ovo_rpc._ObjectChangeHandler.handle_event-194814', 'neutron.api.rpc.agentnotifiers.dhcp_rpc_agent_api.DhcpAgentNotifyAPI._native_event_send_dhcp_notification-7874742', 'neutron.db.l3_db.L3RpcNotifierMixin._notify_gateway_port_ip_changed-8782180456084', 'neutron.db.l3_dvrscheduler_db._notify_l3_agent_port_update-8782180021486', 'neutron.db.l3_hascheduler_db._notify_l3_agent_ha_port_update-8782180022303'] for port, after_update {{(pid=92238) _notify_loop /usr/local/lib/python3.8/dist-packages/neutron_lib/callbacks/manager.py:192}}
May 24 14:21:20.171725 dv-osbrick-786730-6-iscsi neutron-server[92238]: DEBUG oslo_concurrency.lockutils [None req-32bbb2e4-2647-4b49-9ec8-56ab334a9680 None None] Lock "event-dispatch" acquired by "neutron.plugins.ml2.ovo_rpc._ObjectChangeHandler.dispatch_events" :: waited 0.000s {{(pid=92238) inner /usr/local/lib/python3.8/dist-packages/oslo_concurrency/lockutils.py:355}}
May 24 14:21:20.236800 dv-osbrick-786730-6-iscsi neutron-server[92238]: DEBUG neutron.api.rpc.handlers.resources_rpc [None req-97aeaf2d-8e21-4fa2-9dab-961ccd9aafea None None] Pushing event updated for resources: {'Port': ['ID=0edd08df-4a16-45b0-8332-9c6e80bd7771,revision_number=5']} {{(pid=92238) push /opt/stack/neutron/neutron/api/rpc/handlers/resources_rpc.py:237}}
May 24 14:21:20.239861 dv-osbrick-786730-6-iscsi neutron-server[92238]: DEBUG oslo_concurrency.lockutils [None req-97aeaf2d-8e21-4fa2-9dab-961ccd9aafea None None] Lock "event-dispatch" released by "neutron.plugins.ml2.ovo_rpc._ObjectChangeHandler.dispatch_events" :: held 0.068s {{(pid=92238) inner /usr/local/lib/python3.8/dist-packages/oslo_concurrency/lockutils.py:367}}
May 24 14:21:20.305173 dv-osbrick-786730-6-iscsi neutron-server[92237]: DEBUG neutron.pecan_wsgi.hooks.policy_enforcement [req-12fec94a-3cf6-41b4-a2c1-1d2e0d4130e3 req-163f09ff-25be-4445-b2b6-9a5e5d7cdfd7 tempest-TestMinimumBasicScenario-151951504 tempest-TestMinimumBasicScenario-151951504-project] Attributes excluded by policy engine: ['standard_attr_id', 'binding:profile', 'binding:host_id', 'binding:vif_type', 'binding:vif_details'] {{(pid=92237) _exclude_attributes_by_policy /opt/stack/neutron/neutron/pecan_wsgi/hooks/policy_enforcement.py:255}}
May 24 14:21:20.306639 dv-osbrick-786730-6-iscsi neutron-server[92237]: INFO neutron.wsgi [req-12fec94a-3cf6-41b4-a2c1-1d2e0d4130e3 req-163f09ff-25be-4445-b2b6-9a5e5d7cdfd7 tempest-TestMinimumBasicScenario-151951504 tempest-TestMinimumBasicScenario-151951504-project] 10.222.0.16 "GET /v2.0/ports?device_id=c37a503a-2876-4eb8-8993-c300e0845a67 HTTP/1.1" status: 200 len: 984 time: 0.0826914
May 24 14:21:20.351974 dv-osbrick-786730-6-iscsi neutron-server[92237]: INFO neutron.wsgi [req-12fec94a-3cf6-41b4-a2c1-1d2e0d4130e3 req-1fa30331-afe0-4916-b3a5-e62a9830e64a tempest-TestMinimumBasicScenario-151951504 tempest-TestMinimumBasicScenario-151951504-project] 10.222.0.16 "GET /v2.0/security-groups?id=b5e7f908-f7d1-472f-b3a5-142bfb887290&id=9f726f3e-7f5a-42f4-805f-2029d5ffcfcc&fields=id&fields=name HTTP/1.1" status: 200 len: 380 time: 0.0393181
May 24 14:21:20.625804 dv-osbrick-786730-6-iscsi neutron-server[92236]: DEBUG neutron.pecan_wsgi.hooks.policy_enforcement [req-f2247d30-7807-4bcb-80ff-6e2feab5015e req-5aa2a173-b1b2-4ea3-b8f7-ed4d5b7bf6ef service neutron] Attributes excluded by policy engine: ['standard_attr_id'] {{(pid=92236) _exclude_attributes_by_policy /opt/stack/neutron/neutron/pecan_wsgi/hooks/policy_enforcement.py:255}}
May 24 14:21:20.627248 dv-osbrick-786730-6-iscsi neutron-server[92236]: INFO neutron.wsgi [req-f2247d30-7807-4bcb-80ff-6e2feab5015e req-5aa2a173-b1b2-4ea3-b8f7-ed4d5b7bf6ef service neutron] 10.222.0.63 "GET /v2.0/ports?device_id=b2554dd8-1c0e-4501-8619-562634ba6113 HTTP/1.1" status: 200 len: 1099 time: 0.1286218
May 24 14:21:20.639001 dv-osbrick-786730-6-iscsi neutron-server[92236]: DEBUG neutron.pecan_wsgi.hooks.policy_enforcement [req-729f9324-b48a-4db4-892e-fcc630a6553e req-f994416b-a3a0-4683-9cb1-0fffe8fba400 tempest-TestVolumeBootPattern-1374960478 tempest-TestVolumeBootPattern-1374960478-project] Attributes excluded by policy engine: ['standard_attr_id', 'binding:profile', 'binding:host_id', 'binding:vif_type', 'binding:vif_details'] {{(pid=92236) _exclude_attributes_by_policy /opt/stack/neutron/neutron/pecan_wsgi/hooks/policy_enforcement.py:255}}
May 24 14:21:20.640332 dv-osbrick-786730-6-iscsi neutron-server[92236]: INFO neutron.wsgi [req-729f9324-b48a-4db4-892e-fcc630a6553e req-f994416b-a3a0-4683-9cb1-0fffe8fba400 tempest-TestVolumeBootPattern-1374960478 tempest-TestVolumeBootPattern-1374960478-project] 10.222.0.16 "GET /v2.0/ports?device_id=b2554dd8-1c0e-4501-8619-562634ba6113 HTTP/1.1" status: 200 len: 946 time: 0.1080632
May 24 14:21:20.704285 dv-osbrick-786730-6-iscsi neutron-server[92236]: INFO neutron.wsgi [req-f2247d30-7807-4bcb-80ff-6e2feab5015e req-7f199259-7cb6-4259-83d7-809ce24d5bc3 service neutron] 10.222.0.63 "GET /v2.0/security-groups?id=2cf6a064-3ac9-42ce-96d6-3dcdc5821536&fields=id&fields=name HTTP/1.1" status: 200 len: 286 time: 0.0630579
May 24 14:21:20.706883 dv-osbrick-786730-6-iscsi neutron-server[92236]: INFO neutron.wsgi [req-729f9324-b48a-4db4-892e-fcc630a6553e req-2869e4b5-275e-4fd4-ad80-93b9b4bc04c8 tempest-TestVolumeBootPattern-1374960478 tempest-TestVolumeBootPattern-1374960478-project] 10.222.0.16 "GET /v2.0/security-groups?id=2cf6a064-3ac9-42ce-96d6-3dcdc5821536&fields=id&fields=name HTTP/1.1" status: 200 len: 286 time: 0.0534079
May 24 14:21:21.541844 dv-osbrick-786730-6-iscsi neutron-server[92237]: DEBUG neutron.pecan_wsgi.hooks.policy_enforcement [req-08b38f3b-1a7a-4f2a-acd8-7324313ef2b2 req-42b127f4-64f5-4cb5-987c-ecfa3933d88a tempest-TestMinimumBasicScenario-151951504 tempest-TestMinimumBasicScenario-151951504-project] Attributes excluded by policy engine: ['standard_attr_id', 'binding:profile', 'binding:host_id', 'binding:vif_type', 'binding:vif_details'] {{(pid=92237) _exclude_attributes_by_policy /opt/stack/neutron/neutron/pecan_wsgi/hooks/policy_enforcement.py:255}}
May 24 14:21:21.543325 dv-osbrick-786730-6-iscsi neutron-server[92237]: INFO neutron.wsgi [req-08b38f3b-1a7a-4f2a-acd8-7324313ef2b2 req-42b127f4-64f5-4cb5-987c-ecfa3933d88a tempest-TestMinimumBasicScenario-151951504 tempest-TestMinimumBasicScenario-151951504-project] 10.222.0.16 "GET /v2.0/ports?device_id=c37a503a-2876-4eb8-8993-c300e0845a67 HTTP/1.1" status: 200 len: 984 time: 0.0829728
May 24 14:21:21.588012 dv-osbrick-786730-6-iscsi neutron-server[92237]: INFO neutron.wsgi [req-08b38f3b-1a7a-4f2a-acd8-7324313ef2b2 req-3f0fae72-f5d2-4674-bfce-c71a119095b2 tempest-TestMinimumBasicScenario-151951504 tempest-TestMinimumBasicScenario-151951504-project] 10.222.0.16 "GET /v2.0/security-groups?id=b5e7f908-f7d1-472f-b3a5-142bfb887290&id=9f726f3e-7f5a-42f4-805f-2029d5ffcfcc&fields=id&fields=name HTTP/1.1" status: 200 len: 380 time: 0.0391049
May 24 14:21:21.889642 dv-osbrick-786730-6-iscsi neutron-server[92236]: DEBUG neutron.pecan_wsgi.hooks.policy_enforcement [req-13096e51-4455-47f6-95f3-49b63610cdfa req-9609fa5c-b4dd-408e-8dd5-71e6202cd7e7 tempest-TestVolumeBootPattern-1374960478 tempest-TestVolumeBootPattern-1374960478-project] Attributes excluded by policy engine: ['standard_attr_id', 'binding:profile', 'binding:host_id', 'binding:vif_type', 'binding:vif_details'] {{(pid=92236) _exclude_attributes_by_policy /opt/stack/neutron/neutron/pecan_wsgi/hooks/policy_enforcement.py:255}}
May 24 14:21:21.891090 dv-osbrick-786730-6-iscsi neutron-server[92236]: INFO neutron.wsgi [req-13096e51-4455-47f6-95f3-49b63610cdfa req-9609fa5c-b4dd-408e-8dd5-71e6202cd7e7 tempest-TestVolumeBootPattern-1374960478 tempest-TestVolumeBootPattern-1374960478-project] 10.222.0.16 "GET /v2.0/ports?device_id=b2554dd8-1c0e-4501-8619-562634ba6113 HTTP/1.1" status: 200 len: 946 time: 0.0804796
May 24 14:21:21.983405 dv-osbrick-786730-6-iscsi neutron-server[92236]: INFO neutron.wsgi [req-13096e51-4455-47f6-95f3-49b63610cdfa req-eaf8b8e6-192f-4daf-84a0-c6f2884a3053 tempest-TestVolumeBootPattern-1374960478 tempest-TestVolumeBootPattern-1374960478-project] 10.222.0.16 "GET /v2.0/security-groups?id=2cf6a064-3ac9-42ce-96d6-3dcdc5821536&fields=id&fields=name HTTP/1.1" status: 200 len: 286 time: 0.0867226
May 24 14:21:22.768914 dv-osbrick-786730-6-iscsi neutron-server[92237]: DEBUG neutron.pecan_wsgi.hooks.policy_enforcement [req-b68191e3-0cae-46e7-9b42-e166e84a541b req-a46344d8-8f27-4e5b-ba8b-564d8877d0bc tempest-TestMinimumBasicScenario-151951504 tempest-TestMinimumBasicScenario-151951504-project] Attributes excluded by policy engine: ['standard_attr_id', 'binding:profile', 'binding:host_id', 'binding:vif_type', 'binding:vif_details'] {{(pid=92237) _exclude_attributes_by_policy /opt/stack/neutron/neutron/pecan_wsgi/hooks/policy_enforcement.py:255}}
May 24 14:21:22.770368 dv-osbrick-786730-6-iscsi neutron-server[92237]: INFO neutron.wsgi [req-b68191e3-0cae-46e7-9b42-e166e84a541b req-a46344d8-8f27-4e5b-ba8b-564d8877d0bc tempest-TestMinimumBasicScenario-151951504 tempest-TestMinimumBasicScenario-151951504-project] 10.222.0.16 "GET /v2.0/ports?device_id=c37a503a-2876-4eb8-8993-c300e0845a67 HTTP/1.1" status: 200 len: 984 time: 0.0785594
May 24 14:21:22.818668 dv-osbrick-786730-6-iscsi neutron-server[92237]: INFO neutron.wsgi [req-b68191e3-0cae-46e7-9b42-e166e84a541b req-2672c479-d3a5-4720-835e-637c9a1a09f1 tempest-TestMinimumBasicScenario-151951504 tempest-TestMinimumBasicScenario-151951504-project] 10.222.0.16 "GET /v2.0/security-groups?id=b5e7f908-f7d1-472f-b3a5-142bfb887290&id=9f726f3e-7f5a-42f4-805f-2029d5ffcfcc&fields=id&fields=name HTTP/1.1" status: 200 len: 380 time: 0.0423007
May 24 14:21:23.167199 dv-osbrick-786730-6-iscsi neutron-server[92236]: DEBUG neutron.pecan_wsgi.hooks.policy_enforcement [req-498f19f2-4ff8-42d6-85ad-eebecb4ee6f8 req-3c89e5fa-9f65-444c-97ca-f5a686e3f2a1 tempest-TestVolumeBootPattern-1374960478 tempest-TestVolumeBootPattern-1374960478-project] Attributes excluded by policy engine: ['standard_attr_id', 'binding:profile', 'binding:host_id', 'binding:vif_type', 'binding:vif_details'] {{(pid=92236) _exclude_attributes_by_policy /opt/stack/neutron/neutron/pecan_wsgi/hooks/policy_enforcement.py:255}}
May 24 14:21:23.168643 dv-osbrick-786730-6-iscsi neutron-server[92236]: INFO neutron.wsgi [req-498f19f2-4ff8-42d6-85ad-eebecb4ee6f8 req-3c89e5fa-9f65-444c-97ca-f5a686e3f2a1 tempest-TestVolumeBootPattern-1374960478 tempest-TestVolumeBootPattern-1374960478-project] 10.222.0.16 "GET /v2.0/ports?device_id=b2554dd8-1c0e-4501-8619-562634ba6113 HTTP/1.1" status: 200 len: 946 time: 0.0799506
May 24 14:21:23.212866 dv-osbrick-786730-6-iscsi neutron-server[92236]: INFO neutron.wsgi [req-498f19f2-4ff8-42d6-85ad-eebecb4ee6f8 req-f0d76837-b0dc-449e-b2ce-ae0b4107c0da tempest-TestVolumeBootPattern-1374960478 tempest-TestVolumeBootPattern-1374960478-project] 10.222.0.16 "GET /v2.0/security-groups?id=2cf6a064-3ac9-42ce-96d6-3dcdc5821536&fields=id&fields=name HTTP/1.1" status: 200 len: 286 time: 0.0385706
May 24 14:21:23.395342 dv-osbrick-786730-6-iscsi neutron-server[92237]: DEBUG neutron.pecan_wsgi.hooks.policy_enforcement [req-cb40d84f-7b63-4bfc-bb90-9210ca050b84 req-79462455-d117-49a0-b3c5-f2119bbe8c9c tempest-TestVolumeBootPattern-1374960478 tempest-TestVolumeBootPattern-1374960478-project] Attributes excluded by policy engine: ['standard_attr_id', 'binding:profile', 'binding:host_id', 'binding:vif_type', 'binding:vif_details'] {{(pid=92237) _exclude_attributes_by_policy /opt/stack/neutron/neutron/pecan_wsgi/hooks/policy_enforcement.py:255}}
May 24 14:21:23.396771 dv-osbrick-786730-6-iscsi neutron-server[92237]: INFO neutron.wsgi [req-cb40d84f-7b63-4bfc-bb90-9210ca050b84 req-79462455-d117-49a0-b3c5-f2119bbe8c9c tempest-TestVolumeBootPattern-1374960478 tempest-TestVolumeBootPattern-1374960478-project] 10.222.0.16 "GET /v2.0/ports?device_id=b2554dd8-1c0e-4501-8619-562634ba6113 HTTP/1.1" status: 200 len: 946 time: 0.0791664
May 24 14:21:23.439820 dv-osbrick-786730-6-iscsi neutron-server[92237]: INFO neutron.wsgi [req-cb40d84f-7b63-4bfc-bb90-9210ca050b84 req-31cc4dce-5c40-489c-a29d-1faf0bed9cbf tempest-TestVolumeBootPattern-1374960478 tempest-TestVolumeBootPattern-1374960478-project] 10.222.0.16 "GET /v2.0/security-groups?id=2cf6a064-3ac9-42ce-96d6-3dcdc5821536&fields=id&fields=name HTTP/1.1" status: 200 len: 286 time: 0.0369353
May 24 14:21:23.882308 dv-osbrick-786730-6-iscsi neutron-server[92239]: DEBUG neutron.db.agents_db [None req-fe7474cc-9d6a-4c14-bacb-11142c0610b5 None None] Agent healthcheck: found 6 active agents {{(pid=92239) agent_health_check /opt/stack/neutron/neutron/db/agents_db.py:314}}
May 24 14:21:24.011751 dv-osbrick-786730-6-iscsi neutron-server[92237]: DEBUG neutron.pecan_wsgi.hooks.policy_enforcement [req-a4b5209a-70ce-43ce-b4fe-cc51628fc00e req-4f377a70-5b5d-4a30-b269-256ffe5468c5 tempest-TestMinimumBasicScenario-151951504 tempest-TestMinimumBasicScenario-151951504-project] Attributes excluded by policy engine: ['standard_attr_id', 'binding:profile', 'binding:host_id', 'binding:vif_type', 'binding:vif_details'] {{(pid=92237) _exclude_attributes_by_policy /opt/stack/neutron/neutron/pecan_wsgi/hooks/policy_enforcement.py:255}}
May 24 14:21:24.013266 dv-osbrick-786730-6-iscsi neutron-server[92237]: INFO neutron.wsgi [req-a4b5209a-70ce-43ce-b4fe-cc51628fc00e req-4f377a70-5b5d-4a30-b269-256ffe5468c5 tempest-TestMinimumBasicScenario-151951504 tempest-TestMinimumBasicScenario-151951504-project] 10.222.0.16 "GET /v2.0/ports?device_id=c37a503a-2876-4eb8-8993-c300e0845a67 HTTP/1.1" status: 200 len: 984 time: 0.0875218
May 24 14:21:24.078654 dv-osbrick-786730-6-iscsi neutron-server[92238]: DEBUG neutron_lib.callbacks.manager [None req-a2fbe283-c10a-4160-9685-51e2e8db2c2c None None] Notify callbacks ['neutron.services.segments.db._update_segment_host_mapping_for_agent-8782180483831', 'neutron.plugins.ml2.plugin.Ml2Plugin._retry_binding_revived_agents-7694483'] for agent, after_update {{(pid=92238) _notify_loop /usr/local/lib/python3.8/dist-packages/neutron_lib/callbacks/manager.py:192}}
May 24 14:21:24.124716 dv-osbrick-786730-6-iscsi neutron-server[92237]: INFO neutron.wsgi [req-a4b5209a-70ce-43ce-b4fe-cc51628fc00e req-1dc31553-d289-425e-86c5-8ea721e4178d tempest-TestMinimumBasicScenario-151951504 tempest-TestMinimumBasicScenario-151951504-project] 10.222.0.16 "GET /v2.0/security-groups?id=b5e7f908-f7d1-472f-b3a5-142bfb887290&id=9f726f3e-7f5a-42f4-805f-2029d5ffcfcc&fields=id&fields=name HTTP/1.1" status: 200 len: 380 time: 0.1056721
May 24 14:21:25.308031 dv-osbrick-786730-6-iscsi neutron-server[92237]: DEBUG neutron.pecan_wsgi.hooks.policy_enforcement [req-cf65df1c-d905-4ade-a1af-937dd981d509 req-8059c01f-d148-499a-94e3-c91e0f98d19c tempest-TestMinimumBasicScenario-151951504 tempest-TestMinimumBasicScenario-151951504-project] Attributes excluded by policy engine: ['standard_attr_id', 'binding:profile', 'binding:host_id', 'binding:vif_type', 'binding:vif_details'] {{(pid=92237) _exclude_attributes_by_policy /opt/stack/neutron/neutron/pecan_wsgi/hooks/policy_enforcement.py:255}}
May 24 14:21:25.309716 dv-osbrick-786730-6-iscsi neutron-server[92237]: INFO neutron.wsgi [req-cf65df1c-d905-4ade-a1af-937dd981d509 req-8059c01f-d148-499a-94e3-c91e0f98d19c tempest-TestMinimumBasicScenario-151951504 tempest-TestMinimumBasicScenario-151951504-project] 10.222.0.16 "GET /v2.0/ports?device_id=c37a503a-2876-4eb8-8993-c300e0845a67 HTTP/1.1" status: 200 len: 984 time: 0.0789309
May 24 14:21:25.357616 dv-osbrick-786730-6-iscsi neutron-server[92237]: INFO neutron.wsgi [req-cf65df1c-d905-4ade-a1af-937dd981d509 req-67a7e146-8e32-4590-8d7e-d845e3a82c48 tempest-TestMinimumBasicScenario-151951504 tempest-TestMinimumBasicScenario-151951504-project] 10.222.0.16 "GET /v2.0/security-groups?id=b5e7f908-f7d1-472f-b3a5-142bfb887290&id=9f726f3e-7f5a-42f4-805f-2029d5ffcfcc&fields=id&fields=name HTTP/1.1" status: 200 len: 380 time: 0.0420401
May 24 14:21:26.438161 dv-osbrick-786730-6-iscsi neutron-server[92238]: DEBUG neutron_lib.callbacks.manager [None req-4418d40e-e15c-4d5f-a4a1-23ab7ceaa116 None None] Notify callbacks ['neutron.services.segments.db._update_segment_host_mapping_for_agent-8782180483831', 'neutron.plugins.ml2.plugin.Ml2Plugin._retry_binding_revived_agents-7694483'] for agent, after_update {{(pid=92238) _notify_loop /usr/local/lib/python3.8/dist-packages/neutron_lib/callbacks/manager.py:192}}
May 24 14:21:26.512445 dv-osbrick-786730-6-iscsi neutron-server[92238]: DEBUG neutron_lib.callbacks.manager [None req-032339bf-2971-4549-92d4-64b8d4841c43 None None] Notify callbacks ['neutron.services.segments.db._update_segment_host_mapping_for_agent-8782180483831', 'neutron.plugins.ml2.plugin.Ml2Plugin._retry_binding_revived_agents-7694483'] for agent, after_update {{(pid=92238) _notify_loop /usr/local/lib/python3.8/dist-packages/neutron_lib/callbacks/manager.py:192}}
May 24 14:21:26.547828 dv-osbrick-786730-6-iscsi neutron-server[92236]: DEBUG neutron.pecan_wsgi.hooks.policy_enforcement [req-c96e6050-6182-423a-814f-8ae41ef1b48c req-32834774-3ca1-441f-92b4-904c42363130 tempest-TestMinimumBasicScenario-151951504 tempest-TestMinimumBasicScenario-151951504-project] Attributes excluded by policy engine: ['standard_attr_id', 'binding:profile', 'binding:host_id', 'binding:vif_type', 'binding:vif_details'] {{(pid=92236) _exclude_attributes_by_policy /opt/stack/neutron/neutron/pecan_wsgi/hooks/policy_enforcement.py:255}}
May 24 14:21:26.549301 dv-osbrick-786730-6-iscsi neutron-server[92236]: INFO neutron.wsgi [req-c96e6050-6182-423a-814f-8ae41ef1b48c req-32834774-3ca1-441f-92b4-904c42363130 tempest-TestMinimumBasicScenario-151951504 tempest-TestMinimumBasicScenario-151951504-project] 10.222.0.16 "GET /v2.0/ports?device_id=c37a503a-2876-4eb8-8993-c300e0845a67 HTTP/1.1" status: 200 len: 984 time: 0.0848093
May 24 14:21:26.593767 dv-osbrick-786730-6-iscsi neutron-server[92236]: INFO neutron.wsgi [req-c96e6050-6182-423a-814f-8ae41ef1b48c req-92cb1193-d395-4fd9-87ad-bd077d11327f tempest-TestMinimumBasicScenario-151951504 tempest-TestMinimumBasicScenario-151951504-project] 10.222.0.16 "GET /v2.0/security-groups?id=b5e7f908-f7d1-472f-b3a5-142bfb887290&id=9f726f3e-7f5a-42f4-805f-2029d5ffcfcc&fields=id&fields=name HTTP/1.1" status: 200 len: 380 time: 0.0387354
May 24 14:21:27.517827 dv-osbrick-786730-6-iscsi neutron-server[92238]: DEBUG neutron_lib.callbacks.manager [None req-c6c72399-cb5b-40b7-8f87-4d69d08e49a4 None None] Notify callbacks ['neutron.services.segments.db._update_segment_host_mapping_for_agent-8782180483831', 'neutron.plugins.ml2.plugin.Ml2Plugin._retry_binding_revived_agents-7694483'] for agent, after_update {{(pid=92238) _notify_loop /usr/local/lib/python3.8/dist-packages/neutron_lib/callbacks/manager.py:192}}
May 24 14:21:27.777512 dv-osbrick-786730-6-iscsi neutron-server[92237]: DEBUG neutron.pecan_wsgi.hooks.policy_enforcement [req-87a874f9-0ad5-4c5d-92c6-d5b89a899d82 req-ed7106c0-d0ab-4cba-9ced-35959b46874f tempest-TestMinimumBasicScenario-151951504 tempest-TestMinimumBasicScenario-151951504-project] Attributes excluded by policy engine: ['standard_attr_id', 'binding:profile', 'binding:host_id', 'binding:vif_type', 'binding:vif_details'] {{(pid=92237) _exclude_attributes_by_policy /opt/stack/neutron/neutron/pecan_wsgi/hooks/policy_enforcement.py:255}}
May 24 14:21:27.778886 dv-osbrick-786730-6-iscsi neutron-server[92237]: INFO neutron.wsgi [req-87a874f9-0ad5-4c5d-92c6-d5b89a899d82 req-ed7106c0-d0ab-4cba-9ced-35959b46874f tempest-TestMinimumBasicScenario-151951504 tempest-TestMinimumBasicScenario-151951504-project] 10.222.0.16 "GET /v2.0/ports?device_id=c37a503a-2876-4eb8-8993-c300e0845a67 HTTP/1.1" status: 200 len: 984 time: 0.0814483
May 24 14:21:27.824011 dv-osbrick-786730-6-iscsi neutron-server[92237]: INFO neutron.wsgi [req-87a874f9-0ad5-4c5d-92c6-d5b89a899d82 req-f66ca488-b4df-4782-a5bf-ca6f9caddf46 tempest-TestMinimumBasicScenario-151951504 tempest-TestMinimumBasicScenario-151951504-project] 10.222.0.16 "GET /v2.0/security-groups?id=b5e7f908-f7d1-472f-b3a5-142bfb887290&id=9f726f3e-7f5a-42f4-805f-2029d5ffcfcc&fields=id&fields=name HTTP/1.1" status: 200 len: 380 time: 0.0395496
May 24 14:21:28.712203 dv-osbrick-786730-6-iscsi neutron-server[92238]: DEBUG neutron_lib.callbacks.manager [None req-97aeaf2d-8e21-4fa2-9dab-961ccd9aafea None None] Notify callbacks ['neutron.services.segments.db._update_segment_host_mapping_for_agent-8782180483831', 'neutron.plugins.ml2.plugin.Ml2Plugin._retry_binding_revived_agents-7694483'] for agent, after_update {{(pid=92238) _notify_loop /usr/local/lib/python3.8/dist-packages/neutron_lib/callbacks/manager.py:192}}
May 24 14:21:29.006895 dv-osbrick-786730-6-iscsi neutron-server[92236]: DEBUG neutron.pecan_wsgi.hooks.policy_enforcement [req-1437e5c1-3652-4d1e-bf68-3ae0cabe637e req-64a6dfc7-fdb8-4282-aaa8-3802d7ea5a87 tempest-TestMinimumBasicScenario-151951504 tempest-TestMinimumBasicScenario-151951504-project] Attributes excluded by policy engine: ['standard_attr_id', 'binding:profile', 'binding:host_id', 'binding:vif_type', 'binding:vif_details'] {{(pid=92236) _exclude_attributes_by_policy /opt/stack/neutron/neutron/pecan_wsgi/hooks/policy_enforcement.py:255}}
May 24 14:21:29.008245 dv-osbrick-786730-6-iscsi neutron-server[92236]: INFO neutron.wsgi [req-1437e5c1-3652-4d1e-bf68-3ae0cabe637e req-64a6dfc7-fdb8-4282-aaa8-3802d7ea5a87 tempest-TestMinimumBasicScenario-151951504 tempest-TestMinimumBasicScenario-151951504-project] 10.222.0.16 "GET /v2.0/ports?device_id=c37a503a-2876-4eb8-8993-c300e0845a67 HTTP/1.1" status: 200 len: 984 time: 0.0791862
May 24 14:21:29.058164 dv-osbrick-786730-6-iscsi neutron-server[92236]: INFO neutron.wsgi [req-1437e5c1-3652-4d1e-bf68-3ae0cabe637e req-12f45b6e-6c04-456f-8c94-1cf411252cf7 tempest-TestMinimumBasicScenario-151951504 tempest-TestMinimumBasicScenario-151951504-project] 10.222.0.16 "GET /v2.0/security-groups?id=b5e7f908-f7d1-472f-b3a5-142bfb887290&id=9f726f3e-7f5a-42f4-805f-2029d5ffcfcc&fields=id&fields=name HTTP/1.1" status: 200 len: 380 time: 0.0440540
May 24 14:21:29.123388 dv-osbrick-786730-6-iscsi neutron-server[92238]: DEBUG neutron_lib.callbacks.manager [None req-15e9cec8-f097-4cac-913c-37944cdbebd6 None None] Notify callbacks ['neutron.services.segments.db._update_segment_host_mapping_for_agent-8782180483831', 'neutron.plugins.ml2.plugin.Ml2Plugin._retry_binding_revived_agents-7694483'] for agent, after_update {{(pid=92238) _notify_loop /usr/local/lib/python3.8/dist-packages/neutron_lib/callbacks/manager.py:192}}
May 24 14:21:29.876480 dv-osbrick-786730-6-iscsi neutron-server[92237]: DEBUG neutron.pecan_wsgi.hooks.policy_enforcement [req-2e872804-913a-4050-8811-4c82a7864f82 req-7a5ef52b-5106-45b9-88aa-c58cd2c1b335 tempest-TestVolumeBootPattern-1374960478 tempest-TestVolumeBootPattern-1374960478-project] Attributes excluded by policy engine: ['standard_attr_id', 'vlan_transparent', 'provider:network_type', 'provider:physical_network', 'provider:segmentation_id'] {{(pid=92237) _exclude_attributes_by_policy /opt/stack/neutron/neutron/pecan_wsgi/hooks/policy_enforcement.py:255}}
May 24 14:21:29.877914 dv-osbrick-786730-6-iscsi neutron-server[92237]: INFO neutron.wsgi [req-2e872804-913a-4050-8811-4c82a7864f82 req-7a5ef52b-5106-45b9-88aa-c58cd2c1b335 tempest-TestVolumeBootPattern-1374960478 tempest-TestVolumeBootPattern-1374960478-project] 10.222.0.16 "GET /v2.0/networks?id=6a4a0fd5-db1d-4b5f-8d96-8234f79a754c HTTP/1.1" status: 200 len: 812 time: 0.1397710
May 24 14:21:29.895419 dv-osbrick-786730-6-iscsi neutron-server[92237]: INFO neutron.wsgi [req-2e872804-913a-4050-8811-4c82a7864f82 req-685371a0-5256-4c61-9d4c-c9eaf9c23b4a tempest-TestVolumeBootPattern-1374960478 tempest-TestVolumeBootPattern-1374960478-project] 10.222.0.16 "GET /v2.0/quotas/b391a8af465f4a40825e2285ea85378b HTTP/1.1" status: 200 len: 375 time: 0.0121179
May 24 14:21:29.981797 dv-osbrick-786730-6-iscsi neutron-server[92237]: INFO neutron.wsgi [req-2e872804-913a-4050-8811-4c82a7864f82 req-d3617d09-ba40-46df-a1a0-8d066564907b tempest-TestVolumeBootPattern-1374960478 tempest-TestVolumeBootPattern-1374960478-project] 10.222.0.16 "GET /v2.0/ports?tenant_id=b391a8af465f4a40825e2285ea85378b&fields=id HTTP/1.1" status: 200 len: 348 time: 0.0813563
May 24 14:21:30.114493 dv-osbrick-786730-6-iscsi neutron-server[92237]: INFO neutron.wsgi [req-2e872804-913a-4050-8811-4c82a7864f82 req-69630b91-8386-45a5-ab5b-ea6788015c80 service neutron] 10.222.0.16 "GET /v2.0/networks/6a4a0fd5-db1d-4b5f-8d96-8234f79a754c?fields=segments HTTP/1.1" status: 200 len: 212 time: 0.1248486
May 24 14:21:30.245626 dv-osbrick-786730-6-iscsi neutron-server[92236]: DEBUG neutron.pecan_wsgi.hooks.policy_enforcement [req-7e40de1d-b31a-4a0f-80f1-bb6556fa929b req-0e6ce8ec-4371-4c9e-a77f-96cd00780531 tempest-TestMinimumBasicScenario-151951504 tempest-TestMinimumBasicScenario-151951504-project] Attributes excluded by policy engine: ['standard_attr_id', 'binding:profile', 'binding:host_id', 'binding:vif_type', 'binding:vif_details'] {{(pid=92236) _exclude_attributes_by_policy /opt/stack/neutron/neutron/pecan_wsgi/hooks/policy_enforcement.py:255}}
May 24 14:21:30.247071 dv-osbrick-786730-6-iscsi neutron-server[92236]: INFO neutron.wsgi [req-7e40de1d-b31a-4a0f-80f1-bb6556fa929b req-0e6ce8ec-4371-4c9e-a77f-96cd00780531 tempest-TestMinimumBasicScenario-151951504 tempest-TestMinimumBasicScenario-151951504-project] 10.222.0.16 "GET /v2.0/ports?device_id=c37a503a-2876-4eb8-8993-c300e0845a67 HTTP/1.1" status: 200 len: 984 time: 0.0787776
May 24 14:21:30.247396 dv-osbrick-786730-6-iscsi neutron-server[92237]: INFO neutron.wsgi [req-2e872804-913a-4050-8811-4c82a7864f82 req-c0b1b2dd-4710-4179-9a26-43bcad788a6e service neutron] 10.222.0.16 "GET /v2.0/networks/6a4a0fd5-db1d-4b5f-8d96-8234f79a754c?fields=provider%3Aphysical_network&fields=provider%3Anetwork_type HTTP/1.1" status: 200 len: 281 time: 0.1268637
