May 24 13:57:59.649336 dv-osbrick-786730-6-ceph devstack@n-api.service[92549]: /usr/local/lib/python3.8/dist-packages/oslo_policy/policy.py:1064: UserWarning: Policy os_compute_api:os-flavor-extra-specs:create failed scope check. The token used to make the request was project scoped but the policy requires ['system'] scope. This behavior may change in the future where using the intended scope is required
May 24 13:57:59.649336 dv-osbrick-786730-6-ceph devstack@n-api.service[92549]: warnings.warn(msg)
May 24 13:57:59.687044 dv-osbrick-786730-6-ceph devstack@n-api.service[92549]: INFO nova.api.openstack.requestlog [None req-f612f19d-2e0f-4a2f-bbce-9b0d968979c9 admin admin] 10.222.0.49 "POST /compute/v2.1/flavors/d1/os-extra_specs" status: 200 len: 43 microversion: 2.61 time: 0.043244
May 24 13:57:59.687700 dv-osbrick-786730-6-ceph devstack@n-api.service[92549]: [pid: 92549|app: 0|req: 4/9] 10.222.0.49 () {64 vars in 1335 bytes} [Mon May 24 13:57:59 2021] POST /compute/v2.1/flavors/d1/os-extra_specs => generated 43 bytes in 45 msecs (HTTP/1.1 200) 9 headers in 358 bytes (1 switches on core 0)
May 24 13:58:01.909546 dv-osbrick-786730-6-ceph devstack@n-api.service[92550]: DEBUG nova.api.openstack.wsgi [None req-11588242-2b50-4658-bbb9-a8b580b97e00 admin admin] Calling method '>' {{(pid=92550) _process_stack /opt/stack/nova/nova/api/openstack/wsgi.py:513}}
May 24 13:58:01.911222 dv-osbrick-786730-6-ceph devstack@n-api.service[92550]: INFO nova.api.openstack.requestlog [None req-11588242-2b50-4658-bbb9-a8b580b97e00 admin admin] 10.222.0.49 "GET /compute/v2.1" status: 200 len: 388 microversion: 2.1 time: 0.002172
May 24 13:58:01.915748 dv-osbrick-786730-6-ceph devstack@n-api.service[92550]: [pid: 92550|app: 0|req: 6/10] 10.222.0.49 () {54 vars in 930 bytes} [Mon May 24 13:58:01 2021] GET /compute/v2.1 => generated 388 bytes in 4 msecs (HTTP/1.1 200) 9 headers in 357 bytes (1 switches on core 0)
May 24 13:58:01.997600 dv-osbrick-786730-6-ceph devstack@n-api.service[92549]: DEBUG nova.api.openstack.wsgi [None req-0fe9246c-32af-444b-832a-7a3b19276e5f admin admin] Action: 'create', calling method: >, body: {"flavor": {"swap": 0, "vcpus": 1, "name": "ds1G", "disk": 10, "os-flavor-access:is_public": true, "OS-FLV-EXT-DATA:ephemeral": 0, "id": "d2", "rxtx_factor": 1.0, "ram": 1024}} {{(pid=92549) _process_stack /opt/stack/nova/nova/api/openstack/wsgi.py:511}}
May 24 13:58:02.028450 dv-osbrick-786730-6-ceph devstack@n-api.service[92549]: INFO nova.api.openstack.requestlog [None req-0fe9246c-32af-444b-832a-7a3b19276e5f admin admin] 10.222.0.49 "POST /compute/v2.1/flavors" status: 200 len: 404 microversion: 2.61 time: 0.109661
May 24 13:58:02.036003 dv-osbrick-786730-6-ceph devstack@n-api.service[92549]: [pid: 92549|app: 0|req: 5/11] 10.222.0.49 () {64 vars in 1282 bytes} [Mon May 24 13:58:01 2021] POST /compute/v2.1/flavors => generated 404 bytes in 118 msecs (HTTP/1.1 200) 9 headers in 359 bytes (1 switches on core 0)
May 24 13:58:02.041385 dv-osbrick-786730-6-ceph devstack@n-api.service[92550]: DEBUG nova.api.openstack.wsgi [None req-f9fc5e1e-e36f-4787-b2d5-8122d7f5ca1e admin admin] Action: 'create', calling method: >, body: {"extra_specs": {"hw_rng:allowed": "True"}} {{(pid=92550) _process_stack /opt/stack/nova/nova/api/openstack/wsgi.py:511}}
May 24 13:58:02.088974 dv-osbrick-786730-6-ceph devstack@n-api.service[92550]: INFO nova.api.openstack.requestlog [None req-f9fc5e1e-e36f-4787-b2d5-8122d7f5ca1e admin admin] 10.222.0.49 "POST /compute/v2.1/flavors/d2/os-extra_specs" status: 200 len: 43 microversion: 2.61 time: 0.051111
May 24 13:58:02.090291 dv-osbrick-786730-6-ceph devstack@n-api.service[92550]: [pid: 92550|app: 0|req: 7/12] 10.222.0.49 () {64 vars in 1335 bytes} [Mon May 24 13:58:02 2021] POST /compute/v2.1/flavors/d2/os-extra_specs => generated 43 bytes in 53 msecs (HTTP/1.1 200) 9 headers in 358 bytes (1 switches on core 0)
May 24 13:58:04.447996 dv-osbrick-786730-6-ceph devstack@n-api.service[92549]: DEBUG nova.api.openstack.wsgi [None req-0fe9246c-32af-444b-832a-7a3b19276e5f admin admin] Calling method '>' {{(pid=92549) _process_stack /opt/stack/nova/nova/api/openstack/wsgi.py:513}}
May 24 13:58:04.449833 dv-osbrick-786730-6-ceph devstack@n-api.service[92549]: INFO nova.api.openstack.requestlog [None req-0fe9246c-32af-444b-832a-7a3b19276e5f admin admin] 10.222.0.49 "GET /compute/v2.1" status: 200 len: 388 microversion: 2.1 time: 0.002261
May 24 13:58:04.450772 dv-osbrick-786730-6-ceph devstack@n-api.service[92549]: [pid: 92549|app: 0|req: 6/13] 10.222.0.49 () {54 vars in 930 bytes} [Mon May 24 13:58:04 2021] GET /compute/v2.1 => generated 388 bytes in 4 msecs (HTTP/1.1 200) 9 headers in 357 bytes (1 switches on core 0)
May 24 13:58:04.511174 dv-osbrick-786730-6-ceph devstack@n-api.service[92550]: DEBUG nova.api.openstack.wsgi [None req-9b327c4b-5ad0-4249-a2a7-92dc14cadfb0 admin admin] Action: 'create', calling method: >, body: {"flavor": {"vcpus": 2, "id": "d3", "ram": 2048, "rxtx_factor": 1.0, "os-flavor-access:is_public": true, "OS-FLV-EXT-DATA:ephemeral": 0, "swap": 0, "disk": 10, "name": "ds2G"}} {{(pid=92550) _process_stack /opt/stack/nova/nova/api/openstack/wsgi.py:511}}
May 24 13:58:04.536357 dv-osbrick-786730-6-ceph devstack@n-api.service[92550]: INFO nova.api.openstack.requestlog [None req-9b327c4b-5ad0-4249-a2a7-92dc14cadfb0 admin admin] 10.222.0.49 "POST /compute/v2.1/flavors" status: 200 len: 404 microversion: 2.61 time: 0.079614
May 24 13:58:04.537153 dv-osbrick-786730-6-ceph devstack@n-api.service[92550]: [pid: 92550|app: 0|req: 8/14] 10.222.0.49 () {64 vars in 1282 bytes} [Mon May 24 13:58:04 2021] POST /compute/v2.1/flavors => generated 404 bytes in 81 msecs (HTTP/1.1 200) 9 headers in 359 bytes (2 switches on core 0)
May 24 13:58:04.549121 dv-osbrick-786730-6-ceph devstack@n-api.service[92549]: DEBUG nova.api.openstack.wsgi [None req-6901a73c-3f82-4dfa-925c-a35f8b0c4739 admin admin] Action: 'create', calling method: >, body: {"extra_specs": {"hw_rng:allowed": "True"}} {{(pid=92549) _process_stack /opt/stack/nova/nova/api/openstack/wsgi.py:511}}
May 24 13:58:04.587596 dv-osbrick-786730-6-ceph devstack@n-api.service[92549]: INFO nova.api.openstack.requestlog [None req-6901a73c-3f82-4dfa-925c-a35f8b0c4739 admin admin] 10.222.0.49 "POST /compute/v2.1/flavors/d3/os-extra_specs" status: 200 len: 43 microversion: 2.61 time: 0.042341
May 24 13:58:04.588289 dv-osbrick-786730-6-ceph devstack@n-api.service[92549]: [pid: 92549|app: 0|req: 7/15] 10.222.0.49 () {64 vars in 1335 bytes} [Mon May 24 13:58:04 2021] POST /compute/v2.1/flavors/d3/os-extra_specs => generated 43 bytes in 44 msecs (HTTP/1.1 200) 9 headers in 358 bytes (2 switches on core 0)
May 24 13:58:06.815271 dv-osbrick-786730-6-ceph devstack@n-api.service[92550]: DEBUG nova.api.openstack.wsgi [None req-9b327c4b-5ad0-4249-a2a7-92dc14cadfb0 admin admin] Calling method '>' {{(pid=92550) _process_stack /opt/stack/nova/nova/api/openstack/wsgi.py:513}}
May 24 13:58:06.817002 dv-osbrick-786730-6-ceph devstack@n-api.service[92550]: INFO nova.api.openstack.requestlog [None req-9b327c4b-5ad0-4249-a2a7-92dc14cadfb0 admin admin] 10.222.0.49 "GET /compute/v2.1" status: 200 len: 388 microversion: 2.1 time: 0.002484
May 24 13:58:06.817819 dv-osbrick-786730-6-ceph devstack@n-api.service[92550]: [pid: 92550|app: 0|req: 9/16] 10.222.0.49 () {54 vars in 930 bytes} [Mon May 24 13:58:06 2021] GET /compute/v2.1 => generated 388 bytes in 4 msecs (HTTP/1.1 200) 9 headers in 357 bytes (1 switches on core 0)
May 24 13:58:06.874998 dv-osbrick-786730-6-ceph devstack@n-api.service[92549]: DEBUG nova.api.openstack.wsgi [None req-8a97e3a9-07c2-407b-a94b-a0f4b56888ab admin admin] Action: 'create', calling method: >, body: {"flavor": {"id": "d4", "ram": 4096, "os-flavor-access:is_public": true, "vcpus": 4, "name": "ds4G", "OS-FLV-EXT-DATA:ephemeral": 0, "swap": 0, "disk": 20, "rxtx_factor": 1.0}} {{(pid=92549) _process_stack /opt/stack/nova/nova/api/openstack/wsgi.py:511}}
May 24 13:58:06.906134 dv-osbrick-786730-6-ceph devstack@n-api.service[92549]: INFO nova.api.openstack.requestlog [None req-8a97e3a9-07c2-407b-a94b-a0f4b56888ab admin admin] 10.222.0.49 "POST /compute/v2.1/flavors" status: 200 len: 404 microversion: 2.61 time: 0.082179
May 24 13:58:06.906673 dv-osbrick-786730-6-ceph devstack@n-api.service[92549]: [pid: 92549|app: 0|req: 8/17] 10.222.0.49 () {64 vars in 1282 bytes} [Mon May 24 13:58:06 2021] POST /compute/v2.1/flavors => generated 404 bytes in 83 msecs (HTTP/1.1 200) 9 headers in 359 bytes (2 switches on core 0)
May 24 13:58:06.918838 dv-osbrick-786730-6-ceph devstack@n-api.service[92550]: DEBUG nova.api.openstack.wsgi [None req-89836249-3468-4978-8f68-5ded3f257c9d admin admin] Action: 'create', calling method: >, body: {"extra_specs": {"hw_rng:allowed": "True"}} {{(pid=92550) _process_stack /opt/stack/nova/nova/api/openstack/wsgi.py:511}}
May 24 13:58:06.957658 dv-osbrick-786730-6-ceph devstack@n-api.service[92550]: INFO nova.api.openstack.requestlog [None req-89836249-3468-4978-8f68-5ded3f257c9d admin admin] 10.222.0.49 "POST /compute/v2.1/flavors/d4/os-extra_specs" status: 200 len: 43 microversion: 2.61 time: 0.042827
May 24 13:58:06.958272 dv-osbrick-786730-6-ceph devstack@n-api.service[92550]: [pid: 92550|app: 0|req: 10/18] 10.222.0.49 () {64 vars in 1335 bytes} [Mon May 24 13:58:06 2021] POST /compute/v2.1/flavors/d4/os-extra_specs => generated 43 bytes in 44 msecs (HTTP/1.1 200) 9 headers in 358 bytes (1 switches on core 0)
May 24 13:58:09.172712 dv-osbrick-786730-6-ceph devstack@n-api.service[92549]: DEBUG nova.api.openstack.wsgi [None req-8a97e3a9-07c2-407b-a94b-a0f4b56888ab admin admin] Calling method '>' {{(pid=92549) _process_stack /opt/stack/nova/nova/api/openstack/wsgi.py:513}}
May 24 13:58:09.173697 dv-osbrick-786730-6-ceph devstack@n-api.service[92549]: INFO nova.api.openstack.requestlog [None req-8a97e3a9-07c2-407b-a94b-a0f4b56888ab admin admin] 10.222.0.49 "GET /compute/v2.1" status: 200 len: 388 microversion: 2.1 time: 0.001460
May 24 13:58:09.174112 dv-osbrick-786730-6-ceph devstack@n-api.service[92549]: [pid: 92549|app: 0|req: 9/19] 10.222.0.49 () {54 vars in 930 bytes} [Mon May 24 13:58:09 2021] GET /compute/v2.1 => generated 388 bytes in 2 msecs (HTTP/1.1 200) 9 headers in 357 bytes (1 switches on core 0)
May 24 13:58:09.235794 dv-osbrick-786730-6-ceph devstack@n-api.service[92550]: DEBUG nova.api.openstack.wsgi [None req-b98dad66-6b44-412e-a011-9545edffc018 admin admin] Calling method '>' {{(pid=92550) _process_stack /opt/stack/nova/nova/api/openstack/wsgi.py:513}}
May 24 13:58:09.257976 dv-osbrick-786730-6-ceph devstack@n-api.service[92550]: INFO nova.api.openstack.requestlog [None req-b98dad66-6b44-412e-a011-9545edffc018 admin admin] 10.222.0.49 "GET /compute/v2.1/flavors/detail?is_public=True" status: 200 len: 2106 microversion: 2.61 time: 0.077302
May 24 13:58:09.258584 dv-osbrick-786730-6-ceph devstack@n-api.service[92550]: [pid: 92550|app: 0|req: 11/20] 10.222.0.49 () {60 vars in 1291 bytes} [Mon May 24 13:58:09 2021] GET /compute/v2.1/flavors/detail?is_public=True => generated 2106 bytes in 79 msecs (HTTP/1.1 200) 9 headers in 360 bytes (2 switches on core 0)
May 24 13:58:11.482380 dv-osbrick-786730-6-ceph devstack@n-api.service[92549]: DEBUG nova.api.openstack.wsgi [None req-8a97e3a9-07c2-407b-a94b-a0f4b56888ab admin admin] Calling method '>' {{(pid=92549) _process_stack /opt/stack/nova/nova/api/openstack/wsgi.py:513}}
May 24 13:58:11.483431 dv-osbrick-786730-6-ceph devstack@n-api.service[92549]: INFO nova.api.openstack.requestlog [None req-8a97e3a9-07c2-407b-a94b-a0f4b56888ab admin admin] 10.222.0.49 "GET /compute/v2.1" status: 200 len: 388 microversion: 2.1 time: 0.001446
May 24 13:58:11.483844 dv-osbrick-786730-6-ceph devstack@n-api.service[92549]: [pid: 92549|app: 0|req: 10/21] 10.222.0.49 () {54 vars in 930 bytes} [Mon May 24 13:58:11 2021] GET /compute/v2.1 => generated 388 bytes in 2 msecs (HTTP/1.1 200) 9 headers in 357 bytes (1 switches on core 0)
May 24 13:58:11.564634 dv-osbrick-786730-6-ceph devstack@n-api.service[92550]: DEBUG nova.api.openstack.wsgi [None req-656da3a9-c573-4c19-9c75-a2d8549ee2e5 admin admin] Action: 'create', calling method: >, body: {"flavor": {"os-flavor-access:is_public": true, "disk": 1, "ram": 512, "rxtx_factor": 1.0, "swap": 0, "OS-FLV-EXT-DATA:ephemeral": 0, "vcpus": 1, "id": "1", "name": "m1.tiny"}} {{(pid=92550) _process_stack /opt/stack/nova/nova/api/openstack/wsgi.py:511}}
May 24 13:58:11.591674 dv-osbrick-786730-6-ceph devstack@n-api.service[92550]: INFO nova.api.openstack.requestlog [None req-656da3a9-c573-4c19-9c75-a2d8549ee2e5 admin admin] 10.222.0.49 "POST /compute/v2.1/flavors" status: 200 len: 402 microversion: 2.61 time: 0.101602
May 24 13:58:11.592258 dv-osbrick-786730-6-ceph devstack@n-api.service[92550]: [pid: 92550|app: 0|req: 12/22] 10.222.0.49 () {64 vars in 1282 bytes} [Mon May 24 13:58:11 2021] POST /compute/v2.1/flavors => generated 402 bytes in 103 msecs (HTTP/1.1 200) 9 headers in 359 bytes (1 switches on core 0)
May 24 13:58:11.607303 dv-osbrick-786730-6-ceph devstack@n-api.service[92549]: DEBUG nova.api.openstack.wsgi [None req-77df1bdc-0295-40c4-b9de-c270c82ca721 admin admin] Action: 'create', calling method: >, body: {"extra_specs": {"hw_rng:allowed": "True"}} {{(pid=92549) _process_stack /opt/stack/nova/nova/api/openstack/wsgi.py:511}}
May 24 13:58:11.657612 dv-osbrick-786730-6-ceph devstack@n-api.service[92549]: INFO nova.api.openstack.requestlog [None req-77df1bdc-0295-40c4-b9de-c270c82ca721 admin admin] 10.222.0.49 "POST /compute/v2.1/flavors/1/os-extra_specs" status: 200 len: 43 microversion: 2.61 time: 0.054424
May 24 13:58:11.658124 dv-osbrick-786730-6-ceph devstack@n-api.service[92549]: [pid: 92549|app: 0|req: 11/23] 10.222.0.49 () {64 vars in 1332 bytes} [Mon May 24 13:58:11 2021] POST /compute/v2.1/flavors/1/os-extra_specs => generated 43 bytes in 57 msecs (HTTP/1.1 200) 9 headers in 358 bytes (1 switches on core 0)
May 24 13:58:14.139808 dv-osbrick-786730-6-ceph devstack@n-api.service[92550]: DEBUG nova.api.openstack.wsgi [None req-656da3a9-c573-4c19-9c75-a2d8549ee2e5 admin admin] Calling method '>' {{(pid=92550) _process_stack /opt/stack/nova/nova/api/openstack/wsgi.py:513}}
May 24 13:58:14.141119 dv-osbrick-786730-6-ceph devstack@n-api.service[92550]: INFO nova.api.openstack.requestlog [None req-656da3a9-c573-4c19-9c75-a2d8549ee2e5 admin admin] 10.222.0.49 "GET /compute/v2.1" status: 200 len: 388 microversion: 2.1 time: 0.001836
May 24 13:58:14.141579 dv-osbrick-786730-6-ceph devstack@n-api.service[92550]: [pid: 92550|app: 0|req: 13/24] 10.222.0.49 () {54 vars in 930 bytes} [Mon May 24 13:58:14 2021] GET /compute/v2.1 => generated 388 bytes in 3 msecs (HTTP/1.1 200) 9 headers in 357 bytes (1 switches on core 0)
May 24 13:58:14.206917 dv-osbrick-786730-6-ceph devstack@n-api.service[92549]: DEBUG nova.api.openstack.wsgi [None req-9a4190fe-c05b-4346-ae40-756e0b7492bb admin admin] Action: 'create', calling method: >, body: {"flavor": {"swap": 0, "disk": 20, "os-flavor-access:is_public": true, "id": "2", "OS-FLV-EXT-DATA:ephemeral": 0, "name": "m1.small", "rxtx_factor": 1.0, "ram": 2048, "vcpus": 1}} {{(pid=92549) _process_stack /opt/stack/nova/nova/api/openstack/wsgi.py:511}}
May 24 13:58:14.236562 dv-osbrick-786730-6-ceph devstack@n-api.service[92549]: INFO nova.api.openstack.requestlog [None req-9a4190fe-c05b-4346-ae40-756e0b7492bb admin admin] 10.222.0.49 "POST /compute/v2.1/flavors" status: 200 len: 405 microversion: 2.61 time: 0.088162
May 24 13:58:14.237302 dv-osbrick-786730-6-ceph devstack@n-api.service[92549]: [pid: 92549|app: 0|req: 12/25] 10.222.0.49 () {64 vars in 1282 bytes} [Mon May 24 13:58:14 2021] POST /compute/v2.1/flavors => generated 405 bytes in 90 msecs (HTTP/1.1 200) 9 headers in 359 bytes (1 switches on core 0)
May 24 13:58:14.252165 dv-osbrick-786730-6-ceph devstack@n-api.service[92550]: DEBUG nova.api.openstack.wsgi [None req-c4d6f326-6351-4199-93fc-1caefe4a604a admin admin] Action: 'create', calling method: >, body: {"extra_specs": {"hw_rng:allowed": "True"}} {{(pid=92550) _process_stack /opt/stack/nova/nova/api/openstack/wsgi.py:511}}
May 24 13:58:14.302525 dv-osbrick-786730-6-ceph devstack@n-api.service[92550]: INFO nova.api.openstack.requestlog [None req-c4d6f326-6351-4199-93fc-1caefe4a604a admin admin] 10.222.0.49 "POST /compute/v2.1/flavors/2/os-extra_specs" status: 200 len: 43 microversion: 2.61 time: 0.055919
May 24 13:58:14.303148 dv-osbrick-786730-6-ceph devstack@n-api.service[92550]: [pid: 92550|app: 0|req: 14/26] 10.222.0.49 () {64 vars in 1332 bytes} [Mon May 24 13:58:14 2021] POST /compute/v2.1/flavors/2/os-extra_specs => generated 43 bytes in 58 msecs (HTTP/1.1 200) 9 headers in 358 bytes (2 switches on core 0)
May 24 13:58:16.600448 dv-osbrick-786730-6-ceph devstack@n-api.service[92549]: DEBUG nova.api.openstack.wsgi [None req-9a4190fe-c05b-4346-ae40-756e0b7492bb admin admin] Calling method '>' {{(pid=92549) _process_stack /opt/stack/nova/nova/api/openstack/wsgi.py:513}}
May 24 13:58:16.601613 dv-osbrick-786730-6-ceph devstack@n-api.service[92549]: INFO nova.api.openstack.requestlog [None req-9a4190fe-c05b-4346-ae40-756e0b7492bb admin admin] 10.222.0.49 "GET /compute/v2.1" status: 200 len: 388 microversion: 2.1 time: 0.001583
May 24 13:58:16.602098 dv-osbrick-786730-6-ceph devstack@n-api.service[92549]: [pid: 92549|app: 0|req: 13/27] 10.222.0.49 () {54 vars in 930 bytes} [Mon May 24 13:58:16 2021] GET /compute/v2.1 => generated 388 bytes in 3 msecs (HTTP/1.1 200) 9 headers in 357 bytes (1 switches on core 0)
May 24 13:58:16.665564 dv-osbrick-786730-6-ceph devstack@n-api.service[92550]: DEBUG nova.api.openstack.wsgi [None req-1ac124a9-5bb5-4013-9f7a-f3217af4fade admin admin] Action: 'create', calling method: >, body: {"flavor": {"swap": 0, "os-flavor-access:is_public": true, "OS-FLV-EXT-DATA:ephemeral": 0, "disk": 40, "ram": 4096, "id": "3", "vcpus": 2, "name": "m1.medium", "rxtx_factor": 1.0}} {{(pid=92550) _process_stack /opt/stack/nova/nova/api/openstack/wsgi.py:511}}
May 24 13:58:16.692444 dv-osbrick-786730-6-ceph devstack@n-api.service[92550]: INFO nova.api.openstack.requestlog [None req-1ac124a9-5bb5-4013-9f7a-f3217af4fade admin admin] 10.222.0.49 "POST /compute/v2.1/flavors" status: 200 len: 406 microversion: 2.61 time: 0.082120
May 24 13:58:16.692982 dv-osbrick-786730-6-ceph devstack@n-api.service[92550]: [pid: 92550|app: 0|req: 15/28] 10.222.0.49 () {64 vars in 1282 bytes} [Mon May 24 13:58:16 2021] POST /compute/v2.1/flavors => generated 406 bytes in 84 msecs (HTTP/1.1 200) 9 headers in 359 bytes (1 switches on core 0)
May 24 13:58:16.705722 dv-osbrick-786730-6-ceph devstack@n-api.service[92549]: DEBUG nova.api.openstack.wsgi [None req-31bb4493-99be-4c74-ab4c-060a6e1b19ed admin admin] Action: 'create', calling method: >, body: {"extra_specs": {"hw_rng:allowed": "True"}} {{(pid=92549) _process_stack /opt/stack/nova/nova/api/openstack/wsgi.py:511}}
May 24 13:58:16.746146 dv-osbrick-786730-6-ceph devstack@n-api.service[92549]: INFO nova.api.openstack.requestlog [None req-31bb4493-99be-4c74-ab4c-060a6e1b19ed admin admin] 10.222.0.49 "POST /compute/v2.1/flavors/3/os-extra_specs" status: 200 len: 43 microversion: 2.61 time: 0.044187
May 24 13:58:16.746950 dv-osbrick-786730-6-ceph devstack@n-api.service[92549]: [pid: 92549|app: 0|req: 14/29] 10.222.0.49 () {64 vars in 1332 bytes} [Mon May 24 13:58:16 2021] POST /compute/v2.1/flavors/3/os-extra_specs => generated 43 bytes in 46 msecs (HTTP/1.1 200) 9 headers in 358 bytes (1 switches on core 0)
May 24 13:58:19.077151 dv-osbrick-786730-6-ceph devstack@n-api.service[92550]: DEBUG nova.api.openstack.wsgi [None req-1ac124a9-5bb5-4013-9f7a-f3217af4fade admin admin] Calling method '>' {{(pid=92550) _process_stack /opt/stack/nova/nova/api/openstack/wsgi.py:513}}
May 24 13:58:19.078203 dv-osbrick-786730-6-ceph devstack@n-api.service[92550]: INFO nova.api.openstack.requestlog [None req-1ac124a9-5bb5-4013-9f7a-f3217af4fade admin admin] 10.222.0.49 "GET /compute/v2.1" status: 200 len: 388 microversion: 2.1 time: 0.001534
May 24 13:58:19.078630 dv-osbrick-786730-6-ceph devstack@n-api.service[92550]: [pid: 92550|app: 0|req: 16/30] 10.222.0.49 () {54 vars in 930 bytes} [Mon May 24 13:58:19 2021] GET /compute/v2.1 => generated 388 bytes in 3 msecs (HTTP/1.1 200) 9 headers in 357 bytes (1 switches on core 0)
May 24 13:58:19.151757 dv-osbrick-786730-6-ceph devstack@n-api.service[92549]: DEBUG nova.api.openstack.wsgi [None req-cc00b0d1-a10e-48e2-b4b6-bde931ef5ccd admin admin] Action: 'create', calling method: >, body: {"flavor": {"name": "m1.large", "ram": 8192, "vcpus": 4, "swap": 0, "rxtx_factor": 1.0, "os-flavor-access:is_public": true, "id": "4", "OS-FLV-EXT-DATA:ephemeral": 0, "disk": 80}} {{(pid=92549) _process_stack /opt/stack/nova/nova/api/openstack/wsgi.py:511}}
May 24 13:58:19.181755 dv-osbrick-786730-6-ceph devstack@n-api.service[92549]: INFO nova.api.openstack.requestlog [None req-cc00b0d1-a10e-48e2-b4b6-bde931ef5ccd admin admin] 10.222.0.49 "POST /compute/v2.1/flavors" status: 200 len: 405 microversion: 2.61 time: 0.096701
May 24 13:58:19.182369 dv-osbrick-786730-6-ceph devstack@n-api.service[92549]: [pid: 92549|app: 0|req: 15/31] 10.222.0.49 () {64 vars in 1282 bytes} [Mon May 24 13:58:19 2021] POST /compute/v2.1/flavors => generated 405 bytes in 98 msecs (HTTP/1.1 200) 9 headers in 359 bytes (1 switches on core 0)
May 24 13:58:19.194843 dv-osbrick-786730-6-ceph devstack@n-api.service[92550]: DEBUG nova.api.openstack.wsgi [None req-cdffd0ae-021b-4d15-9ed9-925ce239f366 admin admin] Action: 'create', calling method: >, body: {"extra_specs": {"hw_rng:allowed": "True"}} {{(pid=92550) _process_stack /opt/stack/nova/nova/api/openstack/wsgi.py:511}}
May 24 13:58:19.243145 dv-osbrick-786730-6-ceph devstack@n-api.service[92550]: INFO nova.api.openstack.requestlog [None req-cdffd0ae-021b-4d15-9ed9-925ce239f366 admin admin] 10.222.0.49 "POST /compute/v2.1/flavors/4/os-extra_specs" status: 200 len: 43 microversion: 2.61 time: 0.051925
May 24 13:58:19.243891 dv-osbrick-786730-6-ceph devstack@n-api.service[92550]: [pid: 92550|app: 0|req: 17/32] 10.222.0.49 () {64 vars in 1332 bytes} [Mon May 24 13:58:19 2021] POST /compute/v2.1/flavors/4/os-extra_specs => generated 43 bytes in 54 msecs (HTTP/1.1 200) 9 headers in 358 bytes (1 switches on core 0)
May 24 13:58:21.489754 dv-osbrick-786730-6-ceph devstack@n-api.service[92549]: DEBUG nova.api.openstack.wsgi [None req-cc00b0d1-a10e-48e2-b4b6-bde931ef5ccd admin admin] Calling method '>' {{(pid=92549) _process_stack /opt/stack/nova/nova/api/openstack/wsgi.py:513}}
May 24 13:58:21.490856 dv-osbrick-786730-6-ceph devstack@n-api.service[92549]: INFO nova.api.openstack.requestlog [None req-cc00b0d1-a10e-48e2-b4b6-bde931ef5ccd admin admin] 10.222.0.49 "GET /compute/v2.1" status: 200 len: 388 microversion: 2.1 time: 0.001577
May 24 13:58:21.491374 dv-osbrick-786730-6-ceph devstack@n-api.service[92549]: [pid: 92549|app: 0|req: 16/33] 10.222.0.49 () {54 vars in 930 bytes} [Mon May 24 13:58:21 2021] GET /compute/v2.1 => generated 388 bytes in 3 msecs (HTTP/1.1 200) 9 headers in 357 bytes (1 switches on core 0)
May 24 13:58:21.552173 dv-osbrick-786730-6-ceph devstack@n-api.service[92550]: DEBUG nova.api.openstack.wsgi [None req-136d5ce2-fb27-4306-b91c-034239a19129 admin admin] Action: 'create', calling method: >, body: {"flavor": {"os-flavor-access:is_public": true, "disk": 160, "id": "5", "swap": 0, "name": "m1.xlarge", "vcpus": 8, "ram": 16384, "OS-FLV-EXT-DATA:ephemeral": 0, "rxtx_factor": 1.0}} {{(pid=92550) _process_stack /opt/stack/nova/nova/api/openstack/wsgi.py:511}}
May 24 13:58:21.580409 dv-osbrick-786730-6-ceph devstack@n-api.service[92550]: INFO nova.api.openstack.requestlog [None req-136d5ce2-fb27-4306-b91c-034239a19129 admin admin] 10.222.0.49 "POST /compute/v2.1/flavors" status: 200 len: 408 microversion: 2.61 time: 0.082591
May 24 13:58:21.581037 dv-osbrick-786730-6-ceph devstack@n-api.service[92550]: [pid: 92550|app: 0|req: 18/34] 10.222.0.49 () {64 vars in 1282 bytes} [Mon May 24 13:58:21 2021] POST /compute/v2.1/flavors => generated 408 bytes in 84 msecs (HTTP/1.1 200) 9 headers in 359 bytes (2 switches on core 0)
May 24 13:58:21.593450 dv-osbrick-786730-6-ceph devstack@n-api.service[92549]: DEBUG nova.api.openstack.wsgi [None req-b7b9bf34-1fec-4c9e-b483-0f5ee7766736 admin admin] Action: 'create', calling method: >, body: {"extra_specs": {"hw_rng:allowed": "True"}} {{(pid=92549) _process_stack /opt/stack/nova/nova/api/openstack/wsgi.py:511}}
May 24 13:58:21.633987 dv-osbrick-786730-6-ceph devstack@n-api.service[92549]: INFO nova.api.openstack.requestlog [None req-b7b9bf34-1fec-4c9e-b483-0f5ee7766736 admin admin] 10.222.0.49 "POST /compute/v2.1/flavors/5/os-extra_specs" status: 200 len: 43 microversion: 2.61 time: 0.044636
May 24 13:58:21.634600 dv-osbrick-786730-6-ceph devstack@n-api.service[92549]: [pid: 92549|app: 0|req: 17/35] 10.222.0.49 () {64 vars in 1332 bytes} [Mon May 24 13:58:21 2021] POST /compute/v2.1/flavors/5/os-extra_specs => generated 43 bytes in 46 msecs (HTTP/1.1 200) 9 headers in 358 bytes (1 switches on core 0)
May 24 13:58:49.371909 dv-osbrick-786730-6-ceph devstack@n-api.service[92550]: DEBUG nova.api.openstack.wsgi [None req-136d5ce2-fb27-4306-b91c-034239a19129 admin admin] Calling method '>' {{(pid=92550) _process_stack /opt/stack/nova/nova/api/openstack/wsgi.py:513}}
May 24 13:58:49.372914 dv-osbrick-786730-6-ceph devstack@n-api.service[92550]: INFO nova.api.openstack.requestlog [None req-136d5ce2-fb27-4306-b91c-034239a19129 admin admin] 10.222.0.49 "GET /compute/v2.1" status: 200 len: 388 microversion: 2.1 time: 0.001507
May 24 13:58:49.373288 dv-osbrick-786730-6-ceph devstack@n-api.service[92550]: [pid: 92550|app: 0|req: 19/36] 10.222.0.49 () {54 vars in 930 bytes} [Mon May 24 13:58:49 2021] GET /compute/v2.1 => generated 388 bytes in 3 msecs (HTTP/1.1 200) 9 headers in 357 bytes (1 switches on core 0)
May 24 13:58:49.438896 dv-osbrick-786730-6-ceph devstack@n-api.service[92549]: DEBUG nova.api.openstack.wsgi [None req-48b020b4-2563-4598-b9b4-c1e04b6756b0 admin admin] Calling method '>' {{(pid=92549) _process_stack /opt/stack/nova/nova/api/openstack/wsgi.py:513}}
May 24 13:58:49.462067 dv-osbrick-786730-6-ceph devstack@n-api.service[92549]: INFO nova.api.openstack.requestlog [None req-48b020b4-2563-4598-b9b4-c1e04b6756b0 admin admin] 10.222.0.49 "GET /compute/v2.1/flavors/detail?is_public=True" status: 200 len: 4202 microversion: 2.61 time: 0.082466
May 24 13:58:49.462602 dv-osbrick-786730-6-ceph devstack@n-api.service[92549]: [pid: 92549|app: 0|req: 18/37] 10.222.0.49 () {60 vars in 1291 bytes} [Mon May 24 13:58:49 2021] GET /compute/v2.1/flavors/detail?is_public=True => generated 4202 bytes in 84 msecs (HTTP/1.1 200) 9 headers in 360 bytes (1 switches on core 0)
May 24 13:58:50.914686 dv-osbrick-786730-6-ceph devstack@n-api.service[92550]: DEBUG nova.api.openstack.wsgi [None req-136d5ce2-fb27-4306-b91c-034239a19129 admin admin] Calling method '>' {{(pid=92550) _process_stack /opt/stack/nova/nova/api/openstack/wsgi.py:513}}
May 24 13:58:50.916256 dv-osbrick-786730-6-ceph devstack@n-api.service[92550]: INFO nova.api.openstack.requestlog [None req-136d5ce2-fb27-4306-b91c-034239a19129 admin admin] 10.222.0.49 "GET /compute/v2.1" status: 200 len: 388 microversion: 2.1 time: 0.002186
May 24 13:58:50.917293 dv-osbrick-786730-6-ceph devstack@n-api.service[92550]: [pid: 92550|app: 0|req: 20/38] 10.222.0.49 () {56 vars in 1075 bytes} [Mon May 24 13:58:50 2021] GET /compute/v2.1 => generated 388 bytes in 4 msecs (HTTP/1.1 200) 9 headers in 357 bytes (1 switches on core 0)
May 24 13:58:51.145671 dv-osbrick-786730-6-ceph devstack@n-api.service[92549]: DEBUG nova.api.openstack.wsgi [None req-d9b53533-be6f-4c98-abce-27c5c7d8c3ee admin admin] Calling method '>' {{(pid=92549) _process_stack /opt/stack/nova/nova/api/openstack/wsgi.py:513}}
May 24 13:58:51.158690 dv-osbrick-786730-6-ceph devstack@n-api.service[92549]: INFO nova.api.openstack.wsgi [None req-d9b53533-be6f-4c98-abce-27c5c7d8c3ee admin admin] HTTP exception thrown: Flavor 42 could not be found.
May 24 13:58:51.159338 dv-osbrick-786730-6-ceph devstack@n-api.service[92549]: DEBUG nova.api.openstack.wsgi [None req-d9b53533-be6f-4c98-abce-27c5c7d8c3ee admin admin] Returning 404 to user: Flavor 42 could not be found. {{(pid=92549) __call__ /opt/stack/nova/nova/api/openstack/wsgi.py:927}}
May 24 13:58:51.160114 dv-osbrick-786730-6-ceph devstack@n-api.service[92549]: INFO nova.api.openstack.requestlog [None req-d9b53533-be6f-4c98-abce-27c5c7d8c3ee admin admin] 10.222.0.49 "GET /compute/v2.1/flavors/42" status: 404 len: 75 microversion: 2.88 time: 0.077363
May 24 13:58:51.160644 dv-osbrick-786730-6-ceph devstack@n-api.service[92549]: [pid: 92549|app: 0|req: 19/39] 10.222.0.49 () {60 vars in 1191 bytes} [Mon May 24 13:58:51 2021] GET /compute/v2.1/flavors/42 => generated 75 bytes in 79 msecs (HTTP/1.1 404) 9 headers in 380 bytes (1 switches on core 0)
May 24 13:58:51.170090 dv-osbrick-786730-6-ceph devstack@n-api.service[92550]: DEBUG nova.api.openstack.wsgi [None req-f6c5403f-5ca1-4a89-a88e-4cbf7ed47a8a admin admin] Calling method '>' {{(pid=92550) _process_stack /opt/stack/nova/nova/api/openstack/wsgi.py:513}}
May 24 13:58:51.190171 dv-osbrick-786730-6-ceph devstack@n-api.service[92550]: INFO nova.api.openstack.requestlog [None req-f6c5403f-5ca1-4a89-a88e-4cbf7ed47a8a admin admin] 10.222.0.49 "GET /compute/v2.1/flavors?is_public=None" status: 200 len: 2056 microversion: 2.88 time: 0.023663
May 24 13:58:51.190707 dv-osbrick-786730-6-ceph devstack@n-api.service[92550]: [pid: 92550|app: 0|req: 21/40] 10.222.0.49 () {60 vars in 1211 bytes} [Mon May 24 13:58:51 2021] GET /compute/v2.1/flavors?is_public=None => generated 2056 bytes in 25 msecs (HTTP/1.1 200) 9 headers in 360 bytes (1 switches on core 0)
May 24 13:58:51.200577 dv-osbrick-786730-6-ceph devstack@n-api.service[92549]: DEBUG nova.api.openstack.wsgi [None req-fd072ded-5864-4237-84cd-8661c2c2e79a admin admin] Calling method '>' {{(pid=92549) _process_stack /opt/stack/nova/nova/api/openstack/wsgi.py:513}}
May 24 13:58:51.221475 dv-osbrick-786730-6-ceph devstack@n-api.service[92549]: INFO nova.api.openstack.requestlog [None req-fd072ded-5864-4237-84cd-8661c2c2e79a admin admin] 10.222.0.49 "GET /compute/v2.1/flavors?is_public=None" status: 200 len: 2056 microversion: 2.88 time: 0.024550
May 24 13:58:51.222022 dv-osbrick-786730-6-ceph devstack@n-api.service[92549]: [pid: 92549|app: 0|req: 20/41] 10.222.0.49 () {60 vars in 1211 bytes} [Mon May 24 13:58:51 2021] GET /compute/v2.1/flavors?is_public=None => generated 2056 bytes in 26 msecs (HTTP/1.1 200) 9 headers in 360 bytes (1 switches on core 0)
May 24 13:58:51.233610 dv-osbrick-786730-6-ceph devstack@n-api.service[92550]: DEBUG nova.api.openstack.wsgi [None req-0d224cfa-f917-4d50-a16f-c26fe63466d7 admin admin] Calling method '>' {{(pid=92550) _process_stack /opt/stack/nova/nova/api/openstack/wsgi.py:513}}
May 24 13:58:51.246612 dv-osbrick-786730-6-ceph devstack@n-api.service[92550]: INFO nova.api.openstack.wsgi [None req-0d224cfa-f917-4d50-a16f-c26fe63466d7 admin admin] HTTP exception thrown: Flavor 42 could not be found.
May 24 13:58:51.247205 dv-osbrick-786730-6-ceph devstack@n-api.service[92550]: DEBUG nova.api.openstack.wsgi [None req-0d224cfa-f917-4d50-a16f-c26fe63466d7 admin admin] Returning 404 to user: Flavor 42 could not be found. {{(pid=92550) __call__ /opt/stack/nova/nova/api/openstack/wsgi.py:927}}
May 24 13:58:51.248043 dv-osbrick-786730-6-ceph devstack@n-api.service[92550]: INFO nova.api.openstack.requestlog [None req-0d224cfa-f917-4d50-a16f-c26fe63466d7 admin admin] 10.222.0.49 "GET /compute/v2.1/flavors/42" status: 404 len: 75 microversion: 2.88 time: 0.019486
May 24 13:58:51.248607 dv-osbrick-786730-6-ceph devstack@n-api.service[92550]: [pid: 92550|app: 0|req: 22/42] 10.222.0.49 () {60 vars in 1191 bytes} [Mon May 24 13:58:51 2021] GET /compute/v2.1/flavors/42 => generated 75 bytes in 21 msecs (HTTP/1.1 404) 9 headers in 380 bytes (1 switches on core 0)
May 24 13:58:52.618809 dv-osbrick-786730-6-ceph devstack@n-api.service[92549]: DEBUG nova.api.openstack.wsgi [None req-fd072ded-5864-4237-84cd-8661c2c2e79a admin admin] Calling method '>' {{(pid=92549) _process_stack /opt/stack/nova/nova/api/openstack/wsgi.py:513}}
May 24 13:58:52.619872 dv-osbrick-786730-6-ceph devstack@n-api.service[92549]: INFO nova.api.openstack.requestlog [None req-fd072ded-5864-4237-84cd-8661c2c2e79a admin admin] 10.222.0.49 "GET /compute/v2.1" status: 200 len: 388 microversion: 2.1 time: 0.001490
May 24 13:58:52.620271 dv-osbrick-786730-6-ceph devstack@n-api.service[92549]: [pid: 92549|app: 0|req: 21/43] 10.222.0.49 () {56 vars in 1075 bytes} [Mon May 24 13:58:52 2021] GET /compute/v2.1 => generated 388 bytes in 2 msecs (HTTP/1.1 200) 9 headers in 357 bytes (1 switches on core 0)
May 24 13:58:52.818972 dv-osbrick-786730-6-ceph devstack@n-api.service[92550]: DEBUG nova.api.openstack.wsgi [None req-4a24d495-57d2-4092-a9f3-813632612ff7 admin admin] Calling method '>' {{(pid=92550) _process_stack /opt/stack/nova/nova/api/openstack/wsgi.py:513}}
May 24 13:58:52.834341 dv-osbrick-786730-6-ceph devstack@n-api.service[92550]: INFO nova.api.openstack.wsgi [None req-4a24d495-57d2-4092-a9f3-813632612ff7 admin admin] HTTP exception thrown: Flavor 84 could not be found.
May 24 13:58:52.834947 dv-osbrick-786730-6-ceph devstack@n-api.service[92550]: DEBUG nova.api.openstack.wsgi [None req-4a24d495-57d2-4092-a9f3-813632612ff7 admin admin] Returning 404 to user: Flavor 84 could not be found. {{(pid=92550) __call__ /opt/stack/nova/nova/api/openstack/wsgi.py:927}}
May 24 13:58:52.836151 dv-osbrick-786730-6-ceph devstack@n-api.service[92550]: INFO nova.api.openstack.requestlog [None req-4a24d495-57d2-4092-a9f3-813632612ff7 admin admin] 10.222.0.49 "GET /compute/v2.1/flavors/84" status: 404 len: 75 microversion: 2.88 time: 0.074691
May 24 13:58:52.836712 dv-osbrick-786730-6-ceph devstack@n-api.service[92550]: [pid: 92550|app: 0|req: 23/44] 10.222.0.49 () {60 vars in 1191 bytes} [Mon May 24 13:58:52 2021] GET /compute/v2.1/flavors/84 => generated 75 bytes in 76 msecs (HTTP/1.1 404) 9 headers in 380 bytes (1 switches on core 0)
May 24 13:58:52.848449 dv-osbrick-786730-6-ceph devstack@n-api.service[92549]: DEBUG nova.api.openstack.wsgi [None req-1ae63dff-14f9-4d38-ac9a-f6ab57d015f8 admin admin] Calling method '>' {{(pid=92549) _process_stack /opt/stack/nova/nova/api/openstack/wsgi.py:513}}
May 24 13:58:52.869359 dv-osbrick-786730-6-ceph devstack@n-api.service[92549]: INFO nova.api.openstack.requestlog [None req-1ae63dff-14f9-4d38-ac9a-f6ab57d015f8 admin admin] 10.222.0.49 "GET /compute/v2.1/flavors?is_public=None" status: 200 len: 2056 microversion: 2.88 time: 0.024549
May 24 13:58:52.869930 dv-osbrick-786730-6-ceph devstack@n-api.service[92549]: [pid: 92549|app: 0|req: 22/45] 10.222.0.49 () {60 vars in 1211 bytes} [Mon May 24 13:58:52 2021] GET /compute/v2.1/flavors?is_public=None => generated 2056 bytes in 26 msecs (HTTP/1.1 200) 9 headers in 360 bytes (1 switches on core 0)
May 24 13:58:52.882584 dv-osbrick-786730-6-ceph devstack@n-api.service[92550]: DEBUG nova.api.openstack.wsgi [None req-8f792e91-b8ac-4a6c-af9b-253c36a6a0b6 admin admin] Calling method '>' {{(pid=92550) _process_stack /opt/stack/nova/nova/api/openstack/wsgi.py:513}}
May 24 13:58:52.910541 dv-osbrick-786730-6-ceph devstack@n-api.service[92550]: INFO nova.api.openstack.requestlog [None req-8f792e91-b8ac-4a6c-af9b-253c36a6a0b6 admin admin] 10.222.0.49 "GET /compute/v2.1/flavors?is_public=None" status: 200 len: 2056 microversion: 2.88 time: 0.034182
May 24 13:58:52.911071 dv-osbrick-786730-6-ceph devstack@n-api.service[92550]: [pid: 92550|app: 0|req: 24/46] 10.222.0.49 () {60 vars in 1211 bytes} [Mon May 24 13:58:52 2021] GET /compute/v2.1/flavors?is_public=None => generated 2056 bytes in 36 msecs (HTTP/1.1 200) 9 headers in 360 bytes (1 switches on core 0)
May 24 13:58:52.920706 dv-osbrick-786730-6-ceph devstack@n-api.service[92549]: DEBUG nova.api.openstack.wsgi [None req-b8be2d68-b5c3-49f8-b622-2500ea12c7b3 admin admin] Calling method '>' {{(pid=92549) _process_stack /opt/stack/nova/nova/api/openstack/wsgi.py:513}}
May 24 13:58:52.936127 dv-osbrick-786730-6-ceph devstack@n-api.service[92549]: INFO nova.api.openstack.wsgi [None req-b8be2d68-b5c3-49f8-b622-2500ea12c7b3 admin admin] HTTP exception thrown: Flavor 84 could not be found.
May 24 13:58:52.936703 dv-osbrick-786730-6-ceph devstack@n-api.service[92549]: DEBUG nova.api.openstack.wsgi [None req-b8be2d68-b5c3-49f8-b622-2500ea12c7b3 admin admin] Returning 404 to user: Flavor 84 could not be found. {{(pid=92549) __call__ /opt/stack/nova/nova/api/openstack/wsgi.py:927}}
May 24 13:58:52.937760 dv-osbrick-786730-6-ceph devstack@n-api.service[92549]: INFO nova.api.openstack.requestlog [None req-b8be2d68-b5c3-49f8-b622-2500ea12c7b3 admin admin] 10.222.0.49 "GET /compute/v2.1/flavors/84" status: 404 len: 75 microversion: 2.88 time: 0.020806
May 24 13:58:52.938310 dv-osbrick-786730-6-ceph devstack@n-api.service[92549]: [pid: 92549|app: 0|req: 23/47] 10.222.0.49 () {60 vars in 1191 bytes} [Mon May 24 13:58:52 2021] GET /compute/v2.1/flavors/84 => generated 75 bytes in 22 msecs (HTTP/1.1 404) 9 headers in 380 bytes (1 switches on core 0)
May 24 13:58:54.328617 dv-osbrick-786730-6-ceph devstack@n-api.service[92550]: DEBUG nova.api.openstack.wsgi [None req-8f792e91-b8ac-4a6c-af9b-253c36a6a0b6 admin admin] Calling method '>' {{(pid=92550) _process_stack /opt/stack/nova/nova/api/openstack/wsgi.py:513}}
May 24 13:58:54.329641 dv-osbrick-786730-6-ceph devstack@n-api.service[92550]: INFO nova.api.openstack.requestlog [None req-8f792e91-b8ac-4a6c-af9b-253c36a6a0b6 admin admin] 10.222.0.49 "GET /compute/v2.1" status: 200 len: 388 microversion: 2.1 time: 0.001482
May 24 13:58:54.330085 dv-osbrick-786730-6-ceph devstack@n-api.service[92550]: [pid: 92550|app: 0|req: 25/48] 10.222.0.49 () {56 vars in 1075 bytes} [Mon May 24 13:58:54 2021] GET /compute/v2.1 => generated 388 bytes in 2 msecs (HTTP/1.1 200) 9 headers in 357 bytes (1 switches on core 0)
May 24 13:58:54.526912 dv-osbrick-786730-6-ceph devstack@n-api.service[92549]: DEBUG nova.api.openstack.wsgi [None req-38482ebb-d027-4fce-9098-2a54f70d3ead admin admin] Calling method '>' {{(pid=92549) _process_stack /opt/stack/nova/nova/api/openstack/wsgi.py:513}}
May 24 13:58:54.540628 dv-osbrick-786730-6-ceph devstack@n-api.service[92549]: INFO nova.api.openstack.wsgi [None req-38482ebb-d027-4fce-9098-2a54f70d3ead admin admin] HTTP exception thrown: Flavor 451 could not be found.
May 24 13:58:54.541198 dv-osbrick-786730-6-ceph devstack@n-api.service[92549]: DEBUG nova.api.openstack.wsgi [None req-38482ebb-d027-4fce-9098-2a54f70d3ead admin admin] Returning 404 to user: Flavor 451 could not be found. {{(pid=92549) __call__ /opt/stack/nova/nova/api/openstack/wsgi.py:927}}
May 24 13:58:54.541988 dv-osbrick-786730-6-ceph devstack@n-api.service[92549]: INFO nova.api.openstack.requestlog [None req-38482ebb-d027-4fce-9098-2a54f70d3ead admin admin] 10.222.0.49 "GET /compute/v2.1/flavors/451" status: 404 len: 76 microversion: 2.88 time: 0.070616
May 24 13:58:54.542505 dv-osbrick-786730-6-ceph devstack@n-api.service[92549]: [pid: 92549|app: 0|req: 24/49] 10.222.0.49 () {60 vars in 1194 bytes} [Mon May 24 13:58:54 2021] GET /compute/v2.1/flavors/451 => generated 76 bytes in 72 msecs (HTTP/1.1 404) 9 headers in 380 bytes (1 switches on core 0)
May 24 13:58:54.554647 dv-osbrick-786730-6-ceph devstack@n-api.service[92550]: DEBUG nova.api.openstack.wsgi [None req-8b335626-0fe2-4be9-baaa-f1f1adc4a9ba admin admin] Calling method '>' {{(pid=92550) _process_stack /opt/stack/nova/nova/api/openstack/wsgi.py:513}}
May 24 13:58:54.577119 dv-osbrick-786730-6-ceph devstack@n-api.service[92550]: INFO nova.api.openstack.requestlog [None req-8b335626-0fe2-4be9-baaa-f1f1adc4a9ba admin admin] 10.222.0.49 "GET /compute/v2.1/flavors?is_public=None" status: 200 len: 2056 microversion: 2.88 time: 0.026054
May 24 13:58:54.577662 dv-osbrick-786730-6-ceph devstack@n-api.service[92550]: [pid: 92550|app: 0|req: 26/50] 10.222.0.49 () {60 vars in 1211 bytes} [Mon May 24 13:58:54 2021] GET /compute/v2.1/flavors?is_public=None => generated 2056 bytes in 27 msecs (HTTP/1.1 200) 9 headers in 360 bytes (1 switches on core 0)
May 24 13:58:54.590073 dv-osbrick-786730-6-ceph devstack@n-api.service[92549]: DEBUG nova.api.openstack.wsgi [None req-bb66910f-22e9-4f4a-a20f-24c406a9f2ee admin admin] Calling method '>' {{(pid=92549) _process_stack /opt/stack/nova/nova/api/openstack/wsgi.py:513}}
May 24 13:58:54.611315 dv-osbrick-786730-6-ceph devstack@n-api.service[92549]: INFO nova.api.openstack.requestlog [None req-bb66910f-22e9-4f4a-a20f-24c406a9f2ee admin admin] 10.222.0.49 "GET /compute/v2.1/flavors?is_public=None" status: 200 len: 2056 microversion: 2.88 time: 0.024768
May 24 13:58:54.611861 dv-osbrick-786730-6-ceph devstack@n-api.service[92549]: [pid: 92549|app: 0|req: 25/51] 10.222.0.49 () {60 vars in 1211 bytes} [Mon May 24 13:58:54 2021] GET /compute/v2.1/flavors?is_public=None => generated 2056 bytes in 26 msecs (HTTP/1.1 200) 9 headers in 360 bytes (1 switches on core 0)
May 24 13:58:54.621462 dv-osbrick-786730-6-ceph devstack@n-api.service[92550]: DEBUG nova.api.openstack.wsgi [None req-eef7c799-749e-4885-9d08-782aef18e56f admin admin] Calling method '>' {{(pid=92550) _process_stack /opt/stack/nova/nova/api/openstack/wsgi.py:513}}
May 24 13:58:54.634911 dv-osbrick-786730-6-ceph devstack@n-api.service[92550]: INFO nova.api.openstack.wsgi [None req-eef7c799-749e-4885-9d08-782aef18e56f admin admin] HTTP exception thrown: Flavor 451 could not be found.
May 24 13:58:54.635516 dv-osbrick-786730-6-ceph devstack@n-api.service[92550]: DEBUG nova.api.openstack.wsgi [None req-eef7c799-749e-4885-9d08-782aef18e56f admin admin] Returning 404 to user: Flavor 451 could not be found. {{(pid=92550) __call__ /opt/stack/nova/nova/api/openstack/wsgi.py:927}}
May 24 13:58:54.636308 dv-osbrick-786730-6-ceph devstack@n-api.service[92550]: INFO nova.api.openstack.requestlog [None req-eef7c799-749e-4885-9d08-782aef18e56f admin admin] 10.222.0.49 "GET /compute/v2.1/flavors/451" status: 404 len: 76 microversion: 2.88 time: 0.018506
May 24 13:58:54.636832 dv-osbrick-786730-6-ceph devstack@n-api.service[92550]: [pid: 92550|app: 0|req: 27/52] 10.222.0.49 () {60 vars in 1194 bytes} [Mon May 24 13:58:54 2021] GET /compute/v2.1/flavors/451 => generated 76 bytes in 20 msecs (HTTP/1.1 404) 9 headers in 380 bytes (1 switches on core 0)
May 24 13:58:56.009129 dv-osbrick-786730-6-ceph devstack@n-api.service[92549]: DEBUG nova.api.openstack.wsgi [None req-bb66910f-22e9-4f4a-a20f-24c406a9f2ee admin admin] Calling method '>' {{(pid=92549) _process_stack /opt/stack/nova/nova/api/openstack/wsgi.py:513}}
May 24 13:58:56.010161 dv-osbrick-786730-6-ceph devstack@n-api.service[92549]: INFO nova.api.openstack.requestlog [None req-bb66910f-22e9-4f4a-a20f-24c406a9f2ee admin admin] 10.222.0.49 "GET /compute/v2.1" status: 200 len: 388 microversion: 2.1 time: 0.001508
May 24 13:58:56.010594 dv-osbrick-786730-6-ceph devstack@n-api.service[92549]: [pid: 92549|app: 0|req: 26/53] 10.222.0.49 () {56 vars in 1075 bytes} [Mon May 24 13:58:56 2021] GET /compute/v2.1 => generated 388 bytes in 2 msecs (HTTP/1.1 200) 9 headers in 357 bytes (2 switches on core 0)
May 24 13:58:56.228140 dv-osbrick-786730-6-ceph devstack@n-api.service[92550]: DEBUG nova.api.openstack.wsgi [None req-87735e0c-b4d9-436c-b467-3002f4be672d admin admin] Action: 'create', calling method: >, body: {"flavor": {"name": "m1.nano", "ram": 256, "vcpus": 1, "disk": 1, "id": "42", "swap": 0, "OS-FLV-EXT-DATA:ephemeral": 0, "rxtx_factor": 1.0, "os-flavor-access:is_public": true}} {{(pid=92550) _process_stack /opt/stack/nova/nova/api/openstack/wsgi.py:511}}
May 24 13:58:56.257485 dv-osbrick-786730-6-ceph devstack@n-api.service[92550]: INFO nova.api.openstack.requestlog [None req-87735e0c-b4d9-436c-b467-3002f4be672d admin admin] 10.222.0.49 "POST /compute/v2.1/flavors" status: 200 len: 404 microversion: 2.88 time: 0.096128
May 24 13:58:56.257979 dv-osbrick-786730-6-ceph devstack@n-api.service[92550]: [pid: 92550|app: 0|req: 28/54] 10.222.0.49 () {64 vars in 1236 bytes} [Mon May 24 13:58:56 2021] POST /compute/v2.1/flavors => generated 404 bytes in 98 msecs (HTTP/1.1 200) 9 headers in 359 bytes (1 switches on core 0)
May 24 13:58:57.630101 dv-osbrick-786730-6-ceph devstack@n-api.service[92549]: DEBUG nova.api.openstack.wsgi [None req-bb66910f-22e9-4f4a-a20f-24c406a9f2ee admin admin] Calling method '>' {{(pid=92549) _process_stack /opt/stack/nova/nova/api/openstack/wsgi.py:513}}
May 24 13:58:57.631473 dv-osbrick-786730-6-ceph devstack@n-api.service[92549]: INFO nova.api.openstack.requestlog [None req-bb66910f-22e9-4f4a-a20f-24c406a9f2ee admin admin] 10.222.0.49 "GET /compute/v2.1" status: 200 len: 388 microversion: 2.1 time: 0.001900
May 24 13:58:57.632507 dv-osbrick-786730-6-ceph devstack@n-api.service[92549]: [pid: 92549|app: 0|req: 27/55] 10.222.0.49 () {56 vars in 1075 bytes} [Mon May 24 13:58:57 2021] GET /compute/v2.1 => generated 388 bytes in 4 msecs (HTTP/1.1 200) 9 headers in 357 bytes (1 switches on core 0)
May 24 13:58:57.837771 dv-osbrick-786730-6-ceph devstack@n-api.service[92550]: DEBUG nova.api.openstack.wsgi [None req-ace78b2d-9f17-4b36-95a9-0b4c87dd44e9 admin admin] Action: 'create', calling method: >, body: {"flavor": {"name": "m1.micro", "ram": 256, "vcpus": 1, "disk": 2, "id": "84", "swap": 0, "OS-FLV-EXT-DATA:ephemeral": 0, "rxtx_factor": 1.0, "os-flavor-access:is_public": true}} {{(pid=92550) _process_stack /opt/stack/nova/nova/api/openstack/wsgi.py:511}}
May 24 13:58:57.865649 dv-osbrick-786730-6-ceph devstack@n-api.service[92550]: INFO nova.api.openstack.requestlog [None req-ace78b2d-9f17-4b36-95a9-0b4c87dd44e9 admin admin] 10.222.0.49 "POST /compute/v2.1/flavors" status: 200 len: 405 microversion: 2.88 time: 0.091365
May 24 13:58:57.866192 dv-osbrick-786730-6-ceph devstack@n-api.service[92550]: [pid: 92550|app: 0|req: 29/56] 10.222.0.49 () {64 vars in 1236 bytes} [Mon May 24 13:58:57 2021] POST /compute/v2.1/flavors => generated 405 bytes in 93 msecs (HTTP/1.1 200) 9 headers in 359 bytes (1 switches on core 0)
May 24 13:58:59.255330 dv-osbrick-786730-6-ceph devstack@n-api.service[92549]: DEBUG nova.api.openstack.wsgi [None req-bb66910f-22e9-4f4a-a20f-24c406a9f2ee admin admin] Calling method '>' {{(pid=92549) _process_stack /opt/stack/nova/nova/api/openstack/wsgi.py:513}}
May 24 13:58:59.256713 dv-osbrick-786730-6-ceph devstack@n-api.service[92549]: INFO nova.api.openstack.requestlog [None req-bb66910f-22e9-4f4a-a20f-24c406a9f2ee admin admin] 10.222.0.49 "GET /compute/v2.1" status: 200 len: 388 microversion: 2.1 time: 0.002177
May 24 13:58:59.257764 dv-osbrick-786730-6-ceph devstack@n-api.service[92549]: [pid: 92549|app: 0|req: 28/57] 10.222.0.49 () {56 vars in 1075 bytes} [Mon May 24 13:58:59 2021] GET /compute/v2.1 => generated 388 bytes in 4 msecs (HTTP/1.1 200) 9 headers in 357 bytes (1 switches on core 0)
May 24 13:58:59.473388 dv-osbrick-786730-6-ceph devstack@n-api.service[92550]: DEBUG nova.api.openstack.wsgi [None req-7c2d73f7-33b6-476d-a02a-d2386378e3e7 admin admin] Action: 'create', calling method: >, body: {"flavor": {"name": "m1.heat", "ram": 512, "vcpus": 1, "disk": 1, "id": "451", "swap": 0, "OS-FLV-EXT-DATA:ephemeral": 0, "rxtx_factor": 1.0, "os-flavor-access:is_public": true}} {{(pid=92550) _process_stack /opt/stack/nova/nova/api/openstack/wsgi.py:511}}
May 24 13:58:59.503129 dv-osbrick-786730-6-ceph devstack@n-api.service[92550]: INFO nova.api.openstack.requestlog [None req-7c2d73f7-33b6-476d-a02a-d2386378e3e7 admin admin] 10.222.0.49 "POST /compute/v2.1/flavors" status: 200 len: 407 microversion: 2.88 time: 0.099615
May 24 13:58:59.503637 dv-osbrick-786730-6-ceph devstack@n-api.service[92550]: [pid: 92550|app: 0|req: 30/58] 10.222.0.49 () {64 vars in 1236 bytes} [Mon May 24 13:58:59 2021] POST /compute/v2.1/flavors => generated 407 bytes in 101 msecs (HTTP/1.1 200) 9 headers in 359 bytes (1 switches on core 0)
May 24 13:59:00.916324 dv-osbrick-786730-6-ceph devstack@n-api.service[92549]: DEBUG nova.api.openstack.wsgi [None req-bb66910f-22e9-4f4a-a20f-24c406a9f2ee admin admin] Calling method '>' {{(pid=92549) _process_stack /opt/stack/nova/nova/api/openstack/wsgi.py:513}}
May 24 13:59:00.917585 dv-osbrick-786730-6-ceph devstack@n-api.service[92549]: INFO nova.api.openstack.requestlog [None req-bb66910f-22e9-4f4a-a20f-24c406a9f2ee admin admin] 10.222.0.49 "GET /compute/v2.1" status: 200 len: 388 microversion: 2.1 time: 0.002041
May 24 13:59:00.917987 dv-osbrick-786730-6-ceph devstack@n-api.service[92549]: [pid: 92549|app: 0|req: 29/59] 10.222.0.49 () {56 vars in 1075 bytes} [Mon May 24 13:59:00 2021] GET /compute/v2.1 => generated 388 bytes in 3 msecs (HTTP/1.1 200) 9 headers in 357 bytes (1 switches on core 0)
May 24 13:59:01.121181 dv-osbrick-786730-6-ceph devstack@n-api.service[92550]: DEBUG nova.api.openstack.wsgi [None req-20421450-c1bb-409f-abca-2c89152bf1b7 admin admin] Action: 'create', calling method: >, body: {"flavor": {"name": "m1.heat2", "ram": 1024, "vcpus": 1, "disk": 1, "id": "452", "swap": 0, "OS-FLV-EXT-DATA:ephemeral": 0, "rxtx_factor": 1.0, "os-flavor-access:is_public": true}} {{(pid=92550) _process_stack /opt/stack/nova/nova/api/openstack/wsgi.py:511}}
May 24 13:59:01.148652 dv-osbrick-786730-6-ceph devstack@n-api.service[92550]: INFO nova.api.openstack.requestlog [None req-20421450-c1bb-409f-abca-2c89152bf1b7 admin admin] 10.222.0.49 "POST /compute/v2.1/flavors" status: 200 len: 409 microversion: 2.88 time: 0.091171
May 24 13:59:01.149188 dv-osbrick-786730-6-ceph devstack@n-api.service[92550]: [pid: 92550|app: 0|req: 31/60] 10.222.0.49 () {64 vars in 1236 bytes} [Mon May 24 13:59:01 2021] POST /compute/v2.1/flavors => generated 409 bytes in 92 msecs (HTTP/1.1 200) 9 headers in 359 bytes (1 switches on core 0)
