May 02 03:36:37.912401 dv-osbrick-780511-7-ceph neutron-server[75086]: DEBUG neutron.api.rpc.handlers.l3_rpc [None req-3b43ab74-affb-4119-9f13-0be32661c039 None None] The sync data for ids ['baebf449-af9d-4b8d-b475-0c2e99e56db7'] in dv-osbrick-780511-7-ceph is: [{'id': 'baebf449-af9d-4b8d-b475-0c2e99e56db7', 'name': 'tempest-TestMinimumBasicScenario-1641829653-router', 'tenant_id': 'c4b29d7e3513438c9fcaec2ca94d9b07', 'admin_state_up': True, 'status': 'ACTIVE', 'external_gateway_info': {'network_id': 'dc5a32a0-5efe-4542-8fa5-e4c3f23559f6', 'external_fixed_ips': [{'subnet_id': 'e541c247-482b-413e-bfc4-34227d711e99', 'ip_address': '172.31.1.54'}], 'enable_snat': True}, 'gw_port_id': 'b36e4c86-ad65-4a04-9c71-9a7fcffdbd2b', 'description': '', 'availability_zones': ['nova'], 'distributed': False, 'ha': False, 'ha_vr_id': 0, 'availability_zone_hints': [], 'routes': [], 'flavor_id': None, 'tags': [], 'created_at': '2021-05-02T03:36:33Z', 'updated_at': '2021-05-02T03:36:34Z', 'revision_number': 3, 'project_id': 'c4b29d7e3513438c9fcaec2ca94d9b07', 'gw_port': {'id': 'b36e4c86-ad65-4a04-9c71-9a7fcffdbd2b', 'name': '', 'network_id': 'dc5a32a0-5efe-4542-8fa5-e4c3f23559f6', 'tenant_id': '', 'mac_address': 'fa:16:3e:71:ae:6f', 'admin_state_up': True, 'status': 'DOWN', 'device_id': 'baebf449-af9d-4b8d-b475-0c2e99e56db7', 'device_owner': 'network:router_gateway', 'standard_attr_id': 74, 'fixed_ips': [{'subnet_id': 'e541c247-482b-413e-bfc4-34227d711e99', 'ip_address': '172.31.1.54', 'prefixlen': 24}], 'allowed_address_pairs': [], 'extra_dhcp_opts': [], 'security_groups': [], 'description': '', 'binding:vnic_type': 'normal', 'binding:profile': {}, 'binding:host_id': 'dv-osbrick-780511-7-ceph', 'binding:vif_type': 'ovs', 'binding:vif_details': {'connectivity': 'l2', 'port_filter': True, 'ovs_hybrid_plug': False, 'datapath_type': 'system', 'bridge_name': 'br-int'}, 'port_security_enabled': False, 'tags': [], 'created_at': '2021-05-02T03:36:33Z', 'updated_at': '2021-05-02T03:36:37Z', 'revision_number': 3, 'project_id': '', 'subnets': [{'id': 'e541c247-482b-413e-bfc4-34227d711e99', 'cidr': '172.31.1.0/24', 'gateway_ip': '172.31.1.1', 'dns_nameservers': [], 'ipv6_ra_mode': None, 'subnetpool_id': None}], 'extra_subnets': [], 'address_scopes': {4: None, 6: None}, 'mtu': 1500}, 'enable_snat': True, 'gw_port_host': 'dv-osbrick-780511-7-ceph'}] {{(pid=75086) sync_routers /opt/stack/neutron/neutron/api/rpc/handlers/l3_rpc.py:137}}
May 02 03:36:37.969860 dv-osbrick-780511-7-ceph neutron-server[75083]: DEBUG neutron_lib.callbacks.manager [None req-b10d4917-684b-43ff-a547-c006402fb18d admin admin] Notify callbacks ['neutron.plugins.ml2.plugin.SecurityGroupDbMixin._ensure_default_security_group_handler-3570358'] for port, before_create {{(pid=75083) _notify_loop /usr/local/lib/python3.8/dist-packages/neutron_lib/callbacks/manager.py:192}}
May 02 03:36:38.008367 dv-osbrick-780511-7-ceph neutron-server[75084]: DEBUG neutron_lib.callbacks.manager [None req-b4b3593b-f0fb-4e3f-bd72-216deb279cf1 admin admin] Notify callbacks ['neutron.plugins.ml2.plugin.SecurityGroupDbMixin._ensure_default_security_group_handler-3570358'] for port, before_update {{(pid=75084) _notify_loop /usr/local/lib/python3.8/dist-packages/neutron_lib/callbacks/manager.py:192}}
May 02 03:36:38.064197 dv-osbrick-780511-7-ceph neutron-server[75085]: DEBUG neutron.api.rpc.handlers.resources_rpc [None req-44553486-455e-472a-a515-f92202a79e98 None None] Pushing event updated for resources: {'Port': ['ID=c8345ea6-3643-446f-aac7-45e51ce83ee9,revision_number=5']} {{(pid=75085) push /opt/stack/neutron/neutron/api/rpc/handlers/resources_rpc.py:237}}
May 02 03:36:38.086116 dv-osbrick-780511-7-ceph neutron-server[75085]: DEBUG oslo_concurrency.lockutils [None req-44553486-455e-472a-a515-f92202a79e98 None None] Lock "event-dispatch" released by "neutron.plugins.ml2.ovo_rpc._ObjectChangeHandler.dispatch_events" :: held 0.298s {{(pid=75085) inner /usr/local/lib/python3.8/dist-packages/oslo_concurrency/lockutils.py:367}}
May 02 03:36:38.119742 dv-osbrick-780511-7-ceph neutron-server[75085]: DEBUG neutron.db.provisioning_blocks [None req-47adba22-076f-476e-9ff6-2c97fd70f0a0 None None] Provisioning for port aed68c13-f912-42eb-a77c-a196d8cc3d16 completed by entity DHCP. {{(pid=75085) provisioning_complete /opt/stack/neutron/neutron/db/provisioning_blocks.py:133}}
May 02 03:36:38.166758 dv-osbrick-780511-7-ceph neutron-server[75085]: DEBUG neutron.db.provisioning_blocks [None req-44553486-455e-472a-a515-f92202a79e98 None None] Provisioning complete for port 07884236-4ad9-48d2-baed-9ec97a93df1e triggered by entity L2. {{(pid=75085) provisioning_complete /opt/stack/neutron/neutron/db/provisioning_blocks.py:139}}
May 02 03:36:38.167091 dv-osbrick-780511-7-ceph neutron-server[75085]: DEBUG neutron_lib.callbacks.manager [None req-44553486-455e-472a-a515-f92202a79e98 None None] Notify callbacks ['neutron.plugins.ml2.plugin.Ml2Plugin._port_provisioned-3475226'] for port, provisioning_complete {{(pid=75085) _notify_loop /usr/local/lib/python3.8/dist-packages/neutron_lib/callbacks/manager.py:192}}
May 02 03:36:38.223851 dv-osbrick-780511-7-ceph neutron-server[75083]: DEBUG neutron.db.db_base_plugin_common [None req-b10d4917-684b-43ff-a547-c006402fb18d admin admin] Allocated IP 172.20.0.1 (e0a3e8ad-b974-4732-a0a2-642d6281213f/6dd296d1-55f0-42e3-bcb5-6c5c771315aa/9bba87d5-f9e8-4585-ba03-cf1e2f217735) {{(pid=75083) _store_ip_allocation /opt/stack/neutron/neutron/db/db_base_plugin_common.py:131}}
May 02 03:36:38.276389 dv-osbrick-780511-7-ceph neutron-server[75085]: DEBUG neutron.db.l3_hamode_db [None req-6ef9278f-8c63-461f-8a73-200d0e075f24 None None] neutron.services.l3_router.l3_router_plugin.L3RouterPlugin method _process_sync_ha_data called with arguments (, [{'id': 'e975baf8-ddf4-48cc-8642-82401d483e91', 'name': 'tempest-TestVolumeBootPattern-1448478719-router', 'tenant_id': '6a278ce90bcd47c7bc04b1e3f65df318', 'admin_state_up': True, 'status': 'ACTIVE', 'external_gateway_info': {'network_id': 'dc5a32a0-5efe-4542-8fa5-e4c3f23559f6', 'external_fixed_ips': [{'subnet_id': 'e541c247-482b-413e-bfc4-34227d711e99', 'ip_address': '172.31.1.230'}], 'enable_snat': True}, 'gw_port_id': '8e6521de-d6d9-4213-b43f-de06d0be9411', 'description': '', 'availability_zones': ['nova'], 'distributed': False, 'ha': False, 'ha_vr_id': 0, 'availability_zone_hints': [], 'routes': [], 'flavor_id': None, 'tags': [], 'created_at': '2021-05-02T03:36:33Z', 'updated_at': '2021-05-02T03:36:34Z', 'revision_number': 3, 'project_id': '6a278ce90bcd47c7bc04b1e3f65df318', 'gw_port': {'id': '8e6521de-d6d9-4213-b43f-de06d0be9411', 'name': '', 'network_id': 'dc5a32a0-5efe-4542-8fa5-e4c3f23559f6', 'tenant_id': '', 'mac_address': 'fa:16:3e:3d:74:c8', 'admin_state_up': True, 'status': 'DOWN', 'device_id': 'e975baf8-ddf4-48cc-8642-82401d483e91', 'device_owner': 'network:router_gateway', 'standard_attr_id': 75, 'fixed_ips': [{'subnet_id': 'e541c247-482b-413e-bfc4-34227d711e99', 'ip_address': '172.31.1.230', 'prefixlen': 24}], 'allowed_address_pairs': [], 'extra_dhcp_opts': [], 'security_groups': [], 'description': '', 'binding:vnic_type': 'normal', 'binding:profile': {}, 'binding:host_id': '', 'binding:vif_type': 'unbound', 'binding:vif_details': {}, 'port_security_enabled': False, 'tags': [], 'created_at': '2021-05-02T03:36:34Z', 'updated_at': '2021-05-02T03:36:34Z', 'revision_number': 1, 'project_id': '', 'subnets': [{'id': 'e541c247-482b-413e-bfc4-34227d711e99', 'cidr': '172.31.1.0/24', 'gateway_ip': '172.31.1.1', 'dns_nameservers': [], 'ipv6_ra_mode': None, 'subnetpool_id': None}], 'extra_subnets': [], 'address_scopes': {4: None, 6: None}, 'mtu': 1500}, 'enable_snat': True, 'gw_port_host': 'dv-osbrick-780511-7-ceph'}], 'dv-osbrick-780511-7-ceph', False) {} {{(pid=75085) wrapper /usr/local/lib/python3.8/dist-packages/oslo_log/helpers.py:65}}
May 02 03:36:38.288764 dv-osbrick-780511-7-ceph neutron-server[75085]: DEBUG neutron.api.rpc.handlers.l3_rpc [None req-6ef9278f-8c63-461f-8a73-200d0e075f24 None None] Checking router: e975baf8-ddf4-48cc-8642-82401d483e91 for host: dv-osbrick-780511-7-ceph {{(pid=75085) _ensure_host_set_on_ports /opt/stack/neutron/neutron/api/rpc/handlers/l3_rpc.py:155}}
May 02 03:36:38.289111 dv-osbrick-780511-7-ceph neutron-server[75085]: DEBUG neutron.api.rpc.handlers.l3_rpc [None req-6ef9278f-8c63-461f-8a73-200d0e075f24 None None] Updating router e975baf8-ddf4-48cc-8642-82401d483e91 port 8e6521de-d6d9-4213-b43f-de06d0be9411 binding host dv-osbrick-780511-7-ceph {{(pid=75085) _ensure_host_set_on_port /opt/stack/neutron/neutron/api/rpc/handlers/l3_rpc.py:205}}
May 02 03:36:38.321207 dv-osbrick-780511-7-ceph neutron-server[75084]: DEBUG neutron_lib.callbacks.manager [None req-b4b3593b-f0fb-4e3f-bd72-216deb279cf1 admin admin] Notify callbacks [] for port, precommit_update {{(pid=75084) _notify_loop /usr/local/lib/python3.8/dist-packages/neutron_lib/callbacks/manager.py:192}}
May 02 03:36:38.326275 dv-osbrick-780511-7-ceph neutron-server[75084]: DEBUG neutron_lib.callbacks.manager [None req-b4b3593b-f0fb-4e3f-bd72-216deb279cf1 admin admin] Notify callbacks ['neutron.plugins.ml2.plugin.SecurityGroupServerNotifierRpcMixin.notify_sg_on_port_change-3570037', 'neutron.plugins.ml2.ovo_rpc._ObjectChangeHandler.handle_event-65027', 'neutron.api.rpc.agentnotifiers.dhcp_rpc_agent_api.DhcpAgentNotifyAPI._native_event_send_dhcp_notification-549832', 'neutron.db.l3_db.L3RpcNotifierMixin._notify_gateway_port_ip_changed-8755439170488', 'neutron.db.l3_dvrscheduler_db._notify_l3_agent_port_update-8755438720148', 'neutron.db.l3_hascheduler_db._notify_l3_agent_ha_port_update-8755438720193'] for port, after_update {{(pid=75084) _notify_loop /usr/local/lib/python3.8/dist-packages/neutron_lib/callbacks/manager.py:192}}
May 02 03:36:38.327278 dv-osbrick-780511-7-ceph neutron-server[75084]: DEBUG neutron_lib.callbacks.manager [None req-b4b3593b-f0fb-4e3f-bd72-216deb279cf1 admin admin] Notify callbacks ['neutron.api.rpc.agentnotifiers.dhcp_rpc_agent_api.DhcpAgentNotifyAPI._after_router_interface_created-549854', 'neutron.services.l3_router.l3_router_plugin.DVRResourceOperationHandler._update_snat_v6_addrs_after_intf_update-469740'] for router_interface, after_create {{(pid=75084) _notify_loop /usr/local/lib/python3.8/dist-packages/neutron_lib/callbacks/manager.py:192}}
May 02 03:36:38.330667 dv-osbrick-780511-7-ceph neutron-server[75084]: DEBUG oslo_concurrency.lockutils [None req-23c1862c-ce7f-475f-aeb5-32b8baa4ee14 admin admin] Lock "event-dispatch" acquired by "neutron.plugins.ml2.ovo_rpc._ObjectChangeHandler.dispatch_events" :: waited 0.000s {{(pid=75084) inner /usr/local/lib/python3.8/dist-packages/oslo_concurrency/lockutils.py:355}}
May 02 03:36:38.349793 dv-osbrick-780511-7-ceph neutron-server[75085]: DEBUG neutron.api.rpc.handlers.dhcp_rpc [None req-e71a914f-2aa5-4395-84ff-65e3bf22e588 None None] Network d49a8d92-9e79-49c9-b571-154073623e95 requested from dv-osbrick-780511-7-ceph {{(pid=75085) get_network_info /opt/stack/neutron/neutron/api/rpc/handlers/dhcp_rpc.py:213}}
May 02 03:36:38.407428 dv-osbrick-780511-7-ceph neutron-server[75083]: DEBUG neutron_lib.callbacks.manager [None req-b10d4917-684b-43ff-a547-c006402fb18d admin admin] Notify callbacks [] for port, precommit_create {{(pid=75083) _notify_loop /usr/local/lib/python3.8/dist-packages/neutron_lib/callbacks/manager.py:192}}
May 02 03:36:38.422967 dv-osbrick-780511-7-ceph neutron-server[75083]: DEBUG neutron.db.provisioning_blocks [None req-b10d4917-684b-43ff-a547-c006402fb18d admin admin] Transition to ACTIVE for port object 9bba87d5-f9e8-4585-ba03-cf1e2f217735 will not be triggered until provisioned by entity DHCP. {{(pid=75083) add_provisioning_component /opt/stack/neutron/neutron/db/provisioning_blocks.py:73}}
May 02 03:36:38.446513 dv-osbrick-780511-7-ceph neutron-server[75083]: DEBUG neutron_lib.callbacks.manager [None req-b10d4917-684b-43ff-a547-c006402fb18d admin admin] Notify callbacks ['neutron.plugins.ml2.plugin.SecurityGroupServerNotifierRpcMixin.notify_sg_on_port_change-3570037', 'neutron.plugins.ml2.ovo_rpc._ObjectChangeHandler.handle_event-65027', 'neutron.api.rpc.agentnotifiers.dhcp_rpc_agent_api.DhcpAgentNotifyAPI._native_event_send_dhcp_notification-549832', 'neutron.db.l3_dvrscheduler_db._notify_l3_agent_new_port-8755438720130'] for port, after_create {{(pid=75083) _notify_loop /usr/local/lib/python3.8/dist-packages/neutron_lib/callbacks/manager.py:192}}
May 02 03:36:38.451217 dv-osbrick-780511-7-ceph neutron-server[75083]: DEBUG oslo_concurrency.lockutils [-] Lock "event-dispatch" acquired by "neutron.plugins.ml2.ovo_rpc._ObjectChangeHandler.dispatch_events" :: waited 0.000s {{(pid=75083) inner /usr/local/lib/python3.8/dist-packages/oslo_concurrency/lockutils.py:355}}
May 02 03:36:38.464218 dv-osbrick-780511-7-ceph neutron-server[75084]: DEBUG neutron.api.rpc.handlers.resources_rpc [None req-b4b3593b-f0fb-4e3f-bd72-216deb279cf1 admin admin] Pushing event updated for resources: {'Port': ['ID=b395e37a-8b5e-4261-a2c2-dff73b46fa7e,revision_number=2']} {{(pid=75084) push /opt/stack/neutron/neutron/api/rpc/handlers/resources_rpc.py:237}}
May 02 03:36:38.468314 dv-osbrick-780511-7-ceph neutron-server[75084]: DEBUG oslo_concurrency.lockutils [None req-b4b3593b-f0fb-4e3f-bd72-216deb279cf1 admin admin] Lock "event-dispatch" released by "neutron.plugins.ml2.ovo_rpc._ObjectChangeHandler.dispatch_events" :: held 0.138s {{(pid=75084) inner /usr/local/lib/python3.8/dist-packages/oslo_concurrency/lockutils.py:367}}
May 02 03:36:38.514462 dv-osbrick-780511-7-ceph neutron-server[75083]: DEBUG neutron.scheduler.dhcp_agent_scheduler [None req-b10d4917-684b-43ff-a547-c006402fb18d admin admin] Network e0a3e8ad-b974-4732-a0a2-642d6281213f is already hosted by enough agents. {{(pid=75083) _get_dhcp_agents_hosting_network /opt/stack/neutron/neutron/scheduler/dhcp_agent_scheduler.py:275}}
May 02 03:36:38.515807 dv-osbrick-780511-7-ceph neutron-server[75083]: DEBUG neutron.scheduler.base_scheduler [None req-b10d4917-684b-43ff-a547-c006402fb18d admin admin] Resources bound (agent type, host, resource id): {{(pid=75083) schedule /opt/stack/neutron/neutron/scheduler/base_scheduler.py:57}}
May 02 03:36:38.518302 dv-osbrick-780511-7-ceph neutron-server[75083]: DEBUG neutron.db.l3_dvrscheduler_db [None req-b10d4917-684b-43ff-a547-c006402fb18d admin admin] Received port after_create {{(pid=75083) _notify_l3_agent_new_port /opt/stack/neutron/neutron/db/l3_dvrscheduler_db.py:537}}
May 02 03:36:38.518965 dv-osbrick-780511-7-ceph neutron-server[75083]: DEBUG neutron_lib.callbacks.manager [None req-b10d4917-684b-43ff-a547-c006402fb18d admin admin] Notify callbacks ['neutron.services.l3_router.l3_router_plugin.DVRResourceOperationHandler._add_csnat_on_interface_create-435571'] for router_interface, before_create {{(pid=75083) _notify_loop /usr/local/lib/python3.8/dist-packages/neutron_lib/callbacks/manager.py:192}}
May 02 03:36:38.530727 dv-osbrick-780511-7-ceph neutron-server[75084]: DEBUG neutron.scheduler.dhcp_agent_scheduler [None req-b4b3593b-f0fb-4e3f-bd72-216deb279cf1 admin admin] Network d49a8d92-9e79-49c9-b571-154073623e95 is already hosted by enough agents. {{(pid=75084) _get_dhcp_agents_hosting_network /opt/stack/neutron/neutron/scheduler/dhcp_agent_scheduler.py:275}}
May 02 03:36:38.532310 dv-osbrick-780511-7-ceph neutron-server[75084]: DEBUG neutron.scheduler.base_scheduler [None req-b4b3593b-f0fb-4e3f-bd72-216deb279cf1 admin admin] Resources bound (agent type, host, resource id): {{(pid=75084) schedule /opt/stack/neutron/neutron/scheduler/base_scheduler.py:57}}
May 02 03:36:38.551456 dv-osbrick-780511-7-ceph neutron-server[75083]: DEBUG neutron.api.rpc.handlers.resources_rpc [None req-b10d4917-684b-43ff-a547-c006402fb18d admin admin] Pushing event updated for resources: {'Port': ['ID=9bba87d5-f9e8-4585-ba03-cf1e2f217735,revision_number=1']} {{(pid=75083) push /opt/stack/neutron/neutron/api/rpc/handlers/resources_rpc.py:237}}
May 02 03:36:38.551849 dv-osbrick-780511-7-ceph neutron-server[75085]: DEBUG neutron_lib.callbacks.manager [None req-6ef9278f-8c63-461f-8a73-200d0e075f24 None None] Notify callbacks ['neutron.plugins.ml2.plugin.SecurityGroupDbMixin._ensure_default_security_group_handler-3570358'] for port, before_update {{(pid=75085) _notify_loop /usr/local/lib/python3.8/dist-packages/neutron_lib/callbacks/manager.py:192}}
May 02 03:36:38.554122 dv-osbrick-780511-7-ceph neutron-server[75083]: DEBUG oslo_concurrency.lockutils [None req-b10d4917-684b-43ff-a547-c006402fb18d admin admin] Lock "event-dispatch" released by "neutron.plugins.ml2.ovo_rpc._ObjectChangeHandler.dispatch_events" :: held 0.103s {{(pid=75083) inner /usr/local/lib/python3.8/dist-packages/oslo_concurrency/lockutils.py:367}}
May 02 03:36:38.579778 dv-osbrick-780511-7-ceph neutron-server[75085]: DEBUG neutron.db.provisioning_blocks [None req-d02b9298-4866-4a8c-938a-1d1ede6900ac None None] Provisioning for port cb21e9db-a380-4c03-b241-adad67ef948d completed by entity DHCP. {{(pid=75085) provisioning_complete /opt/stack/neutron/neutron/db/provisioning_blocks.py:133}}
May 02 03:36:38.687660 dv-osbrick-780511-7-ceph neutron-server[75083]: DEBUG neutron_lib.callbacks.manager [None req-b10d4917-684b-43ff-a547-c006402fb18d admin admin] Notify callbacks ['neutron.plugins.ml2.plugin.SecurityGroupDbMixin._ensure_default_security_group_handler-3570358'] for port, before_update {{(pid=75083) _notify_loop /usr/local/lib/python3.8/dist-packages/neutron_lib/callbacks/manager.py:192}}
May 02 03:36:38.789783 dv-osbrick-780511-7-ceph neutron-server[75084]: DEBUG neutron.scheduler.l3_agent_scheduler [None req-b4b3593b-f0fb-4e3f-bd72-216deb279cf1 admin admin] Router baebf449-af9d-4b8d-b475-0c2e99e56db7 has already been hosted by L3 agent 66ec7628-b84b-49d0-89b3-76bb9b0e6a96 {{(pid=75084) _get_candidates /opt/stack/neutron/neutron/scheduler/l3_agent_scheduler.py:127}}
May 02 03:36:38.931752 dv-osbrick-780511-7-ceph neutron-server[75085]: DEBUG neutron.plugins.ml2.rpc [None req-44553486-455e-472a-a515-f92202a79e98 None None] Device aed68c13-f912-42eb-a77c-a196d8cc3d16 up at agent ovs-agent-dv-osbrick-780511-7-ceph {{(pid=75085) update_device_up /opt/stack/neutron/neutron/plugins/ml2/rpc.py:278}}
May 02 03:36:39.042506 dv-osbrick-780511-7-ceph neutron-server[75083]: DEBUG neutron_lib.callbacks.manager [None req-b10d4917-684b-43ff-a547-c006402fb18d admin admin] Notify callbacks [] for port, precommit_update {{(pid=75083) _notify_loop /usr/local/lib/python3.8/dist-packages/neutron_lib/callbacks/manager.py:192}}
May 02 03:36:39.048344 dv-osbrick-780511-7-ceph neutron-server[75083]: DEBUG neutron_lib.callbacks.manager [None req-b10d4917-684b-43ff-a547-c006402fb18d admin admin] Notify callbacks ['neutron.plugins.ml2.plugin.SecurityGroupServerNotifierRpcMixin.notify_sg_on_port_change-3570037', 'neutron.plugins.ml2.ovo_rpc._ObjectChangeHandler.handle_event-65027', 'neutron.api.rpc.agentnotifiers.dhcp_rpc_agent_api.DhcpAgentNotifyAPI._native_event_send_dhcp_notification-549832', 'neutron.db.l3_db.L3RpcNotifierMixin._notify_gateway_port_ip_changed-8755439170488', 'neutron.db.l3_dvrscheduler_db._notify_l3_agent_port_update-8755438720148', 'neutron.db.l3_hascheduler_db._notify_l3_agent_ha_port_update-8755438720193'] for port, after_update {{(pid=75083) _notify_loop /usr/local/lib/python3.8/dist-packages/neutron_lib/callbacks/manager.py:192}}
May 02 03:36:39.050728 dv-osbrick-780511-7-ceph neutron-server[75083]: DEBUG neutron_lib.callbacks.manager [None req-b10d4917-684b-43ff-a547-c006402fb18d admin admin] Notify callbacks ['neutron.api.rpc.agentnotifiers.dhcp_rpc_agent_api.DhcpAgentNotifyAPI._after_router_interface_created-549854', 'neutron.services.l3_router.l3_router_plugin.DVRResourceOperationHandler._update_snat_v6_addrs_after_intf_update-469740'] for router_interface, after_create {{(pid=75083) _notify_loop /usr/local/lib/python3.8/dist-packages/neutron_lib/callbacks/manager.py:192}}
May 02 03:36:39.062512 dv-osbrick-780511-7-ceph neutron-server[75083]: DEBUG oslo_concurrency.lockutils [None req-ef2f6eb2-61c8-4a0a-9831-6cdf8541e206 admin admin] Lock "event-dispatch" acquired by "neutron.plugins.ml2.ovo_rpc._ObjectChangeHandler.dispatch_events" :: waited 0.000s {{(pid=75083) inner /usr/local/lib/python3.8/dist-packages/oslo_concurrency/lockutils.py:355}}
May 02 03:36:39.081285 dv-osbrick-780511-7-ceph neutron-server[75084]: DEBUG neutron.api.rpc.agentnotifiers.l3_rpc_agent_api [None req-b4b3593b-f0fb-4e3f-bd72-216deb279cf1 admin admin] Notify agent at l3_agent.dv-osbrick-780511-7-ceph the message routers_updated {{(pid=75084) _agent_notification /opt/stack/neutron/neutron/api/rpc/agentnotifiers/l3_rpc_agent_api.py:68}}
May 02 03:36:39.093932 dv-osbrick-780511-7-ceph neutron-server[75084]: INFO neutron.wsgi [None req-b4b3593b-f0fb-4e3f-bd72-216deb279cf1 admin admin] 10.222.0.32 "PUT /v2.0/routers/baebf449-af9d-4b8d-b475-0c2e99e56db7/add_router_interface HTTP/1.1" status: 200 len: 503 time: 3.3883271
May 02 03:36:39.107615 dv-osbrick-780511-7-ceph neutron-server[75085]: DEBUG neutron.db.provisioning_blocks [None req-44553486-455e-472a-a515-f92202a79e98 None None] Provisioning for port aed68c13-f912-42eb-a77c-a196d8cc3d16 completed by entity L2. {{(pid=75085) provisioning_complete /opt/stack/neutron/neutron/db/provisioning_blocks.py:133}}
May 02 03:36:39.118083 dv-osbrick-780511-7-ceph neutron-server[75085]: DEBUG neutron.db.provisioning_blocks [None req-44553486-455e-472a-a515-f92202a79e98 None None] Provisioning complete for port aed68c13-f912-42eb-a77c-a196d8cc3d16 triggered by entity L2. {{(pid=75085) provisioning_complete /opt/stack/neutron/neutron/db/provisioning_blocks.py:139}}
May 02 03:36:39.118763 dv-osbrick-780511-7-ceph neutron-server[75085]: DEBUG neutron_lib.callbacks.manager [None req-44553486-455e-472a-a515-f92202a79e98 None None] Notify callbacks ['neutron.plugins.ml2.plugin.Ml2Plugin._port_provisioned-3475226'] for port, provisioning_complete {{(pid=75085) _notify_loop /usr/local/lib/python3.8/dist-packages/neutron_lib/callbacks/manager.py:192}}
May 02 03:36:39.331767 dv-osbrick-780511-7-ceph neutron-server[75085]: DEBUG neutron.db.provisioning_blocks [None req-6947cc41-96fb-4345-9b4b-16dd7444a3ce None None] Provisioning complete for port aed68c13-f912-42eb-a77c-a196d8cc3d16 triggered by entity DHCP. {{(pid=75085) provisioning_complete /opt/stack/neutron/neutron/db/provisioning_blocks.py:139}}
May 02 03:36:39.332362 dv-osbrick-780511-7-ceph neutron-server[75085]: DEBUG neutron_lib.callbacks.manager [None req-6947cc41-96fb-4345-9b4b-16dd7444a3ce None None] Notify callbacks ['neutron.plugins.ml2.plugin.Ml2Plugin._port_provisioned-3475226'] for port, provisioning_complete {{(pid=75085) _notify_loop /usr/local/lib/python3.8/dist-packages/neutron_lib/callbacks/manager.py:192}}
May 02 03:36:39.398339 dv-osbrick-780511-7-ceph neutron-server[75083]: DEBUG neutron.scheduler.dhcp_agent_scheduler [None req-b10d4917-684b-43ff-a547-c006402fb18d admin admin] Network e0a3e8ad-b974-4732-a0a2-642d6281213f is already hosted by enough agents. {{(pid=75083) _get_dhcp_agents_hosting_network /opt/stack/neutron/neutron/scheduler/dhcp_agent_scheduler.py:275}}
May 02 03:36:39.404365 dv-osbrick-780511-7-ceph neutron-server[75083]: DEBUG neutron.scheduler.base_scheduler [None req-b10d4917-684b-43ff-a547-c006402fb18d admin admin] Resources bound (agent type, host, resource id): {{(pid=75083) schedule /opt/stack/neutron/neutron/scheduler/base_scheduler.py:57}}
May 02 03:36:39.431862 dv-osbrick-780511-7-ceph neutron-server[75085]: DEBUG neutron_lib.callbacks.manager [None req-6ef9278f-8c63-461f-8a73-200d0e075f24 None None] Notify callbacks [] for port, precommit_update {{(pid=75085) _notify_loop /usr/local/lib/python3.8/dist-packages/neutron_lib/callbacks/manager.py:192}}
May 02 03:36:39.476101 dv-osbrick-780511-7-ceph neutron-server[75085]: DEBUG neutron.db.provisioning_blocks [None req-6ef9278f-8c63-461f-8a73-200d0e075f24 None None] Transition to ACTIVE for port object 8e6521de-d6d9-4213-b43f-de06d0be9411 will not be triggered until provisioned by entity L2. {{(pid=75085) add_provisioning_component /opt/stack/neutron/neutron/db/provisioning_blocks.py:73}}
May 02 03:36:39.525730 dv-osbrick-780511-7-ceph neutron-server[75083]: DEBUG neutron.api.rpc.handlers.resources_rpc [None req-b10d4917-684b-43ff-a547-c006402fb18d admin admin] Pushing event updated for resources: {'Port': ['ID=9bba87d5-f9e8-4585-ba03-cf1e2f217735,revision_number=2']} {{(pid=75083) push /opt/stack/neutron/neutron/api/rpc/handlers/resources_rpc.py:237}}
May 02 03:36:39.532841 dv-osbrick-780511-7-ceph neutron-server[75085]: DEBUG neutron_lib.callbacks.manager [None req-6ef9278f-8c63-461f-8a73-200d0e075f24 None None] Notify callbacks ['neutron.plugins.ml2.plugin.SecurityGroupServerNotifierRpcMixin.notify_sg_on_port_change-3570037', 'neutron.plugins.ml2.ovo_rpc._ObjectChangeHandler.handle_event-65027', 'neutron.api.rpc.agentnotifiers.dhcp_rpc_agent_api.DhcpAgentNotifyAPI._native_event_send_dhcp_notification-549832', 'neutron.db.l3_db.L3RpcNotifierMixin._notify_gateway_port_ip_changed-8755439170488', 'neutron.db.l3_dvrscheduler_db._notify_l3_agent_port_update-8755438720148', 'neutron.db.l3_hascheduler_db._notify_l3_agent_ha_port_update-8755438720193'] for port, after_update {{(pid=75085) _notify_loop /usr/local/lib/python3.8/dist-packages/neutron_lib/callbacks/manager.py:192}}
May 02 03:36:39.536887 dv-osbrick-780511-7-ceph neutron-server[75083]: DEBUG oslo_concurrency.lockutils [None req-b10d4917-684b-43ff-a547-c006402fb18d admin admin] Lock "event-dispatch" released by "neutron.plugins.ml2.ovo_rpc._ObjectChangeHandler.dispatch_events" :: held 0.476s {{(pid=75083) inner /usr/local/lib/python3.8/dist-packages/oslo_concurrency/lockutils.py:367}}
May 02 03:36:39.659852 dv-osbrick-780511-7-ceph neutron-server[75085]: DEBUG oslo_concurrency.lockutils [None req-44553486-455e-472a-a515-f92202a79e98 None None] Lock "event-dispatch" acquired by "neutron.plugins.ml2.ovo_rpc._ObjectChangeHandler.dispatch_events" :: waited 0.000s {{(pid=75085) inner /usr/local/lib/python3.8/dist-packages/oslo_concurrency/lockutils.py:355}}
May 02 03:36:39.718710 dv-osbrick-780511-7-ceph neutron-server[75085]: DEBUG neutron_lib.callbacks.manager [None req-6947cc41-96fb-4345-9b4b-16dd7444a3ce None None] Notify callbacks ['neutron.plugins.ml2.plugin.SecurityGroupDbMixin._ensure_default_security_group_handler-3570358'] for port, before_update {{(pid=75085) _notify_loop /usr/local/lib/python3.8/dist-packages/neutron_lib/callbacks/manager.py:192}}
May 02 03:36:39.734822 dv-osbrick-780511-7-ceph neutron-server[75083]: DEBUG neutron.scheduler.l3_agent_scheduler [None req-b10d4917-684b-43ff-a547-c006402fb18d admin admin] Router e975baf8-ddf4-48cc-8642-82401d483e91 has already been hosted by L3 agent 66ec7628-b84b-49d0-89b3-76bb9b0e6a96 {{(pid=75083) _get_candidates /opt/stack/neutron/neutron/scheduler/l3_agent_scheduler.py:127}}
May 02 03:36:39.791739 dv-osbrick-780511-7-ceph neutron-server[75085]: DEBUG neutron.plugins.ml2.managers [None req-6ef9278f-8c63-461f-8a73-200d0e075f24 None None] Attempting to bind port 8e6521de-d6d9-4213-b43f-de06d0be9411 on host dv-osbrick-780511-7-ceph for vnic_type normal with profile {{(pid=75085) bind_port /opt/stack/neutron/neutron/plugins/ml2/managers.py:790}}
May 02 03:36:39.792132 dv-osbrick-780511-7-ceph neutron-server[75085]: DEBUG neutron.plugins.ml2.managers [None req-6ef9278f-8c63-461f-8a73-200d0e075f24 None None] Attempting to bind port 8e6521de-d6d9-4213-b43f-de06d0be9411 by drivers openvswitch,hyperv on host dv-osbrick-780511-7-ceph at level 0 using segments [{'id': '4614e08f-98c7-4af4-8986-e850b535a280', 'network_type': 'flat', 'physical_network': 'physnet1', 'segmentation_id': None, 'network_id': 'dc5a32a0-5efe-4542-8fa5-e4c3f23559f6'}] {{(pid=75085) _bind_port_level /opt/stack/neutron/neutron/plugins/ml2/managers.py:815}}
May 02 03:36:39.792500 dv-osbrick-780511-7-ceph neutron-server[75085]: DEBUG neutron.plugins.ml2.drivers.mech_agent [None req-6ef9278f-8c63-461f-8a73-200d0e075f24 None None] Attempting to bind port 8e6521de-d6d9-4213-b43f-de06d0be9411 on network dc5a32a0-5efe-4542-8fa5-e4c3f23559f6 {{(pid=75085) bind_port /opt/stack/neutron/neutron/plugins/ml2/drivers/mech_agent.py:86}}
May 02 03:36:39.798284 dv-osbrick-780511-7-ceph neutron-server[75085]: DEBUG neutron_lib.callbacks.manager [None req-44553486-455e-472a-a515-f92202a79e98 None None] Notify callbacks ['neutron.plugins.ml2.plugin.SecurityGroupDbMixin._ensure_default_security_group_handler-3570358'] for port, before_update {{(pid=75085) _notify_loop /usr/local/lib/python3.8/dist-packages/neutron_lib/callbacks/manager.py:192}}
May 02 03:36:39.837044 dv-osbrick-780511-7-ceph neutron-server[75085]: DEBUG neutron.plugins.ml2.drivers.mech_agent [None req-6ef9278f-8c63-461f-8a73-200d0e075f24 None None] Checking agent: {'id': '2b0a95ee-f7ab-4515-9ffa-1862201dd6d1', 'agent_type': 'Open vSwitch agent', 'binary': 'neutron-openvswitch-agent', 'topic': 'N/A', 'host': 'dv-osbrick-780511-7-ceph', 'admin_state_up': True, 'created_at': datetime.datetime(2021, 5, 2, 3, 29, 34), 'started_at': datetime.datetime(2021, 5, 2, 3, 30, 4), 'heartbeat_timestamp': datetime.datetime(2021, 5, 2, 3, 36, 34), 'description': None, 'resources_synced': None, 'availability_zone': None, 'alive': True, 'configurations': {'arp_responder_enabled': False, 'baremetal_smartnic': False, 'bridge_mappings': {'physnet1': 'br-data'}, 'datapath_type': 'system', 'devices': 0, 'enable_distributed_routing': False, 'extensions': [], 'in_distributed_mode': False, 'integration_bridge': 'br-int', 'l2_population': False, 'log_agent_heartbeats': False, 'ovs_capabilities': {'datapath_types': ['netdev', 'system'], 'iface_types': ['erspan', 'geneve', 'gre', 'internal', 'ip6erspan', 'ip6gre', 'lisp', 'patch', 'stt', 'system', 'tap', 'vxlan']}, 'ovs_hybrid_plug': False, 'resource_provider_bandwidths': {}, 'resource_provider_hypervisors': {'br-data': 'dv-osbrick-780511-7-ceph'}, 'resource_provider_inventory_defaults': {'allocation_ratio': 1.0, 'min_unit': 1, 'step_size': 1, 'reserved': 0}, 'tunnel_types': [], 'tunneling_ip': None, 'vhostuser_socket_dir': '/var/run/openvswitch'}, 'resource_versions': {'AddressGroup': '1.2', 'ConntrackHelper': '1.0', 'Log': '1.0', 'Network': '1.1', 'Port': '1.7', 'PortForwarding': '1.2', 'QosPolicy': '1.8', 'SecurityGroup': '1.4', 'SecurityGroupRule': '1.2', 'SubPort': '1.0', 'Subnet': '1.1', 'Trunk': '1.1'}} {{(pid=75085) bind_port /opt/stack/neutron/neutron/plugins/ml2/drivers/mech_agent.py:105}}
May 02 03:36:39.841758 dv-osbrick-780511-7-ceph neutron-server[75085]: DEBUG neutron.plugins.ml2.drivers.mech_agent [None req-6ef9278f-8c63-461f-8a73-200d0e075f24 None None] Checking segment: {'id': '4614e08f-98c7-4af4-8986-e850b535a280', 'network_type': 'flat', 'physical_network': 'physnet1', 'segmentation_id': None, 'network_id': 'dc5a32a0-5efe-4542-8fa5-e4c3f23559f6'} for mappings: {'physnet1': 'br-data'} with network types: ['local', 'flat', 'vlan'] {{(pid=75085) check_segment_for_agent /opt/stack/neutron/neutron/plugins/ml2/drivers/mech_agent.py:341}}
May 02 03:36:39.843117 dv-osbrick-780511-7-ceph neutron-server[75085]: DEBUG neutron_lib.callbacks.manager [None req-6ef9278f-8c63-461f-8a73-200d0e075f24 None None] Notify callbacks [] for ovs_bridge_name, before_read {{(pid=75085) _notify_loop /usr/local/lib/python3.8/dist-packages/neutron_lib/callbacks/manager.py:192}}
May 02 03:36:39.843639 dv-osbrick-780511-7-ceph neutron-server[75085]: DEBUG neutron.plugins.ml2.drivers.mech_agent [None req-6ef9278f-8c63-461f-8a73-200d0e075f24 None None] Bound using segment: {'id': '4614e08f-98c7-4af4-8986-e850b535a280', 'network_type': 'flat', 'physical_network': 'physnet1', 'segmentation_id': None, 'network_id': 'dc5a32a0-5efe-4542-8fa5-e4c3f23559f6'} {{(pid=75085) bind_port /opt/stack/neutron/neutron/plugins/ml2/drivers/mech_agent.py:115}}
May 02 03:36:39.844258 dv-osbrick-780511-7-ceph neutron-server[75085]: DEBUG neutron.plugins.ml2.managers [None req-6ef9278f-8c63-461f-8a73-200d0e075f24 None None] Bound port: 8e6521de-d6d9-4213-b43f-de06d0be9411, host: dv-osbrick-780511-7-ceph, vif_type: ovs, vif_details: {"connectivity": "l2", "port_filter": true, "ovs_hybrid_plug": false, "datapath_type": "system", "bridge_name": "br-int"}, binding_levels: [{'bound_driver': 'openvswitch', 'bound_segment': {'id': '4614e08f-98c7-4af4-8986-e850b535a280', 'network_type': 'flat', 'physical_network': 'physnet1', 'segmentation_id': None, 'network_id': 'dc5a32a0-5efe-4542-8fa5-e4c3f23559f6'}}] {{(pid=75085) _bind_port_level /opt/stack/neutron/neutron/plugins/ml2/managers.py:928}}
May 02 03:36:39.844965 dv-osbrick-780511-7-ceph neutron-server[75085]: DEBUG neutron_lib.callbacks.manager [None req-6ef9278f-8c63-461f-8a73-200d0e075f24 None None] Notify callbacks ['neutron.plugins.ml2.plugin.SecurityGroupDbMixin._ensure_default_security_group_handler-3570358'] for port, before_update {{(pid=75085) _notify_loop /usr/local/lib/python3.8/dist-packages/neutron_lib/callbacks/manager.py:192}}
May 02 03:36:39.914928 dv-osbrick-780511-7-ceph neutron-server[75085]: DEBUG neutron.api.rpc.handlers.resources_rpc [None req-c698f10b-2ef4-4e17-8c58-dd939bdba88c None None] Pushing event updated for resources: {'Port': ['ID=8e6521de-d6d9-4213-b43f-de06d0be9411,revision_number=2']} {{(pid=75085) push /opt/stack/neutron/neutron/api/rpc/handlers/resources_rpc.py:237}}
May 02 03:36:39.918148 dv-osbrick-780511-7-ceph neutron-server[75085]: DEBUG oslo_concurrency.lockutils [None req-c698f10b-2ef4-4e17-8c58-dd939bdba88c None None] Lock "event-dispatch" released by "neutron.plugins.ml2.ovo_rpc._ObjectChangeHandler.dispatch_events" :: held 0.258s {{(pid=75085) inner /usr/local/lib/python3.8/dist-packages/oslo_concurrency/lockutils.py:367}}
May 02 03:36:39.929986 dv-osbrick-780511-7-ceph neutron-server[75085]: DEBUG neutron.plugins.ml2.db [None req-6947cc41-96fb-4345-9b4b-16dd7444a3ce None None] For port aed68c13-f912-42eb-a77c-a196d8cc3d16, host dv-osbrick-780511-7-ceph, got binding levels [PortBindingLevel(driver='openvswitch',host='dv-osbrick-780511-7-ceph',level=0,port_id=aed68c13-f912-42eb-a77c-a196d8cc3d16,segment=NetworkSegment(2566d534-282f-42cc-b400-eaf098815de2),segment_id=2566d534-282f-42cc-b400-eaf098815de2)] {{(pid=75085) get_binding_level_objs /opt/stack/neutron/neutron/plugins/ml2/db.py:75}}
May 02 03:36:39.961956 dv-osbrick-780511-7-ceph neutron-server[75085]: DEBUG neutron_lib.callbacks.manager [None req-6947cc41-96fb-4345-9b4b-16dd7444a3ce None None] Notify callbacks ['neutron.plugins.ml2.plugin.SecurityGroupServerNotifierRpcMixin.notify_sg_on_port_change-3570037', 'neutron.plugins.ml2.ovo_rpc._ObjectChangeHandler.handle_event-65027', 'neutron.api.rpc.agentnotifiers.dhcp_rpc_agent_api.DhcpAgentNotifyAPI._native_event_send_dhcp_notification-549832', 'neutron.db.l3_db.L3RpcNotifierMixin._notify_gateway_port_ip_changed-8755439170488', 'neutron.db.l3_dvrscheduler_db._notify_l3_agent_port_update-8755438720148', 'neutron.db.l3_hascheduler_db._notify_l3_agent_ha_port_update-8755438720193'] for port, after_update {{(pid=75085) _notify_loop /usr/local/lib/python3.8/dist-packages/neutron_lib/callbacks/manager.py:192}}
May 02 03:36:39.984492 dv-osbrick-780511-7-ceph neutron-server[75085]: DEBUG oslo_concurrency.lockutils [-] Lock "event-dispatch" acquired by "neutron.plugins.ml2.ovo_rpc._ObjectChangeHandler.dispatch_events" :: waited 0.000s {{(pid=75085) inner /usr/local/lib/python3.8/dist-packages/oslo_concurrency/lockutils.py:355}}
May 02 03:36:40.015209 dv-osbrick-780511-7-ceph neutron-server[75083]: DEBUG neutron.api.rpc.agentnotifiers.l3_rpc_agent_api [None req-b10d4917-684b-43ff-a547-c006402fb18d admin admin] Notify agent at l3_agent.dv-osbrick-780511-7-ceph the message routers_updated {{(pid=75083) _agent_notification /opt/stack/neutron/neutron/api/rpc/agentnotifiers/l3_rpc_agent_api.py:68}}
May 02 03:36:40.028970 dv-osbrick-780511-7-ceph neutron-server[75083]: INFO neutron.wsgi [None req-b10d4917-684b-43ff-a547-c006402fb18d admin admin] 10.222.0.32 "PUT /v2.0/routers/e975baf8-ddf4-48cc-8642-82401d483e91/add_router_interface HTTP/1.1" status: 200 len: 503 time: 3.0361168
May 02 03:36:40.132712 dv-osbrick-780511-7-ceph neutron-server[75085]: DEBUG neutron.api.rpc.handlers.resources_rpc [None req-6947cc41-96fb-4345-9b4b-16dd7444a3ce None None] Pushing event updated for resources: {'Port': ['ID=aed68c13-f912-42eb-a77c-a196d8cc3d16,revision_number=3']} {{(pid=75085) push /opt/stack/neutron/neutron/api/rpc/handlers/resources_rpc.py:237}}
May 02 03:36:40.137647 dv-osbrick-780511-7-ceph neutron-server[75085]: DEBUG oslo_concurrency.lockutils [None req-6947cc41-96fb-4345-9b4b-16dd7444a3ce None None] Lock "event-dispatch" released by "neutron.plugins.ml2.ovo_rpc._ObjectChangeHandler.dispatch_events" :: held 0.153s {{(pid=75085) inner /usr/local/lib/python3.8/dist-packages/oslo_concurrency/lockutils.py:367}}
May 02 03:36:40.160375 dv-osbrick-780511-7-ceph neutron-server[75085]: DEBUG neutron.plugins.ml2.db [None req-6ef9278f-8c63-461f-8a73-200d0e075f24 None None] For port 8e6521de-d6d9-4213-b43f-de06d0be9411, host dv-osbrick-780511-7-ceph, cleared binding levels {{(pid=75085) clear_binding_levels /opt/stack/neutron/neutron/plugins/ml2/db.py:88}}
May 02 03:36:40.185091 dv-osbrick-780511-7-ceph neutron-server[75085]: DEBUG neutron.plugins.ml2.db [None req-6ef9278f-8c63-461f-8a73-200d0e075f24 None None] For port 8e6521de-d6d9-4213-b43f-de06d0be9411, host dv-osbrick-780511-7-ceph, set binding levels [PortBindingLevel(driver='openvswitch',host='dv-osbrick-780511-7-ceph',level=0,port_id=8e6521de-d6d9-4213-b43f-de06d0be9411,segment=NetworkSegment(4614e08f-98c7-4af4-8986-e850b535a280),segment_id=4614e08f-98c7-4af4-8986-e850b535a280)] {{(pid=75085) set_binding_levels /opt/stack/neutron/neutron/plugins/ml2/db.py:60}}
May 02 03:36:40.201365 dv-osbrick-780511-7-ceph neutron-server[75085]: DEBUG neutron_lib.callbacks.manager [None req-6ef9278f-8c63-461f-8a73-200d0e075f24 None None] Notify callbacks ['neutron.plugins.ml2.plugin.SecurityGroupServerNotifierRpcMixin.notify_sg_on_port_change-3570037', 'neutron.plugins.ml2.ovo_rpc._ObjectChangeHandler.handle_event-65027', 'neutron.api.rpc.agentnotifiers.dhcp_rpc_agent_api.DhcpAgentNotifyAPI._native_event_send_dhcp_notification-549832', 'neutron.db.l3_db.L3RpcNotifierMixin._notify_gateway_port_ip_changed-8755439170488', 'neutron.db.l3_dvrscheduler_db._notify_l3_agent_port_update-8755438720148', 'neutron.db.l3_hascheduler_db._notify_l3_agent_ha_port_update-8755438720193'] for port, after_update {{(pid=75085) _notify_loop /usr/local/lib/python3.8/dist-packages/neutron_lib/callbacks/manager.py:192}}
May 02 03:36:40.209345 dv-osbrick-780511-7-ceph neutron-server[75085]: DEBUG oslo_concurrency.lockutils [None req-503833d3-bfb3-4dee-972c-3e2cf93df168 None None] Lock "event-dispatch" acquired by "neutron.plugins.ml2.ovo_rpc._ObjectChangeHandler.dispatch_events" :: waited 0.000s {{(pid=75085) inner /usr/local/lib/python3.8/dist-packages/oslo_concurrency/lockutils.py:355}}
May 02 03:36:40.251026 dv-osbrick-780511-7-ceph neutron-server[75085]: DEBUG neutron_lib.db.api [None req-44553486-455e-472a-a515-f92202a79e98 None None] Retry wrapper got retriable exception: UPDATE statement on table 'standardattributes' expected to update 1 row(s); 0 were matched. {{(pid=75085) wrapped /usr/local/lib/python3.8/dist-packages/neutron_lib/db/api.py:183}}
May 02 03:36:40.251534 dv-osbrick-780511-7-ceph neutron-server[75085]: DEBUG oslo_db.api [None req-44553486-455e-472a-a515-f92202a79e98 None None] Performing DB retry for function neutron.plugins.ml2.plugin.Ml2Plugin.update_port_statuses {{(pid=75085) wrapper /usr/local/lib/python3.8/dist-packages/oslo_db/api.py:155}}
May 02 03:36:40.301461 dv-osbrick-780511-7-ceph neutron-server[75085]: DEBUG neutron.db.l3_dvrscheduler_db [None req-6ef9278f-8c63-461f-8a73-200d0e075f24 None None] Routers {'e975baf8-ddf4-48cc-8642-82401d483e91'} bound to L3 agent in host dv-osbrick-780511-7-ceph {{(pid=75085) _get_router_ids_for_agent /opt/stack/neutron/neutron/db/l3_dvrscheduler_db.py:422}}
May 02 03:36:40.302248 dv-osbrick-780511-7-ceph neutron-server[75085]: DEBUG neutron.db.l3_hamode_db [None req-6ef9278f-8c63-461f-8a73-200d0e075f24 None None] neutron.services.l3_router.l3_router_plugin.L3RouterPlugin method get_ha_sync_data_for_host called with arguments (, 'dv-osbrick-780511-7-ceph', Agent(admin_state_up=True,agent_type='L3 agent',availability_zone='nova',binary='neutron-l3-agent',configurations={"agent_mode": "legacy", "ex_gw_ports": 3, "extensions": [], "floating_ips": 0, "handle_internal_only_routers": true, "interface_driver": "openvswitch", "interfaces": 2, "log_agent_heartbeats": false, "routers": 3},created_at=2021-05-02T03:29:34Z,description=,heartbeat_timestamp=2021-05-02T03:36:34Z,host='dv-osbrick-780511-7-ceph',id=66ec7628-b84b-49d0-89b3-76bb9b0e6a96,load=0,resource_versions=,resources_synced=,started_at=2021-05-02T03:29:34Z,topic='l3_agent')) {'router_ids': ['e975baf8-ddf4-48cc-8642-82401d483e91'], 'active': True} {{(pid=75085) wrapper /usr/local/lib/python3.8/dist-packages/oslo_log/helpers.py:65}}
May 02 03:36:40.360910 dv-osbrick-780511-7-ceph neutron-server[75085]: DEBUG neutron.api.rpc.handlers.resources_rpc [None req-c698f10b-2ef4-4e17-8c58-dd939bdba88c None None] Pushing event updated for resources: {'Port': ['ID=8e6521de-d6d9-4213-b43f-de06d0be9411,revision_number=3']} {{(pid=75085) push /opt/stack/neutron/neutron/api/rpc/handlers/resources_rpc.py:237}}
May 02 03:36:40.370666 dv-osbrick-780511-7-ceph neutron-server[75085]: DEBUG oslo_concurrency.lockutils [None req-c698f10b-2ef4-4e17-8c58-dd939bdba88c None None] Lock "event-dispatch" released by "neutron.plugins.ml2.ovo_rpc._ObjectChangeHandler.dispatch_events" :: held 0.161s {{(pid=75085) inner /usr/local/lib/python3.8/dist-packages/oslo_concurrency/lockutils.py:367}}
May 02 03:36:40.371478 dv-osbrick-780511-7-ceph neutron-server[75085]: DEBUG neutron.db.provisioning_blocks [None req-bfff3f12-6408-4b2b-ace9-efaa8d266e3c None None] Provisioning for port 9bba87d5-f9e8-4585-ba03-cf1e2f217735 completed by entity DHCP. {{(pid=75085) provisioning_complete /opt/stack/neutron/neutron/db/provisioning_blocks.py:133}}
May 02 03:36:40.388056 dv-osbrick-780511-7-ceph neutron-server[75085]: DEBUG neutron.db.provisioning_blocks [None req-bfff3f12-6408-4b2b-ace9-efaa8d266e3c None None] Provisioning complete for port 9bba87d5-f9e8-4585-ba03-cf1e2f217735 triggered by entity DHCP. {{(pid=75085) provisioning_complete /opt/stack/neutron/neutron/db/provisioning_blocks.py:139}}
May 02 03:36:40.388800 dv-osbrick-780511-7-ceph neutron-server[75085]: DEBUG neutron_lib.callbacks.manager [None req-bfff3f12-6408-4b2b-ace9-efaa8d266e3c None None] Notify callbacks ['neutron.plugins.ml2.plugin.Ml2Plugin._port_provisioned-3475226'] for port, provisioning_complete {{(pid=75085) _notify_loop /usr/local/lib/python3.8/dist-packages/neutron_lib/callbacks/manager.py:192}}
May 02 03:36:40.524005 dv-osbrick-780511-7-ceph neutron-server[75085]: DEBUG neutron.plugins.ml2.plugin [None req-bfff3f12-6408-4b2b-ace9-efaa8d266e3c None None] Port 9bba87d5-f9e8-4585-ba03-cf1e2f217735 cannot update to ACTIVE because it is not bound. {{(pid=75085) _port_provisioned /opt/stack/neutron/neutron/plugins/ml2/plugin.py:337}}
May 02 03:36:40.560287 dv-osbrick-780511-7-ceph neutron-server[75085]: DEBUG neutron.db.provisioning_blocks [None req-bfff3f12-6408-4b2b-ace9-efaa8d266e3c None None] Provisioning for port b395e37a-8b5e-4261-a2c2-dff73b46fa7e completed by entity DHCP. {{(pid=75085) provisioning_complete /opt/stack/neutron/neutron/db/provisioning_blocks.py:133}}
May 02 03:36:40.564306 dv-osbrick-780511-7-ceph neutron-server[75085]: DEBUG neutron.db.l3_dvr_db [None req-6ef9278f-8c63-461f-8a73-200d0e075f24 None None] Set router e975baf8-ddf4-48cc-8642-82401d483e91 gateway port host: dv-osbrick-780511-7-ceph {{(pid=75085) _build_routers_list /opt/stack/neutron/neutron/db/l3_dvr_db.py:819}}
May 02 03:36:40.614937 dv-osbrick-780511-7-ceph neutron-server[75085]: DEBUG neutron.db.provisioning_blocks [None req-bfff3f12-6408-4b2b-ace9-efaa8d266e3c None None] Provisioning complete for port b395e37a-8b5e-4261-a2c2-dff73b46fa7e triggered by entity DHCP. {{(pid=75085) provisioning_complete /opt/stack/neutron/neutron/db/provisioning_blocks.py:139}}
May 02 03:36:40.614937 dv-osbrick-780511-7-ceph neutron-server[75085]: DEBUG neutron_lib.callbacks.manager [None req-bfff3f12-6408-4b2b-ace9-efaa8d266e3c None None] Notify callbacks ['neutron.plugins.ml2.plugin.Ml2Plugin._port_provisioned-3475226'] for port, provisioning_complete {{(pid=75085) _notify_loop /usr/local/lib/python3.8/dist-packages/neutron_lib/callbacks/manager.py:192}}
May 02 03:36:40.874373 dv-osbrick-780511-7-ceph neutron-server[75085]: DEBUG neutron.plugins.ml2.plugin [None req-bfff3f12-6408-4b2b-ace9-efaa8d266e3c None None] Port b395e37a-8b5e-4261-a2c2-dff73b46fa7e cannot update to ACTIVE because it is not bound. {{(pid=75085) _port_provisioned /opt/stack/neutron/neutron/plugins/ml2/plugin.py:337}}
May 02 03:36:40.964949 dv-osbrick-780511-7-ceph neutron-server[75085]: DEBUG neutron.plugins.ml2.rpc [None req-44553486-455e-472a-a515-f92202a79e98 None None] Device c8345ea6-3643-446f-aac7-45e51ce83ee9 up at agent ovs-agent-dv-osbrick-780511-7-ceph {{(pid=75085) update_device_up /opt/stack/neutron/neutron/plugins/ml2/rpc.py:278}}
May 02 03:36:41.057801 dv-osbrick-780511-7-ceph neutron-server[75085]: DEBUG neutron.db.provisioning_blocks [None req-40040739-3d07-4d1f-b4da-1cf67825576d None None] Provisioning complete for port b395e37a-8b5e-4261-a2c2-dff73b46fa7e triggered by entity DHCP. {{(pid=75085) provisioning_complete /opt/stack/neutron/neutron/db/provisioning_blocks.py:139}}
May 02 03:36:41.058263 dv-osbrick-780511-7-ceph neutron-server[75085]: DEBUG neutron_lib.callbacks.manager [None req-40040739-3d07-4d1f-b4da-1cf67825576d None None] Notify callbacks ['neutron.plugins.ml2.plugin.Ml2Plugin._port_provisioned-3475226'] for port, provisioning_complete {{(pid=75085) _notify_loop /usr/local/lib/python3.8/dist-packages/neutron_lib/callbacks/manager.py:192}}
May 02 03:36:41.155961 dv-osbrick-780511-7-ceph neutron-server[75085]: DEBUG neutron.db.provisioning_blocks [None req-44553486-455e-472a-a515-f92202a79e98 None None] Provisioning complete for port c8345ea6-3643-446f-aac7-45e51ce83ee9 triggered by entity L2. {{(pid=75085) provisioning_complete /opt/stack/neutron/neutron/db/provisioning_blocks.py:139}}
May 02 03:36:41.156644 dv-osbrick-780511-7-ceph neutron-server[75085]: DEBUG neutron_lib.callbacks.manager [None req-44553486-455e-472a-a515-f92202a79e98 None None] Notify callbacks ['neutron.plugins.ml2.plugin.Ml2Plugin._port_provisioned-3475226'] for port, provisioning_complete {{(pid=75085) _notify_loop /usr/local/lib/python3.8/dist-packages/neutron_lib/callbacks/manager.py:192}}
May 02 03:36:41.188303 dv-osbrick-780511-7-ceph neutron-server[75085]: DEBUG neutron.plugins.ml2.plugin [None req-40040739-3d07-4d1f-b4da-1cf67825576d None None] Port b395e37a-8b5e-4261-a2c2-dff73b46fa7e cannot update to ACTIVE because it is not bound. {{(pid=75085) _port_provisioned /opt/stack/neutron/neutron/plugins/ml2/plugin.py:337}}
May 02 03:36:41.308462 dv-osbrick-780511-7-ceph neutron-server[75086]: DEBUG neutron.api.rpc.handlers.l3_rpc [None req-0acbd54d-561e-4e5f-b49a-4fd5484f1c7e None None] Sync routers for ids ['baebf449-af9d-4b8d-b475-0c2e99e56db7'] in dv-osbrick-780511-7-ceph {{(pid=75086) sync_routers /opt/stack/neutron/neutron/api/rpc/handlers/l3_rpc.py:125}}
May 02 03:36:41.324009 dv-osbrick-780511-7-ceph neutron-server[75086]: DEBUG neutron.db.l3_dvrscheduler_db [None req-0acbd54d-561e-4e5f-b49a-4fd5484f1c7e None None] Routers {'baebf449-af9d-4b8d-b475-0c2e99e56db7'} bound to L3 agent in host dv-osbrick-780511-7-ceph {{(pid=75086) _get_router_ids_for_agent /opt/stack/neutron/neutron/db/l3_dvrscheduler_db.py:422}}
May 02 03:36:41.324648 dv-osbrick-780511-7-ceph neutron-server[75086]: DEBUG neutron.db.l3_hamode_db [None req-0acbd54d-561e-4e5f-b49a-4fd5484f1c7e None None] neutron.services.l3_router.l3_router_plugin.L3RouterPlugin method get_ha_sync_data_for_host called with arguments (, 'dv-osbrick-780511-7-ceph', Agent(admin_state_up=True,agent_type='L3 agent',availability_zone='nova',binary='neutron-l3-agent',configurations={"agent_mode": "legacy", "ex_gw_ports": 3, "extensions": [], "floating_ips": 0, "handle_internal_only_routers": true, "interface_driver": "openvswitch", "interfaces": 2, "log_agent_heartbeats": false, "routers": 3},created_at=2021-05-02T03:29:34Z,description=,heartbeat_timestamp=2021-05-02T03:36:34Z,host='dv-osbrick-780511-7-ceph',id=66ec7628-b84b-49d0-89b3-76bb9b0e6a96,load=0,resource_versions=,resources_synced=,started_at=2021-05-02T03:29:34Z,topic='l3_agent')) {'router_ids': ['baebf449-af9d-4b8d-b475-0c2e99e56db7'], 'active': True} {{(pid=75086) wrapper /usr/local/lib/python3.8/dist-packages/oslo_log/helpers.py:65}}
