May 02 03:38:49.330244 dv-osbrick-780511-7-ceph neutron-server[75084]: DEBUG neutron.api.rpc.handlers.resources_rpc [None req-1095a0c9-971c-4996-848c-2e0fb30b9851 admin admin] Pushing event deleted for resources: {'Port': ['ID=5a7c90d2-066c-4932-8591-bbec2c185df5,revision_number=None']} {{(pid=75084) push /opt/stack/neutron/neutron/api/rpc/handlers/resources_rpc.py:237}}
May 02 03:38:49.332023 dv-osbrick-780511-7-ceph neutron-server[75084]: DEBUG neutron.db.l3_dvrscheduler_db [None req-1095a0c9-971c-4996-848c-2e0fb30b9851 admin admin] No DVR routers for this DVR port 5a7c90d2-066c-4932-8591-bbec2c185df5 on host dv-osbrick-780511-7-ceph {{(pid=75084) get_dvr_routers_to_remove /opt/stack/neutron/neutron/db/l3_dvrscheduler_db.py:214}}
May 02 03:38:49.333477 dv-osbrick-780511-7-ceph neutron-server[75084]: DEBUG oslo_concurrency.lockutils [None req-1095a0c9-971c-4996-848c-2e0fb30b9851 admin admin] Lock "event-dispatch" released by "neutron.plugins.ml2.ovo_rpc._ObjectChangeHandler.dispatch_events" :: held 0.046s {{(pid=75084) inner /usr/local/lib/python3.8/dist-packages/oslo_concurrency/lockutils.py:367}}
May 02 03:38:49.418421 dv-osbrick-780511-7-ceph neutron-server[75085]: DEBUG neutron_lib.callbacks.manager [None req-948d022a-9c38-46e9-bfb0-68b694f24eb9 None None] Notify callbacks ['neutron.plugins.ml2.plugin.SecurityGroupServerNotifierRpcMixin.notify_sg_on_port_change-3570037', 'neutron.plugins.ml2.ovo_rpc._ObjectChangeHandler.handle_event-65027', 'neutron.api.rpc.agentnotifiers.dhcp_rpc_agent_api.DhcpAgentNotifyAPI._native_event_send_dhcp_notification-549832', 'neutron.db.l3_db.L3RpcNotifierMixin._notify_routers_callback-8755439172693', 'neutron.db.l3_dvrscheduler_db._notify_port_delete-8755438720139'] for port, after_delete {{(pid=75085) _notify_loop /usr/local/lib/python3.8/dist-packages/neutron_lib/callbacks/manager.py:192}}
May 02 03:38:49.421836 dv-osbrick-780511-7-ceph neutron-server[75085]: DEBUG oslo_concurrency.lockutils [None req-1bbdea5b-31cd-4fa6-9d21-134042532f88 None None] Lock "event-dispatch" acquired by "neutron.plugins.ml2.ovo_rpc._ObjectChangeHandler.dispatch_events" :: waited 0.000s {{(pid=75085) inner /usr/local/lib/python3.8/dist-packages/oslo_concurrency/lockutils.py:355}}
May 02 03:38:49.443905 dv-osbrick-780511-7-ceph neutron-server[75084]: DEBUG neutron_lib.callbacks.manager [None req-1095a0c9-971c-4996-848c-2e0fb30b9851 admin admin] Notify callbacks ['neutron.plugins.ml2.plugin.Ml2Plugin._network_delete_precommit_handler-3478173', 'neutron.services.segments.db._delete_segments_for_network-8755439178105'] for network, precommit_delete {{(pid=75084) _notify_loop /usr/local/lib/python3.8/dist-packages/neutron_lib/callbacks/manager.py:192}}
May 02 03:38:49.466106 dv-osbrick-780511-7-ceph neutron-server[75085]: DEBUG neutron.api.rpc.handlers.resources_rpc [None req-948d022a-9c38-46e9-bfb0-68b694f24eb9 None None] Pushing event deleted for resources: {'Port': ['ID=5a7c90d2-066c-4932-8591-bbec2c185df5,revision_number=None']} {{(pid=75085) push /opt/stack/neutron/neutron/api/rpc/handlers/resources_rpc.py:237}}
May 02 03:38:49.468925 dv-osbrick-780511-7-ceph neutron-server[75085]: DEBUG oslo_concurrency.lockutils [None req-948d022a-9c38-46e9-bfb0-68b694f24eb9 None None] Lock "event-dispatch" released by "neutron.plugins.ml2.ovo_rpc._ObjectChangeHandler.dispatch_events" :: held 0.047s {{(pid=75085) inner /usr/local/lib/python3.8/dist-packages/oslo_concurrency/lockutils.py:367}}
May 02 03:38:49.469927 dv-osbrick-780511-7-ceph neutron-server[75085]: DEBUG neutron.db.l3_dvrscheduler_db [None req-948d022a-9c38-46e9-bfb0-68b694f24eb9 None None] No DVR routers for this DVR port 5a7c90d2-066c-4932-8591-bbec2c185df5 on host dv-osbrick-780511-7-ceph {{(pid=75085) get_dvr_routers_to_remove /opt/stack/neutron/neutron/db/l3_dvrscheduler_db.py:214}}
May 02 03:38:49.552491 dv-osbrick-780511-7-ceph neutron-server[75084]: DEBUG neutron_lib.callbacks.manager [None req-1095a0c9-971c-4996-848c-2e0fb30b9851 admin admin] Subscribe: > segment before_delete 55550000 {{(pid=75084) subscribe /usr/local/lib/python3.8/dist-packages/neutron_lib/callbacks/manager.py:45}}
May 02 03:38:49.552875 dv-osbrick-780511-7-ceph neutron-server[75084]: DEBUG neutron_lib.callbacks.manager [None req-1095a0c9-971c-4996-848c-2e0fb30b9851 admin admin] Subscribe: > subnet precommit_delete_associations 55550000 {{(pid=75084) subscribe /usr/local/lib/python3.8/dist-packages/neutron_lib/callbacks/manager.py:45}}
May 02 03:38:49.553629 dv-osbrick-780511-7-ceph neutron-server[75084]: DEBUG neutron_lib.callbacks.manager [None req-1095a0c9-971c-4996-848c-2e0fb30b9851 admin admin] Subscribe: > segment_host_mapping after_create 55550000 {{(pid=75084) subscribe /usr/local/lib/python3.8/dist-packages/neutron_lib/callbacks/manager.py:45}}
May 02 03:38:49.553971 dv-osbrick-780511-7-ceph neutron-server[75084]: DEBUG neutron_lib.callbacks.manager [None req-1095a0c9-971c-4996-848c-2e0fb30b9851 admin admin] Subscribe: > port after_create 55550000 {{(pid=75084) subscribe /usr/local/lib/python3.8/dist-packages/neutron_lib/callbacks/manager.py:45}}
May 02 03:38:49.554288 dv-osbrick-780511-7-ceph neutron-server[75084]: DEBUG neutron_lib.callbacks.manager [None req-1095a0c9-971c-4996-848c-2e0fb30b9851 admin admin] Subscribe: > port after_delete 55550000 {{(pid=75084) subscribe /usr/local/lib/python3.8/dist-packages/neutron_lib/callbacks/manager.py:45}}
May 02 03:38:49.554600 dv-osbrick-780511-7-ceph neutron-server[75084]: DEBUG neutron_lib.callbacks.manager [None req-1095a0c9-971c-4996-848c-2e0fb30b9851 admin admin] Subscribe: > port after_update 55550000 {{(pid=75084) subscribe /usr/local/lib/python3.8/dist-packages/neutron_lib/callbacks/manager.py:45}}
May 02 03:38:49.554911 dv-osbrick-780511-7-ceph neutron-server[75084]: DEBUG neutron_lib.callbacks.manager [None req-1095a0c9-971c-4996-848c-2e0fb30b9851 admin admin] Subscribe: > segment after_delete 55550000 {{(pid=75084) subscribe /usr/local/lib/python3.8/dist-packages/neutron_lib/callbacks/manager.py:45}}
May 02 03:38:49.555223 dv-osbrick-780511-7-ceph neutron-server[75084]: DEBUG neutron_lib.callbacks.manager [None req-1095a0c9-971c-4996-848c-2e0fb30b9851 admin admin] Subscribe: > subnet after_create 55550000 {{(pid=75084) subscribe /usr/local/lib/python3.8/dist-packages/neutron_lib/callbacks/manager.py:45}}
May 02 03:38:49.555530 dv-osbrick-780511-7-ceph neutron-server[75084]: DEBUG neutron_lib.callbacks.manager [None req-1095a0c9-971c-4996-848c-2e0fb30b9851 admin admin] Subscribe: > subnet after_delete 55550000 {{(pid=75084) subscribe /usr/local/lib/python3.8/dist-packages/neutron_lib/callbacks/manager.py:45}}
May 02 03:38:49.555838 dv-osbrick-780511-7-ceph neutron-server[75084]: DEBUG neutron_lib.callbacks.manager [None req-1095a0c9-971c-4996-848c-2e0fb30b9851 admin admin] Subscribe: > subnet after_update 55550000 {{(pid=75084) subscribe /usr/local/lib/python3.8/dist-packages/neutron_lib/callbacks/manager.py:45}}
May 02 03:38:49.661151 dv-osbrick-780511-7-ceph neutron-server[75084]: DEBUG neutron_lib.callbacks.manager [None req-1095a0c9-971c-4996-848c-2e0fb30b9851 admin admin] Subscribe: > subnet after_create 55550000 {{(pid=75084) subscribe /usr/local/lib/python3.8/dist-packages/neutron_lib/callbacks/manager.py:45}}
May 02 03:38:49.661502 dv-osbrick-780511-7-ceph neutron-server[75084]: DEBUG neutron_lib.callbacks.manager [None req-1095a0c9-971c-4996-848c-2e0fb30b9851 admin admin] Subscribe: > subnet after_delete 55550000 {{(pid=75084) subscribe /usr/local/lib/python3.8/dist-packages/neutron_lib/callbacks/manager.py:45}}
May 02 03:38:49.661836 dv-osbrick-780511-7-ceph neutron-server[75084]: DEBUG neutron_lib.callbacks.manager [None req-1095a0c9-971c-4996-848c-2e0fb30b9851 admin admin] Subscribe: > subnet before_create 55550000 {{(pid=75084) subscribe /usr/local/lib/python3.8/dist-packages/neutron_lib/callbacks/manager.py:45}}
May 02 03:38:49.662161 dv-osbrick-780511-7-ceph neutron-server[75084]: DEBUG neutron_lib.callbacks.manager [None req-1095a0c9-971c-4996-848c-2e0fb30b9851 admin admin] Subscribe: > subnet before_update 55550000 {{(pid=75084) subscribe /usr/local/lib/python3.8/dist-packages/neutron_lib/callbacks/manager.py:45}}
May 02 03:38:49.662525 dv-osbrick-780511-7-ceph neutron-server[75084]: DEBUG neutron.services.segments.db [None req-1095a0c9-971c-4996-848c-2e0fb30b9851 admin admin] neutron.services.segments.plugin.Plugin method get_segments called with arguments (,) {'filters': {'network_id': ['5c8f4ecd-70ff-4575-8a0c-b5d675c93a46']}} {{(pid=75084) wrapper /usr/local/lib/python3.8/dist-packages/oslo_log/helpers.py:65}}
May 02 03:38:49.675197 dv-osbrick-780511-7-ceph neutron-server[75084]: DEBUG neutron.services.segments.db [None req-1095a0c9-971c-4996-848c-2e0fb30b9851 admin admin] neutron.services.segments.plugin.Plugin method delete_segment called with arguments (, 'dc0384b6-1023-4cf6-b7a8-afaa9aac51cd') {'for_net_delete': True} {{(pid=75084) wrapper /usr/local/lib/python3.8/dist-packages/oslo_log/helpers.py:65}}
May 02 03:38:49.675487 dv-osbrick-780511-7-ceph neutron-server[75084]: DEBUG neutron.services.segments.db [None req-1095a0c9-971c-4996-848c-2e0fb30b9851 admin admin] neutron.services.segments.plugin.Plugin method get_segment called with arguments (, 'dc0384b6-1023-4cf6-b7a8-afaa9aac51cd') {} {{(pid=75084) wrapper /usr/local/lib/python3.8/dist-packages/oslo_log/helpers.py:65}}
May 02 03:38:49.686346 dv-osbrick-780511-7-ceph neutron-server[75084]: DEBUG neutron_lib.callbacks.manager [None req-1095a0c9-971c-4996-848c-2e0fb30b9851 admin admin] Notify callbacks ['neutron.plugins.ml2.db._prevent_segment_delete_with_port_bound-8755439189751', 'neutron.services.segments.plugin.Plugin._prevent_segment_delete_with_subnet_associated-6296538'] for segment, before_delete {{(pid=75084) _notify_loop /usr/local/lib/python3.8/dist-packages/neutron_lib/callbacks/manager.py:192}}
May 02 03:38:49.702338 dv-osbrick-780511-7-ceph neutron-server[75084]: DEBUG neutron_lib.callbacks.manager [None req-1095a0c9-971c-4996-848c-2e0fb30b9851 admin admin] Notify callbacks ['neutron.plugins.ml2.plugin.Ml2Plugin._handle_segment_change-3498706'] for segment, precommit_delete {{(pid=75084) _notify_loop /usr/local/lib/python3.8/dist-packages/neutron_lib/callbacks/manager.py:192}}
May 02 03:38:49.709042 dv-osbrick-780511-7-ceph neutron-server[75084]: DEBUG neutron.plugins.ml2.drivers.type_vlan [None req-1095a0c9-971c-4996-848c-2e0fb30b9851 admin admin] Releasing vlan 149 on physical network physnet1 to pool {{(pid=75084) release_segment /opt/stack/neutron/neutron/plugins/ml2/drivers/type_vlan.py:304}}
May 02 03:38:49.802595 dv-osbrick-780511-7-ceph neutron-server[75085]: DEBUG neutron.plugins.ml2.rpc [None req-1bbdea5b-31cd-4fa6-9d21-134042532f88 None None] Device 220eac18-0e7d-4171-8c0e-4950f5e5934f up at agent hyperv_hv-osbrick-7805 {{(pid=75085) update_device_up /opt/stack/neutron/neutron/plugins/ml2/rpc.py:278}}
May 02 03:38:49.868429 dv-osbrick-780511-7-ceph neutron-server[75085]: DEBUG neutron.db.provisioning_blocks [None req-1bbdea5b-31cd-4fa6-9d21-134042532f88 None None] Provisioning for port 220eac18-0e7d-4171-8c0e-4950f5e5934f completed by entity L2. {{(pid=75085) provisioning_complete /opt/stack/neutron/neutron/db/provisioning_blocks.py:133}}
May 02 03:38:49.873502 dv-osbrick-780511-7-ceph neutron-server[75085]: DEBUG neutron.db.provisioning_blocks [None req-1bbdea5b-31cd-4fa6-9d21-134042532f88 None None] Provisioning complete for port 220eac18-0e7d-4171-8c0e-4950f5e5934f triggered by entity L2. {{(pid=75085) provisioning_complete /opt/stack/neutron/neutron/db/provisioning_blocks.py:139}}
May 02 03:38:49.873879 dv-osbrick-780511-7-ceph neutron-server[75085]: DEBUG neutron_lib.callbacks.manager [None req-1bbdea5b-31cd-4fa6-9d21-134042532f88 None None] Notify callbacks ['neutron.plugins.ml2.plugin.Ml2Plugin._port_provisioned-3475226'] for port, provisioning_complete {{(pid=75085) _notify_loop /usr/local/lib/python3.8/dist-packages/neutron_lib/callbacks/manager.py:192}}
May 02 03:38:49.938413 dv-osbrick-780511-7-ceph neutron-server[75084]: DEBUG neutron.plugins.ml2.managers [None req-1095a0c9-971c-4996-848c-2e0fb30b9851 admin admin] Network 5c8f4ecd-70ff-4575-8a0c-b5d675c93a46 has no segments {{(pid=75084) _extend_network_dict_provider /opt/stack/neutron/neutron/plugins/ml2/managers.py:169}}
May 02 03:38:49.947078 dv-osbrick-780511-7-ceph neutron-server[75084]: DEBUG neutron_lib.callbacks.manager [None req-1095a0c9-971c-4996-848c-2e0fb30b9851 admin admin] Notify callbacks ['neutron.plugins.ml2.plugin.Ml2Plugin._handle_after_delete_segment_change-3498693', 'neutron.services.segments.plugin.NovaSegmentNotifier._notify_segment_deleted-6300906'] for segment, after_delete {{(pid=75084) _notify_loop /usr/local/lib/python3.8/dist-packages/neutron_lib/callbacks/manager.py:192}}
May 02 03:38:49.975891 dv-osbrick-780511-7-ceph neutron-server[75085]: DEBUG neutron.plugins.ml2.rpc [None req-44553486-455e-472a-a515-f92202a79e98 None None] Device 5a7c90d2-066c-4932-8591-bbec2c185df5 no longer exists at agent ovs-agent-dv-osbrick-780511-7-ceph {{(pid=75085) update_device_down /opt/stack/neutron/neutron/plugins/ml2/rpc.py:243}}
May 02 03:38:50.017103 dv-osbrick-780511-7-ceph neutron-server[75085]: DEBUG neutron.plugins.ml2.plugin [None req-44553486-455e-472a-a515-f92202a79e98 None None] No Port match for: 5a7c90d2-066c-4932-8591-bbec2c185df5 {{(pid=75085) port_bound_to_host /opt/stack/neutron/neutron/plugins/ml2/plugin.py:2213}}
May 02 03:38:50.017774 dv-osbrick-780511-7-ceph neutron-server[75085]: DEBUG neutron.plugins.ml2.rpc [None req-44553486-455e-472a-a515-f92202a79e98 None None] Device 5a7c90d2-066c-4932-8591-bbec2c185df5 not bound to the agent host dv-osbrick-780511-7-ceph {{(pid=75085) update_device_down /opt/stack/neutron/neutron/plugins/ml2/rpc.py:251}}
May 02 03:38:50.017864 dv-osbrick-780511-7-ceph neutron-server[75085]: DEBUG neutron.plugins.ml2.rpc [None req-44553486-455e-472a-a515-f92202a79e98 None None] Device f5867453-3640-4f9a-92a1-7904f0b9d3fc no longer exists at agent ovs-agent-dv-osbrick-780511-7-ceph {{(pid=75085) update_device_down /opt/stack/neutron/neutron/plugins/ml2/rpc.py:243}}
May 02 03:38:50.055471 dv-osbrick-780511-7-ceph neutron-server[75085]: DEBUG neutron.plugins.ml2.plugin [None req-44553486-455e-472a-a515-f92202a79e98 None None] No Port match for: f5867453-3640-4f9a-92a1-7904f0b9d3fc {{(pid=75085) port_bound_to_host /opt/stack/neutron/neutron/plugins/ml2/plugin.py:2213}}
May 02 03:38:50.055749 dv-osbrick-780511-7-ceph neutron-server[75085]: DEBUG neutron.plugins.ml2.rpc [None req-44553486-455e-472a-a515-f92202a79e98 None None] Device f5867453-3640-4f9a-92a1-7904f0b9d3fc not bound to the agent host dv-osbrick-780511-7-ceph {{(pid=75085) update_device_down /opt/stack/neutron/neutron/plugins/ml2/rpc.py:251}}
May 02 03:38:50.067033 dv-osbrick-780511-7-ceph neutron-server[75085]: DEBUG neutron_lib.callbacks.manager [None req-1bbdea5b-31cd-4fa6-9d21-134042532f88 None None] Notify callbacks ['neutron.plugins.ml2.plugin.SecurityGroupDbMixin._ensure_default_security_group_handler-3570358'] for port, before_update {{(pid=75085) _notify_loop /usr/local/lib/python3.8/dist-packages/neutron_lib/callbacks/manager.py:192}}
May 02 03:38:50.093624 dv-osbrick-780511-7-ceph neutron-server[75085]: DEBUG neutron.notifiers.nova [-] Sending events: [{'server_uuid': '63adef9a-1d0d-45a2-bf4e-436c8c11b354', 'name': 'network-vif-plugged', 'status': 'completed', 'tag': '220eac18-0e7d-4171-8c0e-4950f5e5934f'}] {{(pid=75085) send_events /opt/stack/neutron/neutron/notifiers/nova.py:262}}
May 02 03:38:50.103759 dv-osbrick-780511-7-ceph neutron-server[75085]: DEBUG neutron.plugins.ml2.db [None req-1bbdea5b-31cd-4fa6-9d21-134042532f88 None None] For port 220eac18-0e7d-4171-8c0e-4950f5e5934f, host hv-osbrick-7805, got binding levels [PortBindingLevel(driver='hyperv',host='hv-osbrick-7805',level=0,port_id=220eac18-0e7d-4171-8c0e-4950f5e5934f,segment=NetworkSegment(8aeb219b-7f79-411c-8ab3-f215cbf868c0),segment_id=8aeb219b-7f79-411c-8ab3-f215cbf868c0)] {{(pid=75085) get_binding_level_objs /opt/stack/neutron/neutron/plugins/ml2/db.py:75}}
May 02 03:38:50.108481 dv-osbrick-780511-7-ceph neutron-server[75085]: DEBUG neutron_lib.callbacks.manager [None req-1bbdea5b-31cd-4fa6-9d21-134042532f88 None None] Notify callbacks ['neutron.plugins.ml2.plugin.SecurityGroupServerNotifierRpcMixin.notify_sg_on_port_change-3570037', 'neutron.plugins.ml2.ovo_rpc._ObjectChangeHandler.handle_event-65027', 'neutron.api.rpc.agentnotifiers.dhcp_rpc_agent_api.DhcpAgentNotifyAPI._native_event_send_dhcp_notification-549832', 'neutron.db.l3_db.L3RpcNotifierMixin._notify_gateway_port_ip_changed-8755439170488', 'neutron.db.l3_dvrscheduler_db._notify_l3_agent_port_update-8755438720148', 'neutron.db.l3_hascheduler_db._notify_l3_agent_ha_port_update-8755438720193'] for port, after_update {{(pid=75085) _notify_loop /usr/local/lib/python3.8/dist-packages/neutron_lib/callbacks/manager.py:192}}
May 02 03:38:50.110381 dv-osbrick-780511-7-ceph neutron-server[75085]: DEBUG oslo_concurrency.lockutils [None req-1bbdea5b-31cd-4fa6-9d21-134042532f88 None None] Lock "event-dispatch" acquired by "neutron.plugins.ml2.ovo_rpc._ObjectChangeHandler.dispatch_events" :: waited 0.000s {{(pid=75085) inner /usr/local/lib/python3.8/dist-packages/oslo_concurrency/lockutils.py:355}}
May 02 03:38:50.111199 dv-osbrick-780511-7-ceph neutron-server[75084]: DEBUG neutron.plugins.ml2.managers [None req-1095a0c9-971c-4996-848c-2e0fb30b9851 admin admin] Network 5c8f4ecd-70ff-4575-8a0c-b5d675c93a46 has no segments {{(pid=75084) _extend_network_dict_provider /opt/stack/neutron/neutron/plugins/ml2/managers.py:169}}
May 02 03:38:50.145058 dv-osbrick-780511-7-ceph neutron-server[75085]: INFO neutron.notifiers.nova [-] Nova event response: {'server_uuid': '63adef9a-1d0d-45a2-bf4e-436c8c11b354', 'name': 'network-vif-plugged', 'status': 'completed', 'tag': '220eac18-0e7d-4171-8c0e-4950f5e5934f', 'code': 200}
May 02 03:38:50.155105 dv-osbrick-780511-7-ceph neutron-server[75084]: /usr/lib/python3/dist-packages/secretstorage/dhcrypto.py:15: CryptographyDeprecationWarning: int_from_bytes is deprecated, use int.from_bytes instead
May 02 03:38:50.155105 dv-osbrick-780511-7-ceph neutron-server[75084]: from cryptography.utils import int_from_bytes
May 02 03:38:50.155105 dv-osbrick-780511-7-ceph neutron-server[75084]: /usr/lib/python3/dist-packages/secretstorage/util.py:19: CryptographyDeprecationWarning: int_from_bytes is deprecated, use int.from_bytes instead
May 02 03:38:50.155105 dv-osbrick-780511-7-ceph neutron-server[75084]: from cryptography.utils import int_from_bytes
May 02 03:38:50.155105 dv-osbrick-780511-7-ceph neutron-server[75084]: Traceback (most recent call last):
May 02 03:38:50.155105 dv-osbrick-780511-7-ceph neutron-server[75084]: File "/usr/local/lib/python3.8/dist-packages/eventlet/hubs/hub.py", line 476, in fire_timers
May 02 03:38:50.155105 dv-osbrick-780511-7-ceph neutron-server[75084]: timer()
May 02 03:38:50.155105 dv-osbrick-780511-7-ceph neutron-server[75084]: File "/usr/local/lib/python3.8/dist-packages/eventlet/hubs/timer.py", line 59, in __call__
May 02 03:38:50.155105 dv-osbrick-780511-7-ceph neutron-server[75084]: cb(*args, **kw)
May 02 03:38:50.155105 dv-osbrick-780511-7-ceph neutron-server[75084]: File "/opt/stack/neutron/neutron/common/utils.py", line 905, in wrapper
May 02 03:38:50.155105 dv-osbrick-780511-7-ceph neutron-server[75084]: return func(*args, **kwargs)
May 02 03:38:50.155105 dv-osbrick-780511-7-ceph neutron-server[75084]: File "/opt/stack/neutron/neutron/notifiers/batch_notifier.py", line 58, in synced_send
May 02 03:38:50.155105 dv-osbrick-780511-7-ceph neutron-server[75084]: self._notify()
May 02 03:38:50.155105 dv-osbrick-780511-7-ceph neutron-server[75084]: File "/opt/stack/neutron/neutron/notifiers/batch_notifier.py", line 69, in _notify
May 02 03:38:50.155105 dv-osbrick-780511-7-ceph neutron-server[75084]: self.callback(batched_events)
May 02 03:38:50.155105 dv-osbrick-780511-7-ceph neutron-server[75084]: File "/opt/stack/neutron/neutron/services/segments/plugin.py", line 211, in _send_notifications
May 02 03:38:50.155105 dv-osbrick-780511-7-ceph neutron-server[75084]: event.method(event)
May 02 03:38:50.155105 dv-osbrick-780511-7-ceph neutron-server[75084]: File "/opt/stack/neutron/neutron/services/segments/plugin.py", line 379, in _delete_nova_inventory
May 02 03:38:50.155105 dv-osbrick-780511-7-ceph neutron-server[75084]: aggregate_id = self._get_aggregate_id(event.segment_id)
May 02 03:38:50.155105 dv-osbrick-780511-7-ceph neutron-server[75084]: File "/opt/stack/neutron/neutron/services/segments/plugin.py", line 366, in _get_aggregate_id
May 02 03:38:50.155105 dv-osbrick-780511-7-ceph neutron-server[75084]: aggregate_uuid = self.p_client.list_aggregates(
May 02 03:38:50.155105 dv-osbrick-780511-7-ceph neutron-server[75084]: File "/usr/local/lib/python3.8/dist-packages/neutron_lib/placement/client.py", line 57, in wrapper
May 02 03:38:50.155105 dv-osbrick-780511-7-ceph neutron-server[75084]: return f(self, *a, **k)
May 02 03:38:50.155105 dv-osbrick-780511-7-ceph neutron-server[75084]: File "/usr/local/lib/python3.8/dist-packages/neutron_lib/placement/client.py", line 553, in list_aggregates
May 02 03:38:50.155105 dv-osbrick-780511-7-ceph neutron-server[75084]: return self._get(url).json()
May 02 03:38:50.155105 dv-osbrick-780511-7-ceph neutron-server[75084]: File "/usr/local/lib/python3.8/dist-packages/neutron_lib/placement/client.py", line 189, in _get
May 02 03:38:50.155105 dv-osbrick-780511-7-ceph neutron-server[75084]: return self._client.get(url, endpoint_filter=self._ks_filter,
May 02 03:38:50.155105 dv-osbrick-780511-7-ceph neutron-server[75084]: File "/usr/local/lib/python3.8/dist-packages/keystoneauth1/session.py", line 1141, in get
May 02 03:38:50.155105 dv-osbrick-780511-7-ceph neutron-server[75084]: return self.request(url, 'GET', **kwargs)
May 02 03:38:50.155105 dv-osbrick-780511-7-ceph neutron-server[75084]: File "/usr/local/lib/python3.8/dist-packages/keystoneauth1/session.py", line 811, in request
May 02 03:38:50.155105 dv-osbrick-780511-7-ceph neutron-server[75084]: base_url = self.get_endpoint(auth, allow=allow,
May 02 03:38:50.155105 dv-osbrick-780511-7-ceph neutron-server[75084]: File "/usr/local/lib/python3.8/dist-packages/keystoneauth1/session.py", line 1241, in get_endpoint
May 02 03:38:50.155105 dv-osbrick-780511-7-ceph neutron-server[75084]: auth = self._auth_required(auth, 'determine endpoint URL')
May 02 03:38:50.155105 dv-osbrick-780511-7-ceph neutron-server[75084]: File "/usr/local/lib/python3.8/dist-packages/keystoneauth1/session.py", line 1181, in _auth_required
May 02 03:38:50.155105 dv-osbrick-780511-7-ceph neutron-server[75084]: raise exceptions.MissingAuthPlugin(msg_fmt % msg)
May 02 03:38:50.155105 dv-osbrick-780511-7-ceph neutron-server[75084]: keystoneauth1.exceptions.auth_plugins.MissingAuthPlugin: An auth plugin is required to determine endpoint URL
May 02 03:38:50.179479 dv-osbrick-780511-7-ceph neutron-server[75085]: DEBUG neutron.api.rpc.handlers.resources_rpc [None req-1bbdea5b-31cd-4fa6-9d21-134042532f88 None None] Pushing event updated for resources: {'Port': ['ID=220eac18-0e7d-4171-8c0e-4950f5e5934f,revision_number=5']} {{(pid=75085) push /opt/stack/neutron/neutron/api/rpc/handlers/resources_rpc.py:237}}
May 02 03:38:50.182958 dv-osbrick-780511-7-ceph neutron-server[75085]: DEBUG oslo_concurrency.lockutils [None req-1bbdea5b-31cd-4fa6-9d21-134042532f88 None None] Lock "event-dispatch" released by "neutron.plugins.ml2.ovo_rpc._ObjectChangeHandler.dispatch_events" :: held 0.073s {{(pid=75085) inner /usr/local/lib/python3.8/dist-packages/oslo_concurrency/lockutils.py:367}}
May 02 03:38:50.228960 dv-osbrick-780511-7-ceph neutron-server[75084]: DEBUG neutron_lib.callbacks.manager [None req-1095a0c9-971c-4996-848c-2e0fb30b9851 admin admin] Notify callbacks ['neutron.plugins.ml2.plugin.Ml2Plugin._network_delete_after_delete_handler-3477614', 'neutron.plugins.ml2.ovo_rpc._ObjectChangeHandler.handle_event-442430', 'neutron.api.rpc.agentnotifiers.dhcp_rpc_agent_api.DhcpAgentNotifyAPI._native_event_send_dhcp_notification-549832', 'neutron.services.l3_router.l3_router_plugin.DVRResourceOperationHandler.delete_fip_namespaces_for_ext_net-435706'] for network, after_delete {{(pid=75084) _notify_loop /usr/local/lib/python3.8/dist-packages/neutron_lib/callbacks/manager.py:192}}
May 02 03:38:50.233580 dv-osbrick-780511-7-ceph neutron-server[75084]: DEBUG oslo_concurrency.lockutils [None req-a7b802f1-ddbf-4a1c-a14d-9c76ee84ec58 admin admin] Lock "event-dispatch" acquired by "neutron.plugins.ml2.ovo_rpc._ObjectChangeHandler.dispatch_events" :: waited 0.000s {{(pid=75084) inner /usr/local/lib/python3.8/dist-packages/oslo_concurrency/lockutils.py:355}}
May 02 03:38:50.253523 dv-osbrick-780511-7-ceph neutron-server[75084]: DEBUG neutron_lib.callbacks.manager [None req-1095a0c9-971c-4996-848c-2e0fb30b9851 admin admin] Notify callbacks ['neutron.api.rpc.agentnotifiers.dhcp_rpc_agent_api.DhcpAgentNotifyAPI._send_dhcp_notification-549882'] for network, before_response {{(pid=75084) _notify_loop /usr/local/lib/python3.8/dist-packages/neutron_lib/callbacks/manager.py:192}}
May 02 03:38:50.255583 dv-osbrick-780511-7-ceph neutron-server[75084]: DEBUG neutron.api.rpc.handlers.resources_rpc [None req-1095a0c9-971c-4996-848c-2e0fb30b9851 admin admin] Pushing event deleted for resources: {'Network': ['ID=5c8f4ecd-70ff-4575-8a0c-b5d675c93a46,revision_number=None']} {{(pid=75084) push /opt/stack/neutron/neutron/api/rpc/handlers/resources_rpc.py:237}}
May 02 03:38:50.258710 dv-osbrick-780511-7-ceph neutron-server[75084]: DEBUG oslo_concurrency.lockutils [None req-1095a0c9-971c-4996-848c-2e0fb30b9851 admin admin] Lock "event-dispatch" released by "neutron.plugins.ml2.ovo_rpc._ObjectChangeHandler.dispatch_events" :: held 0.025s {{(pid=75084) inner /usr/local/lib/python3.8/dist-packages/oslo_concurrency/lockutils.py:367}}
May 02 03:38:50.267207 dv-osbrick-780511-7-ceph neutron-server[75084]: INFO neutron.wsgi [None req-1095a0c9-971c-4996-848c-2e0fb30b9851 admin admin] 10.222.0.32 "DELETE /v2.0/networks/5c8f4ecd-70ff-4575-8a0c-b5d675c93a46 HTTP/1.1" status: 204 len: 168 time: 1.5483861
May 02 03:38:50.270006 dv-osbrick-780511-7-ceph neutron-server[75083]: DEBUG neutron.wsgi [-] (75083) accepted ('10.222.0.32', 49416) {{(pid=75083) server /usr/local/lib/python3.8/dist-packages/eventlet/wsgi.py:992}}
May 02 03:38:50.434919 dv-osbrick-780511-7-ceph neutron-server[75084]: DEBUG neutron.pecan_wsgi.hooks.policy_enforcement [req-6435966d-6819-4531-bee7-3d1551b86bff req-527b8921-2494-4584-a2d0-7561f52fa03d tempest-TestVolumeBootPattern-943415533 tempest-TestVolumeBootPattern-943415533-project] Attributes excluded by policy engine: ['standard_attr_id', 'binding:profile', 'binding:host_id', 'binding:vif_type', 'binding:vif_details'] {{(pid=75084) _exclude_attributes_by_policy /opt/stack/neutron/neutron/pecan_wsgi/hooks/policy_enforcement.py:255}}
May 02 03:38:50.436298 dv-osbrick-780511-7-ceph neutron-server[75084]: INFO neutron.wsgi [req-6435966d-6819-4531-bee7-3d1551b86bff req-527b8921-2494-4584-a2d0-7561f52fa03d tempest-TestVolumeBootPattern-943415533 tempest-TestVolumeBootPattern-943415533-project] 10.222.0.32 "GET /v2.0/ports?device_id=63adef9a-1d0d-45a2-bf4e-436c8c11b354 HTTP/1.1" status: 200 len: 945 time: 0.0829875
May 02 03:38:50.480314 dv-osbrick-780511-7-ceph neutron-server[75084]: INFO neutron.wsgi [req-6435966d-6819-4531-bee7-3d1551b86bff req-b1fd464f-a060-4108-94fe-413c114d101f tempest-TestVolumeBootPattern-943415533 tempest-TestVolumeBootPattern-943415533-project] 10.222.0.32 "GET /v2.0/security-groups?id=489636e9-2bf4-4c00-9345-5fed4a772c8c&fields=id&fields=name HTTP/1.1" status: 200 len: 313 time: 0.0382600
May 02 03:38:50.577211 dv-osbrick-780511-7-ceph neutron-server[75083]: DEBUG neutron.pecan_wsgi.hooks.policy_enforcement [req-779db5a2-96de-4007-bc46-0209df043cb9 req-55ce7eb0-02d9-4041-a604-4a0f743d659f service neutron] Attributes excluded by policy engine: ['standard_attr_id'] {{(pid=75083) _exclude_attributes_by_policy /opt/stack/neutron/neutron/pecan_wsgi/hooks/policy_enforcement.py:255}}
May 02 03:38:50.578658 dv-osbrick-780511-7-ceph neutron-server[75083]: INFO neutron.wsgi [req-779db5a2-96de-4007-bc46-0209df043cb9 req-55ce7eb0-02d9-4041-a604-4a0f743d659f service neutron] 10.222.0.18 "GET /v2.0/ports?device_id=63adef9a-1d0d-45a2-bf4e-436c8c11b354 HTTP/1.1" status: 200 len: 1098 time: 0.2254040
May 02 03:38:50.685304 dv-osbrick-780511-7-ceph neutron-server[75083]: INFO neutron.wsgi [req-779db5a2-96de-4007-bc46-0209df043cb9 req-eaddc868-ec6b-4bd0-a8d4-eb60447eca41 service neutron] 10.222.0.18 "GET /v2.0/security-groups?id=489636e9-2bf4-4c00-9345-5fed4a772c8c&fields=id&fields=name HTTP/1.1" status: 200 len: 313 time: 0.0575333
May 02 03:38:50.882155 dv-osbrick-780511-7-ceph neutron-server[75083]: DEBUG neutron_lib.callbacks.manager [None req-7b082fac-dc05-4ba9-a549-bcade800f656 admin admin] Notify callbacks ['neutron.services.l3_router.l3_router_plugin.DVRResourceOperationHandler._cache_related_dvr_routers_info_before_interface_removal-469754'] for router_interface, before_delete {{(pid=75083) _notify_loop /usr/local/lib/python3.8/dist-packages/neutron_lib/callbacks/manager.py:192}}
May 02 03:38:51.349099 dv-osbrick-780511-7-ceph neutron-server[75083]: DEBUG neutron.plugins.ml2.plugin [None req-7b082fac-dc05-4ba9-a549-bcade800f656 admin admin] Deleting port b395e37a-8b5e-4261-a2c2-dff73b46fa7e {{(pid=75083) _pre_delete_port /opt/stack/neutron/neutron/plugins/ml2/plugin.py:1886}}
May 02 03:38:51.349786 dv-osbrick-780511-7-ceph neutron-server[75083]: DEBUG neutron_lib.callbacks.manager [None req-7b082fac-dc05-4ba9-a549-bcade800f656 admin admin] Notify callbacks ['neutron.db.l3_db.L3_NAT_dbonly_mixin._prevent_l3_port_delete_callback-8755439167681'] for port, before_delete {{(pid=75083) _notify_loop /usr/local/lib/python3.8/dist-packages/neutron_lib/callbacks/manager.py:192}}
May 02 03:38:51.404469 dv-osbrick-780511-7-ceph neutron-server[75086]: DEBUG neutron.db.agents_db [None req-1c7d915a-b79c-4b2f-95b8-f151224f066a None None] Agent healthcheck: found 5 active agents {{(pid=75086) agent_health_check /opt/stack/neutron/neutron/db/agents_db.py:325}}
May 02 03:38:51.468196 dv-osbrick-780511-7-ceph neutron-server[75083]: DEBUG neutron.plugins.ml2.db [None req-7b082fac-dc05-4ba9-a549-bcade800f656 admin admin] For port b395e37a-8b5e-4261-a2c2-dff73b46fa7e, host dv-osbrick-780511-7-ceph, got binding levels [PortBindingLevel(driver='openvswitch',host='dv-osbrick-780511-7-ceph',level=0,port_id=b395e37a-8b5e-4261-a2c2-dff73b46fa7e,segment=NetworkSegment(b005029b-4eba-415a-9d6f-f661c80f7463),segment_id=b005029b-4eba-415a-9d6f-f661c80f7463)] {{(pid=75083) get_binding_level_objs /opt/stack/neutron/neutron/plugins/ml2/db.py:75}}
May 02 03:38:51.468553 dv-osbrick-780511-7-ceph neutron-server[75083]: DEBUG neutron_lib.callbacks.manager [None req-7b082fac-dc05-4ba9-a549-bcade800f656 admin admin] Notify callbacks ['neutron.services.l3_router.l3_router_plugin.L3_NAT_dbonly_mixin._precommit_delete_port_callback-417572'] for port, precommit_delete {{(pid=75083) _notify_loop /usr/local/lib/python3.8/dist-packages/neutron_lib/callbacks/manager.py:192}}
May 02 03:38:51.590300 dv-osbrick-780511-7-ceph neutron-server[75083]: DEBUG neutron.plugins.ml2.plugin [None req-7b082fac-dc05-4ba9-a549-bcade800f656 admin admin] Calling delete_port for b395e37a-8b5e-4261-a2c2-dff73b46fa7e owned by network:router_interface {{(pid=75083) delete_port /opt/stack/neutron/neutron/plugins/ml2/plugin.py:1959}}
May 02 03:38:51.663501 dv-osbrick-780511-7-ceph neutron-server[75084]: DEBUG neutron.pecan_wsgi.hooks.policy_enforcement [req-2738e68a-75af-40c0-9f33-ee4dd0d8829b req-9f180761-8bae-4f8f-b8d1-66ac59616b59 tempest-TestVolumeBootPattern-943415533 tempest-TestVolumeBootPattern-943415533-project] Attributes excluded by policy engine: ['standard_attr_id', 'binding:profile', 'binding:host_id', 'binding:vif_type', 'binding:vif_details'] {{(pid=75084) _exclude_attributes_by_policy /opt/stack/neutron/neutron/pecan_wsgi/hooks/policy_enforcement.py:255}}
May 02 03:38:51.664881 dv-osbrick-780511-7-ceph neutron-server[75084]: INFO neutron.wsgi [req-2738e68a-75af-40c0-9f33-ee4dd0d8829b req-9f180761-8bae-4f8f-b8d1-66ac59616b59 tempest-TestVolumeBootPattern-943415533 tempest-TestVolumeBootPattern-943415533-project] 10.222.0.32 "GET /v2.0/ports?device_id=63adef9a-1d0d-45a2-bf4e-436c8c11b354 HTTP/1.1" status: 200 len: 945 time: 0.0781040
May 02 03:38:51.712493 dv-osbrick-780511-7-ceph neutron-server[75084]: INFO neutron.wsgi [req-2738e68a-75af-40c0-9f33-ee4dd0d8829b req-dfd7b171-6949-4a0d-be13-f576127d80fd tempest-TestVolumeBootPattern-943415533 tempest-TestVolumeBootPattern-943415533-project] 10.222.0.32 "GET /v2.0/security-groups?id=489636e9-2bf4-4c00-9345-5fed4a772c8c&fields=id&fields=name HTTP/1.1" status: 200 len: 313 time: 0.0414064
May 02 03:38:51.937403 dv-osbrick-780511-7-ceph neutron-server[75083]: DEBUG neutron_lib.callbacks.manager [None req-7b082fac-dc05-4ba9-a549-bcade800f656 admin admin] Notify callbacks ['neutron.plugins.ml2.plugin.SecurityGroupServerNotifierRpcMixin.notify_sg_on_port_change-3570037', 'neutron.plugins.ml2.ovo_rpc._ObjectChangeHandler.handle_event-65027', 'neutron.api.rpc.agentnotifiers.dhcp_rpc_agent_api.DhcpAgentNotifyAPI._native_event_send_dhcp_notification-549832', 'neutron.db.l3_db.L3RpcNotifierMixin._notify_routers_callback-8755439172693', 'neutron.db.l3_dvrscheduler_db._notify_port_delete-8755438720139'] for port, after_delete {{(pid=75083) _notify_loop /usr/local/lib/python3.8/dist-packages/neutron_lib/callbacks/manager.py:192}}
May 02 03:38:51.944810 dv-osbrick-780511-7-ceph neutron-server[75083]: DEBUG oslo_concurrency.lockutils [None req-0ca447d0-10ba-4b34-972b-2e4acc1886ac admin admin] Lock "event-dispatch" acquired by "neutron.plugins.ml2.ovo_rpc._ObjectChangeHandler.dispatch_events" :: waited 0.000s {{(pid=75083) inner /usr/local/lib/python3.8/dist-packages/oslo_concurrency/lockutils.py:355}}
May 02 03:38:52.013265 dv-osbrick-780511-7-ceph neutron-server[75083]: DEBUG neutron.api.rpc.handlers.resources_rpc [None req-7b082fac-dc05-4ba9-a549-bcade800f656 admin admin] Pushing event deleted for resources: {'Port': ['ID=b395e37a-8b5e-4261-a2c2-dff73b46fa7e,revision_number=None']} {{(pid=75083) push /opt/stack/neutron/neutron/api/rpc/handlers/resources_rpc.py:237}}
May 02 03:38:52.015651 dv-osbrick-780511-7-ceph neutron-server[75083]: DEBUG oslo_concurrency.lockutils [None req-7b082fac-dc05-4ba9-a549-bcade800f656 admin admin] Lock "event-dispatch" released by "neutron.plugins.ml2.ovo_rpc._ObjectChangeHandler.dispatch_events" :: held 0.071s {{(pid=75083) inner /usr/local/lib/python3.8/dist-packages/oslo_concurrency/lockutils.py:367}}
May 02 03:38:52.038135 dv-osbrick-780511-7-ceph neutron-server[75084]: DEBUG neutron.pecan_wsgi.hooks.policy_enforcement [req-8710d5d8-55f6-46f7-8a98-ca0642ee0ce2 req-b05a3d95-8490-4022-bbab-2a0d5f9cd8ca tempest-TestVolumeBootPattern-943415533 tempest-TestVolumeBootPattern-943415533-project] Attributes excluded by policy engine: ['standard_attr_id', 'binding:profile', 'binding:host_id', 'binding:vif_type', 'binding:vif_details'] {{(pid=75084) _exclude_attributes_by_policy /opt/stack/neutron/neutron/pecan_wsgi/hooks/policy_enforcement.py:255}}
May 02 03:38:52.039734 dv-osbrick-780511-7-ceph neutron-server[75084]: INFO neutron.wsgi [req-8710d5d8-55f6-46f7-8a98-ca0642ee0ce2 req-b05a3d95-8490-4022-bbab-2a0d5f9cd8ca tempest-TestVolumeBootPattern-943415533 tempest-TestVolumeBootPattern-943415533-project] 10.222.0.32 "GET /v2.0/ports?device_id=63adef9a-1d0d-45a2-bf4e-436c8c11b354 HTTP/1.1" status: 200 len: 945 time: 0.0865688
May 02 03:38:52.091144 dv-osbrick-780511-7-ceph neutron-server[75084]: INFO neutron.wsgi [req-8710d5d8-55f6-46f7-8a98-ca0642ee0ce2 req-12f32892-ba2b-4a54-8e37-000a2056ca73 tempest-TestVolumeBootPattern-943415533 tempest-TestVolumeBootPattern-943415533-project] 10.222.0.32 "GET /v2.0/security-groups?id=489636e9-2bf4-4c00-9345-5fed4a772c8c&fields=id&fields=name HTTP/1.1" status: 200 len: 313 time: 0.0456033
May 02 03:38:52.115444 dv-osbrick-780511-7-ceph neutron-server[75084]: DEBUG neutron.wsgi [-] (75084) accepted ('10.222.0.32', 49424) {{(pid=75084) server /usr/local/lib/python3.8/dist-packages/eventlet/wsgi.py:992}}
May 02 03:38:52.232997 dv-osbrick-780511-7-ceph neutron-server[75084]: DEBUG neutron.pecan_wsgi.hooks.policy_enforcement [None req-984a9d6c-6e54-478e-9ace-ac18b171a446 tempest-TestVolumeBootPattern-1377123351 tempest-TestVolumeBootPattern-1377123351-project-admin] Attributes excluded by policy engine: ['standard_attr_id'] {{(pid=75084) _exclude_attributes_by_policy /opt/stack/neutron/neutron/pecan_wsgi/hooks/policy_enforcement.py:255}}
May 02 03:38:52.234400 dv-osbrick-780511-7-ceph neutron-server[75084]: INFO neutron.wsgi [None req-984a9d6c-6e54-478e-9ace-ac18b171a446 tempest-TestVolumeBootPattern-1377123351 tempest-TestVolumeBootPattern-1377123351-project-admin] 10.222.0.32 "GET /v2.0/ports?device_id=63adef9a-1d0d-45a2-bf4e-436c8c11b354 HTTP/1.1" status: 200 len: 1093 time: 0.1179845
May 02 03:38:52.237270 dv-osbrick-780511-7-ceph neutron-server[75084]: DEBUG neutron.wsgi [-] (75084) accepted ('10.222.0.32', 49430) {{(pid=75084) server /usr/local/lib/python3.8/dist-packages/eventlet/wsgi.py:992}}
May 02 03:38:52.242776 dv-osbrick-780511-7-ceph neutron-server[75084]: DEBUG neutron.api.v2.base [None req-48f498c3-bb6e-42df-acfc-2eb47930566b tempest-TestVolumeBootPattern-943415533 tempest-TestVolumeBootPattern-943415533-project] Request body: {'floatingip': {'floating_network_id': 'dc5a32a0-5efe-4542-8fa5-e4c3f23559f6', 'port_id': '220eac18-0e7d-4171-8c0e-4950f5e5934f', 'tenant_id': 'f0cc53fcad7e42d5a496fd4058f7c9e0', 'fixed_ip_address': '172.20.0.8'}} {{(pid=75084) prepare_request_body /opt/stack/neutron/neutron/api/v2/base.py:729}}
May 02 03:38:52.250788 dv-osbrick-780511-7-ceph neutron-server[75084]: DEBUG neutron.db.quota.driver [None req-48f498c3-bb6e-42df-acfc-2eb47930566b tempest-TestVolumeBootPattern-943415533 tempest-TestVolumeBootPattern-943415533-project] Resources subnetpool have unlimited quota limit. It is not required to calculate headroom {{(pid=75084) make_reservation /opt/stack/neutron/neutron/db/quota/driver.py:219}}
May 02 03:38:52.254581 dv-osbrick-780511-7-ceph neutron-server[75084]: DEBUG neutron.quota.resource [None req-48f498c3-bb6e-42df-acfc-2eb47930566b tempest-TestVolumeBootPattern-943415533 tempest-TestVolumeBootPattern-943415533-project] Usage tracker for resource:floatingip and tenant:f0cc53fcad7e42d5a496fd4058f7c9e0 is out of sync, need to count used quota {{(pid=75084) count_used /opt/stack/neutron/neutron/quota/resource.py:270}}
May 02 03:38:52.257531 dv-osbrick-780511-7-ceph neutron-server[75084]: DEBUG neutron.quota.resource [None req-48f498c3-bb6e-42df-acfc-2eb47930566b tempest-TestVolumeBootPattern-943415533 tempest-TestVolumeBootPattern-943415533-project] Quota usage for floatingip was recalculated. Used quota:0. {{(pid=75084) count_used /opt/stack/neutron/neutron/quota/resource.py:290}}
May 02 03:38:52.263696 dv-osbrick-780511-7-ceph neutron-server[75084]: DEBUG neutron.db.quota.driver [None req-48f498c3-bb6e-42df-acfc-2eb47930566b tempest-TestVolumeBootPattern-943415533 tempest-TestVolumeBootPattern-943415533-project] Attempting to reserve 1 items for resource floatingip. Total usage: 0; quota limit: 50; headroom:50 {{(pid=75084) make_reservation /opt/stack/neutron/neutron/db/quota/driver.py:246}}
May 02 03:38:52.273933 dv-osbrick-780511-7-ceph neutron-server[75084]: DEBUG neutron_lib.callbacks.manager [None req-48f498c3-bb6e-42df-acfc-2eb47930566b tempest-TestVolumeBootPattern-943415533 tempest-TestVolumeBootPattern-943415533-project] Notify callbacks [] for floatingip, before_create {{(pid=75084) _notify_loop /usr/local/lib/python3.8/dist-packages/neutron_lib/callbacks/manager.py:192}}
May 02 03:38:52.288440 dv-osbrick-780511-7-ceph neutron-server[75083]: DEBUG neutron_lib.callbacks.manager [None req-7b082fac-dc05-4ba9-a549-bcade800f656 admin admin] Notify callbacks ['neutron.api.rpc.agentnotifiers.dhcp_rpc_agent_api.DhcpAgentNotifyAPI._after_router_interface_deleted-549841', 'neutron.services.l3_router.l3_router_plugin.DVRResourceOperationHandler._cleanup_after_interface_removal-469614'] for router_interface, after_delete {{(pid=75083) _notify_loop /usr/local/lib/python3.8/dist-packages/neutron_lib/callbacks/manager.py:192}}
May 02 03:38:52.406963 dv-osbrick-780511-7-ceph neutron-server[75084]: DEBUG neutron_lib.callbacks.manager [None req-48f498c3-bb6e-42df-acfc-2eb47930566b tempest-TestVolumeBootPattern-943415533 tempest-TestVolumeBootPattern-943415533-project] Notify callbacks ['neutron.plugins.ml2.plugin.SecurityGroupDbMixin._ensure_default_security_group_handler-3570358'] for port, before_create {{(pid=75084) _notify_loop /usr/local/lib/python3.8/dist-packages/neutron_lib/callbacks/manager.py:192}}
May 02 03:38:52.536796 dv-osbrick-780511-7-ceph neutron-server[75084]: DEBUG neutron.db.db_base_plugin_common [None req-48f498c3-bb6e-42df-acfc-2eb47930566b tempest-TestVolumeBootPattern-943415533 tempest-TestVolumeBootPattern-943415533-project] Allocated IP 172.31.1.211 (dc5a32a0-5efe-4542-8fa5-e4c3f23559f6/e541c247-482b-413e-bfc4-34227d711e99/9cb8d356-b57e-422c-a305-a33e2cc75111) {{(pid=75084) _store_ip_allocation /opt/stack/neutron/neutron/db/db_base_plugin_common.py:131}}
May 02 03:38:52.645154 dv-osbrick-780511-7-ceph neutron-server[75083]: DEBUG neutron.scheduler.l3_agent_scheduler [None req-7b082fac-dc05-4ba9-a549-bcade800f656 admin admin] Router baebf449-af9d-4b8d-b475-0c2e99e56db7 has already been hosted by L3 agent 66ec7628-b84b-49d0-89b3-76bb9b0e6a96 {{(pid=75083) _get_candidates /opt/stack/neutron/neutron/scheduler/l3_agent_scheduler.py:127}}
May 02 03:38:52.679231 dv-osbrick-780511-7-ceph neutron-server[75084]: DEBUG neutron_lib.callbacks.manager [None req-48f498c3-bb6e-42df-acfc-2eb47930566b tempest-TestVolumeBootPattern-943415533 tempest-TestVolumeBootPattern-943415533-project] Notify callbacks [] for port, precommit_create {{(pid=75084) _notify_loop /usr/local/lib/python3.8/dist-packages/neutron_lib/callbacks/manager.py:192}}
May 02 03:38:52.708082 dv-osbrick-780511-7-ceph neutron-server[75084]: DEBUG neutron_lib.callbacks.manager [None req-48f498c3-bb6e-42df-acfc-2eb47930566b tempest-TestVolumeBootPattern-943415533 tempest-TestVolumeBootPattern-943415533-project] Notify callbacks ['neutron.plugins.ml2.plugin.SecurityGroupServerNotifierRpcMixin.notify_sg_on_port_change-3570037', 'neutron.plugins.ml2.ovo_rpc._ObjectChangeHandler.handle_event-65027', 'neutron.api.rpc.agentnotifiers.dhcp_rpc_agent_api.DhcpAgentNotifyAPI._native_event_send_dhcp_notification-549832', 'neutron.db.l3_dvrscheduler_db._notify_l3_agent_new_port-8755438720130', 'neutron.services.segments.plugin.NovaSegmentNotifier._notify_port_created_or_deleted-6300889'] for port, after_create {{(pid=75084) _notify_loop /usr/local/lib/python3.8/dist-packages/neutron_lib/callbacks/manager.py:192}}
May 02 03:38:52.711484 dv-osbrick-780511-7-ceph neutron-server[75084]: DEBUG oslo_concurrency.lockutils [-] Lock "event-dispatch" acquired by "neutron.plugins.ml2.ovo_rpc._ObjectChangeHandler.dispatch_events" :: waited 0.000s {{(pid=75084) inner /usr/local/lib/python3.8/dist-packages/oslo_concurrency/lockutils.py:355}}
May 02 03:38:52.769739 dv-osbrick-780511-7-ceph neutron-server[75084]: DEBUG neutron.scheduler.dhcp_agent_scheduler [None req-48f498c3-bb6e-42df-acfc-2eb47930566b tempest-TestVolumeBootPattern-943415533 tempest-TestVolumeBootPattern-943415533-project] Network dc5a32a0-5efe-4542-8fa5-e4c3f23559f6 is already hosted by enough agents. {{(pid=75084) _get_dhcp_agents_hosting_network /opt/stack/neutron/neutron/scheduler/dhcp_agent_scheduler.py:275}}
May 02 03:38:52.772341 dv-osbrick-780511-7-ceph neutron-server[75084]: DEBUG neutron.scheduler.base_scheduler [None req-48f498c3-bb6e-42df-acfc-2eb47930566b tempest-TestVolumeBootPattern-943415533 tempest-TestVolumeBootPattern-943415533-project] Resources bound (agent type, host, resource id): {{(pid=75084) schedule /opt/stack/neutron/neutron/scheduler/base_scheduler.py:57}}
May 02 03:38:52.776581 dv-osbrick-780511-7-ceph neutron-server[75084]: DEBUG neutron.db.l3_dvrscheduler_db [None req-48f498c3-bb6e-42df-acfc-2eb47930566b tempest-TestVolumeBootPattern-943415533 tempest-TestVolumeBootPattern-943415533-project] Received port after_create {{(pid=75084) _notify_l3_agent_new_port /opt/stack/neutron/neutron/db/l3_dvrscheduler_db.py:537}}
May 02 03:38:52.814659 dv-osbrick-780511-7-ceph neutron-server[75084]: DEBUG neutron.api.rpc.handlers.resources_rpc [None req-48f498c3-bb6e-42df-acfc-2eb47930566b tempest-TestVolumeBootPattern-943415533 tempest-TestVolumeBootPattern-943415533-project] Pushing event updated for resources: {'Port': ['ID=9cb8d356-b57e-422c-a305-a33e2cc75111,revision_number=1']} {{(pid=75084) push /opt/stack/neutron/neutron/api/rpc/handlers/resources_rpc.py:237}}
May 02 03:38:52.822301 dv-osbrick-780511-7-ceph neutron-server[75084]: DEBUG oslo_concurrency.lockutils [None req-48f498c3-bb6e-42df-acfc-2eb47930566b tempest-TestVolumeBootPattern-943415533 tempest-TestVolumeBootPattern-943415533-project] Lock "event-dispatch" released by "neutron.plugins.ml2.ovo_rpc._ObjectChangeHandler.dispatch_events" :: held 0.111s {{(pid=75084) inner /usr/local/lib/python3.8/dist-packages/oslo_concurrency/lockutils.py:367}}
May 02 03:38:52.822555 dv-osbrick-780511-7-ceph neutron-server[75083]: DEBUG neutron.api.rpc.agentnotifiers.l3_rpc_agent_api [None req-7b082fac-dc05-4ba9-a549-bcade800f656 admin admin] Notify agent at l3_agent.dv-osbrick-780511-7-ceph the message routers_updated {{(pid=75083) _agent_notification /opt/stack/neutron/neutron/api/rpc/agentnotifiers/l3_rpc_agent_api.py:68}}
May 02 03:38:52.832448 dv-osbrick-780511-7-ceph neutron-server[75085]: DEBUG neutron.api.rpc.handlers.l3_rpc [None req-302293ce-06e8-4022-baf3-ce2ed98c9b83 None None] Sync routers for ids ['baebf449-af9d-4b8d-b475-0c2e99e56db7'] in dv-osbrick-780511-7-ceph {{(pid=75085) sync_routers /opt/stack/neutron/neutron/api/rpc/handlers/l3_rpc.py:125}}
May 02 03:38:52.833502 dv-osbrick-780511-7-ceph neutron-server[75083]: INFO neutron.wsgi [None req-7b082fac-dc05-4ba9-a549-bcade800f656 admin admin] 10.222.0.32 "PUT /v2.0/routers/baebf449-af9d-4b8d-b475-0c2e99e56db7/remove_router_interface HTTP/1.1" status: 200 len: 503 time: 2.5606170
May 02 03:38:52.835516 dv-osbrick-780511-7-ceph neutron-server[75084]: DEBUG neutron.wsgi [-] (75084) accepted ('10.222.0.32', 49434) {{(pid=75084) server /usr/local/lib/python3.8/dist-packages/eventlet/wsgi.py:992}}
May 02 03:38:52.842748 dv-osbrick-780511-7-ceph neutron-server[75085]: DEBUG neutron.db.l3_dvrscheduler_db [None req-302293ce-06e8-4022-baf3-ce2ed98c9b83 None None] Routers {'baebf449-af9d-4b8d-b475-0c2e99e56db7'} bound to L3 agent in host dv-osbrick-780511-7-ceph {{(pid=75085) _get_router_ids_for_agent /opt/stack/neutron/neutron/db/l3_dvrscheduler_db.py:422}}
May 02 03:38:52.843399 dv-osbrick-780511-7-ceph neutron-server[75085]: DEBUG neutron.db.l3_hamode_db [None req-302293ce-06e8-4022-baf3-ce2ed98c9b83 None None] neutron.services.l3_router.l3_router_plugin.L3RouterPlugin method get_ha_sync_data_for_host called with arguments (, 'dv-osbrick-780511-7-ceph', Agent(admin_state_up=True,agent_type='L3 agent',availability_zone='nova',binary='neutron-l3-agent',configurations={"agent_mode": "legacy", "ex_gw_ports": 5, "extensions": [], "floating_ips": 1, "handle_internal_only_routers": true, "interface_driver": "openvswitch", "interfaces": 5, "log_agent_heartbeats": false, "routers": 5},created_at=2021-05-02T03:29:34Z,description=,heartbeat_timestamp=2021-05-02T03:38:34Z,host='dv-osbrick-780511-7-ceph',id=66ec7628-b84b-49d0-89b3-76bb9b0e6a96,load=0,resource_versions=,resources_synced=,started_at=2021-05-02T03:29:34Z,topic='l3_agent')) {'router_ids': ['baebf449-af9d-4b8d-b475-0c2e99e56db7'], 'active': True} {{(pid=75085) wrapper /usr/local/lib/python3.8/dist-packages/oslo_log/helpers.py:65}}
May 02 03:38:53.026034 dv-osbrick-780511-7-ceph neutron-server[75085]: DEBUG neutron.db.l3_dvr_db [None req-302293ce-06e8-4022-baf3-ce2ed98c9b83 None None] Set router baebf449-af9d-4b8d-b475-0c2e99e56db7 gateway port host: dv-osbrick-780511-7-ceph {{(pid=75085) _build_routers_list /opt/stack/neutron/neutron/db/l3_dvr_db.py:819}}
May 02 03:38:53.248454 dv-osbrick-780511-7-ceph neutron-server[75084]: DEBUG neutron_lib.callbacks.manager [None req-e9ec8885-35b8-46ba-ad9c-4efa973b0b58 admin admin] Notify callbacks [] for router, before_delete {{(pid=75084) _notify_loop /usr/local/lib/python3.8/dist-packages/neutron_lib/callbacks/manager.py:192}}
