May 01 09:53:32.923794 dv-osbrick-780511-5-ceph devstack@c-api.service[82097]: DEBUG cinder.api.extensions [-] Calling extension factory cinder.api.contrib.volume_image_metadata.Volume_image_metadata {{(pid=82097) load_extension /opt/stack/cinder/cinder/api/extensions.py:205}}
May 01 09:53:32.923794 dv-osbrick-780511-5-ceph devstack@c-api.service[82097]: DEBUG cinder.api.extensions [-] Ext name: VolumeImageMetadata {{(pid=82097) _check_extension /opt/stack/cinder/cinder/api/extensions.py:179}}
May 01 09:53:32.923794 dv-osbrick-780511-5-ceph devstack@c-api.service[82097]: DEBUG cinder.api.extensions [-] Ext alias: os-vol-image-meta {{(pid=82097) _check_extension /opt/stack/cinder/cinder/api/extensions.py:180}}
May 01 09:53:32.925702 dv-osbrick-780511-5-ceph devstack@c-api.service[82097]: DEBUG cinder.api.extensions [-] Ext description: Show image metadata associated with the volume. {{(pid=82097) _check_extension /opt/stack/cinder/cinder/api/extensions.py:181}}
May 01 09:53:32.925702 dv-osbrick-780511-5-ceph devstack@c-api.service[82097]: DEBUG cinder.api.extensions [-] Ext updated: 2012-12-07T00:00:00+00:00 {{(pid=82097) _check_extension /opt/stack/cinder/cinder/api/extensions.py:183}}
May 01 09:53:32.925702 dv-osbrick-780511-5-ceph devstack@c-api.service[82097]: DEBUG cinder.api.extensions [-] Loaded extension: os-vol-image-meta {{(pid=82097) register /opt/stack/cinder/cinder/api/extensions.py:140}}
May 01 09:53:32.925702 dv-osbrick-780511-5-ceph devstack@c-api.service[82097]: DEBUG cinder.api.extensions [-] Loading extension cinder.api.contrib.snapshot_actions.Snapshot_actions {{(pid=82097) load_extension /opt/stack/cinder/cinder/api/extensions.py:199}}
May 01 09:53:32.925702 dv-osbrick-780511-5-ceph devstack@c-api.service[82097]: DEBUG cinder.api.extensions [-] Calling extension factory cinder.api.contrib.snapshot_actions.Snapshot_actions {{(pid=82097) load_extension /opt/stack/cinder/cinder/api/extensions.py:205}}
May 01 09:53:32.926495 dv-osbrick-780511-5-ceph devstack@c-api.service[82097]: DEBUG cinder.api.extensions [-] Ext name: SnapshotActions {{(pid=82097) _check_extension /opt/stack/cinder/cinder/api/extensions.py:179}}
May 01 09:53:32.926495 dv-osbrick-780511-5-ceph devstack@c-api.service[82097]: DEBUG cinder.api.extensions [-] Ext alias: os-snapshot-actions {{(pid=82097) _check_extension /opt/stack/cinder/cinder/api/extensions.py:180}}
May 01 09:53:32.926764 dv-osbrick-780511-5-ceph devstack@c-api.service[82097]: DEBUG cinder.api.extensions [-] Ext description: Enable snapshot manager actions. {{(pid=82097) _check_extension /opt/stack/cinder/cinder/api/extensions.py:181}}
May 01 09:53:32.926934 dv-osbrick-780511-5-ceph devstack@c-api.service[82097]: DEBUG cinder.api.extensions [-] Ext updated: 2013-07-16T00:00:00+00:00 {{(pid=82097) _check_extension /opt/stack/cinder/cinder/api/extensions.py:183}}
May 01 09:53:32.927181 dv-osbrick-780511-5-ceph devstack@c-api.service[82097]: DEBUG cinder.api.extensions [-] Loaded extension: os-snapshot-actions {{(pid=82097) register /opt/stack/cinder/cinder/api/extensions.py:140}}
May 01 09:53:32.927446 dv-osbrick-780511-5-ceph devstack@c-api.service[82097]: DEBUG cinder.api.extensions [-] Loading extension cinder.api.contrib.extended_services.Extended_services {{(pid=82097) load_extension /opt/stack/cinder/cinder/api/extensions.py:199}}
May 01 09:53:32.927703 dv-osbrick-780511-5-ceph devstack@c-api.service[82097]: DEBUG cinder.api.extensions [-] Calling extension factory cinder.api.contrib.extended_services.Extended_services {{(pid=82097) load_extension /opt/stack/cinder/cinder/api/extensions.py:205}}
May 01 09:53:32.927962 dv-osbrick-780511-5-ceph devstack@c-api.service[82097]: DEBUG cinder.api.extensions [-] Ext name: ExtendedServices {{(pid=82097) _check_extension /opt/stack/cinder/cinder/api/extensions.py:179}}
May 01 09:53:32.928219 dv-osbrick-780511-5-ceph devstack@c-api.service[82097]: DEBUG cinder.api.extensions [-] Ext alias: os-extended-services {{(pid=82097) _check_extension /opt/stack/cinder/cinder/api/extensions.py:180}}
May 01 09:53:32.928471 dv-osbrick-780511-5-ceph devstack@c-api.service[82097]: DEBUG cinder.api.extensions [-] Ext description: Extended services support. {{(pid=82097) _check_extension /opt/stack/cinder/cinder/api/extensions.py:181}}
May 01 09:53:32.928751 dv-osbrick-780511-5-ceph devstack@c-api.service[82097]: DEBUG cinder.api.extensions [-] Ext updated: 2014-01-10T00:00:00-00:00 {{(pid=82097) _check_extension /opt/stack/cinder/cinder/api/extensions.py:183}}
May 01 09:53:32.929014 dv-osbrick-780511-5-ceph devstack@c-api.service[82097]: DEBUG cinder.api.extensions [-] Loaded extension: os-extended-services {{(pid=82097) register /opt/stack/cinder/cinder/api/extensions.py:140}}
May 01 09:53:32.929278 dv-osbrick-780511-5-ceph devstack@c-api.service[82097]: DEBUG cinder.api.extensions [-] Loading extension cinder.api.contrib.capabilities.Capabilities {{(pid=82097) load_extension /opt/stack/cinder/cinder/api/extensions.py:199}}
May 01 09:53:32.929534 dv-osbrick-780511-5-ceph devstack@c-api.service[82097]: DEBUG cinder.api.extensions [-] Calling extension factory cinder.api.contrib.capabilities.Capabilities {{(pid=82097) load_extension /opt/stack/cinder/cinder/api/extensions.py:205}}
May 01 09:53:32.929786 dv-osbrick-780511-5-ceph devstack@c-api.service[82097]: DEBUG cinder.api.extensions [-] Ext name: Capabilities {{(pid=82097) _check_extension /opt/stack/cinder/cinder/api/extensions.py:179}}
May 01 09:53:32.930264 dv-osbrick-780511-5-ceph devstack@c-api.service[82097]: DEBUG cinder.api.extensions [-] Ext alias: capabilities {{(pid=82097) _check_extension /opt/stack/cinder/cinder/api/extensions.py:180}}
May 01 09:53:32.930524 dv-osbrick-780511-5-ceph devstack@c-api.service[82097]: DEBUG cinder.api.extensions [-] Ext description: Capabilities support. {{(pid=82097) _check_extension /opt/stack/cinder/cinder/api/extensions.py:181}}
May 01 09:53:32.930774 dv-osbrick-780511-5-ceph devstack@c-api.service[82097]: DEBUG cinder.api.extensions [-] Ext updated: 2015-08-31T00:00:00+00:00 {{(pid=82097) _check_extension /opt/stack/cinder/cinder/api/extensions.py:183}}
May 01 09:53:32.931027 dv-osbrick-780511-5-ceph devstack@c-api.service[82097]: DEBUG cinder.api.extensions [-] Loaded extension: capabilities {{(pid=82097) register /opt/stack/cinder/cinder/api/extensions.py:140}}
May 01 09:53:32.931294 dv-osbrick-780511-5-ceph devstack@c-api.service[82097]: DEBUG cinder.api.extensions [-] Loading extension cinder.api.contrib.extended_snapshot_attributes.Extended_snapshot_attributes {{(pid=82097) load_extension /opt/stack/cinder/cinder/api/extensions.py:199}}
May 01 09:53:32.931553 dv-osbrick-780511-5-ceph devstack@c-api.service[82097]: DEBUG cinder.api.extensions [-] Calling extension factory cinder.api.contrib.extended_snapshot_attributes.Extended_snapshot_attributes {{(pid=82097) load_extension /opt/stack/cinder/cinder/api/extensions.py:205}}
May 01 09:53:32.931805 dv-osbrick-780511-5-ceph devstack@c-api.service[82097]: DEBUG cinder.api.extensions [-] Ext name: ExtendedSnapshotAttributes {{(pid=82097) _check_extension /opt/stack/cinder/cinder/api/extensions.py:179}}
May 01 09:53:32.932054 dv-osbrick-780511-5-ceph devstack@c-api.service[82097]: DEBUG cinder.api.extensions [-] Ext alias: os-extended-snapshot-attributes {{(pid=82097) _check_extension /opt/stack/cinder/cinder/api/extensions.py:180}}
May 01 09:53:32.932306 dv-osbrick-780511-5-ceph devstack@c-api.service[82097]: DEBUG cinder.api.extensions [-] Ext description: Extended SnapshotAttributes support. {{(pid=82097) _check_extension /opt/stack/cinder/cinder/api/extensions.py:181}}
May 01 09:53:32.932553 dv-osbrick-780511-5-ceph devstack@c-api.service[82097]: DEBUG cinder.api.extensions [-] Ext updated: 2012-06-19T00:00:00+00:00 {{(pid=82097) _check_extension /opt/stack/cinder/cinder/api/extensions.py:183}}
May 01 09:53:32.932801 dv-osbrick-780511-5-ceph devstack@c-api.service[82097]: DEBUG cinder.api.extensions [-] Loaded extension: os-extended-snapshot-attributes {{(pid=82097) register /opt/stack/cinder/cinder/api/extensions.py:140}}
May 01 09:53:32.933072 dv-osbrick-780511-5-ceph devstack@c-api.service[82097]: DEBUG cinder.api.extensions [-] Loading extension cinder.api.contrib.snapshot_unmanage.Snapshot_unmanage {{(pid=82097) load_extension /opt/stack/cinder/cinder/api/extensions.py:199}}
May 01 09:53:32.933330 dv-osbrick-780511-5-ceph devstack@c-api.service[82097]: DEBUG cinder.api.extensions [-] Calling extension factory cinder.api.contrib.snapshot_unmanage.Snapshot_unmanage {{(pid=82097) load_extension /opt/stack/cinder/cinder/api/extensions.py:205}}
May 01 09:53:32.933596 dv-osbrick-780511-5-ceph devstack@c-api.service[82097]: DEBUG cinder.api.extensions [-] Ext name: SnapshotUnmanage {{(pid=82097) _check_extension /opt/stack/cinder/cinder/api/extensions.py:179}}
May 01 09:53:32.933881 dv-osbrick-780511-5-ceph devstack@c-api.service[82097]: DEBUG cinder.api.extensions [-] Ext alias: os-snapshot-unmanage {{(pid=82097) _check_extension /opt/stack/cinder/cinder/api/extensions.py:180}}
May 01 09:53:32.934160 dv-osbrick-780511-5-ceph devstack@c-api.service[82097]: DEBUG cinder.api.extensions [-] Ext description: Enable volume unmanage operation. {{(pid=82097) _check_extension /opt/stack/cinder/cinder/api/extensions.py:181}}
May 01 09:53:32.934412 dv-osbrick-780511-5-ceph devstack@c-api.service[82097]: DEBUG cinder.api.extensions [-] Ext updated: 2014-12-31T00:00:00+00:00 {{(pid=82097) _check_extension /opt/stack/cinder/cinder/api/extensions.py:183}}
May 01 09:53:32.934818 dv-osbrick-780511-5-ceph devstack@c-api.service[82097]: DEBUG cinder.api.extensions [-] Loaded extension: os-snapshot-unmanage {{(pid=82097) register /opt/stack/cinder/cinder/api/extensions.py:140}}
May 01 09:53:32.934968 dv-osbrick-780511-5-ceph devstack@c-api.service[82097]: DEBUG cinder.api.extensions [-] Loading extension cinder.api.contrib.volume_type_access.Volume_type_access {{(pid=82097) load_extension /opt/stack/cinder/cinder/api/extensions.py:199}}
May 01 09:53:32.935162 dv-osbrick-780511-5-ceph devstack@c-api.service[82097]: DEBUG cinder.api.extensions [-] Calling extension factory cinder.api.contrib.volume_type_access.Volume_type_access {{(pid=82097) load_extension /opt/stack/cinder/cinder/api/extensions.py:205}}
May 01 09:53:32.935623 dv-osbrick-780511-5-ceph devstack@c-api.service[82097]: DEBUG cinder.api.extensions [-] Ext name: VolumeTypeAccess {{(pid=82097) _check_extension /opt/stack/cinder/cinder/api/extensions.py:179}}
May 01 09:53:32.935877 dv-osbrick-780511-5-ceph devstack@c-api.service[82097]: DEBUG cinder.api.extensions [-] Ext alias: os-volume-type-access {{(pid=82097) _check_extension /opt/stack/cinder/cinder/api/extensions.py:180}}
May 01 09:53:32.936481 dv-osbrick-780511-5-ceph devstack@c-api.service[82097]: DEBUG cinder.api.extensions [-] Ext description: Volume type access support. {{(pid=82097) _check_extension /opt/stack/cinder/cinder/api/extensions.py:181}}
May 01 09:53:32.936481 dv-osbrick-780511-5-ceph devstack@c-api.service[82097]: DEBUG cinder.api.extensions [-] Ext updated: 2014-06-26T00:00:00Z {{(pid=82097) _check_extension /opt/stack/cinder/cinder/api/extensions.py:183}}
May 01 09:53:32.936481 dv-osbrick-780511-5-ceph devstack@c-api.service[82097]: DEBUG cinder.api.extensions [-] Loaded extension: os-volume-type-access {{(pid=82097) register /opt/stack/cinder/cinder/api/extensions.py:140}}
May 01 09:53:32.937251 dv-osbrick-780511-5-ceph devstack@c-api.service[82097]: DEBUG cinder.api.extensions [-] Loading extension cinder.api.contrib.snapshot_manage.Snapshot_manage {{(pid=82097) load_extension /opt/stack/cinder/cinder/api/extensions.py:199}}
May 01 09:53:32.937251 dv-osbrick-780511-5-ceph devstack@c-api.service[82097]: DEBUG cinder.api.extensions [-] Calling extension factory cinder.api.contrib.snapshot_manage.Snapshot_manage {{(pid=82097) load_extension /opt/stack/cinder/cinder/api/extensions.py:205}}
May 01 09:53:32.937251 dv-osbrick-780511-5-ceph devstack@c-api.service[82097]: DEBUG cinder.api.extensions [-] Ext name: SnapshotManage {{(pid=82097) _check_extension /opt/stack/cinder/cinder/api/extensions.py:179}}
May 01 09:53:32.939573 dv-osbrick-780511-5-ceph devstack@c-api.service[82097]: DEBUG cinder.api.extensions [-] Ext alias: os-snapshot-manage {{(pid=82097) _check_extension /opt/stack/cinder/cinder/api/extensions.py:180}}
May 01 09:53:32.939573 dv-osbrick-780511-5-ceph devstack@c-api.service[82097]: DEBUG cinder.api.extensions [-] Ext description: Allows existing backend storage to be 'managed' by Cinder. {{(pid=82097) _check_extension /opt/stack/cinder/cinder/api/extensions.py:181}}
May 01 09:53:32.939573 dv-osbrick-780511-5-ceph devstack@c-api.service[82097]: DEBUG cinder.api.extensions [-] Ext updated: 2014-12-31T00:00:00+00:00 {{(pid=82097) _check_extension /opt/stack/cinder/cinder/api/extensions.py:183}}
May 01 09:53:32.939573 dv-osbrick-780511-5-ceph devstack@c-api.service[82097]: DEBUG cinder.api.extensions [-] Loaded extension: os-snapshot-manage {{(pid=82097) register /opt/stack/cinder/cinder/api/extensions.py:140}}
May 01 09:53:32.939573 dv-osbrick-780511-5-ceph devstack@c-api.service[82097]: DEBUG cinder.api.extensions [-] Loading extension cinder.api.contrib.used_limits.Used_limits {{(pid=82097) load_extension /opt/stack/cinder/cinder/api/extensions.py:199}}
May 01 09:53:32.939573 dv-osbrick-780511-5-ceph devstack@c-api.service[82097]: DEBUG cinder.api.extensions [-] Calling extension factory cinder.api.contrib.used_limits.Used_limits {{(pid=82097) load_extension /opt/stack/cinder/cinder/api/extensions.py:205}}
May 01 09:53:32.939573 dv-osbrick-780511-5-ceph devstack@c-api.service[82097]: DEBUG cinder.api.extensions [-] Ext name: UsedLimits {{(pid=82097) _check_extension /opt/stack/cinder/cinder/api/extensions.py:179}}
May 01 09:53:32.939573 dv-osbrick-780511-5-ceph devstack@c-api.service[82097]: DEBUG cinder.api.extensions [-] Ext alias: os-used-limits {{(pid=82097) _check_extension /opt/stack/cinder/cinder/api/extensions.py:180}}
May 01 09:53:32.939573 dv-osbrick-780511-5-ceph devstack@c-api.service[82097]: DEBUG cinder.api.extensions [-] Ext description: Provide data on limited resources that are being used. {{(pid=82097) _check_extension /opt/stack/cinder/cinder/api/extensions.py:181}}
May 01 09:53:32.942299 dv-osbrick-780511-5-ceph devstack@c-api.service[82097]: DEBUG cinder.api.extensions [-] Ext updated: 2013-10-03T00:00:00+00:00 {{(pid=82097) _check_extension /opt/stack/cinder/cinder/api/extensions.py:183}}
May 01 09:53:32.942299 dv-osbrick-780511-5-ceph devstack@c-api.service[82097]: DEBUG cinder.api.extensions [-] Loaded extension: os-used-limits {{(pid=82097) register /opt/stack/cinder/cinder/api/extensions.py:140}}
May 01 09:53:32.942299 dv-osbrick-780511-5-ceph devstack@c-api.service[82097]: DEBUG cinder.api.extensions [-] Loading extension cinder.api.contrib.availability_zones.Availability_zones {{(pid=82097) load_extension /opt/stack/cinder/cinder/api/extensions.py:199}}
May 01 09:53:32.942299 dv-osbrick-780511-5-ceph devstack@c-api.service[82097]: DEBUG cinder.api.extensions [-] Calling extension factory cinder.api.contrib.availability_zones.Availability_zones {{(pid=82097) load_extension /opt/stack/cinder/cinder/api/extensions.py:205}}
May 01 09:53:32.942299 dv-osbrick-780511-5-ceph devstack@c-api.service[82097]: DEBUG cinder.api.extensions [-] Ext name: AvailabilityZones {{(pid=82097) _check_extension /opt/stack/cinder/cinder/api/extensions.py:179}}
May 01 09:53:32.942299 dv-osbrick-780511-5-ceph devstack@c-api.service[82097]: DEBUG cinder.api.extensions [-] Ext alias: os-availability-zone {{(pid=82097) _check_extension /opt/stack/cinder/cinder/api/extensions.py:180}}
May 01 09:53:32.942299 dv-osbrick-780511-5-ceph devstack@c-api.service[82097]: DEBUG cinder.api.extensions [-] Ext description: Describe Availability Zones. {{(pid=82097) _check_extension /opt/stack/cinder/cinder/api/extensions.py:181}}
May 01 09:53:32.942299 dv-osbrick-780511-5-ceph devstack@c-api.service[82097]: DEBUG cinder.api.extensions [-] Ext updated: 2013-06-27T00:00:00+00:00 {{(pid=82097) _check_extension /opt/stack/cinder/cinder/api/extensions.py:183}}
May 01 09:53:32.942299 dv-osbrick-780511-5-ceph devstack@c-api.service[82097]: DEBUG cinder.api.extensions [-] Loaded extension: os-availability-zone {{(pid=82097) register /opt/stack/cinder/cinder/api/extensions.py:140}}
May 01 09:53:32.944489 dv-osbrick-780511-5-ceph devstack@c-api.service[82097]: DEBUG cinder.api.extensions [-] Loading extension cinder.api.contrib.cgsnapshots.Cgsnapshots {{(pid=82097) load_extension /opt/stack/cinder/cinder/api/extensions.py:199}}
May 01 09:53:32.944489 dv-osbrick-780511-5-ceph devstack@c-api.service[82097]: DEBUG cinder.api.extensions [-] Calling extension factory cinder.api.contrib.cgsnapshots.Cgsnapshots {{(pid=82097) load_extension /opt/stack/cinder/cinder/api/extensions.py:205}}
May 01 09:53:32.944489 dv-osbrick-780511-5-ceph devstack@c-api.service[82097]: DEBUG cinder.api.extensions [-] Ext name: Cgsnapshots {{(pid=82097) _check_extension /opt/stack/cinder/cinder/api/extensions.py:179}}
May 01 09:53:32.944489 dv-osbrick-780511-5-ceph devstack@c-api.service[82097]: DEBUG cinder.api.extensions [-] Ext alias: cgsnapshots {{(pid=82097) _check_extension /opt/stack/cinder/cinder/api/extensions.py:180}}
May 01 09:53:32.944489 dv-osbrick-780511-5-ceph devstack@c-api.service[82097]: DEBUG cinder.api.extensions [-] Ext description: cgsnapshots support. {{(pid=82097) _check_extension /opt/stack/cinder/cinder/api/extensions.py:181}}
May 01 09:53:32.944489 dv-osbrick-780511-5-ceph devstack@c-api.service[82097]: DEBUG cinder.api.extensions [-] Ext updated: 2014-08-18T00:00:00+00:00 {{(pid=82097) _check_extension /opt/stack/cinder/cinder/api/extensions.py:183}}
May 01 09:53:32.944489 dv-osbrick-780511-5-ceph devstack@c-api.service[82097]: DEBUG cinder.api.extensions [-] Loaded extension: cgsnapshots {{(pid=82097) register /opt/stack/cinder/cinder/api/extensions.py:140}}
May 01 09:53:32.944489 dv-osbrick-780511-5-ceph devstack@c-api.service[82097]: DEBUG cinder.api.extensions [-] Loading extension cinder.api.contrib.backups.Backups {{(pid=82097) load_extension /opt/stack/cinder/cinder/api/extensions.py:199}}
May 01 09:53:32.944489 dv-osbrick-780511-5-ceph devstack@c-api.service[82097]: DEBUG cinder.api.extensions [-] Calling extension factory cinder.api.contrib.backups.Backups {{(pid=82097) load_extension /opt/stack/cinder/cinder/api/extensions.py:205}}
May 01 09:53:32.946244 dv-osbrick-780511-5-ceph devstack@c-api.service[82097]: DEBUG cinder.api.extensions [-] Ext name: Backups {{(pid=82097) _check_extension /opt/stack/cinder/cinder/api/extensions.py:179}}
May 01 09:53:32.946244 dv-osbrick-780511-5-ceph devstack@c-api.service[82097]: DEBUG cinder.api.extensions [-] Ext alias: backups {{(pid=82097) _check_extension /opt/stack/cinder/cinder/api/extensions.py:180}}
May 01 09:53:32.946244 dv-osbrick-780511-5-ceph devstack@c-api.service[82097]: DEBUG cinder.api.extensions [-] Ext description: Backups support. {{(pid=82097) _check_extension /opt/stack/cinder/cinder/api/extensions.py:181}}
May 01 09:53:32.946244 dv-osbrick-780511-5-ceph devstack@c-api.service[82097]: DEBUG cinder.api.extensions [-] Ext updated: 2012-12-12T00:00:00+00:00 {{(pid=82097) _check_extension /opt/stack/cinder/cinder/api/extensions.py:183}}
May 01 09:53:32.946244 dv-osbrick-780511-5-ceph devstack@c-api.service[82097]: DEBUG cinder.api.extensions [-] Loaded extension: backups {{(pid=82097) register /opt/stack/cinder/cinder/api/extensions.py:140}}
May 01 09:53:32.946244 dv-osbrick-780511-5-ceph devstack@c-api.service[82097]: DEBUG cinder.api.extensions [-] Loading extension cinder.api.contrib.consistencygroups.Consistencygroups {{(pid=82097) load_extension /opt/stack/cinder/cinder/api/extensions.py:199}}
May 01 09:53:32.946244 dv-osbrick-780511-5-ceph devstack@c-api.service[82097]: DEBUG cinder.api.extensions [-] Calling extension factory cinder.api.contrib.consistencygroups.Consistencygroups {{(pid=82097) load_extension /opt/stack/cinder/cinder/api/extensions.py:205}}
May 01 09:53:32.946244 dv-osbrick-780511-5-ceph devstack@c-api.service[82097]: DEBUG cinder.api.extensions [-] Ext name: Consistencygroups {{(pid=82097) _check_extension /opt/stack/cinder/cinder/api/extensions.py:179}}
May 01 09:53:32.946244 dv-osbrick-780511-5-ceph devstack@c-api.service[82097]: DEBUG cinder.api.extensions [-] Ext alias: consistencygroups {{(pid=82097) _check_extension /opt/stack/cinder/cinder/api/extensions.py:180}}
May 01 09:53:32.949267 dv-osbrick-780511-5-ceph devstack@c-api.service[82097]: DEBUG cinder.api.extensions [-] Ext description: consistency groups support. {{(pid=82097) _check_extension /opt/stack/cinder/cinder/api/extensions.py:181}}
May 01 09:53:32.949267 dv-osbrick-780511-5-ceph devstack@c-api.service[82097]: DEBUG cinder.api.extensions [-] Ext updated: 2014-08-18T00:00:00+00:00 {{(pid=82097) _check_extension /opt/stack/cinder/cinder/api/extensions.py:183}}
May 01 09:53:32.949267 dv-osbrick-780511-5-ceph devstack@c-api.service[82097]: DEBUG cinder.api.extensions [-] Loaded extension: consistencygroups {{(pid=82097) register /opt/stack/cinder/cinder/api/extensions.py:140}}
May 01 09:53:32.949267 dv-osbrick-780511-5-ceph devstack@c-api.service[82097]: DEBUG cinder.api.extensions [-] Loading extension cinder.api.contrib.volume_host_attribute.Volume_host_attribute {{(pid=82097) load_extension /opt/stack/cinder/cinder/api/extensions.py:199}}
May 01 09:53:32.949267 dv-osbrick-780511-5-ceph devstack@c-api.service[82097]: DEBUG cinder.api.extensions [-] Calling extension factory cinder.api.contrib.volume_host_attribute.Volume_host_attribute {{(pid=82097) load_extension /opt/stack/cinder/cinder/api/extensions.py:205}}
May 01 09:53:32.949267 dv-osbrick-780511-5-ceph devstack@c-api.service[82097]: DEBUG cinder.api.extensions [-] Ext name: VolumeHostAttribute {{(pid=82097) _check_extension /opt/stack/cinder/cinder/api/extensions.py:179}}
May 01 09:53:32.949267 dv-osbrick-780511-5-ceph devstack@c-api.service[82097]: DEBUG cinder.api.extensions [-] Ext alias: os-vol-host-attr {{(pid=82097) _check_extension /opt/stack/cinder/cinder/api/extensions.py:180}}
May 01 09:53:32.949267 dv-osbrick-780511-5-ceph devstack@c-api.service[82097]: DEBUG cinder.api.extensions [-] Ext description: Expose host as an attribute of a volume. {{(pid=82097) _check_extension /opt/stack/cinder/cinder/api/extensions.py:181}}
May 01 09:53:32.949267 dv-osbrick-780511-5-ceph devstack@c-api.service[82097]: DEBUG cinder.api.extensions [-] Ext updated: 2011-11-03T00:00:00+00:00 {{(pid=82097) _check_extension /opt/stack/cinder/cinder/api/extensions.py:183}}
May 01 09:53:32.950854 dv-osbrick-780511-5-ceph devstack@c-api.service[82097]: DEBUG cinder.api.extensions [-] Loaded extension: os-vol-host-attr {{(pid=82097) register /opt/stack/cinder/cinder/api/extensions.py:140}}
May 01 09:53:32.950854 dv-osbrick-780511-5-ceph devstack@c-api.service[82097]: DEBUG cinder.api.extensions [-] Loading extension cinder.api.contrib.scheduler_stats.Scheduler_stats {{(pid=82097) load_extension /opt/stack/cinder/cinder/api/extensions.py:199}}
May 01 09:53:32.950854 dv-osbrick-780511-5-ceph devstack@c-api.service[82097]: DEBUG cinder.api.extensions [-] Calling extension factory cinder.api.contrib.scheduler_stats.Scheduler_stats {{(pid=82097) load_extension /opt/stack/cinder/cinder/api/extensions.py:205}}
May 01 09:53:32.950854 dv-osbrick-780511-5-ceph devstack@c-api.service[82097]: DEBUG cinder.api.extensions [-] Ext name: Scheduler_stats {{(pid=82097) _check_extension /opt/stack/cinder/cinder/api/extensions.py:179}}
May 01 09:53:32.950854 dv-osbrick-780511-5-ceph devstack@c-api.service[82097]: DEBUG cinder.api.extensions [-] Ext alias: scheduler-stats {{(pid=82097) _check_extension /opt/stack/cinder/cinder/api/extensions.py:180}}
May 01 09:53:32.950854 dv-osbrick-780511-5-ceph devstack@c-api.service[82097]: DEBUG cinder.api.extensions [-] Ext description: Scheduler stats support. {{(pid=82097) _check_extension /opt/stack/cinder/cinder/api/extensions.py:181}}
May 01 09:53:32.950854 dv-osbrick-780511-5-ceph devstack@c-api.service[82097]: DEBUG cinder.api.extensions [-] Ext updated: 2014-09-07T00:00:00+00:00 {{(pid=82097) _check_extension /opt/stack/cinder/cinder/api/extensions.py:183}}
May 01 09:53:32.950854 dv-osbrick-780511-5-ceph devstack@c-api.service[82097]: DEBUG cinder.api.extensions [-] Loaded extension: scheduler-stats {{(pid=82097) register /opt/stack/cinder/cinder/api/extensions.py:140}}
May 01 09:53:32.951984 dv-osbrick-780511-5-ceph devstack@c-api.service[82098]: DEBUG oslo_db.sqlalchemy.engines [None req-dcf8255b-7fca-4275-b6ef-6669c6342cfb None None] MySQL server mode set to STRICT_TRANS_TABLES,STRICT_ALL_TABLES,NO_ZERO_IN_DATE,NO_ZERO_DATE,ERROR_FOR_DIVISION_BY_ZERO,TRADITIONAL,NO_ENGINE_SUBSTITUTION {{(pid=82098) _check_effective_sql_mode /usr/local/lib/python3.8/dist-packages/oslo_db/sqlalchemy/engines.py:314}}
May 01 09:53:32.952084 dv-osbrick-780511-5-ceph devstack@c-api.service[82097]: /usr/local/lib/python3.8/dist-packages/oslo_db/sqlalchemy/enginefacade.py:359: OsloDBDeprecationWarning: EngineFacade is deprecated; please use oslo_db.sqlalchemy.enginefacade
May 01 09:53:32.952084 dv-osbrick-780511-5-ceph devstack@c-api.service[82097]: self._legacy_facade = LegacyEngineFacade(None, _factory=self)
May 01 09:53:32.985515 dv-osbrick-780511-5-ceph devstack@c-api.service[82097]: DEBUG oslo_db.sqlalchemy.engines [None req-0f0b5098-d789-4fbd-8e7c-cffa8daf66bf None None] MySQL server mode set to STRICT_TRANS_TABLES,STRICT_ALL_TABLES,NO_ZERO_IN_DATE,NO_ZERO_DATE,ERROR_FOR_DIVISION_BY_ZERO,TRADITIONAL,NO_ENGINE_SUBSTITUTION {{(pid=82097) _check_effective_sql_mode /usr/local/lib/python3.8/dist-packages/oslo_db/sqlalchemy/engines.py:314}}
May 01 09:53:33.137969 dv-osbrick-780511-5-ceph devstack@c-api.service[82098]: INFO cinder.rpc [None req-dcf8255b-7fca-4275-b6ef-6669c6342cfb None None] Automatically selected cinder-scheduler objects version 1.38 as minimum service version.
May 01 09:53:33.143014 dv-osbrick-780511-5-ceph devstack@c-api.service[82098]: INFO cinder.rpc [None req-dcf8255b-7fca-4275-b6ef-6669c6342cfb None None] Automatically selected cinder-scheduler RPC version 3.12 as minimum service version.
May 01 09:53:33.147995 dv-osbrick-780511-5-ceph devstack@c-api.service[82098]: INFO cinder.rpc [None req-dcf8255b-7fca-4275-b6ef-6669c6342cfb None None] Automatically selected cinder-volume objects version 1.38 as minimum service version.
May 01 09:53:33.152906 dv-osbrick-780511-5-ceph devstack@c-api.service[82098]: INFO cinder.rpc [None req-dcf8255b-7fca-4275-b6ef-6669c6342cfb None None] Automatically selected cinder-volume RPC version 3.16 as minimum service version.
May 01 09:53:33.153634 dv-osbrick-780511-5-ceph devstack@c-api.service[82098]: WARNING stevedore.named [None req-dcf8255b-7fca-4275-b6ef-6669c6342cfb None None] Could not load cinder.keymgr.conf_key_mgr.ConfKeyManager
May 01 09:53:33.154110 dv-osbrick-780511-5-ceph devstack@c-api.service[82098]: WARNING castellan.key_manager [None req-dcf8255b-7fca-4275-b6ef-6669c6342cfb None None] Deprecation Warning : cinder.keymgr.conf_key_mgr.ConfKeyManager is not a stevedore based driver, trying to load it as a class: stevedore.exception.NoMatches: No 'castellan.drivers' driver found, looking for 'cinder.keymgr.conf_key_mgr.ConfKeyManager'
May 01 09:53:33.173339 dv-osbrick-780511-5-ceph devstack@c-api.service[82097]: INFO cinder.rpc [None req-0f0b5098-d789-4fbd-8e7c-cffa8daf66bf None None] Automatically selected cinder-scheduler objects version 1.38 as minimum service version.
May 01 09:53:33.174032 dv-osbrick-780511-5-ceph devstack@c-api.service[82098]: WARNING cinder.keymgr.conf_key_mgr [None req-dcf8255b-7fca-4275-b6ef-6669c6342cfb None None] This key manager is insecure and is not recommended for production deployments: stevedore.exception.NoMatches: No 'castellan.drivers' driver found, looking for 'cinder.keymgr.conf_key_mgr.ConfKeyManager'
May 01 09:53:33.177222 dv-osbrick-780511-5-ceph devstack@c-api.service[82098]: WARNING stevedore.named [None req-dcf8255b-7fca-4275-b6ef-6669c6342cfb None None] Could not load cinder.keymgr.conf_key_mgr.ConfKeyManager
May 01 09:53:33.177612 dv-osbrick-780511-5-ceph devstack@c-api.service[82098]: WARNING castellan.key_manager [None req-dcf8255b-7fca-4275-b6ef-6669c6342cfb None None] Deprecation Warning : cinder.keymgr.conf_key_mgr.ConfKeyManager is not a stevedore based driver, trying to load it as a class: stevedore.exception.NoMatches: No 'castellan.drivers' driver found, looking for 'cinder.keymgr.conf_key_mgr.ConfKeyManager'
May 01 09:53:33.179386 dv-osbrick-780511-5-ceph devstack@c-api.service[82097]: INFO cinder.rpc [None req-0f0b5098-d789-4fbd-8e7c-cffa8daf66bf None None] Automatically selected cinder-scheduler RPC version 3.12 as minimum service version.
May 01 09:53:33.183509 dv-osbrick-780511-5-ceph devstack@c-api.service[82098]: WARNING stevedore.named [None req-dcf8255b-7fca-4275-b6ef-6669c6342cfb None None] Could not load cinder.keymgr.conf_key_mgr.ConfKeyManager
May 01 09:53:33.183907 dv-osbrick-780511-5-ceph devstack@c-api.service[82098]: WARNING castellan.key_manager [None req-dcf8255b-7fca-4275-b6ef-6669c6342cfb None None] Deprecation Warning : cinder.keymgr.conf_key_mgr.ConfKeyManager is not a stevedore based driver, trying to load it as a class: stevedore.exception.NoMatches: No 'castellan.drivers' driver found, looking for 'cinder.keymgr.conf_key_mgr.ConfKeyManager'
May 01 09:53:33.184576 dv-osbrick-780511-5-ceph devstack@c-api.service[82097]: INFO cinder.rpc [None req-0f0b5098-d789-4fbd-8e7c-cffa8daf66bf None None] Automatically selected cinder-volume objects version 1.38 as minimum service version.
May 01 09:53:33.189046 dv-osbrick-780511-5-ceph devstack@c-api.service[82098]: WARNING stevedore.named [None req-dcf8255b-7fca-4275-b6ef-6669c6342cfb None None] Could not load cinder.keymgr.conf_key_mgr.ConfKeyManager
May 01 09:53:33.189363 dv-osbrick-780511-5-ceph devstack@c-api.service[82097]: INFO cinder.rpc [None req-0f0b5098-d789-4fbd-8e7c-cffa8daf66bf None None] Automatically selected cinder-volume RPC version 3.16 as minimum service version.
May 01 09:53:33.189478 dv-osbrick-780511-5-ceph devstack@c-api.service[82098]: WARNING castellan.key_manager [None req-dcf8255b-7fca-4275-b6ef-6669c6342cfb None None] Deprecation Warning : cinder.keymgr.conf_key_mgr.ConfKeyManager is not a stevedore based driver, trying to load it as a class: stevedore.exception.NoMatches: No 'castellan.drivers' driver found, looking for 'cinder.keymgr.conf_key_mgr.ConfKeyManager'
May 01 09:53:33.190241 dv-osbrick-780511-5-ceph devstack@c-api.service[82097]: WARNING stevedore.named [None req-0f0b5098-d789-4fbd-8e7c-cffa8daf66bf None None] Could not load cinder.keymgr.conf_key_mgr.ConfKeyManager
May 01 09:53:33.190752 dv-osbrick-780511-5-ceph devstack@c-api.service[82097]: WARNING castellan.key_manager [None req-0f0b5098-d789-4fbd-8e7c-cffa8daf66bf None None] Deprecation Warning : cinder.keymgr.conf_key_mgr.ConfKeyManager is not a stevedore based driver, trying to load it as a class: stevedore.exception.NoMatches: No 'castellan.drivers' driver found, looking for 'cinder.keymgr.conf_key_mgr.ConfKeyManager'
May 01 09:53:33.192989 dv-osbrick-780511-5-ceph devstack@c-api.service[82098]: WARNING stevedore.named [None req-dcf8255b-7fca-4275-b6ef-6669c6342cfb None None] Could not load cinder.keymgr.conf_key_mgr.ConfKeyManager
May 01 09:53:33.193383 dv-osbrick-780511-5-ceph devstack@c-api.service[82098]: WARNING castellan.key_manager [None req-dcf8255b-7fca-4275-b6ef-6669c6342cfb None None] Deprecation Warning : cinder.keymgr.conf_key_mgr.ConfKeyManager is not a stevedore based driver, trying to load it as a class: stevedore.exception.NoMatches: No 'castellan.drivers' driver found, looking for 'cinder.keymgr.conf_key_mgr.ConfKeyManager'
May 01 09:53:33.196954 dv-osbrick-780511-5-ceph devstack@c-api.service[82098]: WARNING stevedore.named [None req-dcf8255b-7fca-4275-b6ef-6669c6342cfb None None] Could not load cinder.keymgr.conf_key_mgr.ConfKeyManager
May 01 09:53:33.197348 dv-osbrick-780511-5-ceph devstack@c-api.service[82098]: WARNING castellan.key_manager [None req-dcf8255b-7fca-4275-b6ef-6669c6342cfb None None] Deprecation Warning : cinder.keymgr.conf_key_mgr.ConfKeyManager is not a stevedore based driver, trying to load it as a class: stevedore.exception.NoMatches: No 'castellan.drivers' driver found, looking for 'cinder.keymgr.conf_key_mgr.ConfKeyManager'
May 01 09:53:33.204239 dv-osbrick-780511-5-ceph devstack@c-api.service[82098]: DEBUG oslo_db.sqlalchemy.engines [None req-dcf8255b-7fca-4275-b6ef-6669c6342cfb None None] MySQL server mode set to STRICT_TRANS_TABLES,STRICT_ALL_TABLES,NO_ZERO_IN_DATE,NO_ZERO_DATE,ERROR_FOR_DIVISION_BY_ZERO,TRADITIONAL,NO_ENGINE_SUBSTITUTION {{(pid=82098) _check_effective_sql_mode /usr/local/lib/python3.8/dist-packages/oslo_db/sqlalchemy/engines.py:314}}
May 01 09:53:33.208851 dv-osbrick-780511-5-ceph devstack@c-api.service[82097]: WARNING cinder.keymgr.conf_key_mgr [None req-0f0b5098-d789-4fbd-8e7c-cffa8daf66bf None None] This key manager is insecure and is not recommended for production deployments: stevedore.exception.NoMatches: No 'castellan.drivers' driver found, looking for 'cinder.keymgr.conf_key_mgr.ConfKeyManager'
May 01 09:53:33.210589 dv-osbrick-780511-5-ceph devstack@c-api.service[82098]: INFO cinder.rpc [None req-dcf8255b-7fca-4275-b6ef-6669c6342cfb None None] Automatically selected cinder-backup objects version 1.38 as minimum service version.
May 01 09:53:33.211102 dv-osbrick-780511-5-ceph devstack@c-api.service[82097]: WARNING stevedore.named [None req-0f0b5098-d789-4fbd-8e7c-cffa8daf66bf None None] Could not load cinder.keymgr.conf_key_mgr.ConfKeyManager
May 01 09:53:33.211382 dv-osbrick-780511-5-ceph devstack@c-api.service[82097]: WARNING castellan.key_manager [None req-0f0b5098-d789-4fbd-8e7c-cffa8daf66bf None None] Deprecation Warning : cinder.keymgr.conf_key_mgr.ConfKeyManager is not a stevedore based driver, trying to load it as a class: stevedore.exception.NoMatches: No 'castellan.drivers' driver found, looking for 'cinder.keymgr.conf_key_mgr.ConfKeyManager'
May 01 09:53:33.215280 dv-osbrick-780511-5-ceph devstack@c-api.service[82098]: INFO cinder.rpc [None req-dcf8255b-7fca-4275-b6ef-6669c6342cfb None None] Automatically selected cinder-backup RPC version 2.2 as minimum service version.
May 01 09:53:33.216957 dv-osbrick-780511-5-ceph devstack@c-api.service[82098]: WARNING cinder.api.contrib.hosts [None req-dcf8255b-7fca-4275-b6ef-6669c6342cfb None None] Deprecated: The Host API is deprecated and will be be removed in a future version.
May 01 09:53:33.217407 dv-osbrick-780511-5-ceph devstack@c-api.service[82097]: WARNING stevedore.named [None req-0f0b5098-d789-4fbd-8e7c-cffa8daf66bf None None] Could not load cinder.keymgr.conf_key_mgr.ConfKeyManager
May 01 09:53:33.217805 dv-osbrick-780511-5-ceph devstack@c-api.service[82097]: WARNING castellan.key_manager [None req-0f0b5098-d789-4fbd-8e7c-cffa8daf66bf None None] Deprecation Warning : cinder.keymgr.conf_key_mgr.ConfKeyManager is not a stevedore based driver, trying to load it as a class: stevedore.exception.NoMatches: No 'castellan.drivers' driver found, looking for 'cinder.keymgr.conf_key_mgr.ConfKeyManager'
May 01 09:53:33.217929 dv-osbrick-780511-5-ceph devstack@c-api.service[82098]: WARNING stevedore.named [None req-dcf8255b-7fca-4275-b6ef-6669c6342cfb None None] Could not load cinder.keymgr.conf_key_mgr.ConfKeyManager
May 01 09:53:33.218401 dv-osbrick-780511-5-ceph devstack@c-api.service[82098]: WARNING castellan.key_manager [None req-dcf8255b-7fca-4275-b6ef-6669c6342cfb None None] Deprecation Warning : cinder.keymgr.conf_key_mgr.ConfKeyManager is not a stevedore based driver, trying to load it as a class: stevedore.exception.NoMatches: No 'castellan.drivers' driver found, looking for 'cinder.keymgr.conf_key_mgr.ConfKeyManager'
May 01 09:53:33.220857 dv-osbrick-780511-5-ceph devstack@c-api.service[82098]: WARNING stevedore.named [None req-dcf8255b-7fca-4275-b6ef-6669c6342cfb None None] Could not load cinder.keymgr.conf_key_mgr.ConfKeyManager
May 01 09:53:33.221493 dv-osbrick-780511-5-ceph devstack@c-api.service[82098]: WARNING castellan.key_manager [None req-dcf8255b-7fca-4275-b6ef-6669c6342cfb None None] Deprecation Warning : cinder.keymgr.conf_key_mgr.ConfKeyManager is not a stevedore based driver, trying to load it as a class: stevedore.exception.NoMatches: No 'castellan.drivers' driver found, looking for 'cinder.keymgr.conf_key_mgr.ConfKeyManager'
May 01 09:53:33.223476 dv-osbrick-780511-5-ceph devstack@c-api.service[82097]: WARNING stevedore.named [None req-0f0b5098-d789-4fbd-8e7c-cffa8daf66bf None None] Could not load cinder.keymgr.conf_key_mgr.ConfKeyManager
May 01 09:53:33.223869 dv-osbrick-780511-5-ceph devstack@c-api.service[82097]: WARNING castellan.key_manager [None req-0f0b5098-d789-4fbd-8e7c-cffa8daf66bf None None] Deprecation Warning : cinder.keymgr.conf_key_mgr.ConfKeyManager is not a stevedore based driver, trying to load it as a class: stevedore.exception.NoMatches: No 'castellan.drivers' driver found, looking for 'cinder.keymgr.conf_key_mgr.ConfKeyManager'
May 01 09:53:33.224304 dv-osbrick-780511-5-ceph devstack@c-api.service[82098]: WARNING stevedore.named [None req-dcf8255b-7fca-4275-b6ef-6669c6342cfb None None] Could not load cinder.keymgr.conf_key_mgr.ConfKeyManager
May 01 09:53:33.224748 dv-osbrick-780511-5-ceph devstack@c-api.service[82098]: WARNING castellan.key_manager [None req-dcf8255b-7fca-4275-b6ef-6669c6342cfb None None] Deprecation Warning : cinder.keymgr.conf_key_mgr.ConfKeyManager is not a stevedore based driver, trying to load it as a class: stevedore.exception.NoMatches: No 'castellan.drivers' driver found, looking for 'cinder.keymgr.conf_key_mgr.ConfKeyManager'
May 01 09:53:33.226448 dv-osbrick-780511-5-ceph devstack@c-api.service[82098]: WARNING stevedore.named [None req-dcf8255b-7fca-4275-b6ef-6669c6342cfb None None] Could not load cinder.keymgr.conf_key_mgr.ConfKeyManager
May 01 09:53:33.227183 dv-osbrick-780511-5-ceph devstack@c-api.service[82098]: WARNING castellan.key_manager [None req-dcf8255b-7fca-4275-b6ef-6669c6342cfb None None] Deprecation Warning : cinder.keymgr.conf_key_mgr.ConfKeyManager is not a stevedore based driver, trying to load it as a class: stevedore.exception.NoMatches: No 'castellan.drivers' driver found, looking for 'cinder.keymgr.conf_key_mgr.ConfKeyManager'
May 01 09:53:33.227429 dv-osbrick-780511-5-ceph devstack@c-api.service[82097]: WARNING stevedore.named [None req-0f0b5098-d789-4fbd-8e7c-cffa8daf66bf None None] Could not load cinder.keymgr.conf_key_mgr.ConfKeyManager
May 01 09:53:33.227987 dv-osbrick-780511-5-ceph devstack@c-api.service[82097]: WARNING castellan.key_manager [None req-0f0b5098-d789-4fbd-8e7c-cffa8daf66bf None None] Deprecation Warning : cinder.keymgr.conf_key_mgr.ConfKeyManager is not a stevedore based driver, trying to load it as a class: stevedore.exception.NoMatches: No 'castellan.drivers' driver found, looking for 'cinder.keymgr.conf_key_mgr.ConfKeyManager'
May 01 09:53:33.228790 dv-osbrick-780511-5-ceph devstack@c-api.service[82098]: WARNING stevedore.named [None req-dcf8255b-7fca-4275-b6ef-6669c6342cfb None None] Could not load cinder.keymgr.conf_key_mgr.ConfKeyManager
May 01 09:53:33.229249 dv-osbrick-780511-5-ceph devstack@c-api.service[82098]: WARNING castellan.key_manager [None req-dcf8255b-7fca-4275-b6ef-6669c6342cfb None None] Deprecation Warning : cinder.keymgr.conf_key_mgr.ConfKeyManager is not a stevedore based driver, trying to load it as a class: stevedore.exception.NoMatches: No 'castellan.drivers' driver found, looking for 'cinder.keymgr.conf_key_mgr.ConfKeyManager'
May 01 09:53:33.231529 dv-osbrick-780511-5-ceph devstack@c-api.service[82098]: WARNING stevedore.named [None req-dcf8255b-7fca-4275-b6ef-6669c6342cfb None None] Could not load cinder.keymgr.conf_key_mgr.ConfKeyManager
May 01 09:53:33.231680 dv-osbrick-780511-5-ceph devstack@c-api.service[82097]: WARNING stevedore.named [None req-0f0b5098-d789-4fbd-8e7c-cffa8daf66bf None None] Could not load cinder.keymgr.conf_key_mgr.ConfKeyManager
May 01 09:53:33.232037 dv-osbrick-780511-5-ceph devstack@c-api.service[82098]: WARNING castellan.key_manager [None req-dcf8255b-7fca-4275-b6ef-6669c6342cfb None None] Deprecation Warning : cinder.keymgr.conf_key_mgr.ConfKeyManager is not a stevedore based driver, trying to load it as a class: stevedore.exception.NoMatches: No 'castellan.drivers' driver found, looking for 'cinder.keymgr.conf_key_mgr.ConfKeyManager'
May 01 09:53:33.232128 dv-osbrick-780511-5-ceph devstack@c-api.service[82097]: WARNING castellan.key_manager [None req-0f0b5098-d789-4fbd-8e7c-cffa8daf66bf None None] Deprecation Warning : cinder.keymgr.conf_key_mgr.ConfKeyManager is not a stevedore based driver, trying to load it as a class: stevedore.exception.NoMatches: No 'castellan.drivers' driver found, looking for 'cinder.keymgr.conf_key_mgr.ConfKeyManager'
May 01 09:53:33.234168 dv-osbrick-780511-5-ceph devstack@c-api.service[82098]: WARNING stevedore.named [None req-dcf8255b-7fca-4275-b6ef-6669c6342cfb None None] Could not load cinder.keymgr.conf_key_mgr.ConfKeyManager
May 01 09:53:33.234606 dv-osbrick-780511-5-ceph devstack@c-api.service[82098]: WARNING castellan.key_manager [None req-dcf8255b-7fca-4275-b6ef-6669c6342cfb None None] Deprecation Warning : cinder.keymgr.conf_key_mgr.ConfKeyManager is not a stevedore based driver, trying to load it as a class: stevedore.exception.NoMatches: No 'castellan.drivers' driver found, looking for 'cinder.keymgr.conf_key_mgr.ConfKeyManager'
May 01 09:53:33.236370 dv-osbrick-780511-5-ceph devstack@c-api.service[82098]: WARNING stevedore.named [None req-dcf8255b-7fca-4275-b6ef-6669c6342cfb None None] Could not load cinder.keymgr.conf_key_mgr.ConfKeyManager
May 01 09:53:33.236812 dv-osbrick-780511-5-ceph devstack@c-api.service[82098]: WARNING castellan.key_manager [None req-dcf8255b-7fca-4275-b6ef-6669c6342cfb None None] Deprecation Warning : cinder.keymgr.conf_key_mgr.ConfKeyManager is not a stevedore based driver, trying to load it as a class: stevedore.exception.NoMatches: No 'castellan.drivers' driver found, looking for 'cinder.keymgr.conf_key_mgr.ConfKeyManager'
May 01 09:53:33.239373 dv-osbrick-780511-5-ceph devstack@c-api.service[82098]: DEBUG cinder.api.openstack [None req-dcf8255b-7fca-4275-b6ef-6669c6342cfb None None] Extended resource: extensions {{(pid=82098) _setup_ext_routes /opt/stack/cinder/cinder/api/openstack/__init__.py:90}}
May 01 09:53:33.239519 dv-osbrick-780511-5-ceph devstack@c-api.service[82097]: DEBUG oslo_db.sqlalchemy.engines [None req-0f0b5098-d789-4fbd-8e7c-cffa8daf66bf None None] MySQL server mode set to STRICT_TRANS_TABLES,STRICT_ALL_TABLES,NO_ZERO_IN_DATE,NO_ZERO_DATE,ERROR_FOR_DIVISION_BY_ZERO,TRADITIONAL,NO_ENGINE_SUBSTITUTION {{(pid=82097) _check_effective_sql_mode /usr/local/lib/python3.8/dist-packages/oslo_db/sqlalchemy/engines.py:314}}
May 01 09:53:33.241322 dv-osbrick-780511-5-ceph devstack@c-api.service[82098]: DEBUG cinder.api.openstack [None req-dcf8255b-7fca-4275-b6ef-6669c6342cfb None None] Extended resource: os-services {{(pid=82098) _setup_ext_routes /opt/stack/cinder/cinder/api/openstack/__init__.py:90}}
May 01 09:53:33.243374 dv-osbrick-780511-5-ceph devstack@c-api.service[82098]: DEBUG cinder.api.openstack [None req-dcf8255b-7fca-4275-b6ef-6669c6342cfb None None] Extended resource: os-quota-sets {{(pid=82098) _setup_ext_routes /opt/stack/cinder/cinder/api/openstack/__init__.py:90}}
May 01 09:53:33.244742 dv-osbrick-780511-5-ceph devstack@c-api.service[82097]: INFO cinder.rpc [None req-0f0b5098-d789-4fbd-8e7c-cffa8daf66bf None None] Automatically selected cinder-backup objects version 1.38 as minimum service version.
May 01 09:53:33.245563 dv-osbrick-780511-5-ceph devstack@c-api.service[82098]: DEBUG cinder.api.openstack [None req-dcf8255b-7fca-4275-b6ef-6669c6342cfb None None] Extended resource: extra_specs {{(pid=82098) _setup_ext_routes /opt/stack/cinder/cinder/api/openstack/__init__.py:90}}
May 01 09:53:33.247687 dv-osbrick-780511-5-ceph devstack@c-api.service[82098]: DEBUG cinder.api.openstack [None req-dcf8255b-7fca-4275-b6ef-6669c6342cfb None None] Extended resource: os-hosts {{(pid=82098) _setup_ext_routes /opt/stack/cinder/cinder/api/openstack/__init__.py:90}}
May 01 09:53:33.249656 dv-osbrick-780511-5-ceph devstack@c-api.service[82097]: INFO cinder.rpc [None req-0f0b5098-d789-4fbd-8e7c-cffa8daf66bf None None] Automatically selected cinder-backup RPC version 2.2 as minimum service version.
May 01 09:53:33.250463 dv-osbrick-780511-5-ceph devstack@c-api.service[82098]: DEBUG cinder.api.openstack [None req-dcf8255b-7fca-4275-b6ef-6669c6342cfb None None] Extended resource: encryption {{(pid=82098) _setup_ext_routes /opt/stack/cinder/cinder/api/openstack/__init__.py:90}}
May 01 09:53:33.251377 dv-osbrick-780511-5-ceph devstack@c-api.service[82097]: WARNING cinder.api.contrib.hosts [None req-0f0b5098-d789-4fbd-8e7c-cffa8daf66bf None None] Deprecated: The Host API is deprecated and will be be removed in a future version.
May 01 09:53:33.252171 dv-osbrick-780511-5-ceph devstack@c-api.service[82097]: WARNING stevedore.named [None req-0f0b5098-d789-4fbd-8e7c-cffa8daf66bf None None] Could not load cinder.keymgr.conf_key_mgr.ConfKeyManager
May 01 09:53:33.252434 dv-osbrick-780511-5-ceph devstack@c-api.service[82098]: DEBUG cinder.api.openstack [None req-dcf8255b-7fca-4275-b6ef-6669c6342cfb None None] Extended resource: qos-specs {{(pid=82098) _setup_ext_routes /opt/stack/cinder/cinder/api/openstack/__init__.py:90}}
May 01 09:53:33.252551 dv-osbrick-780511-5-ceph devstack@c-api.service[82097]: WARNING castellan.key_manager [None req-0f0b5098-d789-4fbd-8e7c-cffa8daf66bf None None] Deprecation Warning : cinder.keymgr.conf_key_mgr.ConfKeyManager is not a stevedore based driver, trying to load it as a class: stevedore.exception.NoMatches: No 'castellan.drivers' driver found, looking for 'cinder.keymgr.conf_key_mgr.ConfKeyManager'
May 01 09:53:33.254782 dv-osbrick-780511-5-ceph devstack@c-api.service[82097]: WARNING stevedore.named [None req-0f0b5098-d789-4fbd-8e7c-cffa8daf66bf None None] Could not load cinder.keymgr.conf_key_mgr.ConfKeyManager
May 01 09:53:33.255160 dv-osbrick-780511-5-ceph devstack@c-api.service[82097]: WARNING castellan.key_manager [None req-0f0b5098-d789-4fbd-8e7c-cffa8daf66bf None None] Deprecation Warning : cinder.keymgr.conf_key_mgr.ConfKeyManager is not a stevedore based driver, trying to load it as a class: stevedore.exception.NoMatches: No 'castellan.drivers' driver found, looking for 'cinder.keymgr.conf_key_mgr.ConfKeyManager'
May 01 09:53:33.255433 dv-osbrick-780511-5-ceph devstack@c-api.service[82098]: DEBUG cinder.api.openstack [None req-dcf8255b-7fca-4275-b6ef-6669c6342cfb None None] Extended resource: encryption {{(pid=82098) _setup_ext_routes /opt/stack/cinder/cinder/api/openstack/__init__.py:90}}
May 01 09:53:33.257020 dv-osbrick-780511-5-ceph devstack@c-api.service[82097]: WARNING stevedore.named [None req-0f0b5098-d789-4fbd-8e7c-cffa8daf66bf None None] Could not load cinder.keymgr.conf_key_mgr.ConfKeyManager
May 01 09:53:33.257399 dv-osbrick-780511-5-ceph devstack@c-api.service[82097]: WARNING castellan.key_manager [None req-0f0b5098-d789-4fbd-8e7c-cffa8daf66bf None None] Deprecation Warning : cinder.keymgr.conf_key_mgr.ConfKeyManager is not a stevedore based driver, trying to load it as a class: stevedore.exception.NoMatches: No 'castellan.drivers' driver found, looking for 'cinder.keymgr.conf_key_mgr.ConfKeyManager'
May 01 09:53:33.257679 dv-osbrick-780511-5-ceph devstack@c-api.service[82098]: DEBUG cinder.api.openstack [None req-dcf8255b-7fca-4275-b6ef-6669c6342cfb None None] Extended resource: os-quota-class-sets {{(pid=82098) _setup_ext_routes /opt/stack/cinder/cinder/api/openstack/__init__.py:90}}
May 01 09:53:33.259033 dv-osbrick-780511-5-ceph devstack@c-api.service[82097]: WARNING stevedore.named [None req-0f0b5098-d789-4fbd-8e7c-cffa8daf66bf None None] Could not load cinder.keymgr.conf_key_mgr.ConfKeyManager
May 01 09:53:33.259402 dv-osbrick-780511-5-ceph devstack@c-api.service[82097]: WARNING castellan.key_manager [None req-0f0b5098-d789-4fbd-8e7c-cffa8daf66bf None None] Deprecation Warning : cinder.keymgr.conf_key_mgr.ConfKeyManager is not a stevedore based driver, trying to load it as a class: stevedore.exception.NoMatches: No 'castellan.drivers' driver found, looking for 'cinder.keymgr.conf_key_mgr.ConfKeyManager'
May 01 09:53:33.260376 dv-osbrick-780511-5-ceph devstack@c-api.service[82098]: DEBUG cinder.api.openstack [None req-dcf8255b-7fca-4275-b6ef-6669c6342cfb None None] Extended resource: os-volume-transfer {{(pid=82098) _setup_ext_routes /opt/stack/cinder/cinder/api/openstack/__init__.py:90}}
May 01 09:53:33.261288 dv-osbrick-780511-5-ceph devstack@c-api.service[82097]: WARNING stevedore.named [None req-0f0b5098-d789-4fbd-8e7c-cffa8daf66bf None None] Could not load cinder.keymgr.conf_key_mgr.ConfKeyManager
May 01 09:53:33.261671 dv-osbrick-780511-5-ceph devstack@c-api.service[82097]: WARNING castellan.key_manager [None req-0f0b5098-d789-4fbd-8e7c-cffa8daf66bf None None] Deprecation Warning : cinder.keymgr.conf_key_mgr.ConfKeyManager is not a stevedore based driver, trying to load it as a class: stevedore.exception.NoMatches: No 'castellan.drivers' driver found, looking for 'cinder.keymgr.conf_key_mgr.ConfKeyManager'
May 01 09:53:33.263406 dv-osbrick-780511-5-ceph devstack@c-api.service[82098]: DEBUG cinder.api.openstack [None req-dcf8255b-7fca-4275-b6ef-6669c6342cfb None None] Extended resource: os-volume-manage {{(pid=82098) _setup_ext_routes /opt/stack/cinder/cinder/api/openstack/__init__.py:90}}
