Aug 30 01:29:23.984928 dv-osbrick-780511-16-smb devstack@n-api.service[93274]: WARNING keystonemiddleware.auth_token [None req-415471d1-8dfb-43c5-b3a2-22443183f10e None None] Configuring www_authenticate_uri to point to the public identity endpoint is required; clients may not be able to authenticate against an admin endpoint
Aug 30 01:29:23.985989 dv-osbrick-780511-16-smb devstack@n-api.service[93273]: WARNING keystonemiddleware.auth_token [None req-06201d3c-eac9-4555-9ea9-668661d0c90d None None] AuthToken middleware is set with keystone_authtoken.service_token_roles_required set to False. This is backwards compatible but deprecated behaviour. Please set this to True.
Aug 30 01:29:23.990707 dv-osbrick-780511-16-smb devstack@n-api.service[93274]: WSGI app 0 (mountpoint='') ready in 5 seconds on interpreter 0x55daa70b79c0 pid: 93274 (default app)
Aug 30 01:29:23.991709 dv-osbrick-780511-16-smb devstack@n-api.service[93273]: WARNING keystonemiddleware.auth_token [None req-06201d3c-eac9-4555-9ea9-668661d0c90d None None] Configuring www_authenticate_uri to point to the public identity endpoint is required; clients may not be able to authenticate against an admin endpoint
Aug 30 01:29:23.992797 dv-osbrick-780511-16-smb devstack@n-api.service[93274]: DEBUG nova.api.openstack.wsgi [None req-415471d1-8dfb-43c5-b3a2-22443183f10e None None] Calling method '>' {{(pid=93274) _process_stack /opt/stack/nova/nova/api/openstack/wsgi.py:513}}
Aug 30 01:29:23.993989 dv-osbrick-780511-16-smb devstack@n-api.service[93274]: INFO nova.api.openstack.requestlog [None req-415471d1-8dfb-43c5-b3a2-22443183f10e None None] 10.222.0.10 "GET /compute/v2.1/" status: 200 len: 388 microversion: 2.1 time: 0.001757
Aug 30 01:29:23.994378 dv-osbrick-780511-16-smb devstack@n-api.service[93274]: [pid: 93274|app: 0|req: 1/1] 10.222.0.10 () {50 vars in 789 bytes} [Mon Aug 30 01:29:23 2021] GET /compute/v2.1/ => generated 388 bytes in 3 msecs (HTTP/1.1 200) 9 headers in 357 bytes (1 switches on core 0)
Aug 30 01:29:23.997105 dv-osbrick-780511-16-smb devstack@n-api.service[93273]: WSGI app 0 (mountpoint='') ready in 5 seconds on interpreter 0x55daa70b79c0 pid: 93273 (default app)
Aug 30 01:30:43.815865 dv-osbrick-780511-16-smb devstack@n-api.service[93274]: DEBUG nova.api.openstack.wsgi [None req-415471d1-8dfb-43c5-b3a2-22443183f10e None None] Calling method '>' {{(pid=93274) _process_stack /opt/stack/nova/nova/api/openstack/wsgi.py:513}}
Aug 30 01:30:43.816873 dv-osbrick-780511-16-smb devstack@n-api.service[93274]: INFO nova.api.openstack.requestlog [None req-415471d1-8dfb-43c5-b3a2-22443183f10e None None] 10.222.0.10 "GET /compute/v2.1" status: 200 len: 388 microversion: 2.1 time: 0.001426
Aug 30 01:30:43.817258 dv-osbrick-780511-16-smb devstack@n-api.service[93274]: [pid: 93274|app: 0|req: 2/2] 10.222.0.10 () {54 vars in 931 bytes} [Mon Aug 30 01:30:43 2021] GET /compute/v2.1 => generated 388 bytes in 2 msecs (HTTP/1.1 200) 9 headers in 357 bytes (1 switches on core 0)
Aug 30 01:30:44.238910 dv-osbrick-780511-16-smb devstack@n-api.service[93273]: DEBUG nova.api.openstack.wsgi [None req-5c201c89-0004-449b-afad-2a83f4223968 admin admin] Calling method '>' {{(pid=93273) _process_stack /opt/stack/nova/nova/api/openstack/wsgi.py:513}}
Aug 30 01:30:44.268274 dv-osbrick-780511-16-smb devstack@n-api.service[93273]: INFO nova.api.openstack.requestlog [None req-5c201c89-0004-449b-afad-2a83f4223968 admin admin] 10.222.0.10 "GET /compute/v2.1/flavors/detail?is_public=True" status: 200 len: 15 microversion: 2.61 time: 0.443922
Aug 30 01:30:44.269002 dv-osbrick-780511-16-smb devstack@n-api.service[93273]: [pid: 93273|app: 0|req: 1/3] 10.222.0.10 () {60 vars in 1292 bytes} [Mon Aug 30 01:30:43 2021] GET /compute/v2.1/flavors/detail?is_public=True => generated 15 bytes in 446 msecs (HTTP/1.1 200) 9 headers in 358 bytes (1 switches on core 0)
Aug 30 01:30:46.468029 dv-osbrick-780511-16-smb devstack@n-api.service[93274]: DEBUG nova.api.openstack.wsgi [None req-415471d1-8dfb-43c5-b3a2-22443183f10e None None] Calling method '>' {{(pid=93274) _process_stack /opt/stack/nova/nova/api/openstack/wsgi.py:513}}
Aug 30 01:30:46.469114 dv-osbrick-780511-16-smb devstack@n-api.service[93274]: INFO nova.api.openstack.requestlog [None req-415471d1-8dfb-43c5-b3a2-22443183f10e None None] 10.222.0.10 "GET /compute/v2.1" status: 200 len: 388 microversion: 2.1 time: 0.001726
Aug 30 01:30:46.469574 dv-osbrick-780511-16-smb devstack@n-api.service[93274]: [pid: 93274|app: 0|req: 3/4] 10.222.0.10 () {54 vars in 931 bytes} [Mon Aug 30 01:30:46 2021] GET /compute/v2.1 => generated 388 bytes in 3 msecs (HTTP/1.1 200) 9 headers in 357 bytes (1 switches on core 0)
Aug 30 01:30:46.535464 dv-osbrick-780511-16-smb devstack@n-api.service[93273]: DEBUG nova.api.openstack.wsgi [None req-215811f1-0faf-4ccd-a3ad-2725b7f25ef0 admin admin] Action: 'create', calling method: >, body: {"flavor": {"vcpus": 1, "ram": 256, "swap": 0, "disk": 1, "name": "cirros256", "os-flavor-access:is_public": true, "OS-FLV-EXT-DATA:ephemeral": 0, "rxtx_factor": 1.0, "id": "c1"}} {{(pid=93273) _process_stack /opt/stack/nova/nova/api/openstack/wsgi.py:511}}
Aug 30 01:30:46.554459 dv-osbrick-780511-16-smb devstack@n-api.service[93273]: /usr/local/lib/python3.8/dist-packages/oslo_policy/policy.py:1064: UserWarning: Policy os_compute_api:os-flavor-manage:create failed scope check. The token used to make the request was project scoped but the policy requires ['system'] scope. This behavior may change in the future where using the intended scope is required
Aug 30 01:30:46.554459 dv-osbrick-780511-16-smb devstack@n-api.service[93273]: warnings.warn(msg)
Aug 30 01:30:46.583828 dv-osbrick-780511-16-smb devstack@n-api.service[93273]: INFO nova.api.openstack.requestlog [None req-215811f1-0faf-4ccd-a3ad-2725b7f25ef0 admin admin] 10.222.0.10 "POST /compute/v2.1/flavors" status: 200 len: 407 microversion: 2.61 time: 0.106107
Aug 30 01:30:46.584627 dv-osbrick-780511-16-smb devstack@n-api.service[93273]: [pid: 93273|app: 0|req: 2/5] 10.222.0.10 () {64 vars in 1283 bytes} [Mon Aug 30 01:30:46 2021] POST /compute/v2.1/flavors => generated 407 bytes in 108 msecs (HTTP/1.1 200) 9 headers in 359 bytes (1 switches on core 0)
Aug 30 01:30:46.804653 dv-osbrick-780511-16-smb devstack@n-api.service[93274]: DEBUG nova.api.openstack.wsgi [None req-032fce9e-cf8d-4e18-8b7e-9f2c3a8517c7 admin admin] Action: 'create', calling method: >, body: {"extra_specs": {"hw_rng:allowed": "True"}} {{(pid=93274) _process_stack /opt/stack/nova/nova/api/openstack/wsgi.py:511}}
Aug 30 01:30:46.806955 dv-osbrick-780511-16-smb devstack@n-api.service[93274]: /usr/local/lib/python3.8/dist-packages/oslo_policy/policy.py:1064: UserWarning: Policy os_compute_api:os-flavor-extra-specs:create failed scope check. The token used to make the request was project scoped but the policy requires ['system'] scope. This behavior may change in the future where using the intended scope is required
Aug 30 01:30:46.806955 dv-osbrick-780511-16-smb devstack@n-api.service[93274]: warnings.warn(msg)
Aug 30 01:30:46.855166 dv-osbrick-780511-16-smb devstack@n-api.service[93274]: INFO nova.api.openstack.requestlog [None req-032fce9e-cf8d-4e18-8b7e-9f2c3a8517c7 admin admin] 10.222.0.10 "POST /compute/v2.1/flavors/c1/os-extra_specs" status: 200 len: 43 microversion: 2.61 time: 0.261824
Aug 30 01:30:46.855930 dv-osbrick-780511-16-smb devstack@n-api.service[93274]: [pid: 93274|app: 0|req: 4/6] 10.222.0.10 () {64 vars in 1336 bytes} [Mon Aug 30 01:30:46 2021] POST /compute/v2.1/flavors/c1/os-extra_specs => generated 43 bytes in 263 msecs (HTTP/1.1 200) 9 headers in 358 bytes (2 switches on core 0)
Aug 30 01:30:49.067089 dv-osbrick-780511-16-smb devstack@n-api.service[93273]: DEBUG nova.api.openstack.wsgi [None req-215811f1-0faf-4ccd-a3ad-2725b7f25ef0 admin admin] Calling method '>' {{(pid=93273) _process_stack /opt/stack/nova/nova/api/openstack/wsgi.py:513}}
Aug 30 01:30:49.068101 dv-osbrick-780511-16-smb devstack@n-api.service[93273]: INFO nova.api.openstack.requestlog [None req-215811f1-0faf-4ccd-a3ad-2725b7f25ef0 admin admin] 10.222.0.10 "GET /compute/v2.1" status: 200 len: 388 microversion: 2.1 time: 0.001489
Aug 30 01:30:49.068500 dv-osbrick-780511-16-smb devstack@n-api.service[93273]: [pid: 93273|app: 0|req: 3/7] 10.222.0.10 () {54 vars in 931 bytes} [Mon Aug 30 01:30:49 2021] GET /compute/v2.1 => generated 388 bytes in 2 msecs (HTTP/1.1 200) 9 headers in 357 bytes (1 switches on core 0)
Aug 30 01:30:49.182326 dv-osbrick-780511-16-smb devstack@n-api.service[93274]: DEBUG nova.api.openstack.wsgi [None req-27465fe2-0bbe-4d1e-860e-e181a17e0b1a admin admin] Action: 'create', calling method: >, body: {"flavor": {"id": "d1", "os-flavor-access:is_public": true, "swap": 0, "OS-FLV-EXT-DATA:ephemeral": 0, "disk": 5, "rxtx_factor": 1.0, "name": "ds512M", "ram": 512, "vcpus": 1}} {{(pid=93274) _process_stack /opt/stack/nova/nova/api/openstack/wsgi.py:511}}
Aug 30 01:30:49.201042 dv-osbrick-780511-16-smb devstack@n-api.service[93274]: /usr/local/lib/python3.8/dist-packages/oslo_policy/policy.py:1064: UserWarning: Policy os_compute_api:os-flavor-manage:create failed scope check. The token used to make the request was project scoped but the policy requires ['system'] scope. This behavior may change in the future where using the intended scope is required
Aug 30 01:30:49.201042 dv-osbrick-780511-16-smb devstack@n-api.service[93274]: warnings.warn(msg)
Aug 30 01:30:49.228889 dv-osbrick-780511-16-smb devstack@n-api.service[93274]: INFO nova.api.openstack.requestlog [None req-27465fe2-0bbe-4d1e-860e-e181a17e0b1a admin admin] 10.222.0.10 "POST /compute/v2.1/flavors" status: 200 len: 404 microversion: 2.61 time: 0.153882
Aug 30 01:30:49.235872 dv-osbrick-780511-16-smb devstack@n-api.service[93274]: [pid: 93274|app: 0|req: 5/8] 10.222.0.10 () {64 vars in 1283 bytes} [Mon Aug 30 01:30:49 2021] POST /compute/v2.1/flavors => generated 404 bytes in 155 msecs (HTTP/1.1 200) 9 headers in 359 bytes (1 switches on core 0)
Aug 30 01:30:49.242203 dv-osbrick-780511-16-smb devstack@n-api.service[93273]: DEBUG nova.api.openstack.wsgi [None req-522466d2-0b3f-48f6-8fdc-5eb51df22dbc admin admin] Action: 'create', calling method: >, body: {"extra_specs": {"hw_rng:allowed": "True"}} {{(pid=93273) _process_stack /opt/stack/nova/nova/api/openstack/wsgi.py:511}}
Aug 30 01:30:49.243743 dv-osbrick-780511-16-smb devstack@n-api.service[93273]: /usr/local/lib/python3.8/dist-packages/oslo_policy/policy.py:1064: UserWarning: Policy os_compute_api:os-flavor-extra-specs:create failed scope check. The token used to make the request was project scoped but the policy requires ['system'] scope. This behavior may change in the future where using the intended scope is required
Aug 30 01:30:49.243743 dv-osbrick-780511-16-smb devstack@n-api.service[93273]: warnings.warn(msg)
Aug 30 01:30:49.275778 dv-osbrick-780511-16-smb devstack@n-api.service[93273]: INFO nova.api.openstack.requestlog [None req-522466d2-0b3f-48f6-8fdc-5eb51df22dbc admin admin] 10.222.0.10 "POST /compute/v2.1/flavors/d1/os-extra_specs" status: 200 len: 43 microversion: 2.61 time: 0.037201
Aug 30 01:30:49.276472 dv-osbrick-780511-16-smb devstack@n-api.service[93273]: [pid: 93273|app: 0|req: 4/9] 10.222.0.10 () {64 vars in 1336 bytes} [Mon Aug 30 01:30:49 2021] POST /compute/v2.1/flavors/d1/os-extra_specs => generated 43 bytes in 38 msecs (HTTP/1.1 200) 9 headers in 358 bytes (1 switches on core 0)
Aug 30 01:30:51.458711 dv-osbrick-780511-16-smb devstack@n-api.service[93274]: DEBUG nova.api.openstack.wsgi [None req-27465fe2-0bbe-4d1e-860e-e181a17e0b1a admin admin] Calling method '>' {{(pid=93274) _process_stack /opt/stack/nova/nova/api/openstack/wsgi.py:513}}
Aug 30 01:30:51.459723 dv-osbrick-780511-16-smb devstack@n-api.service[93274]: INFO nova.api.openstack.requestlog [None req-27465fe2-0bbe-4d1e-860e-e181a17e0b1a admin admin] 10.222.0.10 "GET /compute/v2.1" status: 200 len: 388 microversion: 2.1 time: 0.001479
Aug 30 01:30:51.460287 dv-osbrick-780511-16-smb devstack@n-api.service[93274]: [pid: 93274|app: 0|req: 6/10] 10.222.0.10 () {54 vars in 931 bytes} [Mon Aug 30 01:30:51 2021] GET /compute/v2.1 => generated 388 bytes in 2 msecs (HTTP/1.1 200) 9 headers in 357 bytes (1 switches on core 0)
Aug 30 01:30:51.523539 dv-osbrick-780511-16-smb devstack@n-api.service[93273]: DEBUG nova.api.openstack.wsgi [None req-c63fea71-0f08-4147-9ff6-d674e6fe33bb admin admin] Action: 'create', calling method: >, body: {"flavor": {"name": "ds1G", "swap": 0, "ram": 1024, "id": "d2", "vcpus": 1, "disk": 10, "OS-FLV-EXT-DATA:ephemeral": 0, "rxtx_factor": 1.0, "os-flavor-access:is_public": true}} {{(pid=93273) _process_stack /opt/stack/nova/nova/api/openstack/wsgi.py:511}}
Aug 30 01:30:51.542821 dv-osbrick-780511-16-smb devstack@n-api.service[93273]: INFO nova.api.openstack.requestlog [None req-c63fea71-0f08-4147-9ff6-d674e6fe33bb admin admin] 10.222.0.10 "POST /compute/v2.1/flavors" status: 200 len: 404 microversion: 2.61 time: 0.076267
Aug 30 01:30:51.543698 dv-osbrick-780511-16-smb devstack@n-api.service[93273]: [pid: 93273|app: 0|req: 5/11] 10.222.0.10 () {64 vars in 1283 bytes} [Mon Aug 30 01:30:51 2021] POST /compute/v2.1/flavors => generated 404 bytes in 78 msecs (HTTP/1.1 200) 9 headers in 359 bytes (1 switches on core 0)
Aug 30 01:30:51.556846 dv-osbrick-780511-16-smb devstack@n-api.service[93274]: DEBUG nova.api.openstack.wsgi [None req-0e640525-09d0-4643-9a3b-b7ce730e0d81 admin admin] Action: 'create', calling method: >, body: {"extra_specs": {"hw_rng:allowed": "True"}} {{(pid=93274) _process_stack /opt/stack/nova/nova/api/openstack/wsgi.py:511}}
Aug 30 01:30:51.581855 dv-osbrick-780511-16-smb devstack@n-api.service[93274]: INFO nova.api.openstack.requestlog [None req-0e640525-09d0-4643-9a3b-b7ce730e0d81 admin admin] 10.222.0.10 "POST /compute/v2.1/flavors/d2/os-extra_specs" status: 200 len: 43 microversion: 2.61 time: 0.028701
Aug 30 01:30:51.582667 dv-osbrick-780511-16-smb devstack@n-api.service[93274]: [pid: 93274|app: 0|req: 7/12] 10.222.0.10 () {64 vars in 1336 bytes} [Mon Aug 30 01:30:51 2021] POST /compute/v2.1/flavors/d2/os-extra_specs => generated 43 bytes in 30 msecs (HTTP/1.1 200) 9 headers in 358 bytes (1 switches on core 0)
Aug 30 01:30:53.805894 dv-osbrick-780511-16-smb devstack@n-api.service[93273]: DEBUG nova.api.openstack.wsgi [None req-c63fea71-0f08-4147-9ff6-d674e6fe33bb admin admin] Calling method '>' {{(pid=93273) _process_stack /opt/stack/nova/nova/api/openstack/wsgi.py:513}}
Aug 30 01:30:53.806965 dv-osbrick-780511-16-smb devstack@n-api.service[93273]: INFO nova.api.openstack.requestlog [None req-c63fea71-0f08-4147-9ff6-d674e6fe33bb admin admin] 10.222.0.10 "GET /compute/v2.1" status: 200 len: 388 microversion: 2.1 time: 0.001449
Aug 30 01:30:53.807366 dv-osbrick-780511-16-smb devstack@n-api.service[93273]: [pid: 93273|app: 0|req: 6/13] 10.222.0.10 () {54 vars in 931 bytes} [Mon Aug 30 01:30:53 2021] GET /compute/v2.1 => generated 388 bytes in 2 msecs (HTTP/1.1 200) 9 headers in 357 bytes (1 switches on core 0)
Aug 30 01:30:53.867300 dv-osbrick-780511-16-smb devstack@n-api.service[93274]: DEBUG nova.api.openstack.wsgi [None req-5dcc7e1a-905b-4b74-b143-7042d50ba2fe admin admin] Action: 'create', calling method: >, body: {"flavor": {"disk": 10, "rxtx_factor": 1.0, "id": "d3", "ram": 2048, "os-flavor-access:is_public": true, "name": "ds2G", "swap": 0, "vcpus": 2, "OS-FLV-EXT-DATA:ephemeral": 0}} {{(pid=93274) _process_stack /opt/stack/nova/nova/api/openstack/wsgi.py:511}}
Aug 30 01:30:53.885183 dv-osbrick-780511-16-smb devstack@n-api.service[93274]: INFO nova.api.openstack.requestlog [None req-5dcc7e1a-905b-4b74-b143-7042d50ba2fe admin admin] 10.222.0.10 "POST /compute/v2.1/flavors" status: 200 len: 404 microversion: 2.61 time: 0.070465
Aug 30 01:30:53.885732 dv-osbrick-780511-16-smb devstack@n-api.service[93274]: [pid: 93274|app: 0|req: 8/14] 10.222.0.10 () {64 vars in 1283 bytes} [Mon Aug 30 01:30:53 2021] POST /compute/v2.1/flavors => generated 404 bytes in 72 msecs (HTTP/1.1 200) 9 headers in 359 bytes (2 switches on core 0)
Aug 30 01:30:53.898046 dv-osbrick-780511-16-smb devstack@n-api.service[93273]: DEBUG nova.api.openstack.wsgi [None req-9cea120e-f2c8-49d5-a431-9ccd95360961 admin admin] Action: 'create', calling method: >, body: {"extra_specs": {"hw_rng:allowed": "True"}} {{(pid=93273) _process_stack /opt/stack/nova/nova/api/openstack/wsgi.py:511}}
Aug 30 01:30:53.921449 dv-osbrick-780511-16-smb devstack@n-api.service[93273]: INFO nova.api.openstack.requestlog [None req-9cea120e-f2c8-49d5-a431-9ccd95360961 admin admin] 10.222.0.10 "POST /compute/v2.1/flavors/d3/os-extra_specs" status: 200 len: 43 microversion: 2.61 time: 0.027002
Aug 30 01:30:53.922741 dv-osbrick-780511-16-smb devstack@n-api.service[93273]: [pid: 93273|app: 0|req: 7/15] 10.222.0.10 () {64 vars in 1336 bytes} [Mon Aug 30 01:30:53 2021] POST /compute/v2.1/flavors/d3/os-extra_specs => generated 43 bytes in 29 msecs (HTTP/1.1 200) 9 headers in 358 bytes (1 switches on core 0)
Aug 30 01:30:56.160831 dv-osbrick-780511-16-smb devstack@n-api.service[93274]: DEBUG nova.api.openstack.wsgi [None req-5dcc7e1a-905b-4b74-b143-7042d50ba2fe admin admin] Calling method '>' {{(pid=93274) _process_stack /opt/stack/nova/nova/api/openstack/wsgi.py:513}}
Aug 30 01:30:56.161843 dv-osbrick-780511-16-smb devstack@n-api.service[93274]: INFO nova.api.openstack.requestlog [None req-5dcc7e1a-905b-4b74-b143-7042d50ba2fe admin admin] 10.222.0.10 "GET /compute/v2.1" status: 200 len: 388 microversion: 2.1 time: 0.001433
Aug 30 01:30:56.162240 dv-osbrick-780511-16-smb devstack@n-api.service[93274]: [pid: 93274|app: 0|req: 9/16] 10.222.0.10 () {54 vars in 931 bytes} [Mon Aug 30 01:30:56 2021] GET /compute/v2.1 => generated 388 bytes in 2 msecs (HTTP/1.1 200) 9 headers in 357 bytes (1 switches on core 0)
Aug 30 01:30:56.224441 dv-osbrick-780511-16-smb devstack@n-api.service[93273]: DEBUG nova.api.openstack.wsgi [None req-addbe29f-c797-4cfb-bef5-4093a07f7291 admin admin] Action: 'create', calling method: >, body: {"flavor": {"disk": 20, "ram": 4096, "vcpus": 4, "OS-FLV-EXT-DATA:ephemeral": 0, "swap": 0, "name": "ds4G", "rxtx_factor": 1.0, "id": "d4", "os-flavor-access:is_public": true}} {{(pid=93273) _process_stack /opt/stack/nova/nova/api/openstack/wsgi.py:511}}
Aug 30 01:30:56.243434 dv-osbrick-780511-16-smb devstack@n-api.service[93273]: INFO nova.api.openstack.requestlog [None req-addbe29f-c797-4cfb-bef5-4093a07f7291 admin admin] 10.222.0.10 "POST /compute/v2.1/flavors" status: 200 len: 404 microversion: 2.61 time: 0.074512
Aug 30 01:30:56.244146 dv-osbrick-780511-16-smb devstack@n-api.service[93273]: [pid: 93273|app: 0|req: 8/17] 10.222.0.10 () {64 vars in 1283 bytes} [Mon Aug 30 01:30:56 2021] POST /compute/v2.1/flavors => generated 404 bytes in 76 msecs (HTTP/1.1 200) 9 headers in 359 bytes (1 switches on core 0)
Aug 30 01:30:56.256918 dv-osbrick-780511-16-smb devstack@n-api.service[93274]: DEBUG nova.api.openstack.wsgi [None req-50dd559c-c23c-4e43-9c97-a2f27cede858 admin admin] Action: 'create', calling method: >, body: {"extra_specs": {"hw_rng:allowed": "True"}} {{(pid=93274) _process_stack /opt/stack/nova/nova/api/openstack/wsgi.py:511}}
Aug 30 01:30:56.280593 dv-osbrick-780511-16-smb devstack@n-api.service[93274]: INFO nova.api.openstack.requestlog [None req-50dd559c-c23c-4e43-9c97-a2f27cede858 admin admin] 10.222.0.10 "POST /compute/v2.1/flavors/d4/os-extra_specs" status: 200 len: 43 microversion: 2.61 time: 0.027154
Aug 30 01:30:56.281428 dv-osbrick-780511-16-smb devstack@n-api.service[93274]: [pid: 93274|app: 0|req: 10/18] 10.222.0.10 () {64 vars in 1336 bytes} [Mon Aug 30 01:30:56 2021] POST /compute/v2.1/flavors/d4/os-extra_specs => generated 43 bytes in 29 msecs (HTTP/1.1 200) 9 headers in 358 bytes (1 switches on core 0)
Aug 30 01:30:58.492106 dv-osbrick-780511-16-smb devstack@n-api.service[93273]: DEBUG nova.api.openstack.wsgi [None req-addbe29f-c797-4cfb-bef5-4093a07f7291 admin admin] Calling method '>' {{(pid=93273) _process_stack /opt/stack/nova/nova/api/openstack/wsgi.py:513}}
Aug 30 01:30:58.493270 dv-osbrick-780511-16-smb devstack@n-api.service[93273]: INFO nova.api.openstack.requestlog [None req-addbe29f-c797-4cfb-bef5-4093a07f7291 admin admin] 10.222.0.10 "GET /compute/v2.1" status: 200 len: 388 microversion: 2.1 time: 0.001798
Aug 30 01:30:58.493967 dv-osbrick-780511-16-smb devstack@n-api.service[93273]: [pid: 93273|app: 0|req: 9/19] 10.222.0.10 () {54 vars in 931 bytes} [Mon Aug 30 01:30:58 2021] GET /compute/v2.1 => generated 388 bytes in 3 msecs (HTTP/1.1 200) 9 headers in 357 bytes (1 switches on core 0)
Aug 30 01:30:58.557800 dv-osbrick-780511-16-smb devstack@n-api.service[93274]: DEBUG nova.api.openstack.wsgi [None req-8ab9857f-0c9a-460d-bd10-f9d4e10b3937 admin admin] Calling method '>' {{(pid=93274) _process_stack /opt/stack/nova/nova/api/openstack/wsgi.py:513}}
Aug 30 01:30:58.582311 dv-osbrick-780511-16-smb devstack@n-api.service[93274]: INFO nova.api.openstack.requestlog [None req-8ab9857f-0c9a-460d-bd10-f9d4e10b3937 admin admin] 10.222.0.10 "GET /compute/v2.1/flavors/detail?is_public=True" status: 200 len: 2106 microversion: 2.61 time: 0.080847
Aug 30 01:30:58.583295 dv-osbrick-780511-16-smb devstack@n-api.service[93274]: [pid: 93274|app: 0|req: 11/20] 10.222.0.10 () {60 vars in 1292 bytes} [Mon Aug 30 01:30:58 2021] GET /compute/v2.1/flavors/detail?is_public=True => generated 2106 bytes in 83 msecs (HTTP/1.1 200) 9 headers in 360 bytes (1 switches on core 0)
Aug 30 01:31:01.047610 dv-osbrick-780511-16-smb devstack@n-api.service[93273]: DEBUG nova.api.openstack.wsgi [None req-addbe29f-c797-4cfb-bef5-4093a07f7291 admin admin] Calling method '>' {{(pid=93273) _process_stack /opt/stack/nova/nova/api/openstack/wsgi.py:513}}
Aug 30 01:31:01.048635 dv-osbrick-780511-16-smb devstack@n-api.service[93273]: INFO nova.api.openstack.requestlog [None req-addbe29f-c797-4cfb-bef5-4093a07f7291 admin admin] 10.222.0.10 "GET /compute/v2.1" status: 200 len: 388 microversion: 2.1 time: 0.002166
Aug 30 01:31:01.049148 dv-osbrick-780511-16-smb devstack@n-api.service[93273]: [pid: 93273|app: 0|req: 10/21] 10.222.0.10 () {54 vars in 931 bytes} [Mon Aug 30 01:31:01 2021] GET /compute/v2.1 => generated 388 bytes in 3 msecs (HTTP/1.1 200) 9 headers in 357 bytes (1 switches on core 0)
Aug 30 01:31:01.116385 dv-osbrick-780511-16-smb devstack@n-api.service[93274]: DEBUG nova.api.openstack.wsgi [None req-228888e7-1238-412c-b4ac-69aa8c00f73f admin admin] Action: 'create', calling method: >, body: {"flavor": {"name": "m1.tiny", "rxtx_factor": 1.0, "os-flavor-access:is_public": true, "swap": 0, "disk": 1, "id": "1", "OS-FLV-EXT-DATA:ephemeral": 0, "ram": 512, "vcpus": 1}} {{(pid=93274) _process_stack /opt/stack/nova/nova/api/openstack/wsgi.py:511}}
Aug 30 01:31:01.135136 dv-osbrick-780511-16-smb devstack@n-api.service[93274]: INFO nova.api.openstack.requestlog [None req-228888e7-1238-412c-b4ac-69aa8c00f73f admin admin] 10.222.0.10 "POST /compute/v2.1/flavors" status: 200 len: 402 microversion: 2.61 time: 0.078416
Aug 30 01:31:01.135679 dv-osbrick-780511-16-smb devstack@n-api.service[93274]: [pid: 93274|app: 0|req: 12/22] 10.222.0.10 () {64 vars in 1283 bytes} [Mon Aug 30 01:31:01 2021] POST /compute/v2.1/flavors => generated 402 bytes in 80 msecs (HTTP/1.1 200) 9 headers in 359 bytes (2 switches on core 0)
Aug 30 01:31:01.148944 dv-osbrick-780511-16-smb devstack@n-api.service[93273]: DEBUG nova.api.openstack.wsgi [None req-2fb1ca8e-0d8d-411e-9ed6-1de1567d7553 admin admin] Action: 'create', calling method: >, body: {"extra_specs": {"hw_rng:allowed": "True"}} {{(pid=93273) _process_stack /opt/stack/nova/nova/api/openstack/wsgi.py:511}}
Aug 30 01:31:01.174007 dv-osbrick-780511-16-smb devstack@n-api.service[93273]: INFO nova.api.openstack.requestlog [None req-2fb1ca8e-0d8d-411e-9ed6-1de1567d7553 admin admin] 10.222.0.10 "POST /compute/v2.1/flavors/1/os-extra_specs" status: 200 len: 43 microversion: 2.61 time: 0.029382
Aug 30 01:31:01.174759 dv-osbrick-780511-16-smb devstack@n-api.service[93273]: [pid: 93273|app: 0|req: 11/23] 10.222.0.10 () {64 vars in 1333 bytes} [Mon Aug 30 01:31:01 2021] POST /compute/v2.1/flavors/1/os-extra_specs => generated 43 bytes in 31 msecs (HTTP/1.1 200) 9 headers in 358 bytes (1 switches on core 0)
Aug 30 01:31:03.349611 dv-osbrick-780511-16-smb devstack@n-api.service[93274]: DEBUG nova.api.openstack.wsgi [None req-228888e7-1238-412c-b4ac-69aa8c00f73f admin admin] Calling method '>' {{(pid=93274) _process_stack /opt/stack/nova/nova/api/openstack/wsgi.py:513}}
Aug 30 01:31:03.350651 dv-osbrick-780511-16-smb devstack@n-api.service[93274]: INFO nova.api.openstack.requestlog [None req-228888e7-1238-412c-b4ac-69aa8c00f73f admin admin] 10.222.0.10 "GET /compute/v2.1" status: 200 len: 388 microversion: 2.1 time: 0.001442
Aug 30 01:31:03.351046 dv-osbrick-780511-16-smb devstack@n-api.service[93274]: [pid: 93274|app: 0|req: 13/24] 10.222.0.10 () {54 vars in 931 bytes} [Mon Aug 30 01:31:03 2021] GET /compute/v2.1 => generated 388 bytes in 2 msecs (HTTP/1.1 200) 9 headers in 357 bytes (1 switches on core 0)
Aug 30 01:31:03.413472 dv-osbrick-780511-16-smb devstack@n-api.service[93273]: DEBUG nova.api.openstack.wsgi [None req-4885ac66-12d6-4c03-8135-e677ac92b206 admin admin] Action: 'create', calling method: >, body: {"flavor": {"id": "2", "vcpus": 1, "ram": 2048, "OS-FLV-EXT-DATA:ephemeral": 0, "disk": 20, "rxtx_factor": 1.0, "os-flavor-access:is_public": true, "swap": 0, "name": "m1.small"}} {{(pid=93273) _process_stack /opt/stack/nova/nova/api/openstack/wsgi.py:511}}
Aug 30 01:31:03.435483 dv-osbrick-780511-16-smb devstack@n-api.service[93273]: INFO nova.api.openstack.requestlog [None req-4885ac66-12d6-4c03-8135-e677ac92b206 admin admin] 10.222.0.10 "POST /compute/v2.1/flavors" status: 200 len: 405 microversion: 2.61 time: 0.077662
Aug 30 01:31:03.436122 dv-osbrick-780511-16-smb devstack@n-api.service[93273]: [pid: 93273|app: 0|req: 12/25] 10.222.0.10 () {64 vars in 1283 bytes} [Mon Aug 30 01:31:03 2021] POST /compute/v2.1/flavors => generated 405 bytes in 79 msecs (HTTP/1.1 200) 9 headers in 359 bytes (1 switches on core 0)
Aug 30 01:31:03.450221 dv-osbrick-780511-16-smb devstack@n-api.service[93274]: DEBUG nova.api.openstack.wsgi [None req-916c77ef-1238-4fd8-8dfb-b2fe16a346c8 admin admin] Action: 'create', calling method: >, body: {"extra_specs": {"hw_rng:allowed": "True"}} {{(pid=93274) _process_stack /opt/stack/nova/nova/api/openstack/wsgi.py:511}}
Aug 30 01:31:03.472512 dv-osbrick-780511-16-smb devstack@n-api.service[93274]: INFO nova.api.openstack.requestlog [None req-916c77ef-1238-4fd8-8dfb-b2fe16a346c8 admin admin] 10.222.0.10 "POST /compute/v2.1/flavors/2/os-extra_specs" status: 200 len: 43 microversion: 2.61 time: 0.025963
Aug 30 01:31:03.473240 dv-osbrick-780511-16-smb devstack@n-api.service[93274]: [pid: 93274|app: 0|req: 14/26] 10.222.0.10 () {64 vars in 1333 bytes} [Mon Aug 30 01:31:03 2021] POST /compute/v2.1/flavors/2/os-extra_specs => generated 43 bytes in 27 msecs (HTTP/1.1 200) 9 headers in 358 bytes (1 switches on core 0)
Aug 30 01:31:05.730760 dv-osbrick-780511-16-smb devstack@n-api.service[93273]: DEBUG nova.api.openstack.wsgi [None req-4885ac66-12d6-4c03-8135-e677ac92b206 admin admin] Calling method '>' {{(pid=93273) _process_stack /opt/stack/nova/nova/api/openstack/wsgi.py:513}}
Aug 30 01:31:05.732097 dv-osbrick-780511-16-smb devstack@n-api.service[93273]: INFO nova.api.openstack.requestlog [None req-4885ac66-12d6-4c03-8135-e677ac92b206 admin admin] 10.222.0.10 "GET /compute/v2.1" status: 200 len: 388 microversion: 2.1 time: 0.001904
Aug 30 01:31:05.732543 dv-osbrick-780511-16-smb devstack@n-api.service[93273]: [pid: 93273|app: 0|req: 13/27] 10.222.0.10 () {54 vars in 931 bytes} [Mon Aug 30 01:31:05 2021] GET /compute/v2.1 => generated 388 bytes in 3 msecs (HTTP/1.1 200) 9 headers in 357 bytes (1 switches on core 0)
Aug 30 01:31:05.795481 dv-osbrick-780511-16-smb devstack@n-api.service[93274]: DEBUG nova.api.openstack.wsgi [None req-d080a8f1-43cf-49dc-9419-80aa8fda4ec9 admin admin] Action: 'create', calling method: >, body: {"flavor": {"name": "m1.medium", "rxtx_factor": 1.0, "ram": 4096, "id": "3", "OS-FLV-EXT-DATA:ephemeral": 0, "vcpus": 2, "disk": 40, "swap": 0, "os-flavor-access:is_public": true}} {{(pid=93274) _process_stack /opt/stack/nova/nova/api/openstack/wsgi.py:511}}
Aug 30 01:31:05.814054 dv-osbrick-780511-16-smb devstack@n-api.service[93274]: INFO nova.api.openstack.requestlog [None req-d080a8f1-43cf-49dc-9419-80aa8fda4ec9 admin admin] 10.222.0.10 "POST /compute/v2.1/flavors" status: 200 len: 406 microversion: 2.61 time: 0.074042
Aug 30 01:31:05.814617 dv-osbrick-780511-16-smb devstack@n-api.service[93274]: [pid: 93274|app: 0|req: 15/28] 10.222.0.10 () {64 vars in 1283 bytes} [Mon Aug 30 01:31:05 2021] POST /compute/v2.1/flavors => generated 406 bytes in 75 msecs (HTTP/1.1 200) 9 headers in 359 bytes (2 switches on core 0)
Aug 30 01:31:05.829794 dv-osbrick-780511-16-smb devstack@n-api.service[93273]: DEBUG nova.api.openstack.wsgi [None req-87488b8a-5321-4bdb-8c31-8fa8048c5617 admin admin] Action: 'create', calling method: >, body: {"extra_specs": {"hw_rng:allowed": "True"}} {{(pid=93273) _process_stack /opt/stack/nova/nova/api/openstack/wsgi.py:511}}
Aug 30 01:31:05.856387 dv-osbrick-780511-16-smb devstack@n-api.service[93273]: INFO nova.api.openstack.requestlog [None req-87488b8a-5321-4bdb-8c31-8fa8048c5617 admin admin] 10.222.0.10 "POST /compute/v2.1/flavors/3/os-extra_specs" status: 200 len: 43 microversion: 2.61 time: 0.031496
Aug 30 01:31:05.857243 dv-osbrick-780511-16-smb devstack@n-api.service[93273]: [pid: 93273|app: 0|req: 14/29] 10.222.0.10 () {64 vars in 1333 bytes} [Mon Aug 30 01:31:05 2021] POST /compute/v2.1/flavors/3/os-extra_specs => generated 43 bytes in 33 msecs (HTTP/1.1 200) 9 headers in 358 bytes (1 switches on core 0)
Aug 30 01:31:08.042397 dv-osbrick-780511-16-smb devstack@n-api.service[93274]: DEBUG nova.api.openstack.wsgi [None req-d080a8f1-43cf-49dc-9419-80aa8fda4ec9 admin admin] Calling method '>' {{(pid=93274) _process_stack /opt/stack/nova/nova/api/openstack/wsgi.py:513}}
Aug 30 01:31:08.043427 dv-osbrick-780511-16-smb devstack@n-api.service[93274]: INFO nova.api.openstack.requestlog [None req-d080a8f1-43cf-49dc-9419-80aa8fda4ec9 admin admin] 10.222.0.10 "GET /compute/v2.1" status: 200 len: 388 microversion: 2.1 time: 0.001712
Aug 30 01:31:08.044002 dv-osbrick-780511-16-smb devstack@n-api.service[93274]: [pid: 93274|app: 0|req: 16/30] 10.222.0.10 () {54 vars in 931 bytes} [Mon Aug 30 01:31:08 2021] GET /compute/v2.1 => generated 388 bytes in 3 msecs (HTTP/1.1 200) 9 headers in 357 bytes (1 switches on core 0)
Aug 30 01:31:08.101423 dv-osbrick-780511-16-smb devstack@n-api.service[93273]: DEBUG nova.api.openstack.wsgi [None req-3826f9db-55cb-452b-9061-582b397dd1e2 admin admin] Action: 'create', calling method: >, body: {"flavor": {"name": "m1.large", "os-flavor-access:is_public": true, "id": "4", "swap": 0, "OS-FLV-EXT-DATA:ephemeral": 0, "vcpus": 4, "disk": 80, "rxtx_factor": 1.0, "ram": 8192}} {{(pid=93273) _process_stack /opt/stack/nova/nova/api/openstack/wsgi.py:511}}
Aug 30 01:31:08.119590 dv-osbrick-780511-16-smb devstack@n-api.service[93273]: INFO nova.api.openstack.requestlog [None req-3826f9db-55cb-452b-9061-582b397dd1e2 admin admin] 10.222.0.10 "POST /compute/v2.1/flavors" status: 200 len: 405 microversion: 2.61 time: 0.068666
Aug 30 01:31:08.120138 dv-osbrick-780511-16-smb devstack@n-api.service[93273]: [pid: 93273|app: 0|req: 15/31] 10.222.0.10 () {64 vars in 1283 bytes} [Mon Aug 30 01:31:08 2021] POST /compute/v2.1/flavors => generated 405 bytes in 70 msecs (HTTP/1.1 200) 9 headers in 359 bytes (1 switches on core 0)
Aug 30 01:31:08.132379 dv-osbrick-780511-16-smb devstack@n-api.service[93274]: DEBUG nova.api.openstack.wsgi [None req-56762828-9729-4536-b7f8-1ee7b92c5725 admin admin] Action: 'create', calling method: >, body: {"extra_specs": {"hw_rng:allowed": "True"}} {{(pid=93274) _process_stack /opt/stack/nova/nova/api/openstack/wsgi.py:511}}
Aug 30 01:31:08.153918 dv-osbrick-780511-16-smb devstack@n-api.service[93274]: INFO nova.api.openstack.requestlog [None req-56762828-9729-4536-b7f8-1ee7b92c5725 admin admin] 10.222.0.10 "POST /compute/v2.1/flavors/4/os-extra_specs" status: 200 len: 43 microversion: 2.61 time: 0.025234
Aug 30 01:31:08.154468 dv-osbrick-780511-16-smb devstack@n-api.service[93274]: [pid: 93274|app: 0|req: 17/32] 10.222.0.10 () {64 vars in 1333 bytes} [Mon Aug 30 01:31:08 2021] POST /compute/v2.1/flavors/4/os-extra_specs => generated 43 bytes in 26 msecs (HTTP/1.1 200) 9 headers in 358 bytes (2 switches on core 0)
Aug 30 01:31:10.393251 dv-osbrick-780511-16-smb devstack@n-api.service[93273]: DEBUG nova.api.openstack.wsgi [None req-3826f9db-55cb-452b-9061-582b397dd1e2 admin admin] Calling method '>' {{(pid=93273) _process_stack /opt/stack/nova/nova/api/openstack/wsgi.py:513}}
Aug 30 01:31:10.394365 dv-osbrick-780511-16-smb devstack@n-api.service[93273]: INFO nova.api.openstack.requestlog [None req-3826f9db-55cb-452b-9061-582b397dd1e2 admin admin] 10.222.0.10 "GET /compute/v2.1" status: 200 len: 388 microversion: 2.1 time: 0.001551
Aug 30 01:31:10.395054 dv-osbrick-780511-16-smb devstack@n-api.service[93273]: [pid: 93273|app: 0|req: 16/33] 10.222.0.10 () {54 vars in 931 bytes} [Mon Aug 30 01:31:10 2021] GET /compute/v2.1 => generated 388 bytes in 3 msecs (HTTP/1.1 200) 9 headers in 357 bytes (1 switches on core 0)
Aug 30 01:31:10.455347 dv-osbrick-780511-16-smb devstack@n-api.service[93274]: DEBUG nova.api.openstack.wsgi [None req-bc51ea02-1cfb-4c81-9175-6049edbd9e14 admin admin] Action: 'create', calling method: >, body: {"flavor": {"OS-FLV-EXT-DATA:ephemeral": 0, "rxtx_factor": 1.0, "swap": 0, "ram": 16384, "vcpus": 8, "id": "5", "disk": 160, "os-flavor-access:is_public": true, "name": "m1.xlarge"}} {{(pid=93274) _process_stack /opt/stack/nova/nova/api/openstack/wsgi.py:511}}
Aug 30 01:31:10.475350 dv-osbrick-780511-16-smb devstack@n-api.service[93274]: INFO nova.api.openstack.requestlog [None req-bc51ea02-1cfb-4c81-9175-6049edbd9e14 admin admin] 10.222.0.10 "POST /compute/v2.1/flavors" status: 200 len: 408 microversion: 2.61 time: 0.074058
Aug 30 01:31:10.476176 dv-osbrick-780511-16-smb devstack@n-api.service[93274]: [pid: 93274|app: 0|req: 18/34] 10.222.0.10 () {64 vars in 1283 bytes} [Mon Aug 30 01:31:10 2021] POST /compute/v2.1/flavors => generated 408 bytes in 75 msecs (HTTP/1.1 200) 9 headers in 359 bytes (1 switches on core 0)
Aug 30 01:31:10.488797 dv-osbrick-780511-16-smb devstack@n-api.service[93273]: DEBUG nova.api.openstack.wsgi [None req-e50b04b5-c1ff-444f-a328-1aee4f0c1fa6 admin admin] Action: 'create', calling method: >, body: {"extra_specs": {"hw_rng:allowed": "True"}} {{(pid=93273) _process_stack /opt/stack/nova/nova/api/openstack/wsgi.py:511}}
Aug 30 01:31:10.511895 dv-osbrick-780511-16-smb devstack@n-api.service[93273]: INFO nova.api.openstack.requestlog [None req-e50b04b5-c1ff-444f-a328-1aee4f0c1fa6 admin admin] 10.222.0.10 "POST /compute/v2.1/flavors/5/os-extra_specs" status: 200 len: 43 microversion: 2.61 time: 0.026809
Aug 30 01:31:10.512763 dv-osbrick-780511-16-smb devstack@n-api.service[93273]: [pid: 93273|app: 0|req: 17/35] 10.222.0.10 () {64 vars in 1333 bytes} [Mon Aug 30 01:31:10 2021] POST /compute/v2.1/flavors/5/os-extra_specs => generated 43 bytes in 29 msecs (HTTP/1.1 200) 9 headers in 358 bytes (1 switches on core 0)
Aug 30 01:31:52.054009 dv-osbrick-780511-16-smb devstack@n-api.service[93274]: DEBUG nova.api.openstack.wsgi [None req-bc51ea02-1cfb-4c81-9175-6049edbd9e14 admin admin] Calling method '>' {{(pid=93274) _process_stack /opt/stack/nova/nova/api/openstack/wsgi.py:513}}
Aug 30 01:31:52.055030 dv-osbrick-780511-16-smb devstack@n-api.service[93274]: INFO nova.api.openstack.requestlog [None req-bc51ea02-1cfb-4c81-9175-6049edbd9e14 admin admin] 10.222.0.10 "GET /compute/v2.1" status: 200 len: 388 microversion: 2.1 time: 0.001454
Aug 30 01:31:52.055423 dv-osbrick-780511-16-smb devstack@n-api.service[93274]: [pid: 93274|app: 0|req: 19/36] 10.222.0.10 () {54 vars in 931 bytes} [Mon Aug 30 01:31:52 2021] GET /compute/v2.1 => generated 388 bytes in 2 msecs (HTTP/1.1 200) 9 headers in 357 bytes (1 switches on core 0)
Aug 30 01:31:52.112619 dv-osbrick-780511-16-smb devstack@n-api.service[93273]: DEBUG nova.api.openstack.wsgi [None req-ce3fc0c1-4073-4347-9c9e-ec133c647528 admin admin] Calling method '>' {{(pid=93273) _process_stack /opt/stack/nova/nova/api/openstack/wsgi.py:513}}
Aug 30 01:31:52.130771 dv-osbrick-780511-16-smb devstack@n-api.service[93273]: INFO nova.api.openstack.requestlog [None req-ce3fc0c1-4073-4347-9c9e-ec133c647528 admin admin] 10.222.0.10 "GET /compute/v2.1/flavors/detail?is_public=True" status: 200 len: 4202 microversion: 2.61 time: 0.068703
Aug 30 01:31:52.131298 dv-osbrick-780511-16-smb devstack@n-api.service[93273]: [pid: 93273|app: 0|req: 18/37] 10.222.0.10 () {60 vars in 1292 bytes} [Mon Aug 30 01:31:52 2021] GET /compute/v2.1/flavors/detail?is_public=True => generated 4202 bytes in 70 msecs (HTTP/1.1 200) 9 headers in 360 bytes (1 switches on core 0)
Aug 30 01:31:53.560343 dv-osbrick-780511-16-smb devstack@n-api.service[93274]: DEBUG nova.api.openstack.wsgi [None req-bc51ea02-1cfb-4c81-9175-6049edbd9e14 admin admin] Calling method '>' {{(pid=93274) _process_stack /opt/stack/nova/nova/api/openstack/wsgi.py:513}}
Aug 30 01:31:53.561326 dv-osbrick-780511-16-smb devstack@n-api.service[93274]: INFO nova.api.openstack.requestlog [None req-bc51ea02-1cfb-4c81-9175-6049edbd9e14 admin admin] 10.222.0.10 "GET /compute/v2.1" status: 200 len: 388 microversion: 2.1 time: 0.001461
Aug 30 01:31:53.561718 dv-osbrick-780511-16-smb devstack@n-api.service[93274]: [pid: 93274|app: 0|req: 20/38] 10.222.0.10 () {56 vars in 1075 bytes} [Mon Aug 30 01:31:53 2021] GET /compute/v2.1 => generated 388 bytes in 2 msecs (HTTP/1.1 200) 9 headers in 357 bytes (1 switches on core 0)
Aug 30 01:31:53.757446 dv-osbrick-780511-16-smb devstack@n-api.service[93273]: DEBUG nova.api.openstack.wsgi [None req-a486afb1-a924-4477-887b-2b712cac1621 admin admin] Calling method '>' {{(pid=93273) _process_stack /opt/stack/nova/nova/api/openstack/wsgi.py:513}}
Aug 30 01:31:53.762818 dv-osbrick-780511-16-smb devstack@n-api.service[93273]: INFO nova.api.openstack.wsgi [None req-a486afb1-a924-4477-887b-2b712cac1621 admin admin] HTTP exception thrown: Flavor 42 could not be found.
Aug 30 01:31:53.764002 dv-osbrick-780511-16-smb devstack@n-api.service[93273]: DEBUG nova.api.openstack.wsgi [None req-a486afb1-a924-4477-887b-2b712cac1621 admin admin] Returning 404 to user: Flavor 42 could not be found. {{(pid=93273) __call__ /opt/stack/nova/nova/api/openstack/wsgi.py:927}}
Aug 30 01:31:53.764803 dv-osbrick-780511-16-smb devstack@n-api.service[93273]: INFO nova.api.openstack.requestlog [None req-a486afb1-a924-4477-887b-2b712cac1621 admin admin] 10.222.0.10 "GET /compute/v2.1/flavors/42" status: 404 len: 75 microversion: 2.88 time: 0.059683
Aug 30 01:31:53.765289 dv-osbrick-780511-16-smb devstack@n-api.service[93273]: [pid: 93273|app: 0|req: 19/39] 10.222.0.10 () {60 vars in 1191 bytes} [Mon Aug 30 01:31:53 2021] GET /compute/v2.1/flavors/42 => generated 75 bytes in 61 msecs (HTTP/1.1 404) 9 headers in 380 bytes (1 switches on core 0)
Aug 30 01:31:53.774948 dv-osbrick-780511-16-smb devstack@n-api.service[93274]: DEBUG nova.api.openstack.wsgi [None req-296b8156-4a65-4aba-85e6-af41eeff5e18 admin admin] Calling method '>' {{(pid=93274) _process_stack /opt/stack/nova/nova/api/openstack/wsgi.py:513}}
Aug 30 01:31:53.795106 dv-osbrick-780511-16-smb devstack@n-api.service[93274]: INFO nova.api.openstack.requestlog [None req-296b8156-4a65-4aba-85e6-af41eeff5e18 admin admin] 10.222.0.10 "GET /compute/v2.1/flavors?is_public=None" status: 200 len: 2056 microversion: 2.88 time: 0.023677
Aug 30 01:31:53.795631 dv-osbrick-780511-16-smb devstack@n-api.service[93274]: [pid: 93274|app: 0|req: 21/40] 10.222.0.10 () {60 vars in 1211 bytes} [Mon Aug 30 01:31:53 2021] GET /compute/v2.1/flavors?is_public=None => generated 2056 bytes in 25 msecs (HTTP/1.1 200) 9 headers in 360 bytes (1 switches on core 0)
Aug 30 01:31:53.805345 dv-osbrick-780511-16-smb devstack@n-api.service[93273]: DEBUG nova.api.openstack.wsgi [None req-0013e1e1-efc7-4ef4-b890-7682e0cab381 admin admin] Calling method '>' {{(pid=93273) _process_stack /opt/stack/nova/nova/api/openstack/wsgi.py:513}}
Aug 30 01:31:53.826870 dv-osbrick-780511-16-smb devstack@n-api.service[93273]: INFO nova.api.openstack.requestlog [None req-0013e1e1-efc7-4ef4-b890-7682e0cab381 admin admin] 10.222.0.10 "GET /compute/v2.1/flavors?is_public=None" status: 200 len: 2056 microversion: 2.88 time: 0.024833
Aug 30 01:31:53.827561 dv-osbrick-780511-16-smb devstack@n-api.service[93273]: [pid: 93273|app: 0|req: 20/41] 10.222.0.10 () {60 vars in 1211 bytes} [Mon Aug 30 01:31:53 2021] GET /compute/v2.1/flavors?is_public=None => generated 2056 bytes in 26 msecs (HTTP/1.1 200) 9 headers in 360 bytes (2 switches on core 0)
Aug 30 01:31:53.836722 dv-osbrick-780511-16-smb devstack@n-api.service[93274]: DEBUG nova.api.openstack.wsgi [None req-dad71c07-c344-44b2-927c-83cea501311a admin admin] Calling method '>' {{(pid=93274) _process_stack /opt/stack/nova/nova/api/openstack/wsgi.py:513}}
Aug 30 01:31:53.842491 dv-osbrick-780511-16-smb devstack@n-api.service[93274]: INFO nova.api.openstack.wsgi [None req-dad71c07-c344-44b2-927c-83cea501311a admin admin] HTTP exception thrown: Flavor 42 could not be found.
Aug 30 01:31:53.843081 dv-osbrick-780511-16-smb devstack@n-api.service[93274]: DEBUG nova.api.openstack.wsgi [None req-dad71c07-c344-44b2-927c-83cea501311a admin admin] Returning 404 to user: Flavor 42 could not be found. {{(pid=93274) __call__ /opt/stack/nova/nova/api/openstack/wsgi.py:927}}
Aug 30 01:31:53.843856 dv-osbrick-780511-16-smb devstack@n-api.service[93274]: INFO nova.api.openstack.requestlog [None req-dad71c07-c344-44b2-927c-83cea501311a admin admin] 10.222.0.10 "GET /compute/v2.1/flavors/42" status: 404 len: 75 microversion: 2.88 time: 0.010559
Aug 30 01:31:53.844336 dv-osbrick-780511-16-smb devstack@n-api.service[93274]: [pid: 93274|app: 0|req: 22/42] 10.222.0.10 () {60 vars in 1191 bytes} [Mon Aug 30 01:31:53 2021] GET /compute/v2.1/flavors/42 => generated 75 bytes in 11 msecs (HTTP/1.1 404) 9 headers in 380 bytes (2 switches on core 0)
Aug 30 01:31:55.179522 dv-osbrick-780511-16-smb devstack@n-api.service[93273]: DEBUG nova.api.openstack.wsgi [None req-0013e1e1-efc7-4ef4-b890-7682e0cab381 admin admin] Calling method '>' {{(pid=93273) _process_stack /opt/stack/nova/nova/api/openstack/wsgi.py:513}}
Aug 30 01:31:55.180524 dv-osbrick-780511-16-smb devstack@n-api.service[93273]: INFO nova.api.openstack.requestlog [None req-0013e1e1-efc7-4ef4-b890-7682e0cab381 admin admin] 10.222.0.10 "GET /compute/v2.1" status: 200 len: 388 microversion: 2.1 time: 0.001736
Aug 30 01:31:55.180911 dv-osbrick-780511-16-smb devstack@n-api.service[93273]: [pid: 93273|app: 0|req: 21/43] 10.222.0.10 () {56 vars in 1075 bytes} [Mon Aug 30 01:31:55 2021] GET /compute/v2.1 => generated 388 bytes in 3 msecs (HTTP/1.1 200) 9 headers in 357 bytes (1 switches on core 0)
Aug 30 01:31:55.380226 dv-osbrick-780511-16-smb devstack@n-api.service[93274]: DEBUG nova.api.openstack.wsgi [None req-ecaa2034-127d-4aef-b7bb-adef97101519 admin admin] Calling method '>' {{(pid=93274) _process_stack /opt/stack/nova/nova/api/openstack/wsgi.py:513}}
Aug 30 01:31:55.385379 dv-osbrick-780511-16-smb devstack@n-api.service[93274]: INFO nova.api.openstack.wsgi [None req-ecaa2034-127d-4aef-b7bb-adef97101519 admin admin] HTTP exception thrown: Flavor 84 could not be found.
Aug 30 01:31:55.385933 dv-osbrick-780511-16-smb devstack@n-api.service[93274]: DEBUG nova.api.openstack.wsgi [None req-ecaa2034-127d-4aef-b7bb-adef97101519 admin admin] Returning 404 to user: Flavor 84 could not be found. {{(pid=93274) __call__ /opt/stack/nova/nova/api/openstack/wsgi.py:927}}
Aug 30 01:31:55.386741 dv-osbrick-780511-16-smb devstack@n-api.service[93274]: INFO nova.api.openstack.requestlog [None req-ecaa2034-127d-4aef-b7bb-adef97101519 admin admin] 10.222.0.10 "GET /compute/v2.1/flavors/84" status: 404 len: 75 microversion: 2.88 time: 0.058015
Aug 30 01:31:55.387240 dv-osbrick-780511-16-smb devstack@n-api.service[93274]: [pid: 93274|app: 0|req: 23/44] 10.222.0.10 () {60 vars in 1191 bytes} [Mon Aug 30 01:31:55 2021] GET /compute/v2.1/flavors/84 => generated 75 bytes in 59 msecs (HTTP/1.1 404) 9 headers in 380 bytes (1 switches on core 0)
Aug 30 01:31:55.397637 dv-osbrick-780511-16-smb devstack@n-api.service[93273]: DEBUG nova.api.openstack.wsgi [None req-1fa94628-530e-44b4-920f-142293528b71 admin admin] Calling method '>' {{(pid=93273) _process_stack /opt/stack/nova/nova/api/openstack/wsgi.py:513}}
Aug 30 01:31:55.410777 dv-osbrick-780511-16-smb devstack@n-api.service[93273]: INFO nova.api.openstack.requestlog [None req-1fa94628-530e-44b4-920f-142293528b71 admin admin] 10.222.0.10 "GET /compute/v2.1/flavors?is_public=None" status: 200 len: 2056 microversion: 2.88 time: 0.016572
Aug 30 01:31:55.411293 dv-osbrick-780511-16-smb devstack@n-api.service[93273]: [pid: 93273|app: 0|req: 22/45] 10.222.0.10 () {60 vars in 1211 bytes} [Mon Aug 30 01:31:55 2021] GET /compute/v2.1/flavors?is_public=None => generated 2056 bytes in 18 msecs (HTTP/1.1 200) 9 headers in 360 bytes (1 switches on core 0)
Aug 30 01:31:55.421114 dv-osbrick-780511-16-smb devstack@n-api.service[93274]: DEBUG nova.api.openstack.wsgi [None req-75b40e1e-46b1-45ff-b423-14362a606764 admin admin] Calling method '>' {{(pid=93274) _process_stack /opt/stack/nova/nova/api/openstack/wsgi.py:513}}
Aug 30 01:31:55.433954 dv-osbrick-780511-16-smb devstack@n-api.service[93274]: INFO nova.api.openstack.requestlog [None req-75b40e1e-46b1-45ff-b423-14362a606764 admin admin] 10.222.0.10 "GET /compute/v2.1/flavors?is_public=None" status: 200 len: 2056 microversion: 2.88 time: 0.016266
Aug 30 01:31:55.434450 dv-osbrick-780511-16-smb devstack@n-api.service[93274]: [pid: 93274|app: 0|req: 24/46] 10.222.0.10 () {60 vars in 1211 bytes} [Mon Aug 30 01:31:55 2021] GET /compute/v2.1/flavors?is_public=None => generated 2056 bytes in 17 msecs (HTTP/1.1 200) 9 headers in 360 bytes (1 switches on core 0)
Aug 30 01:31:55.444035 dv-osbrick-780511-16-smb devstack@n-api.service[93273]: DEBUG nova.api.openstack.wsgi [None req-7e8d4a28-88b6-4263-8c14-aecfb032d1e4 admin admin] Calling method '>' {{(pid=93273) _process_stack /opt/stack/nova/nova/api/openstack/wsgi.py:513}}
Aug 30 01:31:55.448994 dv-osbrick-780511-16-smb devstack@n-api.service[93273]: INFO nova.api.openstack.wsgi [None req-7e8d4a28-88b6-4263-8c14-aecfb032d1e4 admin admin] HTTP exception thrown: Flavor 84 could not be found.
Aug 30 01:31:55.449550 dv-osbrick-780511-16-smb devstack@n-api.service[93273]: DEBUG nova.api.openstack.wsgi [None req-7e8d4a28-88b6-4263-8c14-aecfb032d1e4 admin admin] Returning 404 to user: Flavor 84 could not be found. {{(pid=93273) __call__ /opt/stack/nova/nova/api/openstack/wsgi.py:927}}
Aug 30 01:31:55.450322 dv-osbrick-780511-16-smb devstack@n-api.service[93273]: INFO nova.api.openstack.requestlog [None req-7e8d4a28-88b6-4263-8c14-aecfb032d1e4 admin admin] 10.222.0.10 "GET /compute/v2.1/flavors/84" status: 404 len: 75 microversion: 2.88 time: 0.009627
Aug 30 01:31:55.451490 dv-osbrick-780511-16-smb devstack@n-api.service[93273]: [pid: 93273|app: 0|req: 23/47] 10.222.0.10 () {60 vars in 1191 bytes} [Mon Aug 30 01:31:55 2021] GET /compute/v2.1/flavors/84 => generated 75 bytes in 11 msecs (HTTP/1.1 404) 9 headers in 380 bytes (2 switches on core 0)
Aug 30 01:31:56.790129 dv-osbrick-780511-16-smb devstack@n-api.service[93274]: DEBUG nova.api.openstack.wsgi [None req-75b40e1e-46b1-45ff-b423-14362a606764 admin admin] Calling method '>' {{(pid=93274) _process_stack /opt/stack/nova/nova/api/openstack/wsgi.py:513}}
Aug 30 01:31:56.791430 dv-osbrick-780511-16-smb devstack@n-api.service[93274]: INFO nova.api.openstack.requestlog [None req-75b40e1e-46b1-45ff-b423-14362a606764 admin admin] 10.222.0.10 "GET /compute/v2.1" status: 200 len: 388 microversion: 2.1 time: 0.001707
Aug 30 01:31:56.791817 dv-osbrick-780511-16-smb devstack@n-api.service[93274]: [pid: 93274|app: 0|req: 25/48] 10.222.0.10 () {56 vars in 1075 bytes} [Mon Aug 30 01:31:56 2021] GET /compute/v2.1 => generated 388 bytes in 3 msecs (HTTP/1.1 200) 9 headers in 357 bytes (1 switches on core 0)
Aug 30 01:31:56.978985 dv-osbrick-780511-16-smb devstack@n-api.service[93273]: DEBUG nova.api.openstack.wsgi [None req-46611142-55c9-452b-b5b6-0725f9a6efa8 admin admin] Calling method '>' {{(pid=93273) _process_stack /opt/stack/nova/nova/api/openstack/wsgi.py:513}}
Aug 30 01:31:56.985118 dv-osbrick-780511-16-smb devstack@n-api.service[93273]: INFO nova.api.openstack.wsgi [None req-46611142-55c9-452b-b5b6-0725f9a6efa8 admin admin] HTTP exception thrown: Flavor 451 could not be found.
Aug 30 01:31:56.985679 dv-osbrick-780511-16-smb devstack@n-api.service[93273]: DEBUG nova.api.openstack.wsgi [None req-46611142-55c9-452b-b5b6-0725f9a6efa8 admin admin] Returning 404 to user: Flavor 451 could not be found. {{(pid=93273) __call__ /opt/stack/nova/nova/api/openstack/wsgi.py:927}}
Aug 30 01:31:56.986463 dv-osbrick-780511-16-smb devstack@n-api.service[93273]: INFO nova.api.openstack.requestlog [None req-46611142-55c9-452b-b5b6-0725f9a6efa8 admin admin] 10.222.0.10 "GET /compute/v2.1/flavors/451" status: 404 len: 76 microversion: 2.88 time: 0.057489
Aug 30 01:31:56.986991 dv-osbrick-780511-16-smb devstack@n-api.service[93273]: [pid: 93273|app: 0|req: 24/49] 10.222.0.10 () {60 vars in 1194 bytes} [Mon Aug 30 01:31:56 2021] GET /compute/v2.1/flavors/451 => generated 76 bytes in 59 msecs (HTTP/1.1 404) 9 headers in 380 bytes (1 switches on core 0)
