May 27 08:23:33.523202 dv-osbrick-762776-7-smb devstack@keystone.service[80112]: DEBUG keystone.server.flask.request_processing.middleware.auth_context [None req-e2ae4166-3ac6-4bae-9c4a-87ec08a35f6f None admin] RBAC: auth_context: {'token': , 'domain_id': None, 'trust_id': None, 'trustor_id': None, 'trustee_id': None, 'domain_name': None, 'group_ids': [], 'user_id': 'adaa749cb7e741d197867424034353b7', 'user_domain_id': 'default', 'system_scope': 'all', 'project_id': None, 'project_domain_id': None, 'roles': ['admin', 'member', 'reader'], 'is_admin_project': True, 'service_user_id': None, 'service_user_domain_id': None, 'service_project_id': None, 'service_project_domain_id': None, 'service_roles': []} {{(pid=80112) fill_context /opt/stack/keystone/keystone/server/flask/request_processing/middleware/auth_context.py:478}}
May 27 08:23:33.523917 dv-osbrick-762776-7-smb devstack@keystone.service[80112]: DEBUG keystone.server.flask.request_processing.req_logging [None req-e2ae4166-3ac6-4bae-9c4a-87ec08a35f6f None admin] REQUEST_METHOD: `GET` {{(pid=80112) log_request_info /opt/stack/keystone/keystone/server/flask/request_processing/req_logging.py:27}}
May 27 08:23:33.524226 dv-osbrick-762776-7-smb devstack@keystone.service[80112]: DEBUG keystone.server.flask.request_processing.req_logging [None req-e2ae4166-3ac6-4bae-9c4a-87ec08a35f6f None admin] SCRIPT_NAME: `/identity` {{(pid=80112) log_request_info /opt/stack/keystone/keystone/server/flask/request_processing/req_logging.py:28}}
May 27 08:23:33.524501 dv-osbrick-762776-7-smb devstack@keystone.service[80112]: DEBUG keystone.server.flask.request_processing.req_logging [None req-e2ae4166-3ac6-4bae-9c4a-87ec08a35f6f None admin] PATH_INFO: `/v3/roles/member` {{(pid=80112) log_request_info /opt/stack/keystone/keystone/server/flask/request_processing/req_logging.py:29}}
May 27 08:23:33.536689 dv-osbrick-762776-7-smb devstack@keystone.service[80112]: DEBUG keystone.common.rbac_enforcer.enforcer [None req-e2ae4166-3ac6-4bae-9c4a-87ec08a35f6f None admin] Extracting inferred target data resulted in "NOT FOUND (404)". {{(pid=80112) enforce_call /opt/stack/keystone/keystone/common/rbac_enforcer/enforcer.py:409}}
May 27 08:23:33.543534 dv-osbrick-762776-7-smb devstack@keystone.service[80111]: DEBUG dbcounter [-] [80111] Writing DB stats keystone:SELECT=100 {{(pid=80111) stat_writer /usr/local/lib/python3.8/dist-packages/dbcounter.py:114}}
May 27 08:23:33.544328 dv-osbrick-762776-7-smb devstack@keystone.service[80112]: ERROR keystone.server.flask.application [None req-e2ae4166-3ac6-4bae-9c4a-87ec08a35f6f None admin] Could not find role: member.: keystone.exception.RoleNotFound: Could not find role: member.
May 27 08:23:33.544328 dv-osbrick-762776-7-smb devstack@keystone.service[80112]: ERROR keystone.server.flask.application
Traceback (most recent call last):
May 27 08:23:33.544328 dv-osbrick-762776-7-smb devstack@keystone.service[80112]: ERROR keystone.server.flask.application
File "/usr/local/lib/python3.8/dist-packages/flask/app.py", line 1523, in full_dispatch_request
May 27 08:23:33.544328 dv-osbrick-762776-7-smb devstack@keystone.service[80112]: ERROR keystone.server.flask.application rv = self.dispatch_request()
May 27 08:23:33.544328 dv-osbrick-762776-7-smb devstack@keystone.service[80112]: ERROR keystone.server.flask.application
File "/usr/local/lib/python3.8/dist-packages/flask/app.py", line 1509, in dispatch_request
May 27 08:23:33.544328 dv-osbrick-762776-7-smb devstack@keystone.service[80112]: ERROR keystone.server.flask.application return self.ensure_sync(self.view_functions[rule.endpoint])(**req.view_args)
May 27 08:23:33.544328 dv-osbrick-762776-7-smb devstack@keystone.service[80112]: ERROR keystone.server.flask.application
File "/usr/local/lib/python3.8/dist-packages/flask_restful/__init__.py", line 467, in wrapper
May 27 08:23:33.544328 dv-osbrick-762776-7-smb devstack@keystone.service[80112]: ERROR keystone.server.flask.application resp = resource(*args, **kwargs)
May 27 08:23:33.544328 dv-osbrick-762776-7-smb devstack@keystone.service[80112]: ERROR keystone.server.flask.application
File "/usr/local/lib/python3.8/dist-packages/flask/views.py", line 84, in view
May 27 08:23:33.544328 dv-osbrick-762776-7-smb devstack@keystone.service[80112]: ERROR keystone.server.flask.application return current_app.ensure_sync(self.dispatch_request)(*args, **kwargs)
May 27 08:23:33.544328 dv-osbrick-762776-7-smb devstack@keystone.service[80112]: ERROR keystone.server.flask.application
File "/usr/local/lib/python3.8/dist-packages/flask_restful/__init__.py", line 582, in dispatch_request
May 27 08:23:33.544328 dv-osbrick-762776-7-smb devstack@keystone.service[80112]: ERROR keystone.server.flask.application resp = meth(*args, **kwargs)
May 27 08:23:33.544328 dv-osbrick-762776-7-smb devstack@keystone.service[80112]: ERROR keystone.server.flask.application
File "/opt/stack/keystone/keystone/api/roles.py", line 50, in get
May 27 08:23:33.544328 dv-osbrick-762776-7-smb devstack@keystone.service[80112]: ERROR keystone.server.flask.application return self._get_role(role_id)
May 27 08:23:33.544328 dv-osbrick-762776-7-smb devstack@keystone.service[80112]: ERROR keystone.server.flask.application
File "/opt/stack/keystone/keystone/api/roles.py", line 70, in _get_role
May 27 08:23:33.544328 dv-osbrick-762776-7-smb devstack@keystone.service[80112]: ERROR keystone.server.flask.application ENFORCER.enforce_call(action='identity:get_role')
May 27 08:23:33.545190 dv-osbrick-762776-7-smb devstack@keystone.service[80112]: ERROR keystone.server.flask.application
File "/opt/stack/keystone/keystone/common/rbac_enforcer/enforcer.py", line 402, in enforce_call
May 27 08:23:33.545190 dv-osbrick-762776-7-smb devstack@keystone.service[80112]: ERROR keystone.server.flask.application policy_dict.update(cls._extract_member_target_data(
May 27 08:23:33.545190 dv-osbrick-762776-7-smb devstack@keystone.service[80112]: ERROR keystone.server.flask.application
File "/opt/stack/keystone/keystone/common/rbac_enforcer/enforcer.py", line 234, in _extract_member_target_data
May 27 08:23:33.545190 dv-osbrick-762776-7-smb devstack@keystone.service[80112]: ERROR keystone.server.flask.application member_name: func(flask.request.view_args[key])
May 27 08:23:33.545190 dv-osbrick-762776-7-smb devstack@keystone.service[80112]: ERROR keystone.server.flask.application
File "/opt/stack/keystone/keystone/common/manager.py", line 115, in wrapped
May 27 08:23:33.545190 dv-osbrick-762776-7-smb devstack@keystone.service[80112]: ERROR keystone.server.flask.application __ret_val = __f(*args, **kwargs)
May 27 08:23:33.545190 dv-osbrick-762776-7-smb devstack@keystone.service[80112]: ERROR keystone.server.flask.application
File "/usr/local/lib/python3.8/dist-packages/decorator.py", line 232, in fun
May 27 08:23:33.545190 dv-osbrick-762776-7-smb devstack@keystone.service[80112]: ERROR keystone.server.flask.application return caller(func, *(extras + args), **kw)
May 27 08:23:33.545190 dv-osbrick-762776-7-smb devstack@keystone.service[80112]: ERROR keystone.server.flask.application
File "/usr/local/lib/python3.8/dist-packages/dogpile/cache/region.py", line 1577, in get_or_create_for_user_func
May 27 08:23:33.545190 dv-osbrick-762776-7-smb devstack@keystone.service[80112]: ERROR keystone.server.flask.application return self.get_or_create(
May 27 08:23:33.545190 dv-osbrick-762776-7-smb devstack@keystone.service[80112]: ERROR keystone.server.flask.application
File "/usr/local/lib/python3.8/dist-packages/dogpile/cache/region.py", line 1042, in get_or_create
May 27 08:23:33.545190 dv-osbrick-762776-7-smb devstack@keystone.service[80112]: ERROR keystone.server.flask.application with Lock(
May 27 08:23:33.545190 dv-osbrick-762776-7-smb devstack@keystone.service[80112]: ERROR keystone.server.flask.application
File "/usr/local/lib/python3.8/dist-packages/dogpile/lock.py", line 185, in __enter__
May 27 08:23:33.545190 dv-osbrick-762776-7-smb devstack@keystone.service[80112]: ERROR keystone.server.flask.application return self._enter()
May 27 08:23:33.545190 dv-osbrick-762776-7-smb devstack@keystone.service[80112]: ERROR keystone.server.flask.application
File "/usr/local/lib/python3.8/dist-packages/dogpile/lock.py", line 94, in _enter
May 27 08:23:33.545190 dv-osbrick-762776-7-smb devstack@keystone.service[80112]: ERROR keystone.server.flask.application generated = self._enter_create(value, createdtime)
May 27 08:23:33.545968 dv-osbrick-762776-7-smb devstack@keystone.service[80112]: ERROR keystone.server.flask.application
File "/usr/local/lib/python3.8/dist-packages/dogpile/lock.py", line 178, in _enter_create
May 27 08:23:33.545968 dv-osbrick-762776-7-smb devstack@keystone.service[80112]: ERROR keystone.server.flask.application return self.creator()
May 27 08:23:33.545968 dv-osbrick-762776-7-smb devstack@keystone.service[80112]: ERROR keystone.server.flask.application
File "/usr/local/lib/python3.8/dist-packages/dogpile/cache/region.py", line 995, in gen_value
May 27 08:23:33.545968 dv-osbrick-762776-7-smb devstack@keystone.service[80112]: ERROR keystone.server.flask.application created_value = creator(
May 27 08:23:33.545968 dv-osbrick-762776-7-smb devstack@keystone.service[80112]: ERROR keystone.server.flask.application
File "/opt/stack/keystone/keystone/assignment/core.py", line 1276, in get_role
May 27 08:23:33.545968 dv-osbrick-762776-7-smb devstack@keystone.service[80112]: ERROR keystone.server.flask.application return self.driver.get_role(role_id)
May 27 08:23:33.545968 dv-osbrick-762776-7-smb devstack@keystone.service[80112]: ERROR keystone.server.flask.application
File "/opt/stack/keystone/keystone/assignment/role_backends/sql.py", line 70, in get_role
May 27 08:23:33.545968 dv-osbrick-762776-7-smb devstack@keystone.service[80112]: ERROR keystone.server.flask.application return self._get_role(session, role_id).to_dict()
May 27 08:23:33.545968 dv-osbrick-762776-7-smb devstack@keystone.service[80112]: ERROR keystone.server.flask.application
File "/opt/stack/keystone/keystone/assignment/role_backends/sql.py", line 65, in _get_role
May 27 08:23:33.545968 dv-osbrick-762776-7-smb devstack@keystone.service[80112]: ERROR keystone.server.flask.application raise exception.RoleNotFound(role_id=role_id)
May 27 08:23:33.545968 dv-osbrick-762776-7-smb devstack@keystone.service[80112]: ERROR keystone.server.flask.application keystone.exception.RoleNotFound: Could not find role: member.
May 27 08:23:33.545968 dv-osbrick-762776-7-smb devstack@keystone.service[80112]: ERROR keystone.server.flask.application
May 27 08:23:33.545968 dv-osbrick-762776-7-smb devstack@keystone.service[80112]: [pid: 80112|app: 0|req: 141/286] 10.222.0.55 () {56 vars in 1099 bytes} [Fri May 27 08:23:33 2022] GET /identity/v3/roles/member => generated 84 bytes in 191 msecs (HTTP/1.1 404) 5 headers in 183 bytes (1 switches on core 0)
May 27 08:23:33.546622 dv-osbrick-762776-7-smb devstack@keystone.service[80112]: DEBUG keystone.server.flask.request_processing.middleware.auth_context [None req-e2ae4166-3ac6-4bae-9c4a-87ec08a35f6f None admin] Authenticating user token {{(pid=80112) process_request /usr/local/lib/python3.8/dist-packages/keystonemiddleware/auth_token/__init__.py:407}}
May 27 08:23:33.587446 dv-osbrick-762776-7-smb devstack@keystone.service[80111]: DEBUG keystone.server.flask.request_processing.middleware.auth_context [None req-eca92e6e-0a98-47f3-9876-f72631fc737e None admin] Validating token access rules against request {{(pid=80111) validate_allowed_request /usr/local/lib/python3.8/dist-packages/keystonemiddleware/auth_token/__init__.py:545}}
May 27 08:23:33.624319 dv-osbrick-762776-7-smb devstack@keystone.service[80111]: DEBUG keystone.server.flask.request_processing.middleware.auth_context [None req-191ef791-0f5b-47d3-95a6-933fb60a0e60 None admin] RBAC: auth_context: {'token': , 'domain_id': None, 'trust_id': None, 'trustor_id': None, 'trustee_id': None, 'domain_name': None, 'group_ids': [], 'user_id': 'adaa749cb7e741d197867424034353b7', 'user_domain_id': 'default', 'system_scope': 'all', 'project_id': None, 'project_domain_id': None, 'roles': ['admin', 'member', 'reader'], 'is_admin_project': True, 'service_user_id': None, 'service_user_domain_id': None, 'service_project_id': None, 'service_project_domain_id': None, 'service_roles': []} {{(pid=80111) fill_context /opt/stack/keystone/keystone/server/flask/request_processing/middleware/auth_context.py:478}}
May 27 08:23:33.625203 dv-osbrick-762776-7-smb devstack@keystone.service[80111]: DEBUG keystone.server.flask.request_processing.req_logging [None req-191ef791-0f5b-47d3-95a6-933fb60a0e60 None admin] REQUEST_METHOD: `GET` {{(pid=80111) log_request_info /opt/stack/keystone/keystone/server/flask/request_processing/req_logging.py:27}}
May 27 08:23:33.625624 dv-osbrick-762776-7-smb devstack@keystone.service[80111]: DEBUG keystone.server.flask.request_processing.req_logging [None req-191ef791-0f5b-47d3-95a6-933fb60a0e60 None admin] SCRIPT_NAME: `/identity` {{(pid=80111) log_request_info /opt/stack/keystone/keystone/server/flask/request_processing/req_logging.py:28}}
May 27 08:23:33.626101 dv-osbrick-762776-7-smb devstack@keystone.service[80111]: DEBUG keystone.server.flask.request_processing.req_logging [None req-191ef791-0f5b-47d3-95a6-933fb60a0e60 None admin] PATH_INFO: `/v3/role_assignments` {{(pid=80111) log_request_info /opt/stack/keystone/keystone/server/flask/request_processing/req_logging.py:29}}
May 27 08:23:33.627089 dv-osbrick-762776-7-smb devstack@keystone.service[80111]: DEBUG keystone.common.rbac_enforcer.enforcer [None req-191ef791-0f5b-47d3-95a6-933fb60a0e60 None admin] RBAC: Adding query filter params (role.id=05c9291e56c64b2ea4ce14c9e71a29d8, user.id=ce2f3fa59dba496fb2b7225fbb5d28b3, scope.system=all) {{(pid=80111) _extract_filter_values /opt/stack/keystone/keystone/common/rbac_enforcer/enforcer.py:167}}
May 27 08:23:33.627567 dv-osbrick-762776-7-smb devstack@keystone.service[80111]: DEBUG keystone.common.rbac_enforcer.enforcer [None req-191ef791-0f5b-47d3-95a6-933fb60a0e60 None admin] RBAC: Authorizing `identity:list_role_assignments()` {{(pid=80111) enforce_call /opt/stack/keystone/keystone/common/rbac_enforcer/enforcer.py:449}}
May 27 08:23:33.629231 dv-osbrick-762776-7-smb devstack@keystone.service[80111]: DEBUG keystone.common.rbac_enforcer.enforcer [None req-191ef791-0f5b-47d3-95a6-933fb60a0e60 None admin] RBAC: Authorization granted {{(pid=80111) enforce_call /opt/stack/keystone/keystone/common/rbac_enforcer/enforcer.py:457}}
May 27 08:23:33.634953 dv-osbrick-762776-7-smb devstack@keystone.service[80111]: [pid: 80111|app: 0|req: 146/287] 10.222.0.55 () {56 vars in 1308 bytes} [Fri May 27 08:23:33 2022] GET /identity/v3/role_assignments?user.id=ce2f3fa59dba496fb2b7225fbb5d28b3&scope.system=all&role.id=05c9291e56c64b2ea4ce14c9e71a29d8 => generated 226 bytes in 168 msecs (HTTP/1.1 200) 5 headers in 177 bytes (1 switches on core 0)
May 27 08:23:33.636208 dv-osbrick-762776-7-smb devstack@keystone.service[80111]: DEBUG keystone.server.flask.request_processing.middleware.auth_context [None req-191ef791-0f5b-47d3-95a6-933fb60a0e60 None admin] Authenticating user token {{(pid=80111) process_request /usr/local/lib/python3.8/dist-packages/keystonemiddleware/auth_token/__init__.py:407}}
May 27 08:23:33.652420 dv-osbrick-762776-7-smb devstack@keystone.service[80112]: DEBUG dbcounter [-] [80112] Writing DB stats keystone:SELECT=100 {{(pid=80112) stat_writer /usr/local/lib/python3.8/dist-packages/dbcounter.py:114}}
May 27 08:23:33.682538 dv-osbrick-762776-7-smb devstack@keystone.service[80112]: DEBUG keystone.server.flask.request_processing.middleware.auth_context [None req-e2ae4166-3ac6-4bae-9c4a-87ec08a35f6f None admin] Validating token access rules against request {{(pid=80112) validate_allowed_request /usr/local/lib/python3.8/dist-packages/keystonemiddleware/auth_token/__init__.py:545}}
May 27 08:23:33.721640 dv-osbrick-762776-7-smb devstack@keystone.service[80112]: DEBUG keystone.server.flask.request_processing.middleware.auth_context [None req-8f392b4d-9d52-407c-b04b-0174087a7db1 None admin] RBAC: auth_context: {'token': , 'domain_id': None, 'trust_id': None, 'trustor_id': None, 'trustee_id': None, 'domain_name': None, 'group_ids': [], 'user_id': 'adaa749cb7e741d197867424034353b7', 'user_domain_id': 'default', 'system_scope': 'all', 'project_id': None, 'project_domain_id': None, 'roles': ['admin', 'member', 'reader'], 'is_admin_project': True, 'service_user_id': None, 'service_user_domain_id': None, 'service_project_id': None, 'service_project_domain_id': None, 'service_roles': []} {{(pid=80112) fill_context /opt/stack/keystone/keystone/server/flask/request_processing/middleware/auth_context.py:478}}
May 27 08:23:33.723758 dv-osbrick-762776-7-smb devstack@keystone.service[80112]: DEBUG keystone.server.flask.request_processing.req_logging [None req-8f392b4d-9d52-407c-b04b-0174087a7db1 None admin] REQUEST_METHOD: `GET` {{(pid=80112) log_request_info /opt/stack/keystone/keystone/server/flask/request_processing/req_logging.py:27}}
May 27 08:23:33.724077 dv-osbrick-762776-7-smb devstack@keystone.service[80112]: DEBUG keystone.server.flask.request_processing.req_logging [None req-8f392b4d-9d52-407c-b04b-0174087a7db1 None admin] SCRIPT_NAME: `/identity` {{(pid=80112) log_request_info /opt/stack/keystone/keystone/server/flask/request_processing/req_logging.py:28}}
May 27 08:23:33.724366 dv-osbrick-762776-7-smb devstack@keystone.service[80112]: DEBUG keystone.server.flask.request_processing.req_logging [None req-8f392b4d-9d52-407c-b04b-0174087a7db1 None admin] PATH_INFO: `/v3/projects/1f8965abccac427b837acbedf4760b2f` {{(pid=80112) log_request_info /opt/stack/keystone/keystone/server/flask/request_processing/req_logging.py:29}}
May 27 08:23:33.726110 dv-osbrick-762776-7-smb devstack@keystone.service[80112]: DEBUG keystone.common.rbac_enforcer.enforcer [None req-8f392b4d-9d52-407c-b04b-0174087a7db1 None admin] RBAC: Authorizing `identity:get_project(project_id=1f8965abccac427b837acbedf4760b2f)` {{(pid=80112) enforce_call /opt/stack/keystone/keystone/common/rbac_enforcer/enforcer.py:449}}
May 27 08:23:33.727612 dv-osbrick-762776-7-smb devstack@keystone.service[80112]: DEBUG keystone.common.rbac_enforcer.enforcer [None req-8f392b4d-9d52-407c-b04b-0174087a7db1 None admin] RBAC: Authorization granted {{(pid=80112) enforce_call /opt/stack/keystone/keystone/common/rbac_enforcer/enforcer.py:457}}
May 27 08:23:33.730290 dv-osbrick-762776-7-smb devstack@keystone.service[80112]: [pid: 80112|app: 0|req: 142/288] 10.222.0.55 () {56 vars in 1186 bytes} [Fri May 27 08:23:33 2022] GET /identity/v3/projects/1f8965abccac427b837acbedf4760b2f => generated 302 bytes in 184 msecs (HTTP/1.1 200) 5 headers in 177 bytes (1 switches on core 0)
May 27 08:23:33.735591 dv-osbrick-762776-7-smb devstack@keystone.service[80112]: DEBUG keystone.server.flask.request_processing.middleware.auth_context [None req-8f392b4d-9d52-407c-b04b-0174087a7db1 None admin] Authenticating user token {{(pid=80112) process_request /usr/local/lib/python3.8/dist-packages/keystonemiddleware/auth_token/__init__.py:407}}
May 27 08:23:33.863893 dv-osbrick-762776-7-smb devstack@keystone.service[80111]: DEBUG keystone.server.flask.request_processing.middleware.auth_context [None req-191ef791-0f5b-47d3-95a6-933fb60a0e60 None admin] Validating token access rules against request {{(pid=80111) validate_allowed_request /usr/local/lib/python3.8/dist-packages/keystonemiddleware/auth_token/__init__.py:545}}
May 27 08:23:33.887448 dv-osbrick-762776-7-smb devstack@keystone.service[80112]: DEBUG keystone.server.flask.request_processing.middleware.auth_context [None req-8f392b4d-9d52-407c-b04b-0174087a7db1 None admin] Validating token access rules against request {{(pid=80112) validate_allowed_request /usr/local/lib/python3.8/dist-packages/keystonemiddleware/auth_token/__init__.py:545}}
May 27 08:23:33.900529 dv-osbrick-762776-7-smb devstack@keystone.service[80111]: DEBUG dbcounter [-] [80111] Writing DB stats keystone:SELECT=100 {{(pid=80111) stat_writer /usr/local/lib/python3.8/dist-packages/dbcounter.py:114}}
May 27 08:23:33.924697 dv-osbrick-762776-7-smb devstack@keystone.service[80111]: DEBUG keystone.server.flask.request_processing.middleware.auth_context [None req-f6b98850-b70c-4e31-9543-085c527347b4 None admin] RBAC: auth_context: {'token': , 'domain_id': None, 'trust_id': None, 'trustor_id': None, 'trustee_id': None, 'domain_name': None, 'group_ids': [], 'user_id': 'adaa749cb7e741d197867424034353b7', 'user_domain_id': 'default', 'system_scope': 'all', 'project_id': None, 'project_domain_id': None, 'roles': ['admin', 'member', 'reader'], 'is_admin_project': True, 'service_user_id': None, 'service_user_domain_id': None, 'service_project_id': None, 'service_project_domain_id': None, 'service_roles': []} {{(pid=80111) fill_context /opt/stack/keystone/keystone/server/flask/request_processing/middleware/auth_context.py:478}}
May 27 08:23:33.925797 dv-osbrick-762776-7-smb devstack@keystone.service[80111]: DEBUG keystone.server.flask.request_processing.req_logging [None req-f6b98850-b70c-4e31-9543-085c527347b4 None admin] REQUEST_METHOD: `GET` {{(pid=80111) log_request_info /opt/stack/keystone/keystone/server/flask/request_processing/req_logging.py:27}}
May 27 08:23:33.926276 dv-osbrick-762776-7-smb devstack@keystone.service[80111]: DEBUG keystone.server.flask.request_processing.req_logging [None req-f6b98850-b70c-4e31-9543-085c527347b4 None admin] SCRIPT_NAME: `/identity` {{(pid=80111) log_request_info /opt/stack/keystone/keystone/server/flask/request_processing/req_logging.py:28}}
May 27 08:23:33.926743 dv-osbrick-762776-7-smb devstack@keystone.service[80111]: DEBUG keystone.server.flask.request_processing.req_logging [None req-f6b98850-b70c-4e31-9543-085c527347b4 None admin] PATH_INFO: `/v3/roles` {{(pid=80111) log_request_info /opt/stack/keystone/keystone/server/flask/request_processing/req_logging.py:29}}
May 27 08:23:33.927679 dv-osbrick-762776-7-smb devstack@keystone.service[80111]: DEBUG keystone.common.rbac_enforcer.enforcer [None req-f6b98850-b70c-4e31-9543-085c527347b4 None admin] RBAC: Adding query filter params (name=member) {{(pid=80111) _extract_filter_values /opt/stack/keystone/keystone/common/rbac_enforcer/enforcer.py:167}}
May 27 08:23:33.927853 dv-osbrick-762776-7-smb devstack@keystone.service[80112]: DEBUG keystone.server.flask.request_processing.middleware.auth_context [None req-caf8716a-81a4-4372-8ea9-0ebdc22bfc27 None admin] RBAC: auth_context: {'token': , 'domain_id': None, 'trust_id': None, 'trustor_id': None, 'trustee_id': None, 'domain_name': None, 'group_ids': [], 'user_id': 'adaa749cb7e741d197867424034353b7', 'user_domain_id': 'default', 'system_scope': 'all', 'project_id': None, 'project_domain_id': None, 'roles': ['admin', 'member', 'reader'], 'is_admin_project': True, 'service_user_id': None, 'service_user_domain_id': None, 'service_project_id': None, 'service_project_domain_id': None, 'service_roles': []} {{(pid=80112) fill_context /opt/stack/keystone/keystone/server/flask/request_processing/middleware/auth_context.py:478}}
May 27 08:23:33.928487 dv-osbrick-762776-7-smb devstack@keystone.service[80111]: DEBUG keystone.common.rbac_enforcer.enforcer [None req-f6b98850-b70c-4e31-9543-085c527347b4 None admin] RBAC: Authorizing `identity:list_roles()` {{(pid=80111) enforce_call /opt/stack/keystone/keystone/common/rbac_enforcer/enforcer.py:449}}
May 27 08:23:33.928847 dv-osbrick-762776-7-smb devstack@keystone.service[80112]: DEBUG keystone.server.flask.request_processing.req_logging [None req-caf8716a-81a4-4372-8ea9-0ebdc22bfc27 None admin] REQUEST_METHOD: `PUT` {{(pid=80112) log_request_info /opt/stack/keystone/keystone/server/flask/request_processing/req_logging.py:27}}
May 27 08:23:33.929128 dv-osbrick-762776-7-smb devstack@keystone.service[80112]: DEBUG keystone.server.flask.request_processing.req_logging [None req-caf8716a-81a4-4372-8ea9-0ebdc22bfc27 None admin] SCRIPT_NAME: `/identity` {{(pid=80112) log_request_info /opt/stack/keystone/keystone/server/flask/request_processing/req_logging.py:28}}
May 27 08:23:33.929404 dv-osbrick-762776-7-smb devstack@keystone.service[80112]: DEBUG keystone.server.flask.request_processing.req_logging [None req-caf8716a-81a4-4372-8ea9-0ebdc22bfc27 None admin] PATH_INFO: `/v3/projects/1f8965abccac427b837acbedf4760b2f/users/1caf6f442cf946d7870f15217a6ed143/roles/993768e214144a3b994c76a556e7914f` {{(pid=80112) log_request_info /opt/stack/keystone/keystone/server/flask/request_processing/req_logging.py:29}}
May 27 08:23:33.930659 dv-osbrick-762776-7-smb devstack@keystone.service[80111]: DEBUG keystone.common.rbac_enforcer.enforcer [None req-f6b98850-b70c-4e31-9543-085c527347b4 None admin] RBAC: Authorization granted {{(pid=80111) enforce_call /opt/stack/keystone/keystone/common/rbac_enforcer/enforcer.py:457}}
May 27 08:23:33.931358 dv-osbrick-762776-7-smb devstack@keystone.service[80112]: DEBUG keystone.common.rbac_enforcer.enforcer [None req-caf8716a-81a4-4372-8ea9-0ebdc22bfc27 None admin] RBAC: Authorizing `identity:create_grant(project_id=1f8965abccac427b837acbedf4760b2f, user_id=1caf6f442cf946d7870f15217a6ed143, role_id=993768e214144a3b994c76a556e7914f)` {{(pid=80112) enforce_call /opt/stack/keystone/keystone/common/rbac_enforcer/enforcer.py:449}}
May 27 08:23:33.937624 dv-osbrick-762776-7-smb devstack@keystone.service[80112]: DEBUG keystone.common.rbac_enforcer.enforcer [None req-caf8716a-81a4-4372-8ea9-0ebdc22bfc27 None admin] RBAC: Authorization granted {{(pid=80112) enforce_call /opt/stack/keystone/keystone/common/rbac_enforcer/enforcer.py:457}}
May 27 08:23:33.951221 dv-osbrick-762776-7-smb devstack@keystone.service[80112]: [pid: 80112|app: 0|req: 143/289] 10.222.0.55 () {58 vars in 1439 bytes} [Fri May 27 08:23:33 2022] PUT /identity/v3/projects/1f8965abccac427b837acbedf4760b2f/users/1caf6f442cf946d7870f15217a6ed143/roles/993768e214144a3b994c76a556e7914f => generated 0 bytes in 216 msecs (HTTP/1.1 204) 3 headers in 132 bytes (0 switches on core 0)
May 27 08:23:33.952320 dv-osbrick-762776-7-smb devstack@keystone.service[80111]: [pid: 80111|app: 0|req: 147/290] 10.222.0.55 () {56 vars in 1101 bytes} [Fri May 27 08:23:33 2022] GET /identity/v3/roles?name=member => generated 341 bytes in 317 msecs (HTTP/1.1 200) 5 headers in 177 bytes (1 switches on core 0)
May 27 08:23:33.961976 dv-osbrick-762776-7-smb devstack@keystone.service[80112]: DEBUG keystone.server.flask.request_processing.middleware.auth_context [None req-caf8716a-81a4-4372-8ea9-0ebdc22bfc27 None admin] Authenticating user token {{(pid=80112) process_request /usr/local/lib/python3.8/dist-packages/keystonemiddleware/auth_token/__init__.py:407}}
May 27 08:23:33.965095 dv-osbrick-762776-7-smb devstack@keystone.service[80112]: DEBUG dbcounter [-] [80112] Writing DB stats keystone:SELECT=99,keystone:INSERT=1 {{(pid=80112) stat_writer /usr/local/lib/python3.8/dist-packages/dbcounter.py:114}}
May 27 08:23:34.132096 dv-osbrick-762776-7-smb devstack@keystone.service[80112]: DEBUG keystone.server.flask.request_processing.middleware.auth_context [None req-caf8716a-81a4-4372-8ea9-0ebdc22bfc27 None admin] Validating token access rules against request {{(pid=80112) validate_allowed_request /usr/local/lib/python3.8/dist-packages/keystonemiddleware/auth_token/__init__.py:545}}
May 27 08:23:34.178916 dv-osbrick-762776-7-smb devstack@keystone.service[80112]: DEBUG keystone.server.flask.request_processing.middleware.auth_context [None req-2a07964f-65d9-49be-94ce-6237d6957082 None admin] RBAC: auth_context: {'token': , 'domain_id': None, 'trust_id': None, 'trustor_id': None, 'trustee_id': None, 'domain_name': None, 'group_ids': [], 'user_id': 'adaa749cb7e741d197867424034353b7', 'user_domain_id': 'default', 'system_scope': 'all', 'project_id': None, 'project_domain_id': None, 'roles': ['admin', 'member', 'reader'], 'is_admin_project': True, 'service_user_id': None, 'service_user_domain_id': None, 'service_project_id': None, 'service_project_domain_id': None, 'service_roles': []} {{(pid=80112) fill_context /opt/stack/keystone/keystone/server/flask/request_processing/middleware/auth_context.py:478}}
May 27 08:23:34.180166 dv-osbrick-762776-7-smb devstack@keystone.service[80112]: DEBUG keystone.server.flask.request_processing.req_logging [None req-2a07964f-65d9-49be-94ce-6237d6957082 None admin] REQUEST_METHOD: `GET` {{(pid=80112) log_request_info /opt/stack/keystone/keystone/server/flask/request_processing/req_logging.py:27}}
May 27 08:23:34.180643 dv-osbrick-762776-7-smb devstack@keystone.service[80112]: DEBUG keystone.server.flask.request_processing.req_logging [None req-2a07964f-65d9-49be-94ce-6237d6957082 None admin] SCRIPT_NAME: `/identity` {{(pid=80112) log_request_info /opt/stack/keystone/keystone/server/flask/request_processing/req_logging.py:28}}
May 27 08:23:34.181130 dv-osbrick-762776-7-smb devstack@keystone.service[80112]: DEBUG keystone.server.flask.request_processing.req_logging [None req-2a07964f-65d9-49be-94ce-6237d6957082 None admin] PATH_INFO: `/v3/users/037a84ccefd44ff3b4dc61bfa99275c6` {{(pid=80112) log_request_info /opt/stack/keystone/keystone/server/flask/request_processing/req_logging.py:29}}
May 27 08:23:34.182521 dv-osbrick-762776-7-smb devstack@keystone.service[80112]: DEBUG keystone.common.rbac_enforcer.enforcer [None req-2a07964f-65d9-49be-94ce-6237d6957082 None admin] RBAC: Authorizing `identity:get_user(user_id=037a84ccefd44ff3b4dc61bfa99275c6)` {{(pid=80112) enforce_call /opt/stack/keystone/keystone/common/rbac_enforcer/enforcer.py:449}}
May 27 08:23:34.184215 dv-osbrick-762776-7-smb devstack@keystone.service[80112]: DEBUG keystone.common.rbac_enforcer.enforcer [None req-2a07964f-65d9-49be-94ce-6237d6957082 None admin] RBAC: Authorization granted {{(pid=80112) enforce_call /opt/stack/keystone/keystone/common/rbac_enforcer/enforcer.py:457}}
May 27 08:23:34.186039 dv-osbrick-762776-7-smb devstack@keystone.service[80112]: [pid: 80112|app: 0|req: 144/291] 10.222.0.55 () {56 vars in 1177 bytes} [Fri May 27 08:23:33 2022] GET /identity/v3/users/037a84ccefd44ff3b4dc61bfa99275c6 => generated 297 bytes in 225 msecs (HTTP/1.1 200) 5 headers in 177 bytes (1 switches on core 0)
May 27 08:23:34.191940 dv-osbrick-762776-7-smb devstack@keystone.service[80111]: DEBUG keystone.server.flask.request_processing.middleware.auth_context [None req-f6b98850-b70c-4e31-9543-085c527347b4 None admin] Authenticating user token {{(pid=80111) process_request /usr/local/lib/python3.8/dist-packages/keystonemiddleware/auth_token/__init__.py:407}}
May 27 08:23:34.323165 dv-osbrick-762776-7-smb devstack@keystone.service[80111]: DEBUG keystone.server.flask.request_processing.middleware.auth_context [None req-f6b98850-b70c-4e31-9543-085c527347b4 None admin] Validating token access rules against request {{(pid=80111) validate_allowed_request /usr/local/lib/python3.8/dist-packages/keystonemiddleware/auth_token/__init__.py:545}}
May 27 08:23:34.361759 dv-osbrick-762776-7-smb devstack@keystone.service[80111]: DEBUG keystone.server.flask.request_processing.middleware.auth_context [None req-3dc668e5-14cd-48be-8427-6d95d77cee89 None admin] RBAC: auth_context: {'token': , 'domain_id': None, 'trust_id': None, 'trustor_id': None, 'trustee_id': None, 'domain_name': None, 'group_ids': [], 'user_id': 'adaa749cb7e741d197867424034353b7', 'user_domain_id': 'default', 'system_scope': 'all', 'project_id': None, 'project_domain_id': None, 'roles': ['admin', 'member', 'reader'], 'is_admin_project': True, 'service_user_id': None, 'service_user_domain_id': None, 'service_project_id': None, 'service_project_domain_id': None, 'service_roles': []} {{(pid=80111) fill_context /opt/stack/keystone/keystone/server/flask/request_processing/middleware/auth_context.py:478}}
May 27 08:23:34.362420 dv-osbrick-762776-7-smb devstack@keystone.service[80111]: DEBUG keystone.server.flask.request_processing.req_logging [None req-3dc668e5-14cd-48be-8427-6d95d77cee89 None admin] REQUEST_METHOD: `GET` {{(pid=80111) log_request_info /opt/stack/keystone/keystone/server/flask/request_processing/req_logging.py:27}}
May 27 08:23:34.363265 dv-osbrick-762776-7-smb devstack@keystone.service[80111]: DEBUG keystone.server.flask.request_processing.req_logging [None req-3dc668e5-14cd-48be-8427-6d95d77cee89 None admin] SCRIPT_NAME: `/identity` {{(pid=80111) log_request_info /opt/stack/keystone/keystone/server/flask/request_processing/req_logging.py:28}}
May 27 08:23:34.363544 dv-osbrick-762776-7-smb devstack@keystone.service[80111]: DEBUG keystone.server.flask.request_processing.req_logging [None req-3dc668e5-14cd-48be-8427-6d95d77cee89 None admin] PATH_INFO: `/v3/auth/tokens` {{(pid=80111) log_request_info /opt/stack/keystone/keystone/server/flask/request_processing/req_logging.py:29}}
May 27 08:23:34.433125 dv-osbrick-762776-7-smb devstack@keystone.service[80111]: DEBUG dbcounter [-] [80111] Writing DB stats keystone:SELECT=100 {{(pid=80111) stat_writer /usr/local/lib/python3.8/dist-packages/dbcounter.py:114}}
May 27 08:23:34.446505 dv-osbrick-762776-7-smb devstack@keystone.service[80111]: DEBUG keystone.common.rbac_enforcer.enforcer [None req-3dc668e5-14cd-48be-8427-6d95d77cee89 None admin] RBAC: Authorizing `identity:validate_token()` {{(pid=80111) enforce_call /opt/stack/keystone/keystone/common/rbac_enforcer/enforcer.py:449}}
May 27 08:23:34.448110 dv-osbrick-762776-7-smb devstack@keystone.service[80111]: DEBUG keystone.common.rbac_enforcer.enforcer [None req-3dc668e5-14cd-48be-8427-6d95d77cee89 None admin] RBAC: Authorization granted {{(pid=80111) enforce_call /opt/stack/keystone/keystone/common/rbac_enforcer/enforcer.py:457}}
May 27 08:23:34.564086 dv-osbrick-762776-7-smb devstack@keystone.service[80111]: [pid: 80111|app: 0|req: 148/292] 10.222.0.55 () {58 vars in 1282 bytes} [Fri May 27 08:23:34 2022] GET /identity/v3/auth/tokens => generated 799 bytes in 372 msecs (HTTP/1.1 200) 6 headers in 358 bytes (1 switches on core 0)
May 27 08:23:34.570107 dv-osbrick-762776-7-smb devstack@keystone.service[80112]: DEBUG keystone.server.flask.request_processing.middleware.auth_context [None req-2a07964f-65d9-49be-94ce-6237d6957082 None admin] Authenticating user token {{(pid=80112) process_request /usr/local/lib/python3.8/dist-packages/keystonemiddleware/auth_token/__init__.py:407}}
May 27 08:23:34.676162 dv-osbrick-762776-7-smb devstack@keystone.service[80112]: DEBUG dbcounter [-] [80112] Writing DB stats keystone:SELECT=100 {{(pid=80112) stat_writer /usr/local/lib/python3.8/dist-packages/dbcounter.py:114}}
May 27 08:23:34.710466 dv-osbrick-762776-7-smb devstack@keystone.service[80112]: DEBUG keystone.server.flask.request_processing.middleware.auth_context [None req-2a07964f-65d9-49be-94ce-6237d6957082 None admin] Validating token access rules against request {{(pid=80112) validate_allowed_request /usr/local/lib/python3.8/dist-packages/keystonemiddleware/auth_token/__init__.py:545}}
May 27 08:23:34.760430 dv-osbrick-762776-7-smb devstack@keystone.service[80112]: DEBUG keystone.server.flask.request_processing.middleware.auth_context [None req-94abde68-bc57-4037-b39f-cc835b1d1e80 None admin] RBAC: auth_context: {'token': , 'domain_id': None, 'trust_id': None, 'trustor_id': None, 'trustee_id': None, 'domain_name': None, 'group_ids': [], 'user_id': 'adaa749cb7e741d197867424034353b7', 'user_domain_id': 'default', 'system_scope': 'all', 'project_id': None, 'project_domain_id': None, 'roles': ['admin', 'member', 'reader'], 'is_admin_project': True, 'service_user_id': None, 'service_user_domain_id': None, 'service_project_id': None, 'service_project_domain_id': None, 'service_roles': []} {{(pid=80112) fill_context /opt/stack/keystone/keystone/server/flask/request_processing/middleware/auth_context.py:478}}
May 27 08:23:34.761633 dv-osbrick-762776-7-smb devstack@keystone.service[80112]: DEBUG keystone.server.flask.request_processing.req_logging [None req-94abde68-bc57-4037-b39f-cc835b1d1e80 None admin] REQUEST_METHOD: `GET` {{(pid=80112) log_request_info /opt/stack/keystone/keystone/server/flask/request_processing/req_logging.py:27}}
May 27 08:23:34.762138 dv-osbrick-762776-7-smb devstack@keystone.service[80112]: DEBUG keystone.server.flask.request_processing.req_logging [None req-94abde68-bc57-4037-b39f-cc835b1d1e80 None admin] SCRIPT_NAME: `/identity` {{(pid=80112) log_request_info /opt/stack/keystone/keystone/server/flask/request_processing/req_logging.py:28}}
May 27 08:23:34.762630 dv-osbrick-762776-7-smb devstack@keystone.service[80112]: DEBUG keystone.server.flask.request_processing.req_logging [None req-94abde68-bc57-4037-b39f-cc835b1d1e80 None admin] PATH_INFO: `/v3/projects/1f8965abccac427b837acbedf4760b2f` {{(pid=80112) log_request_info /opt/stack/keystone/keystone/server/flask/request_processing/req_logging.py:29}}
May 27 08:23:34.766566 dv-osbrick-762776-7-smb devstack@keystone.service[80112]: DEBUG keystone.common.rbac_enforcer.enforcer [None req-94abde68-bc57-4037-b39f-cc835b1d1e80 None admin] RBAC: Authorizing `identity:get_project(project_id=1f8965abccac427b837acbedf4760b2f)` {{(pid=80112) enforce_call /opt/stack/keystone/keystone/common/rbac_enforcer/enforcer.py:449}}
May 27 08:23:34.768267 dv-osbrick-762776-7-smb devstack@keystone.service[80112]: DEBUG keystone.common.rbac_enforcer.enforcer [None req-94abde68-bc57-4037-b39f-cc835b1d1e80 None admin] RBAC: Authorization granted {{(pid=80112) enforce_call /opt/stack/keystone/keystone/common/rbac_enforcer/enforcer.py:457}}
May 27 08:23:34.770737 dv-osbrick-762776-7-smb devstack@keystone.service[80112]: [pid: 80112|app: 0|req: 145/293] 10.222.0.55 () {56 vars in 1186 bytes} [Fri May 27 08:23:34 2022] GET /identity/v3/projects/1f8965abccac427b837acbedf4760b2f => generated 302 bytes in 201 msecs (HTTP/1.1 200) 5 headers in 177 bytes (1 switches on core 0)
May 27 08:23:34.776699 dv-osbrick-762776-7-smb devstack@keystone.service[80111]: DEBUG keystone.server.flask.request_processing.middleware.auth_context [None req-3dc668e5-14cd-48be-8427-6d95d77cee89 None admin] Authenticating user token {{(pid=80111) process_request /usr/local/lib/python3.8/dist-packages/keystonemiddleware/auth_token/__init__.py:407}}
May 27 08:23:34.893157 dv-osbrick-762776-7-smb devstack@keystone.service[80111]: DEBUG dbcounter [-] [80111] Writing DB stats keystone:SELECT=100 {{(pid=80111) stat_writer /usr/local/lib/python3.8/dist-packages/dbcounter.py:114}}
May 27 08:23:34.903527 dv-osbrick-762776-7-smb devstack@keystone.service[80111]: DEBUG keystone.server.flask.request_processing.middleware.auth_context [None req-3dc668e5-14cd-48be-8427-6d95d77cee89 None admin] Validating token access rules against request {{(pid=80111) validate_allowed_request /usr/local/lib/python3.8/dist-packages/keystonemiddleware/auth_token/__init__.py:545}}
May 27 08:23:34.957235 dv-osbrick-762776-7-smb devstack@keystone.service[80111]: DEBUG keystone.server.flask.request_processing.middleware.auth_context [None req-cfc0a9b5-bd33-44d8-9db5-897e9bf62f7b None admin] RBAC: auth_context: {'token': , 'domain_id': None, 'trust_id': None, 'trustor_id': None, 'trustee_id': None, 'domain_name': None, 'group_ids': [], 'user_id': 'adaa749cb7e741d197867424034353b7', 'user_domain_id': 'default', 'system_scope': 'all', 'project_id': None, 'project_domain_id': None, 'roles': ['admin', 'member', 'reader'], 'is_admin_project': True, 'service_user_id': None, 'service_user_domain_id': None, 'service_project_id': None, 'service_project_domain_id': None, 'service_roles': []} {{(pid=80111) fill_context /opt/stack/keystone/keystone/server/flask/request_processing/middleware/auth_context.py:478}}
May 27 08:23:34.957904 dv-osbrick-762776-7-smb devstack@keystone.service[80111]: DEBUG keystone.server.flask.request_processing.req_logging [None req-cfc0a9b5-bd33-44d8-9db5-897e9bf62f7b None admin] REQUEST_METHOD: `GET` {{(pid=80111) log_request_info /opt/stack/keystone/keystone/server/flask/request_processing/req_logging.py:27}}
May 27 08:23:34.958191 dv-osbrick-762776-7-smb devstack@keystone.service[80111]: DEBUG keystone.server.flask.request_processing.req_logging [None req-cfc0a9b5-bd33-44d8-9db5-897e9bf62f7b None admin] SCRIPT_NAME: `/identity` {{(pid=80111) log_request_info /opt/stack/keystone/keystone/server/flask/request_processing/req_logging.py:28}}
May 27 08:23:34.958464 dv-osbrick-762776-7-smb devstack@keystone.service[80111]: DEBUG keystone.server.flask.request_processing.req_logging [None req-cfc0a9b5-bd33-44d8-9db5-897e9bf62f7b None admin] PATH_INFO: `/v3/role_assignments` {{(pid=80111) log_request_info /opt/stack/keystone/keystone/server/flask/request_processing/req_logging.py:29}}
May 27 08:23:34.959305 dv-osbrick-762776-7-smb devstack@keystone.service[80111]: DEBUG keystone.common.rbac_enforcer.enforcer [None req-cfc0a9b5-bd33-44d8-9db5-897e9bf62f7b None admin] RBAC: Adding query filter params (role.id=05c9291e56c64b2ea4ce14c9e71a29d8, scope.project.id=1f8965abccac427b837acbedf4760b2f, user.id=037a84ccefd44ff3b4dc61bfa99275c6) {{(pid=80111) _extract_filter_values /opt/stack/keystone/keystone/common/rbac_enforcer/enforcer.py:167}}
May 27 08:23:34.959617 dv-osbrick-762776-7-smb devstack@keystone.service[80111]: DEBUG keystone.common.rbac_enforcer.enforcer [None req-cfc0a9b5-bd33-44d8-9db5-897e9bf62f7b None admin] RBAC: Authorizing `identity:list_role_assignments()` {{(pid=80111) enforce_call /opt/stack/keystone/keystone/common/rbac_enforcer/enforcer.py:449}}
May 27 08:23:34.961157 dv-osbrick-762776-7-smb devstack@keystone.service[80111]: DEBUG keystone.common.rbac_enforcer.enforcer [None req-cfc0a9b5-bd33-44d8-9db5-897e9bf62f7b None admin] RBAC: Authorization granted {{(pid=80111) enforce_call /opt/stack/keystone/keystone/common/rbac_enforcer/enforcer.py:457}}
May 27 08:23:34.967433 dv-osbrick-762776-7-smb devstack@keystone.service[80111]: [pid: 80111|app: 0|req: 149/294] 10.222.0.55 () {56 vars in 1374 bytes} [Fri May 27 08:23:34 2022] GET /identity/v3/role_assignments?user.id=037a84ccefd44ff3b4dc61bfa99275c6&scope.project.id=1f8965abccac427b837acbedf4760b2f&role.id=05c9291e56c64b2ea4ce14c9e71a29d8 => generated 608 bytes in 191 msecs (HTTP/1.1 200) 5 headers in 177 bytes (1 switches on core 0)
May 27 08:23:35.930773 dv-osbrick-762776-7-smb devstack@keystone.service[80112]: DEBUG keystone.server.flask.request_processing.req_logging [None req-c43fe288-d2a5-4c4c-bc79-56f639fbba4c None None] REQUEST_METHOD: `GET` {{(pid=80112) log_request_info /opt/stack/keystone/keystone/server/flask/request_processing/req_logging.py:27}}
May 27 08:23:35.931259 dv-osbrick-762776-7-smb devstack@keystone.service[80112]: DEBUG keystone.server.flask.request_processing.req_logging [None req-c43fe288-d2a5-4c4c-bc79-56f639fbba4c None None] SCRIPT_NAME: `/identity` {{(pid=80112) log_request_info /opt/stack/keystone/keystone/server/flask/request_processing/req_logging.py:28}}
May 27 08:23:35.931259 dv-osbrick-762776-7-smb devstack@keystone.service[80112]: DEBUG keystone.server.flask.request_processing.req_logging [None req-c43fe288-d2a5-4c4c-bc79-56f639fbba4c None None] PATH_INFO: `/` {{(pid=80112) log_request_info /opt/stack/keystone/keystone/server/flask/request_processing/req_logging.py:29}}
May 27 08:23:35.932887 dv-osbrick-762776-7-smb devstack@keystone.service[80112]: [pid: 80112|app: 0|req: 146/295] 10.222.0.55 () {54 vars in 926 bytes} [Fri May 27 08:23:35 2022] GET /identity => generated 270 bytes in 3 msecs (HTTP/1.1 300) 6 headers in 234 bytes (1 switches on core 0)
May 27 08:23:35.938436 dv-osbrick-762776-7-smb devstack@keystone.service[80111]: DEBUG keystone.server.flask.request_processing.req_logging [None req-0ab7e38d-72f4-48ad-a3d8-b9508a8a99df None None] REQUEST_METHOD: `POST` {{(pid=80111) log_request_info /opt/stack/keystone/keystone/server/flask/request_processing/req_logging.py:27}}
May 27 08:23:35.939280 dv-osbrick-762776-7-smb devstack@keystone.service[80111]: DEBUG keystone.server.flask.request_processing.req_logging [None req-0ab7e38d-72f4-48ad-a3d8-b9508a8a99df None None] SCRIPT_NAME: `/identity` {{(pid=80111) log_request_info /opt/stack/keystone/keystone/server/flask/request_processing/req_logging.py:28}}
May 27 08:23:35.939764 dv-osbrick-762776-7-smb devstack@keystone.service[80111]: DEBUG keystone.server.flask.request_processing.req_logging [None req-0ab7e38d-72f4-48ad-a3d8-b9508a8a99df None None] PATH_INFO: `/v3/auth/tokens` {{(pid=80111) log_request_info /opt/stack/keystone/keystone/server/flask/request_processing/req_logging.py:29}}
May 27 08:23:35.956467 dv-osbrick-762776-7-smb devstack@keystone.service[80112]: DEBUG keystone.server.flask.request_processing.req_logging [None req-2fe7a2b8-8ff9-4f09-8c4d-fbd48f2a9bc2 None None] REQUEST_METHOD: `GET` {{(pid=80112) log_request_info /opt/stack/keystone/keystone/server/flask/request_processing/req_logging.py:27}}
May 27 08:23:35.957116 dv-osbrick-762776-7-smb devstack@keystone.service[80112]: DEBUG keystone.server.flask.request_processing.req_logging [None req-2fe7a2b8-8ff9-4f09-8c4d-fbd48f2a9bc2 None None] SCRIPT_NAME: `/identity` {{(pid=80112) log_request_info /opt/stack/keystone/keystone/server/flask/request_processing/req_logging.py:28}}
May 27 08:23:35.957547 dv-osbrick-762776-7-smb devstack@keystone.service[80111]: DEBUG keystone.auth.core [None req-0ab7e38d-72f4-48ad-a3d8-b9508a8a99df None None] MFA Rules not processed for user `adaa749cb7e741d197867424034353b7`. Rule list: `[]` (Enabled: `True`). {{(pid=80111) check_auth_methods_against_rules /opt/stack/keystone/keystone/auth/core.py:438}}
May 27 08:23:35.957821 dv-osbrick-762776-7-smb devstack@keystone.service[80112]: DEBUG keystone.server.flask.request_processing.req_logging [None req-2fe7a2b8-8ff9-4f09-8c4d-fbd48f2a9bc2 None None] PATH_INFO: `/` {{(pid=80112) log_request_info /opt/stack/keystone/keystone/server/flask/request_processing/req_logging.py:29}}
May 27 08:23:35.958758 dv-osbrick-762776-7-smb devstack@keystone.service[80111]: DEBUG keystone.common.fernet_utils [None req-0ab7e38d-72f4-48ad-a3d8-b9508a8a99df None None] Loaded 2 Fernet keys from /etc/keystone/fernet-keys/, but `[fernet_tokens] max_active_keys = 3`; perhaps there have not been enough key rotations to reach `max_active_keys` yet? {{(pid=80111) load_keys /opt/stack/keystone/keystone/common/fernet_utils.py:286}}
May 27 08:23:35.959844 dv-osbrick-762776-7-smb devstack@keystone.service[80112]: [pid: 80112|app: 0|req: 147/296] 10.222.0.55 () {54 vars in 926 bytes} [Fri May 27 08:23:35 2022] GET /identity => generated 270 bytes in 4 msecs (HTTP/1.1 300) 6 headers in 234 bytes (2 switches on core 0)
May 27 08:23:35.965118 dv-osbrick-762776-7-smb devstack@keystone.service[80112]: DEBUG keystone.server.flask.request_processing.req_logging [None req-7c0549f7-b90c-496e-b8f0-75412e15ea03 None None] REQUEST_METHOD: `POST` {{(pid=80112) log_request_info /opt/stack/keystone/keystone/server/flask/request_processing/req_logging.py:27}}
May 27 08:23:35.965648 dv-osbrick-762776-7-smb devstack@keystone.service[80112]: DEBUG keystone.server.flask.request_processing.req_logging [None req-7c0549f7-b90c-496e-b8f0-75412e15ea03 None None] SCRIPT_NAME: `/identity` {{(pid=80112) log_request_info /opt/stack/keystone/keystone/server/flask/request_processing/req_logging.py:28}}
May 27 08:23:35.966138 dv-osbrick-762776-7-smb devstack@keystone.service[80112]: DEBUG keystone.server.flask.request_processing.req_logging [None req-7c0549f7-b90c-496e-b8f0-75412e15ea03 None None] PATH_INFO: `/v3/auth/tokens` {{(pid=80112) log_request_info /opt/stack/keystone/keystone/server/flask/request_processing/req_logging.py:29}}
May 27 08:23:35.983372 dv-osbrick-762776-7-smb devstack@keystone.service[80112]: DEBUG keystone.auth.core [None req-7c0549f7-b90c-496e-b8f0-75412e15ea03 None None] MFA Rules not processed for user `adaa749cb7e741d197867424034353b7`. Rule list: `[]` (Enabled: `True`). {{(pid=80112) check_auth_methods_against_rules /opt/stack/keystone/keystone/auth/core.py:438}}
May 27 08:23:35.984866 dv-osbrick-762776-7-smb devstack@keystone.service[80112]: DEBUG keystone.common.fernet_utils [None req-7c0549f7-b90c-496e-b8f0-75412e15ea03 None None] Loaded 2 Fernet keys from /etc/keystone/fernet-keys/, but `[fernet_tokens] max_active_keys = 3`; perhaps there have not been enough key rotations to reach `max_active_keys` yet? {{(pid=80112) load_keys /opt/stack/keystone/keystone/common/fernet_utils.py:286}}
May 27 08:23:36.032798 dv-osbrick-762776-7-smb devstack@keystone.service[80111]: [pid: 80111|app: 0|req: 150/297] 10.222.0.55 () {58 vars in 1023 bytes} [Fri May 27 08:23:35 2022] POST /identity/v3/auth/tokens => generated 799 bytes in 95 msecs (HTTP/1.1 201) 6 headers in 363 bytes (1 switches on core 0)
May 27 08:23:36.057071 dv-osbrick-762776-7-smb devstack@keystone.service[80111]: DEBUG keystone.server.flask.request_processing.middleware.auth_context [None req-0ab7e38d-72f4-48ad-a3d8-b9508a8a99df None None] Authenticating user token {{(pid=80111) process_request /usr/local/lib/python3.8/dist-packages/keystonemiddleware/auth_token/__init__.py:407}}
May 27 08:23:36.061876 dv-osbrick-762776-7-smb devstack@keystone.service[80112]: [pid: 80112|app: 0|req: 148/298] 10.222.0.55 () {58 vars in 1023 bytes} [Fri May 27 08:23:35 2022] POST /identity/v3/auth/tokens => generated 799 bytes in 97 msecs (HTTP/1.1 201) 6 headers in 363 bytes (1 switches on core 0)
May 27 08:23:36.085719 dv-osbrick-762776-7-smb devstack@keystone.service[80112]: DEBUG keystone.server.flask.request_processing.middleware.auth_context [None req-7c0549f7-b90c-496e-b8f0-75412e15ea03 None None] Authenticating user token {{(pid=80112) process_request /usr/local/lib/python3.8/dist-packages/keystonemiddleware/auth_token/__init__.py:407}}
May 27 08:23:36.149371 dv-osbrick-762776-7-smb devstack@keystone.service[80111]: DEBUG dbcounter [-] [80111] Writing DB stats keystone:SELECT=100 {{(pid=80111) stat_writer /usr/local/lib/python3.8/dist-packages/dbcounter.py:114}}
